Jun 19 00:20:12.576900 np0000003209 devstack@g-api.service[99130]: WARNING glance.api.v2.images [None req-79aed9c3-b0c1-448d-828b-1d5c1e0afa9b tempest-AttachVolumeShelveTestJSON-1281536341 tempest-AttachVolumeShelveTestJSON-1281536341-project-member] After upload to backend, deletion of staged image data has failed because it cannot be found at /tmp/staging//78fb1b2e-7d39-4228-a601-3007b4938fb2
Jun 19 00:20:12.577400 np0000003209 devstack@g-api.service[99130]: DEBUG glance_store.backend [None req-79aed9c3-b0c1-448d-828b-1d5c1e0afa9b tempest-AttachVolumeShelveTestJSON-1281536341 tempest-AttachVolumeShelveTestJSON-1281536341-project-member] Attempting to import store swift {{(pid=99130) _load_store /opt/stack/data/venv/lib/python3.12/site-packages/glance_store/backend.py:215}}
Jun 19 00:20:12.579034 np0000003209 devstack@g-api.service[99130]: DEBUG glance_store.capabilities [None req-79aed9c3-b0c1-448d-828b-1d5c1e0afa9b tempest-AttachVolumeShelveTestJSON-1281536341 tempest-AttachVolumeShelveTestJSON-1281536341-project-member] Store glance_store._drivers.swift.store.SingleTenantStore doesn't support updating dynamic storage capabilities. Please overwrite 'update_capabilities' method of the store to implement updating logics if needed. {{(pid=99130) update_capabilities /opt/stack/data/venv/lib/python3.12/site-packages/glance_store/capabilities.py:91}}
Jun 19 00:20:12.579137 np0000003209 devstack@g-api.service[99130]: DEBUG glance_store.driver [None req-79aed9c3-b0c1-448d-828b-1d5c1e0afa9b tempest-AttachVolumeShelveTestJSON-1281536341 tempest-AttachVolumeShelveTestJSON-1281536341-project-member] Late loading location class glance_store._drivers.swift.store.StoreLocation {{(pid=99130) get_store_location_class /opt/stack/data/venv/lib/python3.12/site-packages/glance_store/driver.py:134}}
Jun 19 00:20:12.579208 np0000003209 devstack@g-api.service[99130]: DEBUG glance_store.location [None req-79aed9c3-b0c1-448d-828b-1d5c1e0afa9b tempest-AttachVolumeShelveTestJSON-1281536341 tempest-AttachVolumeShelveTestJSON-1281536341-project-member] Registering scheme swift+https with {'store': , 'location_class': , 'store_entry': 'swift'} {{(pid=99130) register_scheme_map /opt/stack/data/venv/lib/python3.12/site-packages/glance_store/location.py:146}}
Jun 19 00:20:12.579289 np0000003209 devstack@g-api.service[99130]: DEBUG glance_store.location [None req-79aed9c3-b0c1-448d-828b-1d5c1e0afa9b tempest-AttachVolumeShelveTestJSON-1281536341 tempest-AttachVolumeShelveTestJSON-1281536341-project-member] Registering scheme swift+https with {'store': , 'location_class': , 'store_entry': 'swift'} {{(pid=99130) register_scheme_map /opt/stack/data/venv/lib/python3.12/site-packages/glance_store/location.py:146}}
Jun 19 00:20:12.579367 np0000003209 devstack@g-api.service[99130]: DEBUG glance_store.location [None req-79aed9c3-b0c1-448d-828b-1d5c1e0afa9b tempest-AttachVolumeShelveTestJSON-1281536341 tempest-AttachVolumeShelveTestJSON-1281536341-project-member] Registering scheme swift with {'store': , 'location_class': , 'store_entry': 'swift'} {{(pid=99130) register_scheme_map /opt/stack/data/venv/lib/python3.12/site-packages/glance_store/location.py:146}}
Jun 19 00:20:12.579447 np0000003209 devstack@g-api.service[99130]: DEBUG glance_store.location [None req-79aed9c3-b0c1-448d-828b-1d5c1e0afa9b tempest-AttachVolumeShelveTestJSON-1281536341 tempest-AttachVolumeShelveTestJSON-1281536341-project-member] Registering scheme swift+https with {'store': , 'location_class': , 'store_entry': 'swift'} {{(pid=99130) register_scheme_map /opt/stack/data/venv/lib/python3.12/site-packages/glance_store/location.py:146}}
Jun 19 00:20:12.579525 np0000003209 devstack@g-api.service[99130]: DEBUG glance_store.location [None req-79aed9c3-b0c1-448d-828b-1d5c1e0afa9b tempest-AttachVolumeShelveTestJSON-1281536341 tempest-AttachVolumeShelveTestJSON-1281536341-project-member] Registering scheme swift with {'store': , 'location_class': , 'store_entry': 'swift'} {{(pid=99130) register_scheme_map /opt/stack/data/venv/lib/python3.12/site-packages/glance_store/location.py:146}}
Jun 19 00:20:12.579611 np0000003209 devstack@g-api.service[99130]: DEBUG glance_store.location [None req-79aed9c3-b0c1-448d-828b-1d5c1e0afa9b tempest-AttachVolumeShelveTestJSON-1281536341 tempest-AttachVolumeShelveTestJSON-1281536341-project-member] Registering scheme swift+http with {'store': , 'location_class': , 'store_entry': 'swift'} {{(pid=99130) register_scheme_map /opt/stack/data/venv/lib/python3.12/site-packages/glance_store/location.py:146}}
Jun 19 00:20:12.579690 np0000003209 devstack@g-api.service[99130]: DEBUG glance_store.location [None req-79aed9c3-b0c1-448d-828b-1d5c1e0afa9b tempest-AttachVolumeShelveTestJSON-1281536341 tempest-AttachVolumeShelveTestJSON-1281536341-project-member] Registering scheme swift+https with {'store': , 'location_class': , 'store_entry': 'swift'} {{(pid=99130) register_scheme_map /opt/stack/data/venv/lib/python3.12/site-packages/glance_store/location.py:146}}
Jun 19 00:20:12.579756 np0000003209 devstack@g-api.service[99130]: DEBUG glance_store.location [None req-79aed9c3-b0c1-448d-828b-1d5c1e0afa9b tempest-AttachVolumeShelveTestJSON-1281536341 tempest-AttachVolumeShelveTestJSON-1281536341-project-member] Registering scheme swift with {'store': , 'location_class': , 'store_entry': 'swift'} {{(pid=99130) register_scheme_map /opt/stack/data/venv/lib/python3.12/site-packages/glance_store/location.py:146}}
Jun 19 00:20:12.579823 np0000003209 devstack@g-api.service[99130]: DEBUG glance_store.location [None req-79aed9c3-b0c1-448d-828b-1d5c1e0afa9b tempest-AttachVolumeShelveTestJSON-1281536341 tempest-AttachVolumeShelveTestJSON-1281536341-project-member] Registering scheme swift+http with {'store': , 'location_class': , 'store_entry': 'swift'} {{(pid=99130) register_scheme_map /opt/stack/data/venv/lib/python3.12/site-packages/glance_store/location.py:146}}
Jun 19 00:20:12.579888 np0000003209 devstack@g-api.service[99130]: DEBUG glance_store.location [None req-79aed9c3-b0c1-448d-828b-1d5c1e0afa9b tempest-AttachVolumeShelveTestJSON-1281536341 tempest-AttachVolumeShelveTestJSON-1281536341-project-member] Registering scheme swift+config with {'store': , 'location_class': , 'store_entry': 'swift'} {{(pid=99130) register_scheme_map /opt/stack/data/venv/lib/python3.12/site-packages/glance_store/location.py:146}}
Jun 19 00:20:12.580418 np0000003209 devstack@g-api.service[99130]: DEBUG keystoneclient.auth.identity.v3.base [None req-79aed9c3-b0c1-448d-828b-1d5c1e0afa9b tempest-AttachVolumeShelveTestJSON-1281536341 tempest-AttachVolumeShelveTestJSON-1281536341-project-member] Making authentication request to https://10.4.3.179/identity/v3/auth/tokens {{(pid=99130) get_auth_ref /opt/stack/data/venv/lib/python3.12/site-packages/keystoneclient/auth/identity/v3/base.py:185}}
Jun 19 00:20:12.625568 np0000003209 devstack@g-api.service[99130]: DEBUG keystoneclient.auth.identity.v3.base [None req-79aed9c3-b0c1-448d-828b-1d5c1e0afa9b tempest-AttachVolumeShelveTestJSON-1281536341 tempest-AttachVolumeShelveTestJSON-1281536341-project-member] {"token": {"methods": ["password"], "user": {"domain": {"id": "default", "name": "Default"}, "id": "2f38ec372b76439ea3ac8518d622e81f", "name": "glance-swift", "password_expires_at": null}, "audit_ids": ["sgzCeIJdRwKz3Ph3NXKzqA"], "expires_at": "2026-06-19T01:20:12.000000Z", "issued_at": "2026-06-19T00:20:12.000000Z", "project": {"domain": {"id": "default", "name": "Default"}, "id": "cb4656a76fef4727bc00d61d2f512dba", "name": "service"}, "is_domain": false, "roles": [{"id": "5549b82a0bae45ec8a1ee34ead47f089", "name": "ResellerAdmin"}, {"id": "790228a8060a4ad3bb95d1ab177f8e06", "name": "service"}], "catalog": [{"endpoints": [{"id": "2c6fa22695ab4b3295144b2ad759d01d", "interface": "public", "region_id": "RegionOne", "url": "https://10.4.3.179/volume/v3", "region": "RegionOne"}], "id": "743f5fc1cdc7432cb3dd73751ca77acd", "type": "block-storage", "name": "cinder"}, {"endpoints": [{"id": "6300949aa4604a4985b564c265a7ea56", "interface": "public", "region_id": "RegionOne", "url": "https://10.4.3.179/networking", "region": "RegionOne"}], "id": "7af984c6e0294a4ab945724919a5d731", "type": "network", "name": "neutron"}, {"endpoints": [{"id": "d6e130037abd4aae896b72fd1af9164c", "interface": "public", "region_id": "RegionOne", "url": "https://10.4.3.179/compute/v2.1", "region": "RegionOne"}], "id": "a5279a2c70334feb95fdb3e6afa8a97e", "type": "compute", "name": "nova"}, {"endpoints": [{"id": "4d5235d2d87f4288a98cd7e40b78706f", "interface": "public", "region_id": "RegionOne", "url": "https://10.4.3.179:8080/v1/AUTH_cb4656a76fef4727bc00d61d2f512dba", "region": "RegionOne"}, {"id": "7fa08a125a2a422b8754c61e7a281f83", "interface": "admin", "region_id": "RegionOne", "url": "https://10.4.3.179:8080", "region": "RegionOne"}], "id": "b4b9aff41e8948f682667a0505e1cfa8", "type": "object-store", "name": "swift"}, {"endpoints": [{"id": "6ba54edff18a4b9797942cf272f4bd79", "interface": "public", "region_id": "RegionOne", "url": "https://10.4.3.179/placement", "region": "RegionOne"}], "id": "de67893f7b6d47aa9cd53fc26b5de72c", "type": "placement", "name": "placement"}, {"endpoints": [{"id": "d98fd969251e4c5db79117807697fb2e", "interface": "public", "region_id": "RegionOne", "url": "https://10.4.3.179/identity", "region": "RegionOne"}], "id": "edd0312bf25d41daaa730105d274dd68", "type": "identity", "name": "keystone"}, {"endpoints": [{"id": "ce84b7878d884c00aeb14c42e82135b0", "interface": "public", "region_id": "RegionOne", "url": "https://10.4.3.179/image", "region": "RegionOne"}], "id": "ee22106e227a4d908cd68c385579ce25", "type": "image", "name": "glance"}, {"endpoints": [{"id": "ae31171ddebb41f9aa0a7b84a1c62bff", "interface": "public", "region_id": "RegionOne", "url": "https://10.4.3.179/compute/v2/cb4656a76fef4727bc00d61d2f512dba", "region": "RegionOne"}], "id": "f426186271634215b2c1768f0912be0e", "type": "compute_legacy", "name": "nova_legacy"}]}} {{(pid=99130) get_auth_ref /opt/stack/data/venv/lib/python3.12/site-packages/keystoneclient/auth/identity/v3/base.py:190}}
Jun 19 00:20:12.625568 np0000003209 devstack@g-api.service[99130]: DEBUG keystoneclient.httpclient [None req-79aed9c3-b0c1-448d-828b-1d5c1e0afa9b tempest-AttachVolumeShelveTestJSON-1281536341 tempest-AttachVolumeShelveTestJSON-1281536341-project-member] Failed to find endpoint for management url admin endpoint for identity service not found {{(pid=99130) _process_management_url /opt/stack/data/venv/lib/python3.12/site-packages/keystoneclient/httpclient.py:670}}
Jun 19 00:20:12.757062 np0000003209 devstack@g-api.service[99130]: DEBUG swiftclient [None req-79aed9c3-b0c1-448d-828b-1d5c1e0afa9b tempest-AttachVolumeShelveTestJSON-1281536341 tempest-AttachVolumeShelveTestJSON-1281536341-project-member] REQ: curl -i https://10.4.3.179:8080/v1/AUTH_cb4656a76fef4727bc00d61d2f512dba/glance/78fb1b2e-7d39-4228-a601-3007b4938fb2 -I -H "X-Auth-Token: gAAAAABqNIs85RdG..." {{(pid=99130) http_log /opt/stack/data/venv/lib/python3.12/site-packages/swiftclient/client.py:160}}
Jun 19 00:20:12.757302 np0000003209 devstack@g-api.service[99130]: DEBUG swiftclient [None req-79aed9c3-b0c1-448d-828b-1d5c1e0afa9b tempest-AttachVolumeShelveTestJSON-1281536341 tempest-AttachVolumeShelveTestJSON-1281536341-project-member] RESP STATUS: 200 OK {{(pid=99130) http_log /opt/stack/data/venv/lib/python3.12/site-packages/swiftclient/client.py:161}}
Jun 19 00:20:12.757649 np0000003209 devstack@g-api.service[99130]: DEBUG swiftclient [None req-79aed9c3-b0c1-448d-828b-1d5c1e0afa9b tempest-AttachVolumeShelveTestJSON-1281536341 tempest-AttachVolumeShelveTestJSON-1281536341-project-member] RESP HEADERS: {'Date': 'Fri, 19 Jun 2026 00:20:12 GMT', 'Server': 'Apache/2.4.58 (Ubuntu)', 'Content-Type': 'application/octet-stream', 'Content-Length': '53542912', 'X-Object-Manifest': 'glance/78fb1b2e-7d39-4228-a601-3007b4938fb2-', 'Last-Modified': 'Fri, 19 Jun 2026 00:19:41 GMT', 'X-Timestamp': '1781828380.35290', 'Accept-Ranges': 'bytes', 'Etag': '"bbe3105ffd49a5229eb0101fae7effc4"', 'X-Trans-Id': 'txc845923bc2b149cab779b-006a348b3c', 'X-Openstack-Request-Id': 'txc845923bc2b149cab779b-006a348b3c', 'Connection': 'close'} {{(pid=99130) http_log /opt/stack/data/venv/lib/python3.12/site-packages/swiftclient/client.py:162}}
Jun 19 00:20:12.793401 np0000003209 devstack@g-api.service[99130]: DEBUG swiftclient [None req-79aed9c3-b0c1-448d-828b-1d5c1e0afa9b tempest-AttachVolumeShelveTestJSON-1281536341 tempest-AttachVolumeShelveTestJSON-1281536341-project-member] REQ: curl -i https://10.4.3.179:8080/v1/AUTH_cb4656a76fef4727bc00d61d2f512dba/glance?format=json&prefix=78fb1b2e-7d39-4228-a601-3007b4938fb2- -X GET -H "X-Auth-Token: gAAAAABqNIs85RdG..." -H "Accept-Encoding: gzip" {{(pid=99130) http_log /opt/stack/data/venv/lib/python3.12/site-packages/swiftclient/client.py:160}}
Jun 19 00:20:12.794232 np0000003209 devstack@g-api.service[99130]: DEBUG swiftclient [None req-79aed9c3-b0c1-448d-828b-1d5c1e0afa9b tempest-AttachVolumeShelveTestJSON-1281536341 tempest-AttachVolumeShelveTestJSON-1281536341-project-member] RESP STATUS: 200 OK {{(pid=99130) http_log /opt/stack/data/venv/lib/python3.12/site-packages/swiftclient/client.py:161}}
Jun 19 00:20:12.794232 np0000003209 devstack@g-api.service[99130]: DEBUG swiftclient [None req-79aed9c3-b0c1-448d-828b-1d5c1e0afa9b tempest-AttachVolumeShelveTestJSON-1281536341 tempest-AttachVolumeShelveTestJSON-1281536341-project-member] RESP HEADERS: {'Date': 'Fri, 19 Jun 2026 00:20:12 GMT', 'Server': 'Apache/2.4.58 (Ubuntu)', 'Content-Type': 'application/json; charset=utf-8', 'Content-Length': '210', 'X-Container-Object-Count': '9', 'X-Container-Bytes-Used': '164954112', 'X-Timestamp': '1781827961.26965', 'Last-Modified': 'Fri, 19 Jun 2026 00:12:42 GMT', 'Accept-Ranges': 'bytes', 'X-Storage-Policy': 'Policy-0', 'X-Container-Sharding': 'False', 'X-Trans-Id': 'txf62e0c6d8fe44fef8104c-006a348b3c', 'X-Openstack-Request-Id': 'txf62e0c6d8fe44fef8104c-006a348b3c', 'Connection': 'close'} {{(pid=99130) http_log /opt/stack/data/venv/lib/python3.12/site-packages/swiftclient/client.py:162}}
Jun 19 00:20:12.794232 np0000003209 devstack@g-api.service[99130]: DEBUG swiftclient [None req-79aed9c3-b0c1-448d-828b-1d5c1e0afa9b tempest-AttachVolumeShelveTestJSON-1281536341 tempest-AttachVolumeShelveTestJSON-1281536341-project-member] RESP BODY: b'[{"bytes": 53542912, "hash": "e5984e6e29b092d7e4fc8c7e82a77f26", "name": "78fb1b2e-7d39-4228-a601-3007b4938fb2-00001", "content_type": "application/octet-stream", "last_modified": "2026-06-19T00:19:39.635220"}]' {{(pid=99130) http_log /opt/stack/data/venv/lib/python3.12/site-packages/swiftclient/client.py:166}}
Jun 19 00:20:12.822679 np0000003209 devstack@g-api.service[99129]: DEBUG glance.api.middleware.version_negotiation [None req-642ef5e5-9343-4489-9971-ae2b41761ca9 tempest-ServerBootFromVolumeStableRescueTest-1214920370 tempest-ServerBootFromVolumeStableRescueTest-1214920370-project-member] Determining version of request: GET /v2/images/2e296692-bc3f-4b8c-a455-2ed79205515d Accept: */* {{(pid=99129) process_request /opt/stack/glance/glance/api/middleware/version_negotiation.py:44}}
Jun 19 00:20:12.823030 np0000003209 devstack@g-api.service[99129]: DEBUG glance.api.middleware.version_negotiation [None req-642ef5e5-9343-4489-9971-ae2b41761ca9 tempest-ServerBootFromVolumeStableRescueTest-1214920370 tempest-ServerBootFromVolumeStableRescueTest-1214920370-project-member] Using url versioning {{(pid=99129) process_request /opt/stack/glance/glance/api/middleware/version_negotiation.py:57}}
Jun 19 00:20:12.823030 np0000003209 devstack@g-api.service[99129]: DEBUG glance.api.middleware.version_negotiation [None req-642ef5e5-9343-4489-9971-ae2b41761ca9 tempest-ServerBootFromVolumeStableRescueTest-1214920370 tempest-ServerBootFromVolumeStableRescueTest-1214920370-project-member] Matched version: v2 {{(pid=99129) process_request /opt/stack/glance/glance/api/middleware/version_negotiation.py:69}}
Jun 19 00:20:12.823159 np0000003209 devstack@g-api.service[99129]: DEBUG glance.api.middleware.version_negotiation [None req-642ef5e5-9343-4489-9971-ae2b41761ca9 tempest-ServerBootFromVolumeStableRescueTest-1214920370 tempest-ServerBootFromVolumeStableRescueTest-1214920370-project-member] new path /v2/images/2e296692-bc3f-4b8c-a455-2ed79205515d {{(pid=99129) process_request /opt/stack/glance/glance/api/middleware/version_negotiation.py:70}}
Jun 19 00:20:12.826891 np0000003209 devstack@g-api.service[99130]: DEBUG swiftclient [None req-79aed9c3-b0c1-448d-828b-1d5c1e0afa9b tempest-AttachVolumeShelveTestJSON-1281536341 tempest-AttachVolumeShelveTestJSON-1281536341-project-member] REQ: curl -i https://10.4.3.179:8080/v1/AUTH_cb4656a76fef4727bc00d61d2f512dba/glance/78fb1b2e-7d39-4228-a601-3007b4938fb2-00001 DELETE -H "X-Auth-Token: gAAAAABqNIs85RdG..." {{(pid=99130) http_log /opt/stack/data/venv/lib/python3.12/site-packages/swiftclient/client.py:160}}
Jun 19 00:20:12.827197 np0000003209 devstack@g-api.service[99130]: DEBUG swiftclient [None req-79aed9c3-b0c1-448d-828b-1d5c1e0afa9b tempest-AttachVolumeShelveTestJSON-1281536341 tempest-AttachVolumeShelveTestJSON-1281536341-project-member] RESP STATUS: 204 No Content {{(pid=99130) http_log /opt/stack/data/venv/lib/python3.12/site-packages/swiftclient/client.py:161}}
Jun 19 00:20:12.827486 np0000003209 devstack@g-api.service[99130]: DEBUG swiftclient [None req-79aed9c3-b0c1-448d-828b-1d5c1e0afa9b tempest-AttachVolumeShelveTestJSON-1281536341 tempest-AttachVolumeShelveTestJSON-1281536341-project-member] RESP HEADERS: {'Date': 'Fri, 19 Jun 2026 00:20:12 GMT', 'Server': 'Apache/2.4.58 (Ubuntu)', 'Content-Type': 'text/html; charset=UTF-8', 'X-Trans-Id': 'tx03f824235d204e78bff71-006a348b3c', 'X-Openstack-Request-Id': 'tx03f824235d204e78bff71-006a348b3c', 'Connection': 'close'} {{(pid=99130) http_log /opt/stack/data/venv/lib/python3.12/site-packages/swiftclient/client.py:162}}
Jun 19 00:20:12.837804 np0000003209 devstack@g-api.service[99129]: [pid: 99129|app: 0|req: 172/326] 127.0.0.1 () {44 vars in 1115 bytes} [Fri Jun 19 00:20:12 2026] GET /v2/images/2e296692-bc3f-4b8c-a455-2ed79205515d => generated 1044 bytes in 15 msecs (HTTP/1.1 200) 4 headers in 158 bytes (1 switches on core 0)
Jun 19 00:20:12.857981 np0000003209 devstack@g-api.service[99130]: DEBUG swiftclient [None req-79aed9c3-b0c1-448d-828b-1d5c1e0afa9b tempest-AttachVolumeShelveTestJSON-1281536341 tempest-AttachVolumeShelveTestJSON-1281536341-project-member] REQ: curl -i https://10.4.3.179:8080/v1/AUTH_cb4656a76fef4727bc00d61d2f512dba/glance/78fb1b2e-7d39-4228-a601-3007b4938fb2 DELETE -H "X-Auth-Token: gAAAAABqNIs85RdG..." {{(pid=99130) http_log /opt/stack/data/venv/lib/python3.12/site-packages/swiftclient/client.py:160}}
Jun 19 00:20:12.858114 np0000003209 devstack@g-api.service[99130]: DEBUG swiftclient [None req-79aed9c3-b0c1-448d-828b-1d5c1e0afa9b tempest-AttachVolumeShelveTestJSON-1281536341 tempest-AttachVolumeShelveTestJSON-1281536341-project-member] RESP STATUS: 204 No Content {{(pid=99130) http_log /opt/stack/data/venv/lib/python3.12/site-packages/swiftclient/client.py:161}}
Jun 19 00:20:12.858279 np0000003209 devstack@g-api.service[99130]: DEBUG swiftclient [None req-79aed9c3-b0c1-448d-828b-1d5c1e0afa9b tempest-AttachVolumeShelveTestJSON-1281536341 tempest-AttachVolumeShelveTestJSON-1281536341-project-member] RESP HEADERS: {'Date': 'Fri, 19 Jun 2026 00:20:12 GMT', 'Server': 'Apache/2.4.58 (Ubuntu)', 'Content-Type': 'text/html; charset=UTF-8', 'X-Trans-Id': 'tx8ba9bea50b764586b7717-006a348b3c', 'X-Openstack-Request-Id': 'tx8ba9bea50b764586b7717-006a348b3c', 'Connection': 'close'} {{(pid=99130) http_log /opt/stack/data/venv/lib/python3.12/site-packages/swiftclient/client.py:162}}
Jun 19 00:20:12.881441 np0000003209 devstack@g-api.service[99129]: DEBUG glance.api.middleware.version_negotiation [None req-b105deb9-0aeb-446f-bc32-6f58746e46d4 tempest-ServersNegativeTestJSON-664568135 tempest-ServersNegativeTestJSON-664568135-project-member] Determining version of request: GET /v2/schemas/image Accept: */* {{(pid=99129) process_request /opt/stack/glance/glance/api/middleware/version_negotiation.py:44}}
Jun 19 00:20:12.881653 np0000003209 devstack@g-api.service[99129]: DEBUG glance.api.middleware.version_negotiation [None req-b105deb9-0aeb-446f-bc32-6f58746e46d4 tempest-ServersNegativeTestJSON-664568135 tempest-ServersNegativeTestJSON-664568135-project-member] Using url versioning {{(pid=99129) process_request /opt/stack/glance/glance/api/middleware/version_negotiation.py:57}}
Jun 19 00:20:12.882076 np0000003209 devstack@g-api.service[99129]: DEBUG glance.api.middleware.version_negotiation [None req-b105deb9-0aeb-446f-bc32-6f58746e46d4 tempest-ServersNegativeTestJSON-664568135 tempest-ServersNegativeTestJSON-664568135-project-member] Matched version: v2 {{(pid=99129) process_request /opt/stack/glance/glance/api/middleware/version_negotiation.py:69}}
Jun 19 00:20:12.882198 np0000003209 devstack@g-api.service[99129]: DEBUG glance.api.middleware.version_negotiation [None req-b105deb9-0aeb-446f-bc32-6f58746e46d4 tempest-ServersNegativeTestJSON-664568135 tempest-ServersNegativeTestJSON-664568135-project-member] new path /v2/schemas/image {{(pid=99129) process_request /opt/stack/glance/glance/api/middleware/version_negotiation.py:70}}
Jun 19 00:20:12.884801 np0000003209 devstack@g-api.service[99129]: [pid: 99129|app: 0|req: 173/327] 127.0.0.1 () {44 vars in 1055 bytes} [Fri Jun 19 00:20:12 2026] GET /v2/schemas/image => generated 6083 bytes in 4 msecs (HTTP/1.1 200) 4 headers in 158 bytes (1 switches on core 0)
Jun 19 00:20:13.019707 np0000003209 devstack@g-api.service[99130]: DEBUG glance.api.middleware.cache [None req-79aed9c3-b0c1-448d-828b-1d5c1e0afa9b tempest-AttachVolumeShelveTestJSON-1281536341 tempest-AttachVolumeShelveTestJSON-1281536341-project-member] Removing image 78fb1b2e-7d39-4228-a601-3007b4938fb2 from cache {{(pid=99130) _process_DELETE_response /opt/stack/glance/glance/api/middleware/cache.py:264}}
Jun 19 00:20:13.020335 np0000003209 devstack@g-api.service[99130]: DEBUG glance.image_cache.drivers.centralized_db [None req-79aed9c3-b0c1-448d-828b-1d5c1e0afa9b tempest-AttachVolumeShelveTestJSON-1281536341 tempest-AttachVolumeShelveTestJSON-1281536341-project-member] Deleting image cache file '/opt/stack/data/glance/cache/78fb1b2e-7d39-4228-a601-3007b4938fb2' {{(pid=99130) delete_cached_file /opt/stack/glance/glance/image_cache/drivers/centralized_db.py:395}}
Jun 19 00:20:13.039011 np0000003209 devstack@g-api.service[99130]: [pid: 99130|app: 0|req: 155/328] 127.0.0.1 () {46 vars in 1137 bytes} [Fri Jun 19 00:20:12 2026] DELETE /v2/images/78fb1b2e-7d39-4228-a601-3007b4938fb2 => generated 0 bytes in 479 msecs (HTTP/1.1 204) 4 headers in 171 bytes (1 switches on core 0)
Jun 19 00:20:15.649762 np0000003209 devstack@g-api.service[99129]: DEBUG glance.api.middleware.version_negotiation [None req-b105deb9-0aeb-446f-bc32-6f58746e46d4 tempest-ServersNegativeTestJSON-664568135 tempest-ServersNegativeTestJSON-664568135-project-member] Determining version of request: GET /v2/images/2e296692-bc3f-4b8c-a455-2ed79205515d Accept: */* {{(pid=99129) process_request /opt/stack/glance/glance/api/middleware/version_negotiation.py:44}}
Jun 19 00:20:15.650097 np0000003209 devstack@g-api.service[99129]: DEBUG glance.api.middleware.version_negotiation [None req-b105deb9-0aeb-446f-bc32-6f58746e46d4 tempest-ServersNegativeTestJSON-664568135 tempest-ServersNegativeTestJSON-664568135-project-member] Using url versioning {{(pid=99129) process_request /opt/stack/glance/glance/api/middleware/version_negotiation.py:57}}
Jun 19 00:20:15.650097 np0000003209 devstack@g-api.service[99129]: DEBUG glance.api.middleware.version_negotiation [None req-b105deb9-0aeb-446f-bc32-6f58746e46d4 tempest-ServersNegativeTestJSON-664568135 tempest-ServersNegativeTestJSON-664568135-project-member] Matched version: v2 {{(pid=99129) process_request /opt/stack/glance/glance/api/middleware/version_negotiation.py:69}}
Jun 19 00:20:15.650097 np0000003209 devstack@g-api.service[99129]: DEBUG glance.api.middleware.version_negotiation [None req-b105deb9-0aeb-446f-bc32-6f58746e46d4 tempest-ServersNegativeTestJSON-664568135 tempest-ServersNegativeTestJSON-664568135-project-member] new path /v2/images/2e296692-bc3f-4b8c-a455-2ed79205515d {{(pid=99129) process_request /opt/stack/glance/glance/api/middleware/version_negotiation.py:70}}
Jun 19 00:20:15.760012 np0000003209 devstack@g-api.service[99129]: [pid: 99129|app: 0|req: 174/329] 127.0.0.1 () {44 vars in 1115 bytes} [Fri Jun 19 00:20:15 2026] GET /v2/images/2e296692-bc3f-4b8c-a455-2ed79205515d => generated 1044 bytes in 110 msecs (HTTP/1.1 200) 4 headers in 158 bytes (1 switches on core 0)
Jun 19 00:20:15.774716 np0000003209 devstack@g-api.service[99130]: DEBUG glance.api.middleware.version_negotiation [None req-79aed9c3-b0c1-448d-828b-1d5c1e0afa9b tempest-AttachVolumeShelveTestJSON-1281536341 tempest-AttachVolumeShelveTestJSON-1281536341-project-member] Determining version of request: GET /v2/schemas/image Accept: */* {{(pid=99130) process_request /opt/stack/glance/glance/api/middleware/version_negotiation.py:44}}
Jun 19 00:20:15.775098 np0000003209 devstack@g-api.service[99130]: DEBUG glance.api.middleware.version_negotiation [None req-79aed9c3-b0c1-448d-828b-1d5c1e0afa9b tempest-AttachVolumeShelveTestJSON-1281536341 tempest-AttachVolumeShelveTestJSON-1281536341-project-member] Using url versioning {{(pid=99130) process_request /opt/stack/glance/glance/api/middleware/version_negotiation.py:57}}
Jun 19 00:20:15.775098 np0000003209 devstack@g-api.service[99130]: DEBUG glance.api.middleware.version_negotiation [None req-79aed9c3-b0c1-448d-828b-1d5c1e0afa9b tempest-AttachVolumeShelveTestJSON-1281536341 tempest-AttachVolumeShelveTestJSON-1281536341-project-member] Matched version: v2 {{(pid=99130) process_request /opt/stack/glance/glance/api/middleware/version_negotiation.py:69}}
Jun 19 00:20:15.775167 np0000003209 devstack@g-api.service[99130]: DEBUG glance.api.middleware.version_negotiation [None req-79aed9c3-b0c1-448d-828b-1d5c1e0afa9b tempest-AttachVolumeShelveTestJSON-1281536341 tempest-AttachVolumeShelveTestJSON-1281536341-project-member] new path /v2/schemas/image {{(pid=99130) process_request /opt/stack/glance/glance/api/middleware/version_negotiation.py:70}}
Jun 19 00:20:15.782117 np0000003209 devstack@g-api.service[99130]: [pid: 99130|app: 0|req: 156/330] 127.0.0.1 () {44 vars in 1055 bytes} [Fri Jun 19 00:20:15 2026] GET /v2/schemas/image => generated 6083 bytes in 8 msecs (HTTP/1.1 200) 4 headers in 158 bytes (1 switches on core 0)
Jun 19 00:20:15.794624 np0000003209 devstack@g-api.service[99129]: DEBUG glance.api.middleware.version_negotiation [None req-642ef5e5-9343-4489-9971-ae2b41761ca9 tempest-ServerBootFromVolumeStableRescueTest-1214920370 tempest-ServerBootFromVolumeStableRescueTest-1214920370-project-member] Determining version of request: GET /v2/schemas/image Accept: */* {{(pid=99129) process_request /opt/stack/glance/glance/api/middleware/version_negotiation.py:44}}
Jun 19 00:20:15.794860 np0000003209 devstack@g-api.service[99129]: DEBUG glance.api.middleware.version_negotiation [None req-642ef5e5-9343-4489-9971-ae2b41761ca9 tempest-ServerBootFromVolumeStableRescueTest-1214920370 tempest-ServerBootFromVolumeStableRescueTest-1214920370-project-member] Using url versioning {{(pid=99129) process_request /opt/stack/glance/glance/api/middleware/version_negotiation.py:57}}
Jun 19 00:20:15.795002 np0000003209 devstack@g-api.service[99129]: DEBUG glance.api.middleware.version_negotiation [None req-642ef5e5-9343-4489-9971-ae2b41761ca9 tempest-ServerBootFromVolumeStableRescueTest-1214920370 tempest-ServerBootFromVolumeStableRescueTest-1214920370-project-member] Matched version: v2 {{(pid=99129) process_request /opt/stack/glance/glance/api/middleware/version_negotiation.py:69}}
Jun 19 00:20:15.795103 np0000003209 devstack@g-api.service[99129]: DEBUG glance.api.middleware.version_negotiation [None req-642ef5e5-9343-4489-9971-ae2b41761ca9 tempest-ServerBootFromVolumeStableRescueTest-1214920370 tempest-ServerBootFromVolumeStableRescueTest-1214920370-project-member] new path /v2/schemas/image {{(pid=99129) process_request /opt/stack/glance/glance/api/middleware/version_negotiation.py:70}}
Jun 19 00:20:15.798171 np0000003209 devstack@g-api.service[99129]: [pid: 99129|app: 0|req: 175/331] 127.0.0.1 () {44 vars in 1055 bytes} [Fri Jun 19 00:20:15 2026] GET /v2/schemas/image => generated 6083 bytes in 4 msecs (HTTP/1.1 200) 4 headers in 158 bytes (1 switches on core 0)
Jun 19 00:20:15.808218 np0000003209 devstack@g-api.service[99130]: DEBUG glance.api.middleware.version_negotiation [None req-642ef5e5-9343-4489-9971-ae2b41761ca9 tempest-ServerBootFromVolumeStableRescueTest-1214920370 tempest-ServerBootFromVolumeStableRescueTest-1214920370-project-member] Determining version of request: GET /v2/images/2e296692-bc3f-4b8c-a455-2ed79205515d Accept: */* {{(pid=99130) process_request /opt/stack/glance/glance/api/middleware/version_negotiation.py:44}}
Jun 19 00:20:15.808218 np0000003209 devstack@g-api.service[99130]: DEBUG glance.api.middleware.version_negotiation [None req-642ef5e5-9343-4489-9971-ae2b41761ca9 tempest-ServerBootFromVolumeStableRescueTest-1214920370 tempest-ServerBootFromVolumeStableRescueTest-1214920370-project-member] Using url versioning {{(pid=99130) process_request /opt/stack/glance/glance/api/middleware/version_negotiation.py:57}}
Jun 19 00:20:15.808218 np0000003209 devstack@g-api.service[99130]: DEBUG glance.api.middleware.version_negotiation [None req-642ef5e5-9343-4489-9971-ae2b41761ca9 tempest-ServerBootFromVolumeStableRescueTest-1214920370 tempest-ServerBootFromVolumeStableRescueTest-1214920370-project-member] Matched version: v2 {{(pid=99130) process_request /opt/stack/glance/glance/api/middleware/version_negotiation.py:69}}
Jun 19 00:20:15.808218 np0000003209 devstack@g-api.service[99130]: DEBUG glance.api.middleware.version_negotiation [None req-642ef5e5-9343-4489-9971-ae2b41761ca9 tempest-ServerBootFromVolumeStableRescueTest-1214920370 tempest-ServerBootFromVolumeStableRescueTest-1214920370-project-member] new path /v2/images/2e296692-bc3f-4b8c-a455-2ed79205515d {{(pid=99130) process_request /opt/stack/glance/glance/api/middleware/version_negotiation.py:70}}
Jun 19 00:20:15.819025 np0000003209 devstack@g-api.service[99130]: [pid: 99130|app: 0|req: 157/332] 127.0.0.1 () {44 vars in 1115 bytes} [Fri Jun 19 00:20:15 2026] GET /v2/images/2e296692-bc3f-4b8c-a455-2ed79205515d => generated 1044 bytes in 12 msecs (HTTP/1.1 200) 4 headers in 158 bytes (1 switches on core 0)
Jun 19 00:20:15.831963 np0000003209 devstack@g-api.service[99129]: DEBUG glance.api.middleware.version_negotiation [None req-642ef5e5-9343-4489-9971-ae2b41761ca9 tempest-ServerBootFromVolumeStableRescueTest-1214920370 tempest-ServerBootFromVolumeStableRescueTest-1214920370-project-member] Determining version of request: GET /v2/schemas/image Accept: */* {{(pid=99129) process_request /opt/stack/glance/glance/api/middleware/version_negotiation.py:44}}
Jun 19 00:20:15.832757 np0000003209 devstack@g-api.service[99129]: DEBUG glance.api.middleware.version_negotiation [None req-642ef5e5-9343-4489-9971-ae2b41761ca9 tempest-ServerBootFromVolumeStableRescueTest-1214920370 tempest-ServerBootFromVolumeStableRescueTest-1214920370-project-member] Using url versioning {{(pid=99129) process_request /opt/stack/glance/glance/api/middleware/version_negotiation.py:57}}
Jun 19 00:20:15.832757 np0000003209 devstack@g-api.service[99129]: DEBUG glance.api.middleware.version_negotiation [None req-642ef5e5-9343-4489-9971-ae2b41761ca9 tempest-ServerBootFromVolumeStableRescueTest-1214920370 tempest-ServerBootFromVolumeStableRescueTest-1214920370-project-member] Matched version: v2 {{(pid=99129) process_request /opt/stack/glance/glance/api/middleware/version_negotiation.py:69}}
Jun 19 00:20:15.832757 np0000003209 devstack@g-api.service[99129]: DEBUG glance.api.middleware.version_negotiation [None req-642ef5e5-9343-4489-9971-ae2b41761ca9 tempest-ServerBootFromVolumeStableRescueTest-1214920370 tempest-ServerBootFromVolumeStableRescueTest-1214920370-project-member] new path /v2/schemas/image {{(pid=99129) process_request /opt/stack/glance/glance/api/middleware/version_negotiation.py:70}}
Jun 19 00:20:15.836564 np0000003209 devstack@g-api.service[99129]: [pid: 99129|app: 0|req: 176/333] 127.0.0.1 () {44 vars in 1055 bytes} [Fri Jun 19 00:20:15 2026] GET /v2/schemas/image => generated 6083 bytes in 5 msecs (HTTP/1.1 200) 4 headers in 158 bytes (1 switches on core 0)
Jun 19 00:20:15.853046 np0000003209 devstack@g-api.service[99130]: DEBUG glance.api.middleware.version_negotiation [None req-642ef5e5-9343-4489-9971-ae2b41761ca9 tempest-ServerBootFromVolumeStableRescueTest-1214920370 tempest-ServerBootFromVolumeStableRescueTest-1214920370-project-member] Determining version of request: GET /v2/schemas/image Accept: */* {{(pid=99130) process_request /opt/stack/glance/glance/api/middleware/version_negotiation.py:44}}
Jun 19 00:20:15.853046 np0000003209 devstack@g-api.service[99130]: DEBUG glance.api.middleware.version_negotiation [None req-642ef5e5-9343-4489-9971-ae2b41761ca9 tempest-ServerBootFromVolumeStableRescueTest-1214920370 tempest-ServerBootFromVolumeStableRescueTest-1214920370-project-member] Using url versioning {{(pid=99130) process_request /opt/stack/glance/glance/api/middleware/version_negotiation.py:57}}
Jun 19 00:20:15.853046 np0000003209 devstack@g-api.service[99130]: DEBUG glance.api.middleware.version_negotiation [None req-642ef5e5-9343-4489-9971-ae2b41761ca9 tempest-ServerBootFromVolumeStableRescueTest-1214920370 tempest-ServerBootFromVolumeStableRescueTest-1214920370-project-member] Matched version: v2 {{(pid=99130) process_request /opt/stack/glance/glance/api/middleware/version_negotiation.py:69}}
Jun 19 00:20:15.853046 np0000003209 devstack@g-api.service[99130]: DEBUG glance.api.middleware.version_negotiation [None req-642ef5e5-9343-4489-9971-ae2b41761ca9 tempest-ServerBootFromVolumeStableRescueTest-1214920370 tempest-ServerBootFromVolumeStableRescueTest-1214920370-project-member] new path /v2/schemas/image {{(pid=99130) process_request /opt/stack/glance/glance/api/middleware/version_negotiation.py:70}}
Jun 19 00:20:15.855988 np0000003209 devstack@g-api.service[99130]: [pid: 99130|app: 0|req: 158/334] 127.0.0.1 () {44 vars in 1055 bytes} [Fri Jun 19 00:20:15 2026] GET /v2/schemas/image => generated 6083 bytes in 5 msecs (HTTP/1.1 200) 4 headers in 158 bytes (1 switches on core 0)
Jun 19 00:20:15.913700 np0000003209 devstack@g-api.service[99129]: DEBUG glance.api.middleware.version_negotiation [None req-642ef5e5-9343-4489-9971-ae2b41761ca9 tempest-ServerBootFromVolumeStableRescueTest-1214920370 tempest-ServerBootFromVolumeStableRescueTest-1214920370-project-member] Determining version of request: GET /v2/images/2e296692-bc3f-4b8c-a455-2ed79205515d Accept: */* {{(pid=99129) process_request /opt/stack/glance/glance/api/middleware/version_negotiation.py:44}}
Jun 19 00:20:15.914300 np0000003209 devstack@g-api.service[99129]: DEBUG glance.api.middleware.version_negotiation [None req-642ef5e5-9343-4489-9971-ae2b41761ca9 tempest-ServerBootFromVolumeStableRescueTest-1214920370 tempest-ServerBootFromVolumeStableRescueTest-1214920370-project-member] Using url versioning {{(pid=99129) process_request /opt/stack/glance/glance/api/middleware/version_negotiation.py:57}}
Jun 19 00:20:15.914594 np0000003209 devstack@g-api.service[99129]: DEBUG glance.api.middleware.version_negotiation [None req-642ef5e5-9343-4489-9971-ae2b41761ca9 tempest-ServerBootFromVolumeStableRescueTest-1214920370 tempest-ServerBootFromVolumeStableRescueTest-1214920370-project-member] Matched version: v2 {{(pid=99129) process_request /opt/stack/glance/glance/api/middleware/version_negotiation.py:69}}
Jun 19 00:20:15.914779 np0000003209 devstack@g-api.service[99129]: DEBUG glance.api.middleware.version_negotiation [None req-642ef5e5-9343-4489-9971-ae2b41761ca9 tempest-ServerBootFromVolumeStableRescueTest-1214920370 tempest-ServerBootFromVolumeStableRescueTest-1214920370-project-member] new path /v2/images/2e296692-bc3f-4b8c-a455-2ed79205515d {{(pid=99129) process_request /opt/stack/glance/glance/api/middleware/version_negotiation.py:70}}
Jun 19 00:20:15.933258 np0000003209 devstack@g-api.service[99129]: [pid: 99129|app: 0|req: 177/335] 127.0.0.1 () {44 vars in 1115 bytes} [Fri Jun 19 00:20:15 2026] GET /v2/images/2e296692-bc3f-4b8c-a455-2ed79205515d => generated 1044 bytes in 20 msecs (HTTP/1.1 200) 4 headers in 158 bytes (1 switches on core 0)
Jun 19 00:20:15.946464 np0000003209 devstack@g-api.service[99130]: DEBUG glance.api.middleware.version_negotiation [None req-642ef5e5-9343-4489-9971-ae2b41761ca9 tempest-ServerBootFromVolumeStableRescueTest-1214920370 tempest-ServerBootFromVolumeStableRescueTest-1214920370-project-member] Determining version of request: GET /v2/schemas/image Accept: */* {{(pid=99130) process_request /opt/stack/glance/glance/api/middleware/version_negotiation.py:44}}
Jun 19 00:20:15.946794 np0000003209 devstack@g-api.service[99130]: DEBUG glance.api.middleware.version_negotiation [None req-642ef5e5-9343-4489-9971-ae2b41761ca9 tempest-ServerBootFromVolumeStableRescueTest-1214920370 tempest-ServerBootFromVolumeStableRescueTest-1214920370-project-member] Using url versioning {{(pid=99130) process_request /opt/stack/glance/glance/api/middleware/version_negotiation.py:57}}
Jun 19 00:20:15.947021 np0000003209 devstack@g-api.service[99130]: DEBUG glance.api.middleware.version_negotiation [None req-642ef5e5-9343-4489-9971-ae2b41761ca9 tempest-ServerBootFromVolumeStableRescueTest-1214920370 tempest-ServerBootFromVolumeStableRescueTest-1214920370-project-member] Matched version: v2 {{(pid=99130) process_request /opt/stack/glance/glance/api/middleware/version_negotiation.py:69}}
Jun 19 00:20:15.947585 np0000003209 devstack@g-api.service[99130]: DEBUG glance.api.middleware.version_negotiation [None req-642ef5e5-9343-4489-9971-ae2b41761ca9 tempest-ServerBootFromVolumeStableRescueTest-1214920370 tempest-ServerBootFromVolumeStableRescueTest-1214920370-project-member] new path /v2/schemas/image {{(pid=99130) process_request /opt/stack/glance/glance/api/middleware/version_negotiation.py:70}}
Jun 19 00:20:15.951739 np0000003209 devstack@g-api.service[99130]: [pid: 99130|app: 0|req: 159/336] 127.0.0.1 () {44 vars in 1055 bytes} [Fri Jun 19 00:20:15 2026] GET /v2/schemas/image => generated 6083 bytes in 6 msecs (HTTP/1.1 200) 4 headers in 158 bytes (1 switches on core 0)
Jun 19 00:20:16.410679 np0000003209 devstack@g-api.service[99129]: DEBUG glance.api.middleware.version_negotiation [None req-642ef5e5-9343-4489-9971-ae2b41761ca9 tempest-ServerBootFromVolumeStableRescueTest-1214920370 tempest-ServerBootFromVolumeStableRescueTest-1214920370-project-member] Determining version of request: GET /versions Accept: */* {{(pid=99129) process_request /opt/stack/glance/glance/api/middleware/version_negotiation.py:44}}
Jun 19 00:20:16.413098 np0000003209 devstack@g-api.service[99129]: [pid: 99129|app: 0|req: 178/337] 127.0.0.1 () {44 vars in 1039 bytes} [Fri Jun 19 00:20:16 2026] GET /versions => generated 1407 bytes in 2 msecs (HTTP/1.1 200) 3 headers in 92 bytes (1 switches on core 0)
Jun 19 00:20:16.428485 np0000003209 devstack@g-api.service[99130]: DEBUG glance.api.middleware.version_negotiation [None req-642ef5e5-9343-4489-9971-ae2b41761ca9 tempest-ServerBootFromVolumeStableRescueTest-1214920370 tempest-ServerBootFromVolumeStableRescueTest-1214920370-project-member] Determining version of request: GET /v2/images/2e296692-bc3f-4b8c-a455-2ed79205515d/locations Accept: */* {{(pid=99130) process_request /opt/stack/glance/glance/api/middleware/version_negotiation.py:44}}
Jun 19 00:20:16.429424 np0000003209 devstack@g-api.service[99130]: DEBUG glance.api.middleware.version_negotiation [None req-642ef5e5-9343-4489-9971-ae2b41761ca9 tempest-ServerBootFromVolumeStableRescueTest-1214920370 tempest-ServerBootFromVolumeStableRescueTest-1214920370-project-member] Using url versioning {{(pid=99130) process_request /opt/stack/glance/glance/api/middleware/version_negotiation.py:57}}
Jun 19 00:20:16.429663 np0000003209 devstack@g-api.service[99130]: DEBUG glance.api.middleware.version_negotiation [None req-642ef5e5-9343-4489-9971-ae2b41761ca9 tempest-ServerBootFromVolumeStableRescueTest-1214920370 tempest-ServerBootFromVolumeStableRescueTest-1214920370-project-member] Matched version: v2 {{(pid=99130) process_request /opt/stack/glance/glance/api/middleware/version_negotiation.py:69}}
Jun 19 00:20:16.429873 np0000003209 devstack@g-api.service[99130]: DEBUG glance.api.middleware.version_negotiation [None req-642ef5e5-9343-4489-9971-ae2b41761ca9 tempest-ServerBootFromVolumeStableRescueTest-1214920370 tempest-ServerBootFromVolumeStableRescueTest-1214920370-project-member] new path /v2/images/2e296692-bc3f-4b8c-a455-2ed79205515d/locations {{(pid=99130) process_request /opt/stack/glance/glance/api/middleware/version_negotiation.py:70}}
Jun 19 00:20:16.578225 np0000003209 devstack@g-api.service[99130]: [pid: 99130|app: 0|req: 160/338] 127.0.0.1 () {44 vars in 1135 bytes} [Fri Jun 19 00:20:16 2026] GET /v2/images/2e296692-bc3f-4b8c-a455-2ed79205515d/locations => generated 92 bytes in 150 msecs (HTTP/1.1 200) 4 headers in 156 bytes (1 switches on core 0)
Jun 19 00:20:16.591985 np0000003209 devstack@g-api.service[99129]: DEBUG glance.api.middleware.version_negotiation [None req-642ef5e5-9343-4489-9971-ae2b41761ca9 tempest-ServerBootFromVolumeStableRescueTest-1214920370 tempest-ServerBootFromVolumeStableRescueTest-1214920370-project-member] Determining version of request: GET /v2/images/2e296692-bc3f-4b8c-a455-2ed79205515d Accept: */* {{(pid=99129) process_request /opt/stack/glance/glance/api/middleware/version_negotiation.py:44}}
Jun 19 00:20:16.592171 np0000003209 devstack@g-api.service[99129]: DEBUG glance.api.middleware.version_negotiation [None req-642ef5e5-9343-4489-9971-ae2b41761ca9 tempest-ServerBootFromVolumeStableRescueTest-1214920370 tempest-ServerBootFromVolumeStableRescueTest-1214920370-project-member] Using url versioning {{(pid=99129) process_request /opt/stack/glance/glance/api/middleware/version_negotiation.py:57}}
Jun 19 00:20:16.592333 np0000003209 devstack@g-api.service[99129]: DEBUG glance.api.middleware.version_negotiation [None req-642ef5e5-9343-4489-9971-ae2b41761ca9 tempest-ServerBootFromVolumeStableRescueTest-1214920370 tempest-ServerBootFromVolumeStableRescueTest-1214920370-project-member] Matched version: v2 {{(pid=99129) process_request /opt/stack/glance/glance/api/middleware/version_negotiation.py:69}}
Jun 19 00:20:16.592498 np0000003209 devstack@g-api.service[99129]: DEBUG glance.api.middleware.version_negotiation [None req-642ef5e5-9343-4489-9971-ae2b41761ca9 tempest-ServerBootFromVolumeStableRescueTest-1214920370 tempest-ServerBootFromVolumeStableRescueTest-1214920370-project-member] new path /v2/images/2e296692-bc3f-4b8c-a455-2ed79205515d {{(pid=99129) process_request /opt/stack/glance/glance/api/middleware/version_negotiation.py:70}}
Jun 19 00:20:16.605333 np0000003209 devstack@g-api.service[99129]: [pid: 99129|app: 0|req: 179/339] 127.0.0.1 () {44 vars in 1115 bytes} [Fri Jun 19 00:20:16 2026] GET /v2/images/2e296692-bc3f-4b8c-a455-2ed79205515d => generated 1044 bytes in 14 msecs (HTTP/1.1 200) 4 headers in 158 bytes (1 switches on core 0)
Jun 19 00:20:16.615621 np0000003209 devstack@g-api.service[99130]: DEBUG glance.api.middleware.version_negotiation [None req-642ef5e5-9343-4489-9971-ae2b41761ca9 service glance] Determining version of request: GET /v2/schemas/image Accept: */* {{(pid=99130) process_request /opt/stack/glance/glance/api/middleware/version_negotiation.py:44}}
Jun 19 00:20:16.615845 np0000003209 devstack@g-api.service[99130]: DEBUG glance.api.middleware.version_negotiation [None req-642ef5e5-9343-4489-9971-ae2b41761ca9 service glance] Using url versioning {{(pid=99130) process_request /opt/stack/glance/glance/api/middleware/version_negotiation.py:57}}
Jun 19 00:20:16.616043 np0000003209 devstack@g-api.service[99130]: DEBUG glance.api.middleware.version_negotiation [None req-642ef5e5-9343-4489-9971-ae2b41761ca9 service glance] Matched version: v2 {{(pid=99130) process_request /opt/stack/glance/glance/api/middleware/version_negotiation.py:69}}
Jun 19 00:20:16.616199 np0000003209 devstack@g-api.service[99130]: DEBUG glance.api.middleware.version_negotiation [None req-642ef5e5-9343-4489-9971-ae2b41761ca9 service glance] new path /v2/schemas/image {{(pid=99130) process_request /opt/stack/glance/glance/api/middleware/version_negotiation.py:70}}
Jun 19 00:20:16.620400 np0000003209 devstack@g-api.service[99130]: [pid: 99130|app: 0|req: 161/340] 127.0.0.1 () {44 vars in 1055 bytes} [Fri Jun 19 00:20:16 2026] GET /v2/schemas/image => generated 6083 bytes in 5 msecs (HTTP/1.1 200) 4 headers in 158 bytes (1 switches on core 0)
Jun 19 00:20:16.631577 np0000003209 devstack@g-api.service[99129]: DEBUG glance.api.middleware.version_negotiation [None req-642ef5e5-9343-4489-9971-ae2b41761ca9 tempest-ServerBootFromVolumeStableRescueTest-1214920370 tempest-ServerBootFromVolumeStableRescueTest-1214920370-project-member] Determining version of request: GET /v2/schemas/image Accept: */* {{(pid=99129) process_request /opt/stack/glance/glance/api/middleware/version_negotiation.py:44}}
Jun 19 00:20:16.631841 np0000003209 devstack@g-api.service[99129]: DEBUG glance.api.middleware.version_negotiation [None req-642ef5e5-9343-4489-9971-ae2b41761ca9 tempest-ServerBootFromVolumeStableRescueTest-1214920370 tempest-ServerBootFromVolumeStableRescueTest-1214920370-project-member] Using url versioning {{(pid=99129) process_request /opt/stack/glance/glance/api/middleware/version_negotiation.py:57}}
Jun 19 00:20:16.632029 np0000003209 devstack@g-api.service[99129]: DEBUG glance.api.middleware.version_negotiation [None req-642ef5e5-9343-4489-9971-ae2b41761ca9 tempest-ServerBootFromVolumeStableRescueTest-1214920370 tempest-ServerBootFromVolumeStableRescueTest-1214920370-project-member] Matched version: v2 {{(pid=99129) process_request /opt/stack/glance/glance/api/middleware/version_negotiation.py:69}}
Jun 19 00:20:16.633116 np0000003209 devstack@g-api.service[99129]: DEBUG glance.api.middleware.version_negotiation [None req-642ef5e5-9343-4489-9971-ae2b41761ca9 tempest-ServerBootFromVolumeStableRescueTest-1214920370 tempest-ServerBootFromVolumeStableRescueTest-1214920370-project-member] new path /v2/schemas/image {{(pid=99129) process_request /opt/stack/glance/glance/api/middleware/version_negotiation.py:70}}
Jun 19 00:20:16.636021 np0000003209 devstack@g-api.service[99129]: [pid: 99129|app: 0|req: 180/341] 127.0.0.1 () {44 vars in 1055 bytes} [Fri Jun 19 00:20:16 2026] GET /v2/schemas/image => generated 6083 bytes in 4 msecs (HTTP/1.1 200) 4 headers in 158 bytes (1 switches on core 0)
Jun 19 00:20:26.570706 np0000003209 devstack@g-api.service[99130]: DEBUG dbcounter [-] [99130] Writing DB stats glance:SELECT=64,glance:INSERT=1,glance:UPDATE=25,glance:DELETE=1 {{(pid=99130) stat_writer /opt/stack/data/venv/lib/python3.12/site-packages/dbcounter.py:115}}
Jun 19 00:20:26.601299 np0000003209 devstack@g-api.service[99129]: DEBUG dbcounter [-] [99129] Writing DB stats glance:SELECT=57,glance:INSERT=21,glance:UPDATE=3 {{(pid=99129) stat_writer /opt/stack/data/venv/lib/python3.12/site-packages/dbcounter.py:115}}
Jun 19 00:20:30.671245 np0000003209 devstack@g-api.service[99130]: DEBUG glance.api.middleware.version_negotiation [None req-642ef5e5-9343-4489-9971-ae2b41761ca9 tempest-ServerBootFromVolumeStableRescueTest-1214920370 tempest-ServerBootFromVolumeStableRescueTest-1214920370-project-member] Determining version of request: PATCH /v2/images/8f2a074c-9f29-4bb2-a664-8386b6054d4e Accept: {{(pid=99130) process_request /opt/stack/glance/glance/api/middleware/version_negotiation.py:44}}
Jun 19 00:20:30.671707 np0000003209 devstack@g-api.service[99130]: DEBUG glance.api.middleware.version_negotiation [None req-642ef5e5-9343-4489-9971-ae2b41761ca9 tempest-ServerBootFromVolumeStableRescueTest-1214920370 tempest-ServerBootFromVolumeStableRescueTest-1214920370-project-member] Using url versioning {{(pid=99130) process_request /opt/stack/glance/glance/api/middleware/version_negotiation.py:57}}
Jun 19 00:20:30.671707 np0000003209 devstack@g-api.service[99130]: DEBUG glance.api.middleware.version_negotiation [None req-642ef5e5-9343-4489-9971-ae2b41761ca9 tempest-ServerBootFromVolumeStableRescueTest-1214920370 tempest-ServerBootFromVolumeStableRescueTest-1214920370-project-member] Matched version: v2 {{(pid=99130) process_request /opt/stack/glance/glance/api/middleware/version_negotiation.py:69}}
Jun 19 00:20:30.671707 np0000003209 devstack@g-api.service[99130]: DEBUG glance.api.middleware.version_negotiation [None req-642ef5e5-9343-4489-9971-ae2b41761ca9 tempest-ServerBootFromVolumeStableRescueTest-1214920370 tempest-ServerBootFromVolumeStableRescueTest-1214920370-project-member] new path /v2/images/8f2a074c-9f29-4bb2-a664-8386b6054d4e {{(pid=99130) process_request /opt/stack/glance/glance/api/middleware/version_negotiation.py:70}}
Jun 19 00:20:30.794262 np0000003209 devstack@g-api.service[99130]: DEBUG glance_store.backend [None req-684cc401-8bf2-4b43-8968-beda7ebcbce9 tempest-ServerBootFromVolumeStableRescueTest-1214920370 tempest-ServerBootFromVolumeStableRescueTest-1214920370-project-member] Attempting to import store swift {{(pid=99130) _load_store /opt/stack/data/venv/lib/python3.12/site-packages/glance_store/backend.py:215}}
