Jun 19 00:20:05.314074 np0000003209 devstack@g-api.service[99129]: DEBUG glance.api.middleware.version_negotiation [None req-df3e60b8-9c5a-47f7-baaf-24a79514b28c tempest-ServerBootFromVolumeStableRescueTest-1214920370 tempest-ServerBootFromVolumeStableRescueTest-1214920370-project-member] Using url versioning {{(pid=99129) process_request /opt/stack/glance/glance/api/middleware/version_negotiation.py:57}}
Jun 19 00:20:05.314074 np0000003209 devstack@g-api.service[99129]: DEBUG glance.api.middleware.version_negotiation [None req-df3e60b8-9c5a-47f7-baaf-24a79514b28c tempest-ServerBootFromVolumeStableRescueTest-1214920370 tempest-ServerBootFromVolumeStableRescueTest-1214920370-project-member] Matched version: v2 {{(pid=99129) process_request /opt/stack/glance/glance/api/middleware/version_negotiation.py:69}}
Jun 19 00:20:05.314074 np0000003209 devstack@g-api.service[99129]: DEBUG glance.api.middleware.version_negotiation [None req-df3e60b8-9c5a-47f7-baaf-24a79514b28c tempest-ServerBootFromVolumeStableRescueTest-1214920370 tempest-ServerBootFromVolumeStableRescueTest-1214920370-project-member] new path /v2/images/8f2a074c-9f29-4bb2-a664-8386b6054d4e {{(pid=99129) process_request /opt/stack/glance/glance/api/middleware/version_negotiation.py:70}}
Jun 19 00:20:05.416852 np0000003209 devstack@g-api.service[99130]: DEBUG glance.api.middleware.version_negotiation [None req-df3e60b8-9c5a-47f7-baaf-24a79514b28c tempest-ServerBootFromVolumeStableRescueTest-1214920370 tempest-ServerBootFromVolumeStableRescueTest-1214920370-project-member] Determining version of request: GET /v2/images/2e296692-bc3f-4b8c-a455-2ed79205515d Accept: */* {{(pid=99130) process_request /opt/stack/glance/glance/api/middleware/version_negotiation.py:44}}
Jun 19 00:20:05.417097 np0000003209 devstack@g-api.service[99130]: DEBUG glance.api.middleware.version_negotiation [None req-df3e60b8-9c5a-47f7-baaf-24a79514b28c tempest-ServerBootFromVolumeStableRescueTest-1214920370 tempest-ServerBootFromVolumeStableRescueTest-1214920370-project-member] Using url versioning {{(pid=99130) process_request /opt/stack/glance/glance/api/middleware/version_negotiation.py:57}}
Jun 19 00:20:05.417097 np0000003209 devstack@g-api.service[99130]: DEBUG glance.api.middleware.version_negotiation [None req-df3e60b8-9c5a-47f7-baaf-24a79514b28c tempest-ServerBootFromVolumeStableRescueTest-1214920370 tempest-ServerBootFromVolumeStableRescueTest-1214920370-project-member] Matched version: v2 {{(pid=99130) process_request /opt/stack/glance/glance/api/middleware/version_negotiation.py:69}}
Jun 19 00:20:05.417226 np0000003209 devstack@g-api.service[99130]: DEBUG glance.api.middleware.version_negotiation [None req-df3e60b8-9c5a-47f7-baaf-24a79514b28c tempest-ServerBootFromVolumeStableRescueTest-1214920370 tempest-ServerBootFromVolumeStableRescueTest-1214920370-project-member] new path /v2/images/2e296692-bc3f-4b8c-a455-2ed79205515d {{(pid=99130) process_request /opt/stack/glance/glance/api/middleware/version_negotiation.py:70}}
Jun 19 00:20:05.427213 np0000003209 devstack@g-api.service[99130]: [pid: 99130|app: 0|req: 148/313] 127.0.0.1 () {44 vars in 1115 bytes} [Fri Jun 19 00:20:05 2026] GET /v2/images/2e296692-bc3f-4b8c-a455-2ed79205515d => generated 1044 bytes in 10 msecs (HTTP/1.1 200) 4 headers in 158 bytes (1 switches on core 0)
Jun 19 00:20:05.447805 np0000003209 devstack@g-api.service[99129]: [pid: 99129|app: 0|req: 166/314] 127.0.0.1 () {46 vars in 1158 bytes} [Fri Jun 19 00:20:05 2026] PATCH /v2/images/8f2a074c-9f29-4bb2-a664-8386b6054d4e => generated 1470 bytes in 137 msecs (HTTP/1.1 200) 4 headers in 158 bytes (1 switches on core 0)
Jun 19 00:20:05.466124 np0000003209 devstack@g-api.service[99130]: DEBUG glance.api.middleware.version_negotiation [None req-6b49ba6f-bedc-4c25-8bc1-d5da30cae3e7 tempest-VolumesBackupsTest-1112101122 tempest-VolumesBackupsTest-1112101122-project-member] Determining version of request: GET /v2/schemas/image Accept: */* {{(pid=99130) process_request /opt/stack/glance/glance/api/middleware/version_negotiation.py:44}}
Jun 19 00:20:05.466376 np0000003209 devstack@g-api.service[99130]: DEBUG glance.api.middleware.version_negotiation [None req-6b49ba6f-bedc-4c25-8bc1-d5da30cae3e7 tempest-VolumesBackupsTest-1112101122 tempest-VolumesBackupsTest-1112101122-project-member] Using url versioning {{(pid=99130) process_request /opt/stack/glance/glance/api/middleware/version_negotiation.py:57}}
Jun 19 00:20:05.466572 np0000003209 devstack@g-api.service[99130]: DEBUG glance.api.middleware.version_negotiation [None req-6b49ba6f-bedc-4c25-8bc1-d5da30cae3e7 tempest-VolumesBackupsTest-1112101122 tempest-VolumesBackupsTest-1112101122-project-member] Matched version: v2 {{(pid=99130) process_request /opt/stack/glance/glance/api/middleware/version_negotiation.py:69}}
Jun 19 00:20:05.466701 np0000003209 devstack@g-api.service[99130]: DEBUG glance.api.middleware.version_negotiation [None req-6b49ba6f-bedc-4c25-8bc1-d5da30cae3e7 tempest-VolumesBackupsTest-1112101122 tempest-VolumesBackupsTest-1112101122-project-member] new path /v2/schemas/image {{(pid=99130) process_request /opt/stack/glance/glance/api/middleware/version_negotiation.py:70}}
Jun 19 00:20:05.472074 np0000003209 devstack@g-api.service[99129]: DEBUG glance.api.middleware.version_negotiation [None req-df3e60b8-9c5a-47f7-baaf-24a79514b28c tempest-ServerBootFromVolumeStableRescueTest-1214920370 tempest-ServerBootFromVolumeStableRescueTest-1214920370-project-member] Determining version of request: GET /v2/images/8f2a074c-9f29-4bb2-a664-8386b6054d4e Accept: application/json {{(pid=99129) process_request /opt/stack/glance/glance/api/middleware/version_negotiation.py:44}}
Jun 19 00:20:05.472220 np0000003209 devstack@g-api.service[99129]: DEBUG glance.api.middleware.version_negotiation [None req-df3e60b8-9c5a-47f7-baaf-24a79514b28c tempest-ServerBootFromVolumeStableRescueTest-1214920370 tempest-ServerBootFromVolumeStableRescueTest-1214920370-project-member] Using url versioning {{(pid=99129) process_request /opt/stack/glance/glance/api/middleware/version_negotiation.py:57}}
Jun 19 00:20:05.472283 np0000003209 devstack@g-api.service[99129]: DEBUG glance.api.middleware.version_negotiation [None req-df3e60b8-9c5a-47f7-baaf-24a79514b28c tempest-ServerBootFromVolumeStableRescueTest-1214920370 tempest-ServerBootFromVolumeStableRescueTest-1214920370-project-member] Matched version: v2 {{(pid=99129) process_request /opt/stack/glance/glance/api/middleware/version_negotiation.py:69}}
Jun 19 00:20:05.472406 np0000003209 devstack@g-api.service[99129]: DEBUG glance.api.middleware.version_negotiation [None req-df3e60b8-9c5a-47f7-baaf-24a79514b28c tempest-ServerBootFromVolumeStableRescueTest-1214920370 tempest-ServerBootFromVolumeStableRescueTest-1214920370-project-member] new path /v2/images/8f2a074c-9f29-4bb2-a664-8386b6054d4e {{(pid=99129) process_request /opt/stack/glance/glance/api/middleware/version_negotiation.py:70}}
Jun 19 00:20:05.476940 np0000003209 devstack@g-api.service[99130]: [pid: 99130|app: 0|req: 149/315] 127.0.0.1 () {44 vars in 1055 bytes} [Fri Jun 19 00:20:05 2026] GET /v2/schemas/image => generated 6083 bytes in 11 msecs (HTTP/1.1 200) 4 headers in 158 bytes (1 switches on core 0)
Jun 19 00:20:05.481181 np0000003209 devstack@g-api.service[99129]: [pid: 99129|app: 0|req: 167/316] 127.0.0.1 () {40 vars in 838 bytes} [Fri Jun 19 00:20:05 2026] GET /v2/images/8f2a074c-9f29-4bb2-a664-8386b6054d4e => generated 1470 bytes in 9 msecs (HTTP/1.1 200) 4 headers in 158 bytes (1 switches on core 0)
Jun 19 00:20:05.492421 np0000003209 devstack@g-api.service[99130]: DEBUG glance.api.middleware.version_negotiation [None req-6b49ba6f-bedc-4c25-8bc1-d5da30cae3e7 tempest-VolumesBackupsTest-1112101122 tempest-VolumesBackupsTest-1112101122-project-member] Determining version of request: GET /v2/images/8f2a074c-9f29-4bb2-a664-8386b6054d4e Accept: */* {{(pid=99130) process_request /opt/stack/glance/glance/api/middleware/version_negotiation.py:44}}
Jun 19 00:20:05.492903 np0000003209 devstack@g-api.service[99130]: DEBUG glance.api.middleware.version_negotiation [None req-6b49ba6f-bedc-4c25-8bc1-d5da30cae3e7 tempest-VolumesBackupsTest-1112101122 tempest-VolumesBackupsTest-1112101122-project-member] Using url versioning {{(pid=99130) process_request /opt/stack/glance/glance/api/middleware/version_negotiation.py:57}}
Jun 19 00:20:05.492989 np0000003209 devstack@g-api.service[99130]: DEBUG glance.api.middleware.version_negotiation [None req-6b49ba6f-bedc-4c25-8bc1-d5da30cae3e7 tempest-VolumesBackupsTest-1112101122 tempest-VolumesBackupsTest-1112101122-project-member] Matched version: v2 {{(pid=99130) process_request /opt/stack/glance/glance/api/middleware/version_negotiation.py:69}}
Jun 19 00:20:05.493090 np0000003209 devstack@g-api.service[99130]: DEBUG glance.api.middleware.version_negotiation [None req-6b49ba6f-bedc-4c25-8bc1-d5da30cae3e7 tempest-VolumesBackupsTest-1112101122 tempest-VolumesBackupsTest-1112101122-project-member] new path /v2/images/8f2a074c-9f29-4bb2-a664-8386b6054d4e {{(pid=99130) process_request /opt/stack/glance/glance/api/middleware/version_negotiation.py:70}}
Jun 19 00:20:05.508269 np0000003209 devstack@g-api.service[99130]: [pid: 99130|app: 0|req: 150/317] 127.0.0.1 () {44 vars in 1115 bytes} [Fri Jun 19 00:20:05 2026] GET /v2/images/8f2a074c-9f29-4bb2-a664-8386b6054d4e => generated 1470 bytes in 20 msecs (HTTP/1.1 200) 4 headers in 158 bytes (1 switches on core 0)
Jun 19 00:20:05.550687 np0000003209 devstack@g-api.service[99129]: DEBUG glance.api.middleware.version_negotiation [None req-ceb0b896-d4bd-4d72-9add-01b806ecf568 tempest-ServerBootFromVolumeStableRescueTest-1214920370 tempest-ServerBootFromVolumeStableRescueTest-1214920370-project-member] Determining version of request: PUT /v2/images/8f2a074c-9f29-4bb2-a664-8386b6054d4e/file Accept: */* {{(pid=99129) process_request /opt/stack/glance/glance/api/middleware/version_negotiation.py:44}}
Jun 19 00:20:05.550881 np0000003209 devstack@g-api.service[99129]: DEBUG glance.api.middleware.version_negotiation [None req-ceb0b896-d4bd-4d72-9add-01b806ecf568 tempest-ServerBootFromVolumeStableRescueTest-1214920370 tempest-ServerBootFromVolumeStableRescueTest-1214920370-project-member] Using url versioning {{(pid=99129) process_request /opt/stack/glance/glance/api/middleware/version_negotiation.py:57}}
Jun 19 00:20:05.554663 np0000003209 devstack@g-api.service[99129]: DEBUG glance.api.middleware.version_negotiation [None req-ceb0b896-d4bd-4d72-9add-01b806ecf568 tempest-ServerBootFromVolumeStableRescueTest-1214920370 tempest-ServerBootFromVolumeStableRescueTest-1214920370-project-member] Matched version: v2 {{(pid=99129) process_request /opt/stack/glance/glance/api/middleware/version_negotiation.py:69}}
Jun 19 00:20:05.554663 np0000003209 devstack@g-api.service[99129]: DEBUG glance.api.middleware.version_negotiation [None req-ceb0b896-d4bd-4d72-9add-01b806ecf568 tempest-ServerBootFromVolumeStableRescueTest-1214920370 tempest-ServerBootFromVolumeStableRescueTest-1214920370-project-member] new path /v2/images/8f2a074c-9f29-4bb2-a664-8386b6054d4e/file {{(pid=99129) process_request /opt/stack/glance/glance/api/middleware/version_negotiation.py:70}}
Jun 19 00:20:05.969253 np0000003209 devstack@g-api.service[99129]: INFO glance.api.v2.image_data [None req-df3e60b8-9c5a-47f7-baaf-24a79514b28c tempest-ServerBootFromVolumeStableRescueTest-1214920370 tempest-ServerBootFromVolumeStableRescueTest-1214920370-project-member] Unable to create trust: no such option collect_timing in group [keystone_authtoken] Use the existing user token.
Jun 19 00:20:06.397438 np0000003209 devstack@g-api.service[99129]: DEBUG glance.location [None req-df3e60b8-9c5a-47f7-baaf-24a79514b28c tempest-ServerBootFromVolumeStableRescueTest-1214920370 tempest-ServerBootFromVolumeStableRescueTest-1214920370-project-member] Enabling in-flight format inspection for qcow2 {{(pid=99129) set_data /opt/stack/glance/glance/location.py:616}}
Jun 19 00:20:06.397438 np0000003209 devstack@g-api.service[99129]: DEBUG glance_store.backend [None req-df3e60b8-9c5a-47f7-baaf-24a79514b28c tempest-ServerBootFromVolumeStableRescueTest-1214920370 tempest-ServerBootFromVolumeStableRescueTest-1214920370-project-member] Attempting to import store swift {{(pid=99129) _load_store /opt/stack/data/venv/lib/python3.12/site-packages/glance_store/backend.py:215}}
Jun 19 00:20:06.397438 np0000003209 devstack@g-api.service[99129]: DEBUG glance_store.capabilities [None req-df3e60b8-9c5a-47f7-baaf-24a79514b28c tempest-ServerBootFromVolumeStableRescueTest-1214920370 tempest-ServerBootFromVolumeStableRescueTest-1214920370-project-member] Store glance_store._drivers.swift.store.SingleTenantStore doesn't support updating dynamic storage capabilities. Please overwrite 'update_capabilities' method of the store to implement updating logics if needed. {{(pid=99129) update_capabilities /opt/stack/data/venv/lib/python3.12/site-packages/glance_store/capabilities.py:91}}
Jun 19 00:20:06.397438 np0000003209 devstack@g-api.service[99129]: DEBUG glance_store.driver [None req-df3e60b8-9c5a-47f7-baaf-24a79514b28c tempest-ServerBootFromVolumeStableRescueTest-1214920370 tempest-ServerBootFromVolumeStableRescueTest-1214920370-project-member] Late loading location class glance_store._drivers.swift.store.StoreLocation {{(pid=99129) get_store_location_class /opt/stack/data/venv/lib/python3.12/site-packages/glance_store/driver.py:134}}
Jun 19 00:20:06.397438 np0000003209 devstack@g-api.service[99129]: DEBUG glance_store.location [None req-df3e60b8-9c5a-47f7-baaf-24a79514b28c tempest-ServerBootFromVolumeStableRescueTest-1214920370 tempest-ServerBootFromVolumeStableRescueTest-1214920370-project-member] Registering scheme swift+https with {'store': , 'location_class': , 'store_entry': 'swift'} {{(pid=99129) register_scheme_map /opt/stack/data/venv/lib/python3.12/site-packages/glance_store/location.py:146}}
Jun 19 00:20:06.397438 np0000003209 devstack@g-api.service[99129]: DEBUG glance_store.location [None req-df3e60b8-9c5a-47f7-baaf-24a79514b28c tempest-ServerBootFromVolumeStableRescueTest-1214920370 tempest-ServerBootFromVolumeStableRescueTest-1214920370-project-member] Registering scheme swift+https with {'store': , 'location_class': , 'store_entry': 'swift'} {{(pid=99129) register_scheme_map /opt/stack/data/venv/lib/python3.12/site-packages/glance_store/location.py:146}}
Jun 19 00:20:06.397438 np0000003209 devstack@g-api.service[99129]: DEBUG glance_store.location [None req-df3e60b8-9c5a-47f7-baaf-24a79514b28c tempest-ServerBootFromVolumeStableRescueTest-1214920370 tempest-ServerBootFromVolumeStableRescueTest-1214920370-project-member] Registering scheme swift with {'store': , 'location_class': , 'store_entry': 'swift'} {{(pid=99129) register_scheme_map /opt/stack/data/venv/lib/python3.12/site-packages/glance_store/location.py:146}}
Jun 19 00:20:06.397438 np0000003209 devstack@g-api.service[99129]: DEBUG glance_store.location [None req-df3e60b8-9c5a-47f7-baaf-24a79514b28c tempest-ServerBootFromVolumeStableRescueTest-1214920370 tempest-ServerBootFromVolumeStableRescueTest-1214920370-project-member] Registering scheme swift+https with {'store': , 'location_class': , 'store_entry': 'swift'} {{(pid=99129) register_scheme_map /opt/stack/data/venv/lib/python3.12/site-packages/glance_store/location.py:146}}
Jun 19 00:20:06.397438 np0000003209 devstack@g-api.service[99129]: DEBUG glance_store.location [None req-df3e60b8-9c5a-47f7-baaf-24a79514b28c tempest-ServerBootFromVolumeStableRescueTest-1214920370 tempest-ServerBootFromVolumeStableRescueTest-1214920370-project-member] Registering scheme swift with {'store': , 'location_class': , 'store_entry': 'swift'} {{(pid=99129) register_scheme_map /opt/stack/data/venv/lib/python3.12/site-packages/glance_store/location.py:146}}
Jun 19 00:20:06.397438 np0000003209 devstack@g-api.service[99129]: DEBUG glance_store.location [None req-df3e60b8-9c5a-47f7-baaf-24a79514b28c tempest-ServerBootFromVolumeStableRescueTest-1214920370 tempest-ServerBootFromVolumeStableRescueTest-1214920370-project-member] Registering scheme swift+http with {'store': , 'location_class': , 'store_entry': 'swift'} {{(pid=99129) register_scheme_map /opt/stack/data/venv/lib/python3.12/site-packages/glance_store/location.py:146}}
Jun 19 00:20:06.397438 np0000003209 devstack@g-api.service[99129]: DEBUG glance_store.location [None req-df3e60b8-9c5a-47f7-baaf-24a79514b28c tempest-ServerBootFromVolumeStableRescueTest-1214920370 tempest-ServerBootFromVolumeStableRescueTest-1214920370-project-member] Registering scheme swift+https with {'store': , 'location_class': , 'store_entry': 'swift'} {{(pid=99129) register_scheme_map /opt/stack/data/venv/lib/python3.12/site-packages/glance_store/location.py:146}}
Jun 19 00:20:06.397989 np0000003209 devstack@g-api.service[99129]: DEBUG glance_store.location [None req-df3e60b8-9c5a-47f7-baaf-24a79514b28c tempest-ServerBootFromVolumeStableRescueTest-1214920370 tempest-ServerBootFromVolumeStableRescueTest-1214920370-project-member] Registering scheme swift with {'store': , 'location_class': , 'store_entry': 'swift'} {{(pid=99129) register_scheme_map /opt/stack/data/venv/lib/python3.12/site-packages/glance_store/location.py:146}}
Jun 19 00:20:06.397989 np0000003209 devstack@g-api.service[99129]: DEBUG glance_store.location [None req-df3e60b8-9c5a-47f7-baaf-24a79514b28c tempest-ServerBootFromVolumeStableRescueTest-1214920370 tempest-ServerBootFromVolumeStableRescueTest-1214920370-project-member] Registering scheme swift+http with {'store': , 'location_class': , 'store_entry': 'swift'} {{(pid=99129) register_scheme_map /opt/stack/data/venv/lib/python3.12/site-packages/glance_store/location.py:146}}
Jun 19 00:20:06.397989 np0000003209 devstack@g-api.service[99129]: DEBUG glance_store.location [None req-df3e60b8-9c5a-47f7-baaf-24a79514b28c tempest-ServerBootFromVolumeStableRescueTest-1214920370 tempest-ServerBootFromVolumeStableRescueTest-1214920370-project-member] Registering scheme swift+config with {'store': , 'location_class': , 'store_entry': 'swift'} {{(pid=99129) register_scheme_map /opt/stack/data/venv/lib/python3.12/site-packages/glance_store/location.py:146}}
Jun 19 00:20:06.491532 np0000003209 devstack@g-api.service[99129]: DEBUG swiftclient [None req-df3e60b8-9c5a-47f7-baaf-24a79514b28c tempest-ServerBootFromVolumeStableRescueTest-1214920370 tempest-ServerBootFromVolumeStableRescueTest-1214920370-project-member] REQ: curl -i https://10.4.3.179:8080/v1/AUTH_cb4656a76fef4727bc00d61d2f512dba/glance -I -H "X-Auth-Token: gAAAAABqNIs2ZitW..." {{(pid=99129) http_log /opt/stack/data/venv/lib/python3.12/site-packages/swiftclient/client.py:160}}
Jun 19 00:20:06.492165 np0000003209 devstack@g-api.service[99129]: DEBUG swiftclient [None req-df3e60b8-9c5a-47f7-baaf-24a79514b28c tempest-ServerBootFromVolumeStableRescueTest-1214920370 tempest-ServerBootFromVolumeStableRescueTest-1214920370-project-member] RESP STATUS: 204 No Content {{(pid=99129) http_log /opt/stack/data/venv/lib/python3.12/site-packages/swiftclient/client.py:161}}
Jun 19 00:20:06.492485 np0000003209 devstack@g-api.service[99129]: DEBUG swiftclient [None req-df3e60b8-9c5a-47f7-baaf-24a79514b28c tempest-ServerBootFromVolumeStableRescueTest-1214920370 tempest-ServerBootFromVolumeStableRescueTest-1214920370-project-member] RESP HEADERS: {'Date': 'Fri, 19 Jun 2026 00:20:06 GMT', 'Server': 'Apache/2.4.58 (Ubuntu)', 'Content-Type': 'text/plain; charset=utf-8', 'X-Container-Object-Count': '7', 'X-Container-Bytes-Used': '141426688', 'X-Timestamp': '1781827961.26965', 'Last-Modified': 'Fri, 19 Jun 2026 00:12:42 GMT', 'Accept-Ranges': 'bytes', 'X-Storage-Policy': 'Policy-0', 'X-Container-Sharding': 'False', 'Vary': 'Accept', 'X-Trans-Id': 'tx5af3b916671f4a6cb39a0-006a348b36', 'X-Openstack-Request-Id': 'tx5af3b916671f4a6cb39a0-006a348b36', 'Connection': 'close'} {{(pid=99129) http_log /opt/stack/data/venv/lib/python3.12/site-packages/swiftclient/client.py:162}}
Jun 19 00:20:06.492769 np0000003209 devstack@g-api.service[99130]: DEBUG glance.api.middleware.version_negotiation [None req-df3e60b8-9c5a-47f7-baaf-24a79514b28c tempest-ServerBootFromVolumeStableRescueTest-1214920370 tempest-ServerBootFromVolumeStableRescueTest-1214920370-project-member] Determining version of request: GET /v2/images/8f2a074c-9f29-4bb2-a664-8386b6054d4e Accept: application/json {{(pid=99130) process_request /opt/stack/glance/glance/api/middleware/version_negotiation.py:44}}
Jun 19 00:20:06.493047 np0000003209 devstack@g-api.service[99130]: DEBUG glance.api.middleware.version_negotiation [None req-df3e60b8-9c5a-47f7-baaf-24a79514b28c tempest-ServerBootFromVolumeStableRescueTest-1214920370 tempest-ServerBootFromVolumeStableRescueTest-1214920370-project-member] Using url versioning {{(pid=99130) process_request /opt/stack/glance/glance/api/middleware/version_negotiation.py:57}}
Jun 19 00:20:06.493047 np0000003209 devstack@g-api.service[99130]: DEBUG glance.api.middleware.version_negotiation [None req-df3e60b8-9c5a-47f7-baaf-24a79514b28c tempest-ServerBootFromVolumeStableRescueTest-1214920370 tempest-ServerBootFromVolumeStableRescueTest-1214920370-project-member] Matched version: v2 {{(pid=99130) process_request /opt/stack/glance/glance/api/middleware/version_negotiation.py:69}}
Jun 19 00:20:06.493150 np0000003209 devstack@g-api.service[99130]: DEBUG glance.api.middleware.version_negotiation [None req-df3e60b8-9c5a-47f7-baaf-24a79514b28c tempest-ServerBootFromVolumeStableRescueTest-1214920370 tempest-ServerBootFromVolumeStableRescueTest-1214920370-project-member] new path /v2/images/8f2a074c-9f29-4bb2-a664-8386b6054d4e {{(pid=99130) process_request /opt/stack/glance/glance/api/middleware/version_negotiation.py:70}}
Jun 19 00:20:06.493243 np0000003209 devstack@g-api.service[99129]: DEBUG glance_store._drivers.swift.store [None req-df3e60b8-9c5a-47f7-baaf-24a79514b28c tempest-ServerBootFromVolumeStableRescueTest-1214920370 tempest-ServerBootFromVolumeStableRescueTest-1214920370-project-member] Adding image object '8f2a074c-9f29-4bb2-a664-8386b6054d4e' to Swift {{(pid=99129) add /opt/stack/data/venv/lib/python3.12/site-packages/glance_store/_drivers/swift/store.py:970}}
Jun 19 00:20:06.493450 np0000003209 devstack@g-api.service[99129]: DEBUG glance_store._drivers.swift.store [None req-df3e60b8-9c5a-47f7-baaf-24a79514b28c tempest-ServerBootFromVolumeStableRescueTest-1214920370 tempest-ServerBootFromVolumeStableRescueTest-1214920370-project-member] Cannot determine image size because it is either not provided in the request or chunked-transfer encoding is used. Adding image as a segmented object to Swift. {{(pid=99129) add /opt/stack/data/venv/lib/python3.12/site-packages/glance_store/_drivers/swift/store.py:994}}
Jun 19 00:20:06.500459 np0000003209 devstack@g-api.service[99129]: DEBUG oslo_utils.imageutils.format_inspector [None req-df3e60b8-9c5a-47f7-baaf-24a79514b28c tempest-ServerBootFromVolumeStableRescueTest-1214920370 tempest-ServerBootFromVolumeStableRescueTest-1214920370-project-member] Format inspector for vmdk does not match, excluding from consideration (Signature KDMV not found: b'QFI\xfb') {{(pid=99129) _process_chunk /opt/stack/data/venv/lib/python3.12/site-packages/oslo_utils/imageutils/format_inspector.py:1758}}
Jun 19 00:20:06.503258 np0000003209 devstack@g-api.service[99129]: DEBUG oslo_utils.imageutils.format_inspector [None req-df3e60b8-9c5a-47f7-baaf-24a79514b28c tempest-ServerBootFromVolumeStableRescueTest-1214920370 tempest-ServerBootFromVolumeStableRescueTest-1214920370-project-member] Format inspector for vhdx does not match, excluding from consideration (Region signature not found at 30000) {{(pid=99129) _process_chunk /opt/stack/data/venv/lib/python3.12/site-packages/oslo_utils/imageutils/format_inspector.py:1758}}
Jun 19 00:20:06.503619 np0000003209 devstack@g-api.service[99130]: [pid: 99130|app: 0|req: 151/318] 127.0.0.1 () {40 vars in 838 bytes} [Fri Jun 19 00:20:06 2026] GET /v2/images/8f2a074c-9f29-4bb2-a664-8386b6054d4e => generated 1470 bytes in 11 msecs (HTTP/1.1 200) 4 headers in 158 bytes (1 switches on core 0)
Jun 19 00:20:06.762803 np0000003209 devstack@g-api.service[99129]: DEBUG swiftclient [None req-df3e60b8-9c5a-47f7-baaf-24a79514b28c tempest-ServerBootFromVolumeStableRescueTest-1214920370 tempest-ServerBootFromVolumeStableRescueTest-1214920370-project-member] REQ: curl -i https://10.4.3.179:8080/v1/AUTH_cb4656a76fef4727bc00d61d2f512dba/glance/8f2a074c-9f29-4bb2-a664-8386b6054d4e-00001 -X PUT -H "X-Auth-Token: gAAAAABqNIs2ZitW..." {{(pid=99129) http_log /opt/stack/data/venv/lib/python3.12/site-packages/swiftclient/client.py:160}}
Jun 19 00:20:06.762904 np0000003209 devstack@g-api.service[99129]: DEBUG swiftclient [None req-df3e60b8-9c5a-47f7-baaf-24a79514b28c tempest-ServerBootFromVolumeStableRescueTest-1214920370 tempest-ServerBootFromVolumeStableRescueTest-1214920370-project-member] RESP STATUS: 201 Created {{(pid=99129) http_log /opt/stack/data/venv/lib/python3.12/site-packages/swiftclient/client.py:161}}
Jun 19 00:20:06.763077 np0000003209 devstack@g-api.service[99129]: DEBUG swiftclient [None req-df3e60b8-9c5a-47f7-baaf-24a79514b28c tempest-ServerBootFromVolumeStableRescueTest-1214920370 tempest-ServerBootFromVolumeStableRescueTest-1214920370-project-member] RESP HEADERS: {'Date': 'Fri, 19 Jun 2026 00:20:06 GMT', 'Server': 'Apache/2.4.58 (Ubuntu)', 'Content-Type': 'text/html; charset=UTF-8', 'Content-Length': '0', 'Etag': '4fa343ee581d8d2e78533191fd1ac3e1', 'Last-Modified': 'Fri, 19 Jun 2026 00:20:07 GMT', 'X-Trans-Id': 'tx1925026aae1f420b8a6e9-006a348b36', 'X-Openstack-Request-Id': 'tx1925026aae1f420b8a6e9-006a348b36', 'Connection': 'close'} {{(pid=99129) http_log /opt/stack/data/venv/lib/python3.12/site-packages/swiftclient/client.py:162}}
Jun 19 00:20:06.763195 np0000003209 devstack@g-api.service[99129]: DEBUG glance_store._drivers.swift.store [None req-df3e60b8-9c5a-47f7-baaf-24a79514b28c tempest-ServerBootFromVolumeStableRescueTest-1214920370 tempest-ServerBootFromVolumeStableRescueTest-1214920370-project-member] Wrote chunk 8f2a074c-9f29-4bb2-a664-8386b6054d4e-00001 (1/?) of length 23527424 to Swift returning MD5 of content: 4fa343ee581d8d2e78533191fd1ac3e1 {{(pid=99129) add /opt/stack/data/venv/lib/python3.12/site-packages/glance_store/_drivers/swift/store.py:1059}}
Jun 19 00:20:06.763505 np0000003209 devstack@g-api.service[99129]: DEBUG glance_store._drivers.swift.store [None req-df3e60b8-9c5a-47f7-baaf-24a79514b28c tempest-ServerBootFromVolumeStableRescueTest-1214920370 tempest-ServerBootFromVolumeStableRescueTest-1214920370-project-member] Not writing zero-length chunk. {{(pid=99129) add /opt/stack/data/venv/lib/python3.12/site-packages/glance_store/_drivers/swift/store.py:1028}}
Jun 19 00:20:06.799512 np0000003209 devstack@g-api.service[99129]: DEBUG swiftclient [None req-df3e60b8-9c5a-47f7-baaf-24a79514b28c tempest-ServerBootFromVolumeStableRescueTest-1214920370 tempest-ServerBootFromVolumeStableRescueTest-1214920370-project-member] REQ: curl -i https://10.4.3.179:8080/v1/AUTH_cb4656a76fef4727bc00d61d2f512dba/glance/8f2a074c-9f29-4bb2-a664-8386b6054d4e -X PUT -H "X-Object-Manifest: glance/8f2a074c-9f29-4bb2-a664-8386b6054d4e-" -H "X-Auth-Token: gAAAAABqNIs2ZitW..." -H "Content-Length: 0" {{(pid=99129) http_log /opt/stack/data/venv/lib/python3.12/site-packages/swiftclient/client.py:160}}
Jun 19 00:20:06.799844 np0000003209 devstack@g-api.service[99129]: DEBUG swiftclient [None req-df3e60b8-9c5a-47f7-baaf-24a79514b28c tempest-ServerBootFromVolumeStableRescueTest-1214920370 tempest-ServerBootFromVolumeStableRescueTest-1214920370-project-member] RESP STATUS: 201 Created {{(pid=99129) http_log /opt/stack/data/venv/lib/python3.12/site-packages/swiftclient/client.py:161}}
Jun 19 00:20:06.799844 np0000003209 devstack@g-api.service[99129]: DEBUG swiftclient [None req-df3e60b8-9c5a-47f7-baaf-24a79514b28c tempest-ServerBootFromVolumeStableRescueTest-1214920370 tempest-ServerBootFromVolumeStableRescueTest-1214920370-project-member] RESP HEADERS: {'Date': 'Fri, 19 Jun 2026 00:20:06 GMT', 'Server': 'Apache/2.4.58 (Ubuntu)', 'Content-Type': 'text/html; charset=UTF-8', 'Content-Length': '0', 'Etag': 'd41d8cd98f00b204e9800998ecf8427e', 'Last-Modified': 'Fri, 19 Jun 2026 00:20:07 GMT', 'X-Trans-Id': 'txdccd093c09d54746aa654-006a348b36', 'X-Openstack-Request-Id': 'txdccd093c09d54746aa654-006a348b36', 'Connection': 'close'} {{(pid=99129) http_log /opt/stack/data/venv/lib/python3.12/site-packages/swiftclient/client.py:162}}
Jun 19 00:20:06.800367 np0000003209 devstack@g-api.service[99129]: INFO glance.location [None req-df3e60b8-9c5a-47f7-baaf-24a79514b28c tempest-ServerBootFromVolumeStableRescueTest-1214920370 tempest-ServerBootFromVolumeStableRescueTest-1214920370-project-member] Image format matched and virtual size computed: 1073741824
Jun 19 00:20:06.851205 np0000003209 devstack@g-api.service[99129]: DEBUG glance_store.backend [None req-df3e60b8-9c5a-47f7-baaf-24a79514b28c tempest-ServerBootFromVolumeStableRescueTest-1214920370 tempest-ServerBootFromVolumeStableRescueTest-1214920370-project-member] Attempting to import store swift {{(pid=99129) _load_store /opt/stack/data/venv/lib/python3.12/site-packages/glance_store/backend.py:215}}
Jun 19 00:20:06.852975 np0000003209 devstack@g-api.service[99129]: DEBUG glance_store.capabilities [None req-df3e60b8-9c5a-47f7-baaf-24a79514b28c tempest-ServerBootFromVolumeStableRescueTest-1214920370 tempest-ServerBootFromVolumeStableRescueTest-1214920370-project-member] Store glance_store._drivers.swift.store.SingleTenantStore doesn't support updating dynamic storage capabilities. Please overwrite 'update_capabilities' method of the store to implement updating logics if needed. {{(pid=99129) update_capabilities /opt/stack/data/venv/lib/python3.12/site-packages/glance_store/capabilities.py:91}}
Jun 19 00:20:06.853114 np0000003209 devstack@g-api.service[99129]: DEBUG glance_store.driver [None req-df3e60b8-9c5a-47f7-baaf-24a79514b28c tempest-ServerBootFromVolumeStableRescueTest-1214920370 tempest-ServerBootFromVolumeStableRescueTest-1214920370-project-member] Late loading location class glance_store._drivers.swift.store.StoreLocation {{(pid=99129) get_store_location_class /opt/stack/data/venv/lib/python3.12/site-packages/glance_store/driver.py:134}}
Jun 19 00:20:06.853247 np0000003209 devstack@g-api.service[99129]: DEBUG glance_store.location [None req-df3e60b8-9c5a-47f7-baaf-24a79514b28c tempest-ServerBootFromVolumeStableRescueTest-1214920370 tempest-ServerBootFromVolumeStableRescueTest-1214920370-project-member] Registering scheme swift+https with {'store': , 'location_class': , 'store_entry': 'swift'} {{(pid=99129) register_scheme_map /opt/stack/data/venv/lib/python3.12/site-packages/glance_store/location.py:146}}
Jun 19 00:20:06.853449 np0000003209 devstack@g-api.service[99129]: DEBUG glance_store.location [None req-df3e60b8-9c5a-47f7-baaf-24a79514b28c tempest-ServerBootFromVolumeStableRescueTest-1214920370 tempest-ServerBootFromVolumeStableRescueTest-1214920370-project-member] Registering scheme swift+https with {'store': , 'location_class': , 'store_entry': 'swift'} {{(pid=99129) register_scheme_map /opt/stack/data/venv/lib/python3.12/site-packages/glance_store/location.py:146}}
Jun 19 00:20:06.853600 np0000003209 devstack@g-api.service[99129]: DEBUG glance_store.location [None req-df3e60b8-9c5a-47f7-baaf-24a79514b28c tempest-ServerBootFromVolumeStableRescueTest-1214920370 tempest-ServerBootFromVolumeStableRescueTest-1214920370-project-member] Registering scheme swift with {'store': , 'location_class': , 'store_entry': 'swift'} {{(pid=99129) register_scheme_map /opt/stack/data/venv/lib/python3.12/site-packages/glance_store/location.py:146}}
Jun 19 00:20:06.853724 np0000003209 devstack@g-api.service[99129]: DEBUG glance_store.location [None req-df3e60b8-9c5a-47f7-baaf-24a79514b28c tempest-ServerBootFromVolumeStableRescueTest-1214920370 tempest-ServerBootFromVolumeStableRescueTest-1214920370-project-member] Registering scheme swift+https with {'store': , 'location_class': , 'store_entry': 'swift'} {{(pid=99129) register_scheme_map /opt/stack/data/venv/lib/python3.12/site-packages/glance_store/location.py:146}}
Jun 19 00:20:06.853842 np0000003209 devstack@g-api.service[99129]: DEBUG glance_store.location [None req-df3e60b8-9c5a-47f7-baaf-24a79514b28c tempest-ServerBootFromVolumeStableRescueTest-1214920370 tempest-ServerBootFromVolumeStableRescueTest-1214920370-project-member] Registering scheme swift with {'store': , 'location_class': , 'store_entry': 'swift'} {{(pid=99129) register_scheme_map /opt/stack/data/venv/lib/python3.12/site-packages/glance_store/location.py:146}}
Jun 19 00:20:06.853956 np0000003209 devstack@g-api.service[99129]: DEBUG glance_store.location [None req-df3e60b8-9c5a-47f7-baaf-24a79514b28c tempest-ServerBootFromVolumeStableRescueTest-1214920370 tempest-ServerBootFromVolumeStableRescueTest-1214920370-project-member] Registering scheme swift+http with {'store': , 'location_class': , 'store_entry': 'swift'} {{(pid=99129) register_scheme_map /opt/stack/data/venv/lib/python3.12/site-packages/glance_store/location.py:146}}
Jun 19 00:20:06.854084 np0000003209 devstack@g-api.service[99129]: DEBUG glance_store.location [None req-df3e60b8-9c5a-47f7-baaf-24a79514b28c tempest-ServerBootFromVolumeStableRescueTest-1214920370 tempest-ServerBootFromVolumeStableRescueTest-1214920370-project-member] Registering scheme swift+https with {'store': , 'location_class': , 'store_entry': 'swift'} {{(pid=99129) register_scheme_map /opt/stack/data/venv/lib/python3.12/site-packages/glance_store/location.py:146}}
Jun 19 00:20:06.854196 np0000003209 devstack@g-api.service[99129]: DEBUG glance_store.location [None req-df3e60b8-9c5a-47f7-baaf-24a79514b28c tempest-ServerBootFromVolumeStableRescueTest-1214920370 tempest-ServerBootFromVolumeStableRescueTest-1214920370-project-member] Registering scheme swift with {'store': , 'location_class': , 'store_entry': 'swift'} {{(pid=99129) register_scheme_map /opt/stack/data/venv/lib/python3.12/site-packages/glance_store/location.py:146}}
Jun 19 00:20:06.854312 np0000003209 devstack@g-api.service[99129]: DEBUG glance_store.location [None req-df3e60b8-9c5a-47f7-baaf-24a79514b28c tempest-ServerBootFromVolumeStableRescueTest-1214920370 tempest-ServerBootFromVolumeStableRescueTest-1214920370-project-member] Registering scheme swift+http with {'store': , 'location_class': , 'store_entry': 'swift'} {{(pid=99129) register_scheme_map /opt/stack/data/venv/lib/python3.12/site-packages/glance_store/location.py:146}}
Jun 19 00:20:06.854463 np0000003209 devstack@g-api.service[99129]: DEBUG glance_store.location [None req-df3e60b8-9c5a-47f7-baaf-24a79514b28c tempest-ServerBootFromVolumeStableRescueTest-1214920370 tempest-ServerBootFromVolumeStableRescueTest-1214920370-project-member] Registering scheme swift+config with {'store': , 'location_class': , 'store_entry': 'swift'} {{(pid=99129) register_scheme_map /opt/stack/data/venv/lib/python3.12/site-packages/glance_store/location.py:146}}
Jun 19 00:20:06.854612 np0000003209 devstack@g-api.service[99129]: DEBUG glance_store.backend [None req-df3e60b8-9c5a-47f7-baaf-24a79514b28c tempest-ServerBootFromVolumeStableRescueTest-1214920370 tempest-ServerBootFromVolumeStableRescueTest-1214920370-project-member] Skipping store.set_acls... not implemented. {{(pid=99129) set_acls /opt/stack/data/venv/lib/python3.12/site-packages/glance_store/backend.py:507}}
Jun 19 00:20:06.857448 np0000003209 devstack@g-api.service[99129]: [pid: 99129|app: 0|req: 168/319] 127.0.0.1 () {46 vars in 1158 bytes} [Fri Jun 19 00:20:05 2026] PUT /v2/images/8f2a074c-9f29-4bb2-a664-8386b6054d4e/file => generated 0 bytes in 1306 msecs (HTTP/1.1 204) 4 headers in 171 bytes (1 switches on core 0)
Jun 19 00:20:06.902562 np0000003209 devstack@g-api.service[99130]: DEBUG glance.api.middleware.version_negotiation [None req-0321d618-eb0b-4b9e-b790-bbc230a0045d tempest-ServerBootFromVolumeStableRescueTest-1214920370 tempest-ServerBootFromVolumeStableRescueTest-1214920370-project-member] Determining version of request: GET /v2/images/8f2a074c-9f29-4bb2-a664-8386b6054d4e Accept: */* {{(pid=99130) process_request /opt/stack/glance/glance/api/middleware/version_negotiation.py:44}}
Jun 19 00:20:06.902723 np0000003209 devstack@g-api.service[99130]: DEBUG glance.api.middleware.version_negotiation [None req-0321d618-eb0b-4b9e-b790-bbc230a0045d tempest-ServerBootFromVolumeStableRescueTest-1214920370 tempest-ServerBootFromVolumeStableRescueTest-1214920370-project-member] Using url versioning {{(pid=99130) process_request /opt/stack/glance/glance/api/middleware/version_negotiation.py:57}}
Jun 19 00:20:06.902856 np0000003209 devstack@g-api.service[99130]: DEBUG glance.api.middleware.version_negotiation [None req-0321d618-eb0b-4b9e-b790-bbc230a0045d tempest-ServerBootFromVolumeStableRescueTest-1214920370 tempest-ServerBootFromVolumeStableRescueTest-1214920370-project-member] Matched version: v2 {{(pid=99130) process_request /opt/stack/glance/glance/api/middleware/version_negotiation.py:69}}
Jun 19 00:20:06.902963 np0000003209 devstack@g-api.service[99130]: DEBUG glance.api.middleware.version_negotiation [None req-0321d618-eb0b-4b9e-b790-bbc230a0045d tempest-ServerBootFromVolumeStableRescueTest-1214920370 tempest-ServerBootFromVolumeStableRescueTest-1214920370-project-member] new path /v2/images/8f2a074c-9f29-4bb2-a664-8386b6054d4e {{(pid=99130) process_request /opt/stack/glance/glance/api/middleware/version_negotiation.py:70}}
Jun 19 00:20:06.914621 np0000003209 devstack@g-api.service[99130]: [pid: 99130|app: 0|req: 152/320] 127.0.0.1 () {44 vars in 1115 bytes} [Fri Jun 19 00:20:06 2026] GET /v2/images/8f2a074c-9f29-4bb2-a664-8386b6054d4e => generated 1640 bytes in 12 msecs (HTTP/1.1 200) 4 headers in 158 bytes (1 switches on core 0)
Jun 19 00:20:06.943828 np0000003209 devstack@g-api.service[99129]: DEBUG glance.api.middleware.version_negotiation [None req-df3e60b8-9c5a-47f7-baaf-24a79514b28c tempest-ServerBootFromVolumeStableRescueTest-1214920370 tempest-ServerBootFromVolumeStableRescueTest-1214920370-project-member] Determining version of request: GET /v2/schemas/image Accept: */* {{(pid=99129) process_request /opt/stack/glance/glance/api/middleware/version_negotiation.py:44}}
Jun 19 00:20:06.943939 np0000003209 devstack@g-api.service[99129]: DEBUG glance.api.middleware.version_negotiation [None req-df3e60b8-9c5a-47f7-baaf-24a79514b28c tempest-ServerBootFromVolumeStableRescueTest-1214920370 tempest-ServerBootFromVolumeStableRescueTest-1214920370-project-member] Using url versioning {{(pid=99129) process_request /opt/stack/glance/glance/api/middleware/version_negotiation.py:57}}
Jun 19 00:20:06.944070 np0000003209 devstack@g-api.service[99129]: DEBUG glance.api.middleware.version_negotiation [None req-df3e60b8-9c5a-47f7-baaf-24a79514b28c tempest-ServerBootFromVolumeStableRescueTest-1214920370 tempest-ServerBootFromVolumeStableRescueTest-1214920370-project-member] Matched version: v2 {{(pid=99129) process_request /opt/stack/glance/glance/api/middleware/version_negotiation.py:69}}
Jun 19 00:20:06.944173 np0000003209 devstack@g-api.service[99129]: DEBUG glance.api.middleware.version_negotiation [None req-df3e60b8-9c5a-47f7-baaf-24a79514b28c tempest-ServerBootFromVolumeStableRescueTest-1214920370 tempest-ServerBootFromVolumeStableRescueTest-1214920370-project-member] new path /v2/schemas/image {{(pid=99129) process_request /opt/stack/glance/glance/api/middleware/version_negotiation.py:70}}
Jun 19 00:20:06.946581 np0000003209 devstack@g-api.service[99129]: [pid: 99129|app: 0|req: 169/321] 127.0.0.1 () {44 vars in 1055 bytes} [Fri Jun 19 00:20:06 2026] GET /v2/schemas/image => generated 6083 bytes in 3 msecs (HTTP/1.1 200) 4 headers in 158 bytes (1 switches on core 0)
Jun 19 00:20:07.512840 np0000003209 devstack@g-api.service[99130]: DEBUG glance.api.middleware.version_negotiation [None req-df3e60b8-9c5a-47f7-baaf-24a79514b28c tempest-ServerBootFromVolumeStableRescueTest-1214920370 tempest-ServerBootFromVolumeStableRescueTest-1214920370-project-member] Determining version of request: GET /v2/images/8f2a074c-9f29-4bb2-a664-8386b6054d4e Accept: application/json {{(pid=99130) process_request /opt/stack/glance/glance/api/middleware/version_negotiation.py:44}}
Jun 19 00:20:07.513255 np0000003209 devstack@g-api.service[99130]: DEBUG glance.api.middleware.version_negotiation [None req-df3e60b8-9c5a-47f7-baaf-24a79514b28c tempest-ServerBootFromVolumeStableRescueTest-1214920370 tempest-ServerBootFromVolumeStableRescueTest-1214920370-project-member] Using url versioning {{(pid=99130) process_request /opt/stack/glance/glance/api/middleware/version_negotiation.py:57}}
Jun 19 00:20:07.513255 np0000003209 devstack@g-api.service[99130]: DEBUG glance.api.middleware.version_negotiation [None req-df3e60b8-9c5a-47f7-baaf-24a79514b28c tempest-ServerBootFromVolumeStableRescueTest-1214920370 tempest-ServerBootFromVolumeStableRescueTest-1214920370-project-member] Matched version: v2 {{(pid=99130) process_request /opt/stack/glance/glance/api/middleware/version_negotiation.py:69}}
Jun 19 00:20:07.513255 np0000003209 devstack@g-api.service[99130]: DEBUG glance.api.middleware.version_negotiation [None req-df3e60b8-9c5a-47f7-baaf-24a79514b28c tempest-ServerBootFromVolumeStableRescueTest-1214920370 tempest-ServerBootFromVolumeStableRescueTest-1214920370-project-member] new path /v2/images/8f2a074c-9f29-4bb2-a664-8386b6054d4e {{(pid=99130) process_request /opt/stack/glance/glance/api/middleware/version_negotiation.py:70}}
Jun 19 00:20:07.527617 np0000003209 devstack@g-api.service[99130]: [pid: 99130|app: 0|req: 153/322] 127.0.0.1 () {40 vars in 838 bytes} [Fri Jun 19 00:20:07 2026] GET /v2/images/8f2a074c-9f29-4bb2-a664-8386b6054d4e => generated 1640 bytes in 15 msecs (HTTP/1.1 200) 4 headers in 158 bytes (1 switches on core 0)
Jun 19 00:20:07.535379 np0000003209 devstack@g-api.service[99129]: DEBUG glance.api.middleware.version_negotiation [None req-df3e60b8-9c5a-47f7-baaf-24a79514b28c tempest-ServerBootFromVolumeStableRescueTest-1214920370 tempest-ServerBootFromVolumeStableRescueTest-1214920370-project-member] Determining version of request: GET /v2/images/8f2a074c-9f29-4bb2-a664-8386b6054d4e Accept: application/json {{(pid=99129) process_request /opt/stack/glance/glance/api/middleware/version_negotiation.py:44}}
Jun 19 00:20:07.535876 np0000003209 devstack@g-api.service[99129]: DEBUG glance.api.middleware.version_negotiation [None req-df3e60b8-9c5a-47f7-baaf-24a79514b28c tempest-ServerBootFromVolumeStableRescueTest-1214920370 tempest-ServerBootFromVolumeStableRescueTest-1214920370-project-member] Using url versioning {{(pid=99129) process_request /opt/stack/glance/glance/api/middleware/version_negotiation.py:57}}
Jun 19 00:20:07.535876 np0000003209 devstack@g-api.service[99129]: DEBUG glance.api.middleware.version_negotiation [None req-df3e60b8-9c5a-47f7-baaf-24a79514b28c tempest-ServerBootFromVolumeStableRescueTest-1214920370 tempest-ServerBootFromVolumeStableRescueTest-1214920370-project-member] Matched version: v2 {{(pid=99129) process_request /opt/stack/glance/glance/api/middleware/version_negotiation.py:69}}
Jun 19 00:20:07.535876 np0000003209 devstack@g-api.service[99129]: DEBUG glance.api.middleware.version_negotiation [None req-df3e60b8-9c5a-47f7-baaf-24a79514b28c tempest-ServerBootFromVolumeStableRescueTest-1214920370 tempest-ServerBootFromVolumeStableRescueTest-1214920370-project-member] new path /v2/images/8f2a074c-9f29-4bb2-a664-8386b6054d4e {{(pid=99129) process_request /opt/stack/glance/glance/api/middleware/version_negotiation.py:70}}
Jun 19 00:20:07.550859 np0000003209 devstack@g-api.service[99129]: [pid: 99129|app: 0|req: 170/323] 127.0.0.1 () {40 vars in 838 bytes} [Fri Jun 19 00:20:07 2026] GET /v2/images/8f2a074c-9f29-4bb2-a664-8386b6054d4e => generated 1640 bytes in 15 msecs (HTTP/1.1 200) 4 headers in 158 bytes (1 switches on core 0)
Jun 19 00:20:08.019967 np0000003209 devstack@g-api.service[99130]: DEBUG glance.api.middleware.version_negotiation [None req-710ac0b0-ad88-486e-ab68-582703330843 tempest-ServerBootFromVolumeStableRescueTest-1214920370 tempest-ServerBootFromVolumeStableRescueTest-1214920370-project-member] Determining version of request: GET /v2/images/2e296692-bc3f-4b8c-a455-2ed79205515d Accept: */* {{(pid=99130) process_request /opt/stack/glance/glance/api/middleware/version_negotiation.py:44}}
Jun 19 00:20:08.020306 np0000003209 devstack@g-api.service[99130]: DEBUG glance.api.middleware.version_negotiation [None req-710ac0b0-ad88-486e-ab68-582703330843 tempest-ServerBootFromVolumeStableRescueTest-1214920370 tempest-ServerBootFromVolumeStableRescueTest-1214920370-project-member] Using url versioning {{(pid=99130) process_request /opt/stack/glance/glance/api/middleware/version_negotiation.py:57}}
Jun 19 00:20:08.021040 np0000003209 devstack@g-api.service[99130]: DEBUG glance.api.middleware.version_negotiation [None req-710ac0b0-ad88-486e-ab68-582703330843 tempest-ServerBootFromVolumeStableRescueTest-1214920370 tempest-ServerBootFromVolumeStableRescueTest-1214920370-project-member] Matched version: v2 {{(pid=99130) process_request /opt/stack/glance/glance/api/middleware/version_negotiation.py:69}}
Jun 19 00:20:08.021040 np0000003209 devstack@g-api.service[99130]: DEBUG glance.api.middleware.version_negotiation [None req-710ac0b0-ad88-486e-ab68-582703330843 tempest-ServerBootFromVolumeStableRescueTest-1214920370 tempest-ServerBootFromVolumeStableRescueTest-1214920370-project-member] new path /v2/images/2e296692-bc3f-4b8c-a455-2ed79205515d {{(pid=99130) process_request /opt/stack/glance/glance/api/middleware/version_negotiation.py:70}}
Jun 19 00:20:08.035905 np0000003209 devstack@g-api.service[99130]: [pid: 99130|app: 0|req: 154/324] 127.0.0.1 () {44 vars in 1115 bytes} [Fri Jun 19 00:20:08 2026] GET /v2/images/2e296692-bc3f-4b8c-a455-2ed79205515d => generated 1044 bytes in 16 msecs (HTTP/1.1 200) 4 headers in 158 bytes (1 switches on core 0)
Jun 19 00:20:08.062954 np0000003209 devstack@g-api.service[99129]: DEBUG glance.api.middleware.version_negotiation [None req-6c6ddc39-0a44-4b08-9fa9-c0f2d8b66ab5 tempest-ServerBootFromVolumeStableRescueTest-1214920370 tempest-ServerBootFromVolumeStableRescueTest-1214920370-project-member] Determining version of request: GET /v2/schemas/image Accept: */* {{(pid=99129) process_request /opt/stack/glance/glance/api/middleware/version_negotiation.py:44}}
Jun 19 00:20:08.063189 np0000003209 devstack@g-api.service[99129]: DEBUG glance.api.middleware.version_negotiation [None req-6c6ddc39-0a44-4b08-9fa9-c0f2d8b66ab5 tempest-ServerBootFromVolumeStableRescueTest-1214920370 tempest-ServerBootFromVolumeStableRescueTest-1214920370-project-member] Using url versioning {{(pid=99129) process_request /opt/stack/glance/glance/api/middleware/version_negotiation.py:57}}
Jun 19 00:20:08.063393 np0000003209 devstack@g-api.service[99129]: DEBUG glance.api.middleware.version_negotiation [None req-6c6ddc39-0a44-4b08-9fa9-c0f2d8b66ab5 tempest-ServerBootFromVolumeStableRescueTest-1214920370 tempest-ServerBootFromVolumeStableRescueTest-1214920370-project-member] Matched version: v2 {{(pid=99129) process_request /opt/stack/glance/glance/api/middleware/version_negotiation.py:69}}
Jun 19 00:20:08.063553 np0000003209 devstack@g-api.service[99129]: DEBUG glance.api.middleware.version_negotiation [None req-6c6ddc39-0a44-4b08-9fa9-c0f2d8b66ab5 tempest-ServerBootFromVolumeStableRescueTest-1214920370 tempest-ServerBootFromVolumeStableRescueTest-1214920370-project-member] new path /v2/schemas/image {{(pid=99129) process_request /opt/stack/glance/glance/api/middleware/version_negotiation.py:70}}
Jun 19 00:20:08.068809 np0000003209 devstack@g-api.service[99129]: [pid: 99129|app: 0|req: 171/325] 127.0.0.1 () {44 vars in 1055 bytes} [Fri Jun 19 00:20:08 2026] GET /v2/schemas/image => generated 6083 bytes in 6 msecs (HTTP/1.1 200) 4 headers in 158 bytes (1 switches on core 0)
Jun 19 00:20:12.559877 np0000003209 devstack@g-api.service[99130]: DEBUG glance.api.middleware.version_negotiation [None req-642ef5e5-9343-4489-9971-ae2b41761ca9 tempest-ServerBootFromVolumeStableRescueTest-1214920370 tempest-ServerBootFromVolumeStableRescueTest-1214920370-project-member] Determining version of request: DELETE /v2/images/78fb1b2e-7d39-4228-a601-3007b4938fb2 Accept: */* {{(pid=99130) process_request /opt/stack/glance/glance/api/middleware/version_negotiation.py:44}}
Jun 19 00:20:12.561393 np0000003209 devstack@g-api.service[99130]: DEBUG glance.api.middleware.version_negotiation [None req-642ef5e5-9343-4489-9971-ae2b41761ca9 tempest-ServerBootFromVolumeStableRescueTest-1214920370 tempest-ServerBootFromVolumeStableRescueTest-1214920370-project-member] Using url versioning {{(pid=99130) process_request /opt/stack/glance/glance/api/middleware/version_negotiation.py:57}}
Jun 19 00:20:12.561393 np0000003209 devstack@g-api.service[99130]: DEBUG glance.api.middleware.version_negotiation [None req-642ef5e5-9343-4489-9971-ae2b41761ca9 tempest-ServerBootFromVolumeStableRescueTest-1214920370 tempest-ServerBootFromVolumeStableRescueTest-1214920370-project-member] Matched version: v2 {{(pid=99130) process_request /opt/stack/glance/glance/api/middleware/version_negotiation.py:69}}
Jun 19 00:20:12.561808 np0000003209 devstack@g-api.service[99130]: DEBUG glance.api.middleware.version_negotiation [None req-642ef5e5-9343-4489-9971-ae2b41761ca9 tempest-ServerBootFromVolumeStableRescueTest-1214920370 tempest-ServerBootFromVolumeStableRescueTest-1214920370-project-member] new path /v2/images/78fb1b2e-7d39-4228-a601-3007b4938fb2 {{(pid=99130) process_request /opt/stack/glance/glance/api/middleware/version_negotiation.py:70}}
