Jun 16 11:52:06.167364 np0000002936 devstack@g-api.service[98849]: DEBUG glance.api.middleware.version_negotiation [None req-1ede46c3-2246-4643-9e44-8e12e0744488 tempest-AttachVolumeShelveTestJSON-1585976985 tempest-AttachVolumeShelveTestJSON-1585976985-project-member] new path /v2/images/ecad38e1-e764-43b3-b02c-59226f847c1e {{(pid=98849) process_request /opt/stack/glance/glance/api/middleware/version_negotiation.py:70}}
Jun 16 11:52:06.177353 np0000002936 devstack@g-api.service[98850]: [pid: 98850|app: 0|req: 193/383] 127.0.0.1 () {44 vars in 1115 bytes} [Tue Jun 16 11:52:06 2026] GET /v2/images/3d38af57-8d93-4115-ac04-3caddd9e1c3b => generated 1619 bytes in 12 msecs (HTTP/1.1 200) 4 headers in 158 bytes (1 switches on core 0)
Jun 16 11:52:06.209278 np0000002936 devstack@g-api.service[98850]: DEBUG glance.api.middleware.version_negotiation [None req-1ede46c3-2246-4643-9e44-8e12e0744488 tempest-AttachVolumeShelveTestJSON-1585976985 tempest-AttachVolumeShelveTestJSON-1585976985-project-member] Determining version of request: GET /v2/schemas/image Accept: */* {{(pid=98850) process_request /opt/stack/glance/glance/api/middleware/version_negotiation.py:44}}
Jun 16 11:52:06.209669 np0000002936 devstack@g-api.service[98850]: DEBUG glance.api.middleware.version_negotiation [None req-1ede46c3-2246-4643-9e44-8e12e0744488 tempest-AttachVolumeShelveTestJSON-1585976985 tempest-AttachVolumeShelveTestJSON-1585976985-project-member] Using url versioning {{(pid=98850) process_request /opt/stack/glance/glance/api/middleware/version_negotiation.py:57}}
Jun 16 11:52:06.209906 np0000002936 devstack@g-api.service[98850]: DEBUG glance.api.middleware.version_negotiation [None req-1ede46c3-2246-4643-9e44-8e12e0744488 tempest-AttachVolumeShelveTestJSON-1585976985 tempest-AttachVolumeShelveTestJSON-1585976985-project-member] Matched version: v2 {{(pid=98850) process_request /opt/stack/glance/glance/api/middleware/version_negotiation.py:69}}
Jun 16 11:52:06.210100 np0000002936 devstack@g-api.service[98850]: DEBUG glance.api.middleware.version_negotiation [None req-1ede46c3-2246-4643-9e44-8e12e0744488 tempest-AttachVolumeShelveTestJSON-1585976985 tempest-AttachVolumeShelveTestJSON-1585976985-project-member] new path /v2/schemas/image {{(pid=98850) process_request /opt/stack/glance/glance/api/middleware/version_negotiation.py:70}}
Jun 16 11:52:06.212683 np0000002936 devstack@g-api.service[98850]: [pid: 98850|app: 0|req: 194/384] 127.0.0.1 () {44 vars in 1055 bytes} [Tue Jun 16 11:52:06 2026] GET /v2/schemas/image => generated 6083 bytes in 3 msecs (HTTP/1.1 200) 4 headers in 158 bytes (1 switches on core 0)
Jun 16 11:52:06.321996 np0000002936 devstack@g-api.service[98849]: [pid: 98849|app: 0|req: 191/385] 127.0.0.1 () {46 vars in 1158 bytes} [Tue Jun 16 11:52:06 2026] PATCH /v2/images/ecad38e1-e764-43b3-b02c-59226f847c1e => generated 1445 bytes in 155 msecs (HTTP/1.1 200) 4 headers in 158 bytes (1 switches on core 0)
Jun 16 11:52:06.358232 np0000002936 devstack@g-api.service[98850]: DEBUG glance.api.middleware.version_negotiation [None req-1ede46c3-2246-4643-9e44-8e12e0744488 tempest-AttachVolumeShelveTestJSON-1585976985 tempest-AttachVolumeShelveTestJSON-1585976985-project-member] Determining version of request: GET /v2/images/ecad38e1-e764-43b3-b02c-59226f847c1e Accept: */* {{(pid=98850) process_request /opt/stack/glance/glance/api/middleware/version_negotiation.py:44}}
Jun 16 11:52:06.358232 np0000002936 devstack@g-api.service[98850]: DEBUG glance.api.middleware.version_negotiation [None req-1ede46c3-2246-4643-9e44-8e12e0744488 tempest-AttachVolumeShelveTestJSON-1585976985 tempest-AttachVolumeShelveTestJSON-1585976985-project-member] Using url versioning {{(pid=98850) process_request /opt/stack/glance/glance/api/middleware/version_negotiation.py:57}}
Jun 16 11:52:06.358232 np0000002936 devstack@g-api.service[98850]: DEBUG glance.api.middleware.version_negotiation [None req-1ede46c3-2246-4643-9e44-8e12e0744488 tempest-AttachVolumeShelveTestJSON-1585976985 tempest-AttachVolumeShelveTestJSON-1585976985-project-member] Matched version: v2 {{(pid=98850) process_request /opt/stack/glance/glance/api/middleware/version_negotiation.py:69}}
Jun 16 11:52:06.358232 np0000002936 devstack@g-api.service[98850]: DEBUG glance.api.middleware.version_negotiation [None req-1ede46c3-2246-4643-9e44-8e12e0744488 tempest-AttachVolumeShelveTestJSON-1585976985 tempest-AttachVolumeShelveTestJSON-1585976985-project-member] new path /v2/images/ecad38e1-e764-43b3-b02c-59226f847c1e {{(pid=98850) process_request /opt/stack/glance/glance/api/middleware/version_negotiation.py:70}}
Jun 16 11:52:06.368579 np0000002936 devstack@g-api.service[98850]: [pid: 98850|app: 0|req: 195/386] 127.0.0.1 () {44 vars in 1115 bytes} [Tue Jun 16 11:52:06 2026] GET /v2/images/ecad38e1-e764-43b3-b02c-59226f847c1e => generated 1445 bytes in 11 msecs (HTTP/1.1 200) 4 headers in 158 bytes (1 switches on core 0)
Jun 16 11:52:06.404183 np0000002936 devstack@g-api.service[98849]: DEBUG glance.api.middleware.version_negotiation [None req-e3082056-3699-467b-a37a-7728ff346433 tempest-ServerStableDeviceRescueTest-887322664 tempest-ServerStableDeviceRescueTest-887322664-project-member] Determining version of request: PUT /v2/images/ecad38e1-e764-43b3-b02c-59226f847c1e/file Accept: */* {{(pid=98849) process_request /opt/stack/glance/glance/api/middleware/version_negotiation.py:44}}
Jun 16 11:52:06.404183 np0000002936 devstack@g-api.service[98849]: DEBUG glance.api.middleware.version_negotiation [None req-e3082056-3699-467b-a37a-7728ff346433 tempest-ServerStableDeviceRescueTest-887322664 tempest-ServerStableDeviceRescueTest-887322664-project-member] Using url versioning {{(pid=98849) process_request /opt/stack/glance/glance/api/middleware/version_negotiation.py:57}}
Jun 16 11:52:06.404356 np0000002936 devstack@g-api.service[98849]: DEBUG glance.api.middleware.version_negotiation [None req-e3082056-3699-467b-a37a-7728ff346433 tempest-ServerStableDeviceRescueTest-887322664 tempest-ServerStableDeviceRescueTest-887322664-project-member] Matched version: v2 {{(pid=98849) process_request /opt/stack/glance/glance/api/middleware/version_negotiation.py:69}}
Jun 16 11:52:06.404490 np0000002936 devstack@g-api.service[98849]: DEBUG glance.api.middleware.version_negotiation [None req-e3082056-3699-467b-a37a-7728ff346433 tempest-ServerStableDeviceRescueTest-887322664 tempest-ServerStableDeviceRescueTest-887322664-project-member] new path /v2/images/ecad38e1-e764-43b3-b02c-59226f847c1e/file {{(pid=98849) process_request /opt/stack/glance/glance/api/middleware/version_negotiation.py:70}}
Jun 16 11:52:06.908320 np0000002936 devstack@g-api.service[98850]: DEBUG glance.api.middleware.version_negotiation [None req-e3082056-3699-467b-a37a-7728ff346433 tempest-ServerStableDeviceRescueTest-887322664 tempest-ServerStableDeviceRescueTest-887322664-project-member] Determining version of request: GET /v2/images/ecad38e1-e764-43b3-b02c-59226f847c1e Accept: */* {{(pid=98850) process_request /opt/stack/glance/glance/api/middleware/version_negotiation.py:44}}
Jun 16 11:52:06.911147 np0000002936 devstack@g-api.service[98850]: DEBUG glance.api.middleware.version_negotiation [None req-e3082056-3699-467b-a37a-7728ff346433 tempest-ServerStableDeviceRescueTest-887322664 tempest-ServerStableDeviceRescueTest-887322664-project-member] Using url versioning {{(pid=98850) process_request /opt/stack/glance/glance/api/middleware/version_negotiation.py:57}}
Jun 16 11:52:06.912012 np0000002936 devstack@g-api.service[98850]: DEBUG glance.api.middleware.version_negotiation [None req-e3082056-3699-467b-a37a-7728ff346433 tempest-ServerStableDeviceRescueTest-887322664 tempest-ServerStableDeviceRescueTest-887322664-project-member] Matched version: v2 {{(pid=98850) process_request /opt/stack/glance/glance/api/middleware/version_negotiation.py:69}}
Jun 16 11:52:06.912012 np0000002936 devstack@g-api.service[98850]: DEBUG glance.api.middleware.version_negotiation [None req-e3082056-3699-467b-a37a-7728ff346433 tempest-ServerStableDeviceRescueTest-887322664 tempest-ServerStableDeviceRescueTest-887322664-project-member] new path /v2/images/ecad38e1-e764-43b3-b02c-59226f847c1e {{(pid=98850) process_request /opt/stack/glance/glance/api/middleware/version_negotiation.py:70}}
Jun 16 11:52:06.922169 np0000002936 devstack@g-api.service[98850]: [pid: 98850|app: 0|req: 196/387] 127.0.0.1 () {44 vars in 1115 bytes} [Tue Jun 16 11:52:06 2026] GET /v2/images/ecad38e1-e764-43b3-b02c-59226f847c1e => generated 1445 bytes in 13 msecs (HTTP/1.1 200) 4 headers in 158 bytes (1 switches on core 0)
Jun 16 11:52:06.971671 np0000002936 devstack@g-api.service[98850]: DEBUG glance.api.middleware.version_negotiation [None req-c0ae1dfd-ab4e-4ea9-b601-adf9eab49f52 tempest-ServerStableDeviceRescueTest-887322664 tempest-ServerStableDeviceRescueTest-887322664-project-member] Determining version of request: GET /v2/schemas/image Accept: */* {{(pid=98850) process_request /opt/stack/glance/glance/api/middleware/version_negotiation.py:44}}
Jun 16 11:52:06.971839 np0000002936 devstack@g-api.service[98850]: DEBUG glance.api.middleware.version_negotiation [None req-c0ae1dfd-ab4e-4ea9-b601-adf9eab49f52 tempest-ServerStableDeviceRescueTest-887322664 tempest-ServerStableDeviceRescueTest-887322664-project-member] Using url versioning {{(pid=98850) process_request /opt/stack/glance/glance/api/middleware/version_negotiation.py:57}}
Jun 16 11:52:06.972421 np0000002936 devstack@g-api.service[98850]: DEBUG glance.api.middleware.version_negotiation [None req-c0ae1dfd-ab4e-4ea9-b601-adf9eab49f52 tempest-ServerStableDeviceRescueTest-887322664 tempest-ServerStableDeviceRescueTest-887322664-project-member] Matched version: v2 {{(pid=98850) process_request /opt/stack/glance/glance/api/middleware/version_negotiation.py:69}}
Jun 16 11:52:06.972421 np0000002936 devstack@g-api.service[98850]: DEBUG glance.api.middleware.version_negotiation [None req-c0ae1dfd-ab4e-4ea9-b601-adf9eab49f52 tempest-ServerStableDeviceRescueTest-887322664 tempest-ServerStableDeviceRescueTest-887322664-project-member] new path /v2/schemas/image {{(pid=98850) process_request /opt/stack/glance/glance/api/middleware/version_negotiation.py:70}}
Jun 16 11:52:06.976772 np0000002936 devstack@g-api.service[98850]: [pid: 98850|app: 0|req: 197/388] 127.0.0.1 () {44 vars in 1055 bytes} [Tue Jun 16 11:52:06 2026] GET /v2/schemas/image => generated 6083 bytes in 5 msecs (HTTP/1.1 200) 4 headers in 158 bytes (1 switches on core 0)
Jun 16 11:52:06.989726 np0000002936 devstack@g-api.service[98849]: INFO glance.api.v2.image_data [None req-e3082056-3699-467b-a37a-7728ff346433 tempest-ServerStableDeviceRescueTest-887322664 tempest-ServerStableDeviceRescueTest-887322664-project-member] Unable to create trust: no such option collect_timing in group [keystone_authtoken] Use the existing user token.
Jun 16 11:52:07.468763 np0000002936 devstack@g-api.service[98849]: DEBUG glance.location [None req-e3082056-3699-467b-a37a-7728ff346433 tempest-ServerStableDeviceRescueTest-887322664 tempest-ServerStableDeviceRescueTest-887322664-project-member] Enabling in-flight format inspection for qcow2 {{(pid=98849) set_data /opt/stack/glance/glance/location.py:616}}
Jun 16 11:52:07.469177 np0000002936 devstack@g-api.service[98849]: DEBUG glance_store.backend [None req-e3082056-3699-467b-a37a-7728ff346433 tempest-ServerStableDeviceRescueTest-887322664 tempest-ServerStableDeviceRescueTest-887322664-project-member] Attempting to import store swift {{(pid=98849) _load_store /opt/stack/data/venv/lib/python3.12/site-packages/glance_store/backend.py:215}}
Jun 16 11:52:07.471800 np0000002936 devstack@g-api.service[98849]: DEBUG glance_store.capabilities [None req-e3082056-3699-467b-a37a-7728ff346433 tempest-ServerStableDeviceRescueTest-887322664 tempest-ServerStableDeviceRescueTest-887322664-project-member] Store glance_store._drivers.swift.store.SingleTenantStore doesn't support updating dynamic storage capabilities. Please overwrite 'update_capabilities' method of the store to implement updating logics if needed. {{(pid=98849) update_capabilities /opt/stack/data/venv/lib/python3.12/site-packages/glance_store/capabilities.py:91}}
Jun 16 11:52:07.471902 np0000002936 devstack@g-api.service[98849]: DEBUG glance_store.driver [None req-e3082056-3699-467b-a37a-7728ff346433 tempest-ServerStableDeviceRescueTest-887322664 tempest-ServerStableDeviceRescueTest-887322664-project-member] Late loading location class glance_store._drivers.swift.store.StoreLocation {{(pid=98849) get_store_location_class /opt/stack/data/venv/lib/python3.12/site-packages/glance_store/driver.py:134}}
Jun 16 11:52:07.471989 np0000002936 devstack@g-api.service[98849]: DEBUG glance_store.location [None req-e3082056-3699-467b-a37a-7728ff346433 tempest-ServerStableDeviceRescueTest-887322664 tempest-ServerStableDeviceRescueTest-887322664-project-member] Registering scheme swift+https with {'store': , 'location_class': , 'store_entry': 'swift'} {{(pid=98849) register_scheme_map /opt/stack/data/venv/lib/python3.12/site-packages/glance_store/location.py:146}}
Jun 16 11:52:07.472071 np0000002936 devstack@g-api.service[98849]: DEBUG glance_store.location [None req-e3082056-3699-467b-a37a-7728ff346433 tempest-ServerStableDeviceRescueTest-887322664 tempest-ServerStableDeviceRescueTest-887322664-project-member] Registering scheme swift+https with {'store': , 'location_class': , 'store_entry': 'swift'} {{(pid=98849) register_scheme_map /opt/stack/data/venv/lib/python3.12/site-packages/glance_store/location.py:146}}
Jun 16 11:52:07.472175 np0000002936 devstack@g-api.service[98849]: DEBUG glance_store.location [None req-e3082056-3699-467b-a37a-7728ff346433 tempest-ServerStableDeviceRescueTest-887322664 tempest-ServerStableDeviceRescueTest-887322664-project-member] Registering scheme swift with {'store': , 'location_class': , 'store_entry': 'swift'} {{(pid=98849) register_scheme_map /opt/stack/data/venv/lib/python3.12/site-packages/glance_store/location.py:146}}
Jun 16 11:52:07.472304 np0000002936 devstack@g-api.service[98849]: DEBUG glance_store.location [None req-e3082056-3699-467b-a37a-7728ff346433 tempest-ServerStableDeviceRescueTest-887322664 tempest-ServerStableDeviceRescueTest-887322664-project-member] Registering scheme swift+https with {'store': , 'location_class': , 'store_entry': 'swift'} {{(pid=98849) register_scheme_map /opt/stack/data/venv/lib/python3.12/site-packages/glance_store/location.py:146}}
Jun 16 11:52:07.472404 np0000002936 devstack@g-api.service[98849]: DEBUG glance_store.location [None req-e3082056-3699-467b-a37a-7728ff346433 tempest-ServerStableDeviceRescueTest-887322664 tempest-ServerStableDeviceRescueTest-887322664-project-member] Registering scheme swift with {'store': , 'location_class': , 'store_entry': 'swift'} {{(pid=98849) register_scheme_map /opt/stack/data/venv/lib/python3.12/site-packages/glance_store/location.py:146}}
Jun 16 11:52:07.472481 np0000002936 devstack@g-api.service[98849]: DEBUG glance_store.location [None req-e3082056-3699-467b-a37a-7728ff346433 tempest-ServerStableDeviceRescueTest-887322664 tempest-ServerStableDeviceRescueTest-887322664-project-member] Registering scheme swift+http with {'store': , 'location_class': , 'store_entry': 'swift'} {{(pid=98849) register_scheme_map /opt/stack/data/venv/lib/python3.12/site-packages/glance_store/location.py:146}}
Jun 16 11:52:07.472568 np0000002936 devstack@g-api.service[98849]: DEBUG glance_store.location [None req-e3082056-3699-467b-a37a-7728ff346433 tempest-ServerStableDeviceRescueTest-887322664 tempest-ServerStableDeviceRescueTest-887322664-project-member] Registering scheme swift+https with {'store': , 'location_class': , 'store_entry': 'swift'} {{(pid=98849) register_scheme_map /opt/stack/data/venv/lib/python3.12/site-packages/glance_store/location.py:146}}
Jun 16 11:52:07.472689 np0000002936 devstack@g-api.service[98849]: DEBUG glance_store.location [None req-e3082056-3699-467b-a37a-7728ff346433 tempest-ServerStableDeviceRescueTest-887322664 tempest-ServerStableDeviceRescueTest-887322664-project-member] Registering scheme swift with {'store': , 'location_class': , 'store_entry': 'swift'} {{(pid=98849) register_scheme_map /opt/stack/data/venv/lib/python3.12/site-packages/glance_store/location.py:146}}
Jun 16 11:52:07.472796 np0000002936 devstack@g-api.service[98849]: DEBUG glance_store.location [None req-e3082056-3699-467b-a37a-7728ff346433 tempest-ServerStableDeviceRescueTest-887322664 tempest-ServerStableDeviceRescueTest-887322664-project-member] Registering scheme swift+http with {'store': , 'location_class': , 'store_entry': 'swift'} {{(pid=98849) register_scheme_map /opt/stack/data/venv/lib/python3.12/site-packages/glance_store/location.py:146}}
Jun 16 11:52:07.472915 np0000002936 devstack@g-api.service[98849]: DEBUG glance_store.location [None req-e3082056-3699-467b-a37a-7728ff346433 tempest-ServerStableDeviceRescueTest-887322664 tempest-ServerStableDeviceRescueTest-887322664-project-member] Registering scheme swift+config with {'store': , 'location_class': , 'store_entry': 'swift'} {{(pid=98849) register_scheme_map /opt/stack/data/venv/lib/python3.12/site-packages/glance_store/location.py:146}}
Jun 16 11:52:07.559706 np0000002936 devstack@g-api.service[98849]: DEBUG swiftclient [None req-e3082056-3699-467b-a37a-7728ff346433 tempest-ServerStableDeviceRescueTest-887322664 tempest-ServerStableDeviceRescueTest-887322664-project-member] REQ: curl -i https://10.4.3.183:8080/v1/AUTH_e1e1eeec5a1f47d6a0f0c4b8f42f66cc/glance -I -H "X-Auth-Token: gAAAAABqMTjngRuQ..." {{(pid=98849) http_log /opt/stack/data/venv/lib/python3.12/site-packages/swiftclient/client.py:160}}
Jun 16 11:52:07.559829 np0000002936 devstack@g-api.service[98849]: DEBUG swiftclient [None req-e3082056-3699-467b-a37a-7728ff346433 tempest-ServerStableDeviceRescueTest-887322664 tempest-ServerStableDeviceRescueTest-887322664-project-member] RESP STATUS: 204 No Content {{(pid=98849) http_log /opt/stack/data/venv/lib/python3.12/site-packages/swiftclient/client.py:161}}
Jun 16 11:52:07.560034 np0000002936 devstack@g-api.service[98849]: DEBUG swiftclient [None req-e3082056-3699-467b-a37a-7728ff346433 tempest-ServerStableDeviceRescueTest-887322664 tempest-ServerStableDeviceRescueTest-887322664-project-member] RESP HEADERS: {'Date': 'Tue, 16 Jun 2026 11:52:07 GMT', 'Server': 'Apache/2.4.58 (Ubuntu)', 'Content-Type': 'text/plain; charset=utf-8', 'X-Container-Object-Count': '5', 'X-Container-Bytes-Used': '117964800', 'X-Timestamp': '1781610278.93564', 'Last-Modified': 'Tue, 16 Jun 2026 11:44:39 GMT', 'Accept-Ranges': 'bytes', 'X-Storage-Policy': 'Policy-0', 'X-Container-Sharding': 'False', 'Vary': 'Accept', 'X-Trans-Id': 'tx4f5c9c1a02a246459cb2e-006a3138e7', 'X-Openstack-Request-Id': 'tx4f5c9c1a02a246459cb2e-006a3138e7', 'Connection': 'close'} {{(pid=98849) http_log /opt/stack/data/venv/lib/python3.12/site-packages/swiftclient/client.py:162}}
Jun 16 11:52:07.560227 np0000002936 devstack@g-api.service[98849]: DEBUG glance_store._drivers.swift.store [None req-e3082056-3699-467b-a37a-7728ff346433 tempest-ServerStableDeviceRescueTest-887322664 tempest-ServerStableDeviceRescueTest-887322664-project-member] Adding image object 'ecad38e1-e764-43b3-b02c-59226f847c1e' to Swift {{(pid=98849) add /opt/stack/data/venv/lib/python3.12/site-packages/glance_store/_drivers/swift/store.py:970}}
Jun 16 11:52:07.560328 np0000002936 devstack@g-api.service[98849]: DEBUG glance_store._drivers.swift.store [None req-e3082056-3699-467b-a37a-7728ff346433 tempest-ServerStableDeviceRescueTest-887322664 tempest-ServerStableDeviceRescueTest-887322664-project-member] Cannot determine image size because it is either not provided in the request or chunked-transfer encoding is used. Adding image as a segmented object to Swift. {{(pid=98849) add /opt/stack/data/venv/lib/python3.12/site-packages/glance_store/_drivers/swift/store.py:994}}
Jun 16 11:52:07.565958 np0000002936 devstack@g-api.service[98849]: DEBUG oslo_utils.imageutils.format_inspector [None req-e3082056-3699-467b-a37a-7728ff346433 tempest-ServerStableDeviceRescueTest-887322664 tempest-ServerStableDeviceRescueTest-887322664-project-member] Format inspector for vmdk does not match, excluding from consideration (Signature KDMV not found: b'QFI\xfb') {{(pid=98849) _process_chunk /opt/stack/data/venv/lib/python3.12/site-packages/oslo_utils/imageutils/format_inspector.py:1758}}
Jun 16 11:52:07.567821 np0000002936 devstack@g-api.service[98849]: DEBUG oslo_utils.imageutils.format_inspector [None req-e3082056-3699-467b-a37a-7728ff346433 tempest-ServerStableDeviceRescueTest-887322664 tempest-ServerStableDeviceRescueTest-887322664-project-member] Format inspector for vhdx does not match, excluding from consideration (Region signature not found at 30000) {{(pid=98849) _process_chunk /opt/stack/data/venv/lib/python3.12/site-packages/oslo_utils/imageutils/format_inspector.py:1758}}
Jun 16 11:52:08.052596 np0000002936 devstack@g-api.service[98850]: DEBUG glance.api.middleware.version_negotiation [None req-c0ae1dfd-ab4e-4ea9-b601-adf9eab49f52 tempest-ServerStableDeviceRescueTest-887322664 tempest-ServerStableDeviceRescueTest-887322664-project-member] Determining version of request: GET /v2/images/ecad38e1-e764-43b3-b02c-59226f847c1e Accept: */* {{(pid=98850) process_request /opt/stack/glance/glance/api/middleware/version_negotiation.py:44}}
Jun 16 11:52:08.052945 np0000002936 devstack@g-api.service[98850]: DEBUG glance.api.middleware.version_negotiation [None req-c0ae1dfd-ab4e-4ea9-b601-adf9eab49f52 tempest-ServerStableDeviceRescueTest-887322664 tempest-ServerStableDeviceRescueTest-887322664-project-member] Using url versioning {{(pid=98850) process_request /opt/stack/glance/glance/api/middleware/version_negotiation.py:57}}
Jun 16 11:52:08.052945 np0000002936 devstack@g-api.service[98850]: DEBUG glance.api.middleware.version_negotiation [None req-c0ae1dfd-ab4e-4ea9-b601-adf9eab49f52 tempest-ServerStableDeviceRescueTest-887322664 tempest-ServerStableDeviceRescueTest-887322664-project-member] Matched version: v2 {{(pid=98850) process_request /opt/stack/glance/glance/api/middleware/version_negotiation.py:69}}
Jun 16 11:52:08.052945 np0000002936 devstack@g-api.service[98850]: DEBUG glance.api.middleware.version_negotiation [None req-c0ae1dfd-ab4e-4ea9-b601-adf9eab49f52 tempest-ServerStableDeviceRescueTest-887322664 tempest-ServerStableDeviceRescueTest-887322664-project-member] new path /v2/images/ecad38e1-e764-43b3-b02c-59226f847c1e {{(pid=98850) process_request /opt/stack/glance/glance/api/middleware/version_negotiation.py:70}}
Jun 16 11:52:08.057539 np0000002936 devstack@g-api.service[98849]: DEBUG swiftclient [None req-e3082056-3699-467b-a37a-7728ff346433 tempest-ServerStableDeviceRescueTest-887322664 tempest-ServerStableDeviceRescueTest-887322664-project-member] REQ: curl -i https://10.4.3.183:8080/v1/AUTH_e1e1eeec5a1f47d6a0f0c4b8f42f66cc/glance/ecad38e1-e764-43b3-b02c-59226f847c1e-00001 -X PUT -H "X-Auth-Token: gAAAAABqMTjngRuQ..." {{(pid=98849) http_log /opt/stack/data/venv/lib/python3.12/site-packages/swiftclient/client.py:160}}
Jun 16 11:52:08.057673 np0000002936 devstack@g-api.service[98849]: DEBUG swiftclient [None req-e3082056-3699-467b-a37a-7728ff346433 tempest-ServerStableDeviceRescueTest-887322664 tempest-ServerStableDeviceRescueTest-887322664-project-member] RESP STATUS: 201 Created {{(pid=98849) http_log /opt/stack/data/venv/lib/python3.12/site-packages/swiftclient/client.py:161}}
Jun 16 11:52:08.057868 np0000002936 devstack@g-api.service[98849]: DEBUG swiftclient [None req-e3082056-3699-467b-a37a-7728ff346433 tempest-ServerStableDeviceRescueTest-887322664 tempest-ServerStableDeviceRescueTest-887322664-project-member] RESP HEADERS: {'Date': 'Tue, 16 Jun 2026 11:52:08 GMT', 'Server': 'Apache/2.4.58 (Ubuntu)', 'Content-Type': 'text/html; charset=UTF-8', 'Content-Length': '0', 'Etag': '132abd4df18d234f8c24a599d872c66c', 'Last-Modified': 'Tue, 16 Jun 2026 11:52:08 GMT', 'X-Trans-Id': 'tx44a7bf863a3147c2b5fb7-006a3138e7', 'X-Openstack-Request-Id': 'tx44a7bf863a3147c2b5fb7-006a3138e7', 'Connection': 'close'} {{(pid=98849) http_log /opt/stack/data/venv/lib/python3.12/site-packages/swiftclient/client.py:162}}
Jun 16 11:52:08.057993 np0000002936 devstack@g-api.service[98849]: DEBUG glance_store._drivers.swift.store [None req-e3082056-3699-467b-a37a-7728ff346433 tempest-ServerStableDeviceRescueTest-887322664 tempest-ServerStableDeviceRescueTest-887322664-project-member] Wrote chunk ecad38e1-e764-43b3-b02c-59226f847c1e-00001 (1/?) of length 53542912 to Swift returning MD5 of content: 132abd4df18d234f8c24a599d872c66c {{(pid=98849) add /opt/stack/data/venv/lib/python3.12/site-packages/glance_store/_drivers/swift/store.py:1059}}
Jun 16 11:52:08.058251 np0000002936 devstack@g-api.service[98849]: DEBUG glance_store._drivers.swift.store [None req-e3082056-3699-467b-a37a-7728ff346433 tempest-ServerStableDeviceRescueTest-887322664 tempest-ServerStableDeviceRescueTest-887322664-project-member] Not writing zero-length chunk. {{(pid=98849) add /opt/stack/data/venv/lib/python3.12/site-packages/glance_store/_drivers/swift/store.py:1028}}
Jun 16 11:52:08.063894 np0000002936 devstack@g-api.service[98850]: [pid: 98850|app: 0|req: 198/389] 127.0.0.1 () {44 vars in 1115 bytes} [Tue Jun 16 11:52:08 2026] GET /v2/images/ecad38e1-e764-43b3-b02c-59226f847c1e => generated 1445 bytes in 11 msecs (HTTP/1.1 200) 4 headers in 158 bytes (1 switches on core 0)
Jun 16 11:52:08.091095 np0000002936 devstack@g-api.service[98849]: DEBUG swiftclient [None req-e3082056-3699-467b-a37a-7728ff346433 tempest-ServerStableDeviceRescueTest-887322664 tempest-ServerStableDeviceRescueTest-887322664-project-member] REQ: curl -i https://10.4.3.183:8080/v1/AUTH_e1e1eeec5a1f47d6a0f0c4b8f42f66cc/glance/ecad38e1-e764-43b3-b02c-59226f847c1e -X PUT -H "X-Object-Manifest: glance/ecad38e1-e764-43b3-b02c-59226f847c1e-" -H "X-Auth-Token: gAAAAABqMTjngRuQ..." -H "Content-Length: 0" {{(pid=98849) http_log /opt/stack/data/venv/lib/python3.12/site-packages/swiftclient/client.py:160}}
Jun 16 11:52:08.091256 np0000002936 devstack@g-api.service[98849]: DEBUG swiftclient [None req-e3082056-3699-467b-a37a-7728ff346433 tempest-ServerStableDeviceRescueTest-887322664 tempest-ServerStableDeviceRescueTest-887322664-project-member] RESP STATUS: 201 Created {{(pid=98849) http_log /opt/stack/data/venv/lib/python3.12/site-packages/swiftclient/client.py:161}}
Jun 16 11:52:08.091344 np0000002936 devstack@g-api.service[98849]: DEBUG swiftclient [None req-e3082056-3699-467b-a37a-7728ff346433 tempest-ServerStableDeviceRescueTest-887322664 tempest-ServerStableDeviceRescueTest-887322664-project-member] RESP HEADERS: {'Date': 'Tue, 16 Jun 2026 11:52:08 GMT', 'Server': 'Apache/2.4.58 (Ubuntu)', 'Content-Type': 'text/html; charset=UTF-8', 'Content-Length': '0', 'Etag': 'd41d8cd98f00b204e9800998ecf8427e', 'Last-Modified': 'Tue, 16 Jun 2026 11:52:09 GMT', 'X-Trans-Id': 'tx033e3d3184884940b33f1-006a3138e8', 'X-Openstack-Request-Id': 'tx033e3d3184884940b33f1-006a3138e8', 'Connection': 'close'} {{(pid=98849) http_log /opt/stack/data/venv/lib/python3.12/site-packages/swiftclient/client.py:162}}
Jun 16 11:52:08.091773 np0000002936 devstack@g-api.service[98849]: INFO glance.location [None req-e3082056-3699-467b-a37a-7728ff346433 tempest-ServerStableDeviceRescueTest-887322664 tempest-ServerStableDeviceRescueTest-887322664-project-member] Image format matched and virtual size computed: 1073741824
Jun 16 11:52:08.100600 np0000002936 devstack@g-api.service[98850]: DEBUG glance.api.middleware.version_negotiation [None req-9e1ab8e2-c5c7-4c52-8d0b-8aec7a7b885f tempest-ServerStableDeviceRescueTest-887322664 tempest-ServerStableDeviceRescueTest-887322664-project-member] Determining version of request: GET /v2/schemas/image Accept: */* {{(pid=98850) process_request /opt/stack/glance/glance/api/middleware/version_negotiation.py:44}}
Jun 16 11:52:08.100785 np0000002936 devstack@g-api.service[98850]: DEBUG glance.api.middleware.version_negotiation [None req-9e1ab8e2-c5c7-4c52-8d0b-8aec7a7b885f tempest-ServerStableDeviceRescueTest-887322664 tempest-ServerStableDeviceRescueTest-887322664-project-member] Using url versioning {{(pid=98850) process_request /opt/stack/glance/glance/api/middleware/version_negotiation.py:57}}
Jun 16 11:52:08.100961 np0000002936 devstack@g-api.service[98850]: DEBUG glance.api.middleware.version_negotiation [None req-9e1ab8e2-c5c7-4c52-8d0b-8aec7a7b885f tempest-ServerStableDeviceRescueTest-887322664 tempest-ServerStableDeviceRescueTest-887322664-project-member] Matched version: v2 {{(pid=98850) process_request /opt/stack/glance/glance/api/middleware/version_negotiation.py:69}}
Jun 16 11:52:08.101114 np0000002936 devstack@g-api.service[98850]: DEBUG glance.api.middleware.version_negotiation [None req-9e1ab8e2-c5c7-4c52-8d0b-8aec7a7b885f tempest-ServerStableDeviceRescueTest-887322664 tempest-ServerStableDeviceRescueTest-887322664-project-member] new path /v2/schemas/image {{(pid=98850) process_request /opt/stack/glance/glance/api/middleware/version_negotiation.py:70}}
Jun 16 11:52:08.103726 np0000002936 devstack@g-api.service[98850]: [pid: 98850|app: 0|req: 199/390] 127.0.0.1 () {44 vars in 1055 bytes} [Tue Jun 16 11:52:08 2026] GET /v2/schemas/image => generated 6083 bytes in 3 msecs (HTTP/1.1 200) 4 headers in 158 bytes (1 switches on core 0)
Jun 16 11:52:08.139410 np0000002936 devstack@g-api.service[98849]: DEBUG glance_store.backend [None req-e3082056-3699-467b-a37a-7728ff346433 tempest-ServerStableDeviceRescueTest-887322664 tempest-ServerStableDeviceRescueTest-887322664-project-member] Attempting to import store swift {{(pid=98849) _load_store /opt/stack/data/venv/lib/python3.12/site-packages/glance_store/backend.py:215}}
Jun 16 11:52:08.139410 np0000002936 devstack@g-api.service[98849]: DEBUG glance_store.capabilities [None req-e3082056-3699-467b-a37a-7728ff346433 tempest-ServerStableDeviceRescueTest-887322664 tempest-ServerStableDeviceRescueTest-887322664-project-member] Store glance_store._drivers.swift.store.SingleTenantStore doesn't support updating dynamic storage capabilities. Please overwrite 'update_capabilities' method of the store to implement updating logics if needed. {{(pid=98849) update_capabilities /opt/stack/data/venv/lib/python3.12/site-packages/glance_store/capabilities.py:91}}
Jun 16 11:52:08.139410 np0000002936 devstack@g-api.service[98849]: DEBUG glance_store.driver [None req-e3082056-3699-467b-a37a-7728ff346433 tempest-ServerStableDeviceRescueTest-887322664 tempest-ServerStableDeviceRescueTest-887322664-project-member] Late loading location class glance_store._drivers.swift.store.StoreLocation {{(pid=98849) get_store_location_class /opt/stack/data/venv/lib/python3.12/site-packages/glance_store/driver.py:134}}
Jun 16 11:52:08.139410 np0000002936 devstack@g-api.service[98849]: DEBUG glance_store.location [None req-e3082056-3699-467b-a37a-7728ff346433 tempest-ServerStableDeviceRescueTest-887322664 tempest-ServerStableDeviceRescueTest-887322664-project-member] Registering scheme swift+https with {'store': , 'location_class': , 'store_entry': 'swift'} {{(pid=98849) register_scheme_map /opt/stack/data/venv/lib/python3.12/site-packages/glance_store/location.py:146}}
Jun 16 11:52:08.139410 np0000002936 devstack@g-api.service[98849]: DEBUG glance_store.location [None req-e3082056-3699-467b-a37a-7728ff346433 tempest-ServerStableDeviceRescueTest-887322664 tempest-ServerStableDeviceRescueTest-887322664-project-member] Registering scheme swift+https with {'store': , 'location_class': , 'store_entry': 'swift'} {{(pid=98849) register_scheme_map /opt/stack/data/venv/lib/python3.12/site-packages/glance_store/location.py:146}}
Jun 16 11:52:08.139410 np0000002936 devstack@g-api.service[98849]: DEBUG glance_store.location [None req-e3082056-3699-467b-a37a-7728ff346433 tempest-ServerStableDeviceRescueTest-887322664 tempest-ServerStableDeviceRescueTest-887322664-project-member] Registering scheme swift with {'store': , 'location_class': , 'store_entry': 'swift'} {{(pid=98849) register_scheme_map /opt/stack/data/venv/lib/python3.12/site-packages/glance_store/location.py:146}}
Jun 16 11:52:08.139410 np0000002936 devstack@g-api.service[98849]: DEBUG glance_store.location [None req-e3082056-3699-467b-a37a-7728ff346433 tempest-ServerStableDeviceRescueTest-887322664 tempest-ServerStableDeviceRescueTest-887322664-project-member] Registering scheme swift+https with {'store': , 'location_class': , 'store_entry': 'swift'} {{(pid=98849) register_scheme_map /opt/stack/data/venv/lib/python3.12/site-packages/glance_store/location.py:146}}
Jun 16 11:52:08.139410 np0000002936 devstack@g-api.service[98849]: DEBUG glance_store.location [None req-e3082056-3699-467b-a37a-7728ff346433 tempest-ServerStableDeviceRescueTest-887322664 tempest-ServerStableDeviceRescueTest-887322664-project-member] Registering scheme swift with {'store': , 'location_class': , 'store_entry': 'swift'} {{(pid=98849) register_scheme_map /opt/stack/data/venv/lib/python3.12/site-packages/glance_store/location.py:146}}
Jun 16 11:52:08.139410 np0000002936 devstack@g-api.service[98849]: DEBUG glance_store.location [None req-e3082056-3699-467b-a37a-7728ff346433 tempest-ServerStableDeviceRescueTest-887322664 tempest-ServerStableDeviceRescueTest-887322664-project-member] Registering scheme swift+http with {'store': , 'location_class': , 'store_entry': 'swift'} {{(pid=98849) register_scheme_map /opt/stack/data/venv/lib/python3.12/site-packages/glance_store/location.py:146}}
Jun 16 11:52:08.139410 np0000002936 devstack@g-api.service[98849]: DEBUG glance_store.location [None req-e3082056-3699-467b-a37a-7728ff346433 tempest-ServerStableDeviceRescueTest-887322664 tempest-ServerStableDeviceRescueTest-887322664-project-member] Registering scheme swift+https with {'store': , 'location_class': , 'store_entry': 'swift'} {{(pid=98849) register_scheme_map /opt/stack/data/venv/lib/python3.12/site-packages/glance_store/location.py:146}}
Jun 16 11:52:08.139410 np0000002936 devstack@g-api.service[98849]: DEBUG glance_store.location [None req-e3082056-3699-467b-a37a-7728ff346433 tempest-ServerStableDeviceRescueTest-887322664 tempest-ServerStableDeviceRescueTest-887322664-project-member] Registering scheme swift with {'store': , 'location_class': , 'store_entry': 'swift'} {{(pid=98849) register_scheme_map /opt/stack/data/venv/lib/python3.12/site-packages/glance_store/location.py:146}}
Jun 16 11:52:08.139899 np0000002936 devstack@g-api.service[98849]: DEBUG glance_store.location [None req-e3082056-3699-467b-a37a-7728ff346433 tempest-ServerStableDeviceRescueTest-887322664 tempest-ServerStableDeviceRescueTest-887322664-project-member] Registering scheme swift+http with {'store': , 'location_class': , 'store_entry': 'swift'} {{(pid=98849) register_scheme_map /opt/stack/data/venv/lib/python3.12/site-packages/glance_store/location.py:146}}
Jun 16 11:52:08.139899 np0000002936 devstack@g-api.service[98849]: DEBUG glance_store.location [None req-e3082056-3699-467b-a37a-7728ff346433 tempest-ServerStableDeviceRescueTest-887322664 tempest-ServerStableDeviceRescueTest-887322664-project-member] Registering scheme swift+config with {'store': , 'location_class': , 'store_entry': 'swift'} {{(pid=98849) register_scheme_map /opt/stack/data/venv/lib/python3.12/site-packages/glance_store/location.py:146}}
Jun 16 11:52:08.139899 np0000002936 devstack@g-api.service[98849]: DEBUG glance_store.backend [None req-e3082056-3699-467b-a37a-7728ff346433 tempest-ServerStableDeviceRescueTest-887322664 tempest-ServerStableDeviceRescueTest-887322664-project-member] Skipping store.set_acls... not implemented. {{(pid=98849) set_acls /opt/stack/data/venv/lib/python3.12/site-packages/glance_store/backend.py:507}}
Jun 16 11:52:08.141786 np0000002936 devstack@g-api.service[98849]: [pid: 98849|app: 0|req: 192/391] 127.0.0.1 () {46 vars in 1158 bytes} [Tue Jun 16 11:52:06 2026] PUT /v2/images/ecad38e1-e764-43b3-b02c-59226f847c1e/file => generated 0 bytes in 1738 msecs (HTTP/1.1 204) 4 headers in 171 bytes (1 switches on core 0)
Jun 16 11:52:08.197358 np0000002936 devstack@g-api.service[98850]: DEBUG glance.api.middleware.version_negotiation [None req-9e1ab8e2-c5c7-4c52-8d0b-8aec7a7b885f tempest-ServerStableDeviceRescueTest-887322664 tempest-ServerStableDeviceRescueTest-887322664-project-member] Determining version of request: GET /v2/images/ecad38e1-e764-43b3-b02c-59226f847c1e Accept: */* {{(pid=98850) process_request /opt/stack/glance/glance/api/middleware/version_negotiation.py:44}}
Jun 16 11:52:08.197591 np0000002936 devstack@g-api.service[98850]: DEBUG glance.api.middleware.version_negotiation [None req-9e1ab8e2-c5c7-4c52-8d0b-8aec7a7b885f tempest-ServerStableDeviceRescueTest-887322664 tempest-ServerStableDeviceRescueTest-887322664-project-member] Using url versioning {{(pid=98850) process_request /opt/stack/glance/glance/api/middleware/version_negotiation.py:57}}
Jun 16 11:52:08.197736 np0000002936 devstack@g-api.service[98850]: DEBUG glance.api.middleware.version_negotiation [None req-9e1ab8e2-c5c7-4c52-8d0b-8aec7a7b885f tempest-ServerStableDeviceRescueTest-887322664 tempest-ServerStableDeviceRescueTest-887322664-project-member] Matched version: v2 {{(pid=98850) process_request /opt/stack/glance/glance/api/middleware/version_negotiation.py:69}}
Jun 16 11:52:08.197870 np0000002936 devstack@g-api.service[98850]: DEBUG glance.api.middleware.version_negotiation [None req-9e1ab8e2-c5c7-4c52-8d0b-8aec7a7b885f tempest-ServerStableDeviceRescueTest-887322664 tempest-ServerStableDeviceRescueTest-887322664-project-member] new path /v2/images/ecad38e1-e764-43b3-b02c-59226f847c1e {{(pid=98850) process_request /opt/stack/glance/glance/api/middleware/version_negotiation.py:70}}
Jun 16 11:52:08.211179 np0000002936 devstack@g-api.service[98850]: [pid: 98850|app: 0|req: 200/392] 127.0.0.1 () {44 vars in 1115 bytes} [Tue Jun 16 11:52:08 2026] GET /v2/images/ecad38e1-e764-43b3-b02c-59226f847c1e => generated 1615 bytes in 13 msecs (HTTP/1.1 200) 4 headers in 158 bytes (1 switches on core 0)
Jun 16 11:52:08.256883 np0000002936 devstack@g-api.service[98849]: DEBUG glance.api.middleware.version_negotiation [None req-e3082056-3699-467b-a37a-7728ff346433 tempest-ServerStableDeviceRescueTest-887322664 tempest-ServerStableDeviceRescueTest-887322664-project-member] Determining version of request: GET /v2/schemas/image Accept: */* {{(pid=98849) process_request /opt/stack/glance/glance/api/middleware/version_negotiation.py:44}}
Jun 16 11:52:08.257123 np0000002936 devstack@g-api.service[98849]: DEBUG glance.api.middleware.version_negotiation [None req-e3082056-3699-467b-a37a-7728ff346433 tempest-ServerStableDeviceRescueTest-887322664 tempest-ServerStableDeviceRescueTest-887322664-project-member] Using url versioning {{(pid=98849) process_request /opt/stack/glance/glance/api/middleware/version_negotiation.py:57}}
Jun 16 11:52:08.257272 np0000002936 devstack@g-api.service[98849]: DEBUG glance.api.middleware.version_negotiation [None req-e3082056-3699-467b-a37a-7728ff346433 tempest-ServerStableDeviceRescueTest-887322664 tempest-ServerStableDeviceRescueTest-887322664-project-member] Matched version: v2 {{(pid=98849) process_request /opt/stack/glance/glance/api/middleware/version_negotiation.py:69}}
Jun 16 11:52:08.257359 np0000002936 devstack@g-api.service[98849]: DEBUG glance.api.middleware.version_negotiation [None req-e3082056-3699-467b-a37a-7728ff346433 tempest-ServerStableDeviceRescueTest-887322664 tempest-ServerStableDeviceRescueTest-887322664-project-member] new path /v2/schemas/image {{(pid=98849) process_request /opt/stack/glance/glance/api/middleware/version_negotiation.py:70}}
Jun 16 11:52:08.259999 np0000002936 devstack@g-api.service[98849]: [pid: 98849|app: 0|req: 193/393] 127.0.0.1 () {44 vars in 1055 bytes} [Tue Jun 16 11:52:08 2026] GET /v2/schemas/image => generated 6083 bytes in 3 msecs (HTTP/1.1 200) 4 headers in 158 bytes (1 switches on core 0)
Jun 16 11:52:09.172419 np0000002936 devstack@g-api.service[98850]: DEBUG glance.api.middleware.version_negotiation [None req-e3082056-3699-467b-a37a-7728ff346433 tempest-ServerStableDeviceRescueTest-887322664 tempest-ServerStableDeviceRescueTest-887322664-project-member] Determining version of request: GET /v2/images/ecad38e1-e764-43b3-b02c-59226f847c1e Accept: */* {{(pid=98850) process_request /opt/stack/glance/glance/api/middleware/version_negotiation.py:44}}
Jun 16 11:52:09.172806 np0000002936 devstack@g-api.service[98850]: DEBUG glance.api.middleware.version_negotiation [None req-e3082056-3699-467b-a37a-7728ff346433 tempest-ServerStableDeviceRescueTest-887322664 tempest-ServerStableDeviceRescueTest-887322664-project-member] Using url versioning {{(pid=98850) process_request /opt/stack/glance/glance/api/middleware/version_negotiation.py:57}}
Jun 16 11:52:09.172806 np0000002936 devstack@g-api.service[98850]: DEBUG glance.api.middleware.version_negotiation [None req-e3082056-3699-467b-a37a-7728ff346433 tempest-ServerStableDeviceRescueTest-887322664 tempest-ServerStableDeviceRescueTest-887322664-project-member] Matched version: v2 {{(pid=98850) process_request /opt/stack/glance/glance/api/middleware/version_negotiation.py:69}}
Jun 16 11:52:09.172806 np0000002936 devstack@g-api.service[98850]: DEBUG glance.api.middleware.version_negotiation [None req-e3082056-3699-467b-a37a-7728ff346433 tempest-ServerStableDeviceRescueTest-887322664 tempest-ServerStableDeviceRescueTest-887322664-project-member] new path /v2/images/ecad38e1-e764-43b3-b02c-59226f847c1e {{(pid=98850) process_request /opt/stack/glance/glance/api/middleware/version_negotiation.py:70}}
Jun 16 11:52:09.197892 np0000002936 devstack@g-api.service[98850]: [pid: 98850|app: 0|req: 201/394] 127.0.0.1 () {44 vars in 1115 bytes} [Tue Jun 16 11:52:09 2026] GET /v2/images/ecad38e1-e764-43b3-b02c-59226f847c1e => generated 1615 bytes in 25 msecs (HTTP/1.1 200) 4 headers in 158 bytes (1 switches on core 0)
Jun 16 11:52:09.228204 np0000002936 devstack@g-api.service[98849]: DEBUG glance.api.middleware.version_negotiation [None req-e3082056-3699-467b-a37a-7728ff346433 tempest-ServerStableDeviceRescueTest-887322664 tempest-ServerStableDeviceRescueTest-887322664-project-member] Determining version of request: GET /v2/schemas/image Accept: */* {{(pid=98849) process_request /opt/stack/glance/glance/api/middleware/version_negotiation.py:44}}
Jun 16 11:52:09.228782 np0000002936 devstack@g-api.service[98849]: DEBUG glance.api.middleware.version_negotiation [None req-e3082056-3699-467b-a37a-7728ff346433 tempest-ServerStableDeviceRescueTest-887322664 tempest-ServerStableDeviceRescueTest-887322664-project-member] Using url versioning {{(pid=98849) process_request /opt/stack/glance/glance/api/middleware/version_negotiation.py:57}}
Jun 16 11:52:09.228782 np0000002936 devstack@g-api.service[98849]: DEBUG glance.api.middleware.version_negotiation [None req-e3082056-3699-467b-a37a-7728ff346433 tempest-ServerStableDeviceRescueTest-887322664 tempest-ServerStableDeviceRescueTest-887322664-project-member] Matched version: v2 {{(pid=98849) process_request /opt/stack/glance/glance/api/middleware/version_negotiation.py:69}}
Jun 16 11:52:09.228888 np0000002936 devstack@g-api.service[98849]: DEBUG glance.api.middleware.version_negotiation [None req-e3082056-3699-467b-a37a-7728ff346433 tempest-ServerStableDeviceRescueTest-887322664 tempest-ServerStableDeviceRescueTest-887322664-project-member] new path /v2/schemas/image {{(pid=98849) process_request /opt/stack/glance/glance/api/middleware/version_negotiation.py:70}}
Jun 16 11:52:09.231994 np0000002936 devstack@g-api.service[98849]: [pid: 98849|app: 0|req: 194/395] 127.0.0.1 () {44 vars in 1055 bytes} [Tue Jun 16 11:52:09 2026] GET /v2/schemas/image => generated 6083 bytes in 3 msecs (HTTP/1.1 200) 4 headers in 158 bytes (1 switches on core 0)
Jun 16 11:52:09.288582 np0000002936 devstack@g-api.service[98850]: DEBUG glance.api.middleware.version_negotiation [None req-5dafa6f7-67f6-464c-811a-098c6376e816 tempest-ServerStableDeviceRescueTest-887322664 tempest-ServerStableDeviceRescueTest-887322664-project-member] Determining version of request: GET /v2/images/ecad38e1-e764-43b3-b02c-59226f847c1e Accept: */* {{(pid=98850) process_request /opt/stack/glance/glance/api/middleware/version_negotiation.py:44}}
Jun 16 11:52:09.288751 np0000002936 devstack@g-api.service[98850]: DEBUG glance.api.middleware.version_negotiation [None req-5dafa6f7-67f6-464c-811a-098c6376e816 tempest-ServerStableDeviceRescueTest-887322664 tempest-ServerStableDeviceRescueTest-887322664-project-member] Using url versioning {{(pid=98850) process_request /opt/stack/glance/glance/api/middleware/version_negotiation.py:57}}
Jun 16 11:52:09.288940 np0000002936 devstack@g-api.service[98850]: DEBUG glance.api.middleware.version_negotiation [None req-5dafa6f7-67f6-464c-811a-098c6376e816 tempest-ServerStableDeviceRescueTest-887322664 tempest-ServerStableDeviceRescueTest-887322664-project-member] Matched version: v2 {{(pid=98850) process_request /opt/stack/glance/glance/api/middleware/version_negotiation.py:69}}
Jun 16 11:52:09.289086 np0000002936 devstack@g-api.service[98850]: DEBUG glance.api.middleware.version_negotiation [None req-5dafa6f7-67f6-464c-811a-098c6376e816 tempest-ServerStableDeviceRescueTest-887322664 tempest-ServerStableDeviceRescueTest-887322664-project-member] new path /v2/images/ecad38e1-e764-43b3-b02c-59226f847c1e {{(pid=98850) process_request /opt/stack/glance/glance/api/middleware/version_negotiation.py:70}}
Jun 16 11:52:09.302398 np0000002936 devstack@g-api.service[98850]: [pid: 98850|app: 0|req: 202/396] 127.0.0.1 () {44 vars in 1115 bytes} [Tue Jun 16 11:52:09 2026] GET /v2/images/ecad38e1-e764-43b3-b02c-59226f847c1e => generated 1615 bytes in 14 msecs (HTTP/1.1 200) 4 headers in 158 bytes (1 switches on core 0)
Jun 16 11:52:09.332958 np0000002936 devstack@g-api.service[98849]: DEBUG glance.api.middleware.version_negotiation [None req-5dafa6f7-67f6-464c-811a-098c6376e816 tempest-ServerStableDeviceRescueTest-887322664 tempest-ServerStableDeviceRescueTest-887322664-project-member] Determining version of request: GET /v2/schemas/image Accept: */* {{(pid=98849) process_request /opt/stack/glance/glance/api/middleware/version_negotiation.py:44}}
Jun 16 11:52:09.333211 np0000002936 devstack@g-api.service[98849]: DEBUG glance.api.middleware.version_negotiation [None req-5dafa6f7-67f6-464c-811a-098c6376e816 tempest-ServerStableDeviceRescueTest-887322664 tempest-ServerStableDeviceRescueTest-887322664-project-member] Using url versioning {{(pid=98849) process_request /opt/stack/glance/glance/api/middleware/version_negotiation.py:57}}
Jun 16 11:52:09.333298 np0000002936 devstack@g-api.service[98849]: DEBUG glance.api.middleware.version_negotiation [None req-5dafa6f7-67f6-464c-811a-098c6376e816 tempest-ServerStableDeviceRescueTest-887322664 tempest-ServerStableDeviceRescueTest-887322664-project-member] Matched version: v2 {{(pid=98849) process_request /opt/stack/glance/glance/api/middleware/version_negotiation.py:69}}
Jun 16 11:52:09.333478 np0000002936 devstack@g-api.service[98849]: DEBUG glance.api.middleware.version_negotiation [None req-5dafa6f7-67f6-464c-811a-098c6376e816 tempest-ServerStableDeviceRescueTest-887322664 tempest-ServerStableDeviceRescueTest-887322664-project-member] new path /v2/schemas/image {{(pid=98849) process_request /opt/stack/glance/glance/api/middleware/version_negotiation.py:70}}
Jun 16 11:52:09.336754 np0000002936 devstack@g-api.service[98849]: [pid: 98849|app: 0|req: 195/397] 127.0.0.1 () {44 vars in 1055 bytes} [Tue Jun 16 11:52:09 2026] GET /v2/schemas/image => generated 6083 bytes in 4 msecs (HTTP/1.1 200) 4 headers in 158 bytes (1 switches on core 0)
Jun 16 11:52:09.622868 np0000002936 devstack@g-api.service[98850]: DEBUG glance.api.middleware.version_negotiation [None req-e0366b90-e14d-4234-88d6-ad71d5794b21 tempest-ServerStableDeviceRescueTest-887322664 tempest-ServerStableDeviceRescueTest-887322664-project-member] Determining version of request: PATCH /v2/images/ecad38e1-e764-43b3-b02c-59226f847c1e Accept: {{(pid=98850) process_request /opt/stack/glance/glance/api/middleware/version_negotiation.py:44}}
Jun 16 11:52:09.623019 np0000002936 devstack@g-api.service[98850]: DEBUG glance.api.middleware.version_negotiation [None req-e0366b90-e14d-4234-88d6-ad71d5794b21 tempest-ServerStableDeviceRescueTest-887322664 tempest-ServerStableDeviceRescueTest-887322664-project-member] Using url versioning {{(pid=98850) process_request /opt/stack/glance/glance/api/middleware/version_negotiation.py:57}}
Jun 16 11:52:09.623104 np0000002936 devstack@g-api.service[98850]: DEBUG glance.api.middleware.version_negotiation [None req-e0366b90-e14d-4234-88d6-ad71d5794b21 tempest-ServerStableDeviceRescueTest-887322664 tempest-ServerStableDeviceRescueTest-887322664-project-member] Matched version: v2 {{(pid=98850) process_request /opt/stack/glance/glance/api/middleware/version_negotiation.py:69}}
Jun 16 11:52:09.623189 np0000002936 devstack@g-api.service[98850]: DEBUG glance.api.middleware.version_negotiation [None req-e0366b90-e14d-4234-88d6-ad71d5794b21 tempest-ServerStableDeviceRescueTest-887322664 tempest-ServerStableDeviceRescueTest-887322664-project-member] new path /v2/images/ecad38e1-e764-43b3-b02c-59226f847c1e {{(pid=98850) process_request /opt/stack/glance/glance/api/middleware/version_negotiation.py:70}}
Jun 16 11:52:09.717562 np0000002936 devstack@g-api.service[98850]: DEBUG glance_store.backend [None req-d112e2e9-c63c-42ed-9f4c-eaf22a7cd745 tempest-ServerStableDeviceRescueTest-887322664 tempest-ServerStableDeviceRescueTest-887322664-project-member] Attempting to import store swift {{(pid=98850) _load_store /opt/stack/data/venv/lib/python3.12/site-packages/glance_store/backend.py:215}}
