Aug 05 22:42:00.253595 np0000006587 systemd[1]: Starting devstack@n-api.service - Devstack devstack@n-api.service...
Aug 05 22:42:00.260571 np0000006587 devstack@n-api.service[87571]: [uWSGI] getting INI configuration from /etc/nova/nova-api-uwsgi.ini
Aug 05 22:42:00.263611 np0000006587 devstack@n-api.service[87571]: *** Starting uWSGI 2.0.24-debian (64bit) on [Wed Aug 5 22:42:00 2026] ***
Aug 05 22:42:00.263611 np0000006587 devstack@n-api.service[87571]: compiled with version: 13.2.0 on 17 April 2024 16:23:48
Aug 05 22:42:00.263611 np0000006587 devstack@n-api.service[87571]: os: Linux-6.8.0-100-generic #100-Ubuntu SMP PREEMPT_DYNAMIC Tue Jan 13 16:40:06 UTC 2026
Aug 05 22:42:00.263611 np0000006587 devstack@n-api.service[87571]: nodename: np0000006587
Aug 05 22:42:00.263611 np0000006587 devstack@n-api.service[87571]: machine: x86_64
Aug 05 22:42:00.263611 np0000006587 devstack@n-api.service[87571]: clock source: unix
Aug 05 22:42:00.263611 np0000006587 devstack@n-api.service[87571]: pcre jit disabled
Aug 05 22:42:00.263611 np0000006587 devstack@n-api.service[87571]: detected number of CPU cores: 16
Aug 05 22:42:00.263611 np0000006587 devstack@n-api.service[87571]: current working directory: /
Aug 05 22:42:00.263611 np0000006587 devstack@n-api.service[87571]: detected binary path: /usr/bin/uwsgi-core
Aug 05 22:42:00.263611 np0000006587 devstack@n-api.service[87571]: your processes number limit is 257052
Aug 05 22:42:00.263996 np0000006587 devstack@n-api.service[87571]: your memory page size is 4096 bytes
Aug 05 22:42:00.263996 np0000006587 devstack@n-api.service[87571]: detected max file descriptor number: 2048
Aug 05 22:42:00.263996 np0000006587 devstack@n-api.service[87571]: lock engine: pthread robust mutexes
Aug 05 22:42:00.263996 np0000006587 devstack@n-api.service[87571]: thunder lock: enabled
Aug 05 22:42:00.264168 np0000006587 devstack@n-api.service[87571]: uwsgi socket 0 bound to UNIX address /var/run/uwsgi/nova-api.socket fd 4
Aug 05 22:42:00.264212 np0000006587 devstack@n-api.service[87571]: Python version: 3.12.3 (main, Jun 19 2026, 12:46:00) [GCC 13.3.0]
Aug 05 22:42:00.264212 np0000006587 devstack@n-api.service[87571]: PEP 405 virtualenv detected: /opt/stack/data/venv
Aug 05 22:42:00.264212 np0000006587 devstack@n-api.service[87571]: Set PythonHome to /opt/stack/data/venv
Aug 05 22:42:00.312508 np0000006587 devstack@n-api.service[87571]: Python main interpreter initialized at 0x7b45a3ca4668
Aug 05 22:42:00.312508 np0000006587 devstack@n-api.service[87571]: python threads support enabled
Aug 05 22:42:00.312508 np0000006587 devstack@n-api.service[87571]: your server socket listen backlog is limited to 100 connections
Aug 05 22:42:00.312508 np0000006587 devstack@n-api.service[87571]: your mercy for graceful operations on workers is 80 seconds
Aug 05 22:42:00.313263 np0000006587 devstack@n-api.service[87571]: mapped 671795 bytes (656 KB) for 4 cores
Aug 05 22:42:00.313441 np0000006587 devstack@n-api.service[87571]: *** Operational MODE: preforking ***
Aug 05 22:42:00.313714 np0000006587 devstack@n-api.service[87571]: *** uWSGI is running in multiple interpreter mode ***
Aug 05 22:42:00.313714 np0000006587 devstack@n-api.service[87571]: spawned uWSGI master process (pid: 87571)
Aug 05 22:42:00.313915 np0000006587 systemd[1]: Started devstack@n-api.service - Devstack devstack@n-api.service.
Aug 05 22:42:00.314527 np0000006587 devstack@n-api.service[87571]: spawned uWSGI worker 1 (pid: 87572, cores: 1)
Aug 05 22:42:00.315068 np0000006587 devstack@n-api.service[87571]: spawned uWSGI worker 2 (pid: 87573, cores: 1)
Aug 05 22:42:00.315625 np0000006587 devstack@n-api.service[87571]: spawned uWSGI worker 3 (pid: 87574, cores: 1)
Aug 05 22:42:00.316380 np0000006587 devstack@n-api.service[87571]: spawned uWSGI worker 4 (pid: 87575, cores: 1)
Aug 05 22:42:00.316452 np0000006587 devstack@n-api.service[87571]: running "unix_signal:15 gracefully_kill_them_all" (master-start)...
Aug 05 22:42:01.929886 np0000006587 devstack@n-api.service[87573]: INFO dbcounter [None req-79a7ed48-6036-4ba8-9bc5-ce90078b717b None None] Registered counter for database nova_api
Aug 05 22:42:01.941499 np0000006587 devstack@n-api.service[87575]: INFO dbcounter [None req-2c872227-8da4-4abc-85f8-bcd5cb96a861 None None] Registered counter for database nova_api
Aug 05 22:42:01.941913 np0000006587 devstack@n-api.service[87572]: INFO dbcounter [None req-bb5c80b6-1642-4c6b-9efe-0ee283c4b1c5 None None] Registered counter for database nova_api
Aug 05 22:42:01.967488 np0000006587 devstack@n-api.service[87574]: INFO dbcounter [None req-1475c35e-3b78-464d-8057-22b1dbdca3c6 None None] Registered counter for database nova_api
Aug 05 22:42:01.969531 np0000006587 devstack@n-api.service[87573]: DEBUG oslo_db.sqlalchemy.engines [None req-79a7ed48-6036-4ba8-9bc5-ce90078b717b None None] MySQL server mode set to STRICT_TRANS_TABLES,STRICT_ALL_TABLES,NO_ZERO_IN_DATE,NO_ZERO_DATE,ERROR_FOR_DIVISION_BY_ZERO,TRADITIONAL,NO_ENGINE_SUBSTITUTION {{(pid=87573) _check_effective_sql_mode /opt/stack/data/venv/lib/python3.12/site-packages/oslo_db/sqlalchemy/engines.py:325}}
Aug 05 22:42:01.980508 np0000006587 devstack@n-api.service[87575]: DEBUG oslo_db.sqlalchemy.engines [None req-2c872227-8da4-4abc-85f8-bcd5cb96a861 None None] MySQL server mode set to STRICT_TRANS_TABLES,STRICT_ALL_TABLES,NO_ZERO_IN_DATE,NO_ZERO_DATE,ERROR_FOR_DIVISION_BY_ZERO,TRADITIONAL,NO_ENGINE_SUBSTITUTION {{(pid=87575) _check_effective_sql_mode /opt/stack/data/venv/lib/python3.12/site-packages/oslo_db/sqlalchemy/engines.py:325}}
Aug 05 22:42:01.981835 np0000006587 devstack@n-api.service[87572]: DEBUG oslo_db.sqlalchemy.engines [None req-bb5c80b6-1642-4c6b-9efe-0ee283c4b1c5 None None] MySQL server mode set to STRICT_TRANS_TABLES,STRICT_ALL_TABLES,NO_ZERO_IN_DATE,NO_ZERO_DATE,ERROR_FOR_DIVISION_BY_ZERO,TRADITIONAL,NO_ENGINE_SUBSTITUTION {{(pid=87572) _check_effective_sql_mode /opt/stack/data/venv/lib/python3.12/site-packages/oslo_db/sqlalchemy/engines.py:325}}
Aug 05 22:42:01.996765 np0000006587 devstack@n-api.service[87573]: DEBUG dbcounter [-] [87573] Writer thread running {{(pid=87573) stat_writer /opt/stack/data/venv/lib/python3.12/site-packages/dbcounter.py:102}}
Aug 05 22:42:01.998863 np0000006587 devstack@n-api.service[87573]: DEBUG nova.context [None req-79a7ed48-6036-4ba8-9bc5-ce90078b717b None None] Found 2 cells: 00000000-0000-0000-0000-000000000000(cell0),25eeef28-380d-4e73-a339-38606db22434(cell1) {{(pid=87573) load_cells /opt/stack/nova/nova/context.py:509}}
Aug 05 22:42:01.999099 np0000006587 devstack@n-api.service[87573]: INFO nova.utils [None req-79a7ed48-6036-4ba8-9bc5-ce90078b717b None None] The cell worker thread pool MainProcess.cell_worker is initialized
Aug 05 22:42:02.000661 np0000006587 devstack@n-api.service[87573]: DEBUG oslo_concurrency.lockutils [None req-79a7ed48-6036-4ba8-9bc5-ce90078b717b None None] Acquiring lock "00000000-0000-0000-0000-000000000000" by "nova.context.set_target_cell..get_or_set_cached_cell_and_set_connections" {{(pid=87573) inner /opt/stack/data/venv/lib/python3.12/site-packages/oslo_concurrency/lockutils.py:512}}
Aug 05 22:42:02.000842 np0000006587 devstack@n-api.service[87573]: DEBUG oslo_concurrency.lockutils [None req-79a7ed48-6036-4ba8-9bc5-ce90078b717b None None] Lock "00000000-0000-0000-0000-000000000000" acquired by "nova.context.set_target_cell..get_or_set_cached_cell_and_set_connections" :: waited 0.000s {{(pid=87573) inner /opt/stack/data/venv/lib/python3.12/site-packages/oslo_concurrency/lockutils.py:525}}
Aug 05 22:42:02.001212 np0000006587 devstack@n-api.service[87573]: DEBUG oslo_concurrency.lockutils [None req-79a7ed48-6036-4ba8-9bc5-ce90078b717b None None] Lock "00000000-0000-0000-0000-000000000000" "released" by "nova.context.set_target_cell..get_or_set_cached_cell_and_set_connections" :: held 0.000s {{(pid=87573) inner /opt/stack/data/venv/lib/python3.12/site-packages/oslo_concurrency/lockutils.py:544}}
Aug 05 22:42:02.001815 np0000006587 devstack@n-api.service[87573]: DEBUG oslo_concurrency.lockutils [None req-79a7ed48-6036-4ba8-9bc5-ce90078b717b None None] Acquiring lock "25eeef28-380d-4e73-a339-38606db22434" by "nova.context.set_target_cell..get_or_set_cached_cell_and_set_connections" {{(pid=87573) inner /opt/stack/data/venv/lib/python3.12/site-packages/oslo_concurrency/lockutils.py:512}}
Aug 05 22:42:02.001958 np0000006587 devstack@n-api.service[87573]: DEBUG oslo_concurrency.lockutils [None req-79a7ed48-6036-4ba8-9bc5-ce90078b717b None None] Lock "25eeef28-380d-4e73-a339-38606db22434" acquired by "nova.context.set_target_cell..get_or_set_cached_cell_and_set_connections" :: waited 0.000s {{(pid=87573) inner /opt/stack/data/venv/lib/python3.12/site-packages/oslo_concurrency/lockutils.py:525}}
Aug 05 22:42:02.003887 np0000006587 devstack@n-api.service[87573]: INFO dbcounter [None req-79a7ed48-6036-4ba8-9bc5-ce90078b717b None None] Registered counter for database nova_cell0
Aug 05 22:42:02.004977 np0000006587 devstack@n-api.service[87573]: DEBUG oslo_concurrency.lockutils [None req-79a7ed48-6036-4ba8-9bc5-ce90078b717b None None] Lock "25eeef28-380d-4e73-a339-38606db22434" "released" by "nova.context.set_target_cell..get_or_set_cached_cell_and_set_connections" :: held 0.002s {{(pid=87573) inner /opt/stack/data/venv/lib/python3.12/site-packages/oslo_concurrency/lockutils.py:544}}
Aug 05 22:42:02.006985 np0000006587 devstack@n-api.service[87573]: INFO dbcounter [None req-79a7ed48-6036-4ba8-9bc5-ce90078b717b None None] Registered counter for database nova_cell1
Aug 05 22:42:02.010533 np0000006587 devstack@n-api.service[87574]: DEBUG oslo_db.sqlalchemy.engines [None req-1475c35e-3b78-464d-8057-22b1dbdca3c6 None None] MySQL server mode set to STRICT_TRANS_TABLES,STRICT_ALL_TABLES,NO_ZERO_IN_DATE,NO_ZERO_DATE,ERROR_FOR_DIVISION_BY_ZERO,TRADITIONAL,NO_ENGINE_SUBSTITUTION {{(pid=87574) _check_effective_sql_mode /opt/stack/data/venv/lib/python3.12/site-packages/oslo_db/sqlalchemy/engines.py:325}}
Aug 05 22:42:02.012599 np0000006587 devstack@n-api.service[87572]: DEBUG dbcounter [-] [87572] Writer thread running {{(pid=87572) stat_writer /opt/stack/data/venv/lib/python3.12/site-packages/dbcounter.py:102}}
Aug 05 22:42:02.012745 np0000006587 devstack@n-api.service[87575]: DEBUG dbcounter [-] [87575] Writer thread running {{(pid=87575) stat_writer /opt/stack/data/venv/lib/python3.12/site-packages/dbcounter.py:102}}
Aug 05 22:42:02.015074 np0000006587 devstack@n-api.service[87572]: DEBUG nova.context [None req-bb5c80b6-1642-4c6b-9efe-0ee283c4b1c5 None None] Found 2 cells: 00000000-0000-0000-0000-000000000000(cell0),25eeef28-380d-4e73-a339-38606db22434(cell1) {{(pid=87572) load_cells /opt/stack/nova/nova/context.py:509}}
Aug 05 22:42:02.015157 np0000006587 devstack@n-api.service[87575]: DEBUG nova.context [None req-2c872227-8da4-4abc-85f8-bcd5cb96a861 None None] Found 2 cells: 00000000-0000-0000-0000-000000000000(cell0),25eeef28-380d-4e73-a339-38606db22434(cell1) {{(pid=87575) load_cells /opt/stack/nova/nova/context.py:509}}
Aug 05 22:42:02.015312 np0000006587 devstack@n-api.service[87575]: INFO nova.utils [None req-2c872227-8da4-4abc-85f8-bcd5cb96a861 None None] The cell worker thread pool MainProcess.cell_worker is initialized
Aug 05 22:42:02.015362 np0000006587 devstack@n-api.service[87572]: INFO nova.utils [None req-bb5c80b6-1642-4c6b-9efe-0ee283c4b1c5 None None] The cell worker thread pool MainProcess.cell_worker is initialized
Aug 05 22:42:02.016971 np0000006587 devstack@n-api.service[87572]: DEBUG oslo_concurrency.lockutils [None req-bb5c80b6-1642-4c6b-9efe-0ee283c4b1c5 None None] Acquiring lock "00000000-0000-0000-0000-000000000000" by "nova.context.set_target_cell..get_or_set_cached_cell_and_set_connections" {{(pid=87572) inner /opt/stack/data/venv/lib/python3.12/site-packages/oslo_concurrency/lockutils.py:512}}
Aug 05 22:42:02.017052 np0000006587 devstack@n-api.service[87575]: DEBUG oslo_concurrency.lockutils [None req-2c872227-8da4-4abc-85f8-bcd5cb96a861 None None] Acquiring lock "00000000-0000-0000-0000-000000000000" by "nova.context.set_target_cell..get_or_set_cached_cell_and_set_connections" {{(pid=87575) inner /opt/stack/data/venv/lib/python3.12/site-packages/oslo_concurrency/lockutils.py:512}}
Aug 05 22:42:02.017151 np0000006587 devstack@n-api.service[87575]: DEBUG oslo_concurrency.lockutils [None req-2c872227-8da4-4abc-85f8-bcd5cb96a861 None None] Lock "00000000-0000-0000-0000-000000000000" acquired by "nova.context.set_target_cell..get_or_set_cached_cell_and_set_connections" :: waited 0.000s {{(pid=87575) inner /opt/stack/data/venv/lib/python3.12/site-packages/oslo_concurrency/lockutils.py:525}}
Aug 05 22:42:02.017214 np0000006587 devstack@n-api.service[87572]: DEBUG oslo_concurrency.lockutils [None req-bb5c80b6-1642-4c6b-9efe-0ee283c4b1c5 None None] Lock "00000000-0000-0000-0000-000000000000" acquired by "nova.context.set_target_cell..get_or_set_cached_cell_and_set_connections" :: waited 0.000s {{(pid=87572) inner /opt/stack/data/venv/lib/python3.12/site-packages/oslo_concurrency/lockutils.py:525}}
Aug 05 22:42:02.017501 np0000006587 devstack@n-api.service[87575]: DEBUG oslo_concurrency.lockutils [None req-2c872227-8da4-4abc-85f8-bcd5cb96a861 None None] Lock "00000000-0000-0000-0000-000000000000" "released" by "nova.context.set_target_cell..get_or_set_cached_cell_and_set_connections" :: held 0.000s {{(pid=87575) inner /opt/stack/data/venv/lib/python3.12/site-packages/oslo_concurrency/lockutils.py:544}}
Aug 05 22:42:02.017631 np0000006587 devstack@n-api.service[87572]: DEBUG oslo_concurrency.lockutils [None req-bb5c80b6-1642-4c6b-9efe-0ee283c4b1c5 None None] Lock "00000000-0000-0000-0000-000000000000" "released" by "nova.context.set_target_cell..get_or_set_cached_cell_and_set_connections" :: held 0.000s {{(pid=87572) inner /opt/stack/data/venv/lib/python3.12/site-packages/oslo_concurrency/lockutils.py:544}}
Aug 05 22:42:02.018227 np0000006587 devstack@n-api.service[87575]: DEBUG oslo_concurrency.lockutils [None req-2c872227-8da4-4abc-85f8-bcd5cb96a861 None None] Acquiring lock "25eeef28-380d-4e73-a339-38606db22434" by "nova.context.set_target_cell..get_or_set_cached_cell_and_set_connections" {{(pid=87575) inner /opt/stack/data/venv/lib/python3.12/site-packages/oslo_concurrency/lockutils.py:512}}
Aug 05 22:42:02.018322 np0000006587 devstack@n-api.service[87572]: DEBUG oslo_concurrency.lockutils [None req-bb5c80b6-1642-4c6b-9efe-0ee283c4b1c5 None None] Acquiring lock "25eeef28-380d-4e73-a339-38606db22434" by "nova.context.set_target_cell..get_or_set_cached_cell_and_set_connections" {{(pid=87572) inner /opt/stack/data/venv/lib/python3.12/site-packages/oslo_concurrency/lockutils.py:512}}
Aug 05 22:42:02.018365 np0000006587 devstack@n-api.service[87575]: DEBUG oslo_concurrency.lockutils [None req-2c872227-8da4-4abc-85f8-bcd5cb96a861 None None] Lock "25eeef28-380d-4e73-a339-38606db22434" acquired by "nova.context.set_target_cell..get_or_set_cached_cell_and_set_connections" :: waited 0.000s {{(pid=87575) inner /opt/stack/data/venv/lib/python3.12/site-packages/oslo_concurrency/lockutils.py:525}}
Aug 05 22:42:02.018509 np0000006587 devstack@n-api.service[87572]: DEBUG oslo_concurrency.lockutils [None req-bb5c80b6-1642-4c6b-9efe-0ee283c4b1c5 None None] Lock "25eeef28-380d-4e73-a339-38606db22434" acquired by "nova.context.set_target_cell..get_or_set_cached_cell_and_set_connections" :: waited 0.000s {{(pid=87572) inner /opt/stack/data/venv/lib/python3.12/site-packages/oslo_concurrency/lockutils.py:525}}
Aug 05 22:42:02.019207 np0000006587 devstack@n-api.service[87575]: DEBUG oslo_concurrency.lockutils [None req-2c872227-8da4-4abc-85f8-bcd5cb96a861 None None] Lock "25eeef28-380d-4e73-a339-38606db22434" "released" by "nova.context.set_target_cell..get_or_set_cached_cell_and_set_connections" :: held 0.001s {{(pid=87575) inner /opt/stack/data/venv/lib/python3.12/site-packages/oslo_concurrency/lockutils.py:544}}
Aug 05 22:42:02.019301 np0000006587 devstack@n-api.service[87572]: DEBUG oslo_concurrency.lockutils [None req-bb5c80b6-1642-4c6b-9efe-0ee283c4b1c5 None None] Lock "25eeef28-380d-4e73-a339-38606db22434" "released" by "nova.context.set_target_cell..get_or_set_cached_cell_and_set_connections" :: held 0.001s {{(pid=87572) inner /opt/stack/data/venv/lib/python3.12/site-packages/oslo_concurrency/lockutils.py:544}}
Aug 05 22:42:02.021360 np0000006587 devstack@n-api.service[87575]: INFO dbcounter [None req-2c872227-8da4-4abc-85f8-bcd5cb96a861 None None] Registered counter for database nova_cell0
Aug 05 22:42:02.021470 np0000006587 devstack@n-api.service[87572]: INFO dbcounter [None req-bb5c80b6-1642-4c6b-9efe-0ee283c4b1c5 None None] Registered counter for database nova_cell0
Aug 05 22:42:02.024505 np0000006587 devstack@n-api.service[87575]: INFO dbcounter [None req-2c872227-8da4-4abc-85f8-bcd5cb96a861 None None] Registered counter for database nova_cell1
Aug 05 22:42:02.024916 np0000006587 devstack@n-api.service[87572]: INFO dbcounter [None req-bb5c80b6-1642-4c6b-9efe-0ee283c4b1c5 None None] Registered counter for database nova_cell1
Aug 05 22:42:02.042231 np0000006587 devstack@n-api.service[87574]: DEBUG dbcounter [-] [87574] Writer thread running {{(pid=87574) stat_writer /opt/stack/data/venv/lib/python3.12/site-packages/dbcounter.py:102}}
Aug 05 22:42:02.044823 np0000006587 devstack@n-api.service[87574]: DEBUG nova.context [None req-1475c35e-3b78-464d-8057-22b1dbdca3c6 None None] Found 2 cells: 00000000-0000-0000-0000-000000000000(cell0),25eeef28-380d-4e73-a339-38606db22434(cell1) {{(pid=87574) load_cells /opt/stack/nova/nova/context.py:509}}
Aug 05 22:42:02.045132 np0000006587 devstack@n-api.service[87574]: INFO nova.utils [None req-1475c35e-3b78-464d-8057-22b1dbdca3c6 None None] The cell worker thread pool MainProcess.cell_worker is initialized
Aug 05 22:42:02.046816 np0000006587 devstack@n-api.service[87574]: DEBUG oslo_concurrency.lockutils [None req-1475c35e-3b78-464d-8057-22b1dbdca3c6 None None] Acquiring lock "00000000-0000-0000-0000-000000000000" by "nova.context.set_target_cell..get_or_set_cached_cell_and_set_connections" {{(pid=87574) inner /opt/stack/data/venv/lib/python3.12/site-packages/oslo_concurrency/lockutils.py:512}}
Aug 05 22:42:02.047062 np0000006587 devstack@n-api.service[87574]: DEBUG oslo_concurrency.lockutils [None req-1475c35e-3b78-464d-8057-22b1dbdca3c6 None None] Lock "00000000-0000-0000-0000-000000000000" acquired by "nova.context.set_target_cell..get_or_set_cached_cell_and_set_connections" :: waited 0.000s {{(pid=87574) inner /opt/stack/data/venv/lib/python3.12/site-packages/oslo_concurrency/lockutils.py:525}}
Aug 05 22:42:02.047421 np0000006587 devstack@n-api.service[87574]: DEBUG oslo_concurrency.lockutils [None req-1475c35e-3b78-464d-8057-22b1dbdca3c6 None None] Lock "00000000-0000-0000-0000-000000000000" "released" by "nova.context.set_target_cell..get_or_set_cached_cell_and_set_connections" :: held 0.000s {{(pid=87574) inner /opt/stack/data/venv/lib/python3.12/site-packages/oslo_concurrency/lockutils.py:544}}
Aug 05 22:42:02.048189 np0000006587 devstack@n-api.service[87574]: DEBUG oslo_concurrency.lockutils [None req-1475c35e-3b78-464d-8057-22b1dbdca3c6 None None] Acquiring lock "25eeef28-380d-4e73-a339-38606db22434" by "nova.context.set_target_cell..get_or_set_cached_cell_and_set_connections" {{(pid=87574) inner /opt/stack/data/venv/lib/python3.12/site-packages/oslo_concurrency/lockutils.py:512}}
Aug 05 22:42:02.048328 np0000006587 devstack@n-api.service[87574]: DEBUG oslo_concurrency.lockutils [None req-1475c35e-3b78-464d-8057-22b1dbdca3c6 None None] Lock "25eeef28-380d-4e73-a339-38606db22434" acquired by "nova.context.set_target_cell..get_or_set_cached_cell_and_set_connections" :: waited 0.000s {{(pid=87574) inner /opt/stack/data/venv/lib/python3.12/site-packages/oslo_concurrency/lockutils.py:525}}
Aug 05 22:42:02.052496 np0000006587 devstack@n-api.service[87574]: INFO dbcounter [None req-1475c35e-3b78-464d-8057-22b1dbdca3c6 None None] Registered counter for database nova_cell0
Aug 05 22:42:02.053339 np0000006587 devstack@n-api.service[87574]: DEBUG oslo_concurrency.lockutils [None req-1475c35e-3b78-464d-8057-22b1dbdca3c6 None None] Lock "25eeef28-380d-4e73-a339-38606db22434" "released" by "nova.context.set_target_cell..get_or_set_cached_cell_and_set_connections" :: held 0.003s {{(pid=87574) inner /opt/stack/data/venv/lib/python3.12/site-packages/oslo_concurrency/lockutils.py:544}}
Aug 05 22:42:02.055708 np0000006587 devstack@n-api.service[87574]: INFO dbcounter [None req-1475c35e-3b78-464d-8057-22b1dbdca3c6 None None] Registered counter for database nova_cell1
Aug 05 22:42:02.059479 np0000006587 devstack@n-api.service[87573]: DEBUG oslo_db.sqlalchemy.engines [None req-79a7ed48-6036-4ba8-9bc5-ce90078b717b None None] MySQL server mode set to STRICT_TRANS_TABLES,STRICT_ALL_TABLES,NO_ZERO_IN_DATE,NO_ZERO_DATE,ERROR_FOR_DIVISION_BY_ZERO,TRADITIONAL,NO_ENGINE_SUBSTITUTION {{(pid=87573) _check_effective_sql_mode /opt/stack/data/venv/lib/python3.12/site-packages/oslo_db/sqlalchemy/engines.py:325}}
Aug 05 22:42:02.063466 np0000006587 devstack@n-api.service[87573]: DEBUG oslo_db.sqlalchemy.engines [None req-79a7ed48-6036-4ba8-9bc5-ce90078b717b None None] MySQL server mode set to STRICT_TRANS_TABLES,STRICT_ALL_TABLES,NO_ZERO_IN_DATE,NO_ZERO_DATE,ERROR_FOR_DIVISION_BY_ZERO,TRADITIONAL,NO_ENGINE_SUBSTITUTION {{(pid=87573) _check_effective_sql_mode /opt/stack/data/venv/lib/python3.12/site-packages/oslo_db/sqlalchemy/engines.py:325}}
Aug 05 22:42:02.073763 np0000006587 devstack@n-api.service[87575]: DEBUG oslo_db.sqlalchemy.engines [None req-2c872227-8da4-4abc-85f8-bcd5cb96a861 None None] MySQL server mode set to STRICT_TRANS_TABLES,STRICT_ALL_TABLES,NO_ZERO_IN_DATE,NO_ZERO_DATE,ERROR_FOR_DIVISION_BY_ZERO,TRADITIONAL,NO_ENGINE_SUBSTITUTION {{(pid=87575) _check_effective_sql_mode /opt/stack/data/venv/lib/python3.12/site-packages/oslo_db/sqlalchemy/engines.py:325}}
Aug 05 22:42:02.077447 np0000006587 devstack@n-api.service[87575]: DEBUG oslo_db.sqlalchemy.engines [None req-2c872227-8da4-4abc-85f8-bcd5cb96a861 None None] MySQL server mode set to STRICT_TRANS_TABLES,STRICT_ALL_TABLES,NO_ZERO_IN_DATE,NO_ZERO_DATE,ERROR_FOR_DIVISION_BY_ZERO,TRADITIONAL,NO_ENGINE_SUBSTITUTION {{(pid=87575) _check_effective_sql_mode /opt/stack/data/venv/lib/python3.12/site-packages/oslo_db/sqlalchemy/engines.py:325}}
Aug 05 22:42:02.087744 np0000006587 devstack@n-api.service[87572]: DEBUG oslo_db.sqlalchemy.engines [None req-bb5c80b6-1642-4c6b-9efe-0ee283c4b1c5 None None] MySQL server mode set to STRICT_TRANS_TABLES,STRICT_ALL_TABLES,NO_ZERO_IN_DATE,NO_ZERO_DATE,ERROR_FOR_DIVISION_BY_ZERO,TRADITIONAL,NO_ENGINE_SUBSTITUTION {{(pid=87572) _check_effective_sql_mode /opt/stack/data/venv/lib/python3.12/site-packages/oslo_db/sqlalchemy/engines.py:325}}
Aug 05 22:42:02.092875 np0000006587 devstack@n-api.service[87572]: DEBUG oslo_db.sqlalchemy.engines [None req-bb5c80b6-1642-4c6b-9efe-0ee283c4b1c5 None None] MySQL server mode set to STRICT_TRANS_TABLES,STRICT_ALL_TABLES,NO_ZERO_IN_DATE,NO_ZERO_DATE,ERROR_FOR_DIVISION_BY_ZERO,TRADITIONAL,NO_ENGINE_SUBSTITUTION {{(pid=87572) _check_effective_sql_mode /opt/stack/data/venv/lib/python3.12/site-packages/oslo_db/sqlalchemy/engines.py:325}}
Aug 05 22:42:02.096186 np0000006587 devstack@n-api.service[87574]: DEBUG oslo_db.sqlalchemy.engines [None req-1475c35e-3b78-464d-8057-22b1dbdca3c6 None None] MySQL server mode set to STRICT_TRANS_TABLES,STRICT_ALL_TABLES,NO_ZERO_IN_DATE,NO_ZERO_DATE,ERROR_FOR_DIVISION_BY_ZERO,TRADITIONAL,NO_ENGINE_SUBSTITUTION {{(pid=87574) _check_effective_sql_mode /opt/stack/data/venv/lib/python3.12/site-packages/oslo_db/sqlalchemy/engines.py:325}}
Aug 05 22:42:02.144557 np0000006587 devstack@n-api.service[87573]: DEBUG dbcounter [-] [87573] Writer thread running {{(pid=87573) stat_writer /opt/stack/data/venv/lib/python3.12/site-packages/dbcounter.py:102}}
Aug 05 22:42:02.148823 np0000006587 devstack@n-api.service[87573]: DEBUG dbcounter [-] [87573] Writer thread running {{(pid=87573) stat_writer /opt/stack/data/venv/lib/python3.12/site-packages/dbcounter.py:102}}
Aug 05 22:42:02.151982 np0000006587 devstack@n-api.service[87573]: INFO dbcounter [None req-79a7ed48-6036-4ba8-9bc5-ce90078b717b None None] Registered counter for database nova_cell0
Aug 05 22:42:02.155268 np0000006587 devstack@n-api.service[87575]: DEBUG dbcounter [-] [87575] Writer thread running {{(pid=87575) stat_writer /opt/stack/data/venv/lib/python3.12/site-packages/dbcounter.py:102}}
Aug 05 22:42:02.159332 np0000006587 devstack@n-api.service[87575]: DEBUG dbcounter [-] [87575] Writer thread running {{(pid=87575) stat_writer /opt/stack/data/venv/lib/python3.12/site-packages/dbcounter.py:102}}
Aug 05 22:42:02.162515 np0000006587 devstack@n-api.service[87575]: INFO dbcounter [None req-2c872227-8da4-4abc-85f8-bcd5cb96a861 None None] Registered counter for database nova_cell0
Aug 05 22:42:02.164151 np0000006587 devstack@n-api.service[87574]: DEBUG oslo_db.sqlalchemy.engines [None req-1475c35e-3b78-464d-8057-22b1dbdca3c6 None None] MySQL server mode set to STRICT_TRANS_TABLES,STRICT_ALL_TABLES,NO_ZERO_IN_DATE,NO_ZERO_DATE,ERROR_FOR_DIVISION_BY_ZERO,TRADITIONAL,NO_ENGINE_SUBSTITUTION {{(pid=87574) _check_effective_sql_mode /opt/stack/data/venv/lib/python3.12/site-packages/oslo_db/sqlalchemy/engines.py:325}}
Aug 05 22:42:02.179310 np0000006587 devstack@n-api.service[87572]: DEBUG dbcounter [-] [87572] Writer thread running {{(pid=87572) stat_writer /opt/stack/data/venv/lib/python3.12/site-packages/dbcounter.py:102}}
Aug 05 22:42:02.182355 np0000006587 devstack@n-api.service[87572]: DEBUG dbcounter [-] [87572] Writer thread running {{(pid=87572) stat_writer /opt/stack/data/venv/lib/python3.12/site-packages/dbcounter.py:102}}
Aug 05 22:42:02.184065 np0000006587 devstack@n-api.service[87574]: DEBUG dbcounter [-] [87574] Writer thread running {{(pid=87574) stat_writer /opt/stack/data/venv/lib/python3.12/site-packages/dbcounter.py:102}}
Aug 05 22:42:02.188415 np0000006587 devstack@n-api.service[87573]: DEBUG oslo_db.sqlalchemy.engines [None req-79a7ed48-6036-4ba8-9bc5-ce90078b717b None None] MySQL server mode set to STRICT_TRANS_TABLES,STRICT_ALL_TABLES,NO_ZERO_IN_DATE,NO_ZERO_DATE,ERROR_FOR_DIVISION_BY_ZERO,TRADITIONAL,NO_ENGINE_SUBSTITUTION {{(pid=87573) _check_effective_sql_mode /opt/stack/data/venv/lib/python3.12/site-packages/oslo_db/sqlalchemy/engines.py:325}}
Aug 05 22:42:02.192964 np0000006587 devstack@n-api.service[87574]: DEBUG dbcounter [-] [87574] Writer thread running {{(pid=87574) stat_writer /opt/stack/data/venv/lib/python3.12/site-packages/dbcounter.py:102}}
Aug 05 22:42:02.194077 np0000006587 devstack@n-api.service[87573]: DEBUG dbcounter [-] [87573] Writer thread running {{(pid=87573) stat_writer /opt/stack/data/venv/lib/python3.12/site-packages/dbcounter.py:102}}
Aug 05 22:42:02.200988 np0000006587 devstack@n-api.service[87575]: DEBUG oslo_db.sqlalchemy.engines [None req-2c872227-8da4-4abc-85f8-bcd5cb96a861 None None] MySQL server mode set to STRICT_TRANS_TABLES,STRICT_ALL_TABLES,NO_ZERO_IN_DATE,NO_ZERO_DATE,ERROR_FOR_DIVISION_BY_ZERO,TRADITIONAL,NO_ENGINE_SUBSTITUTION {{(pid=87575) _check_effective_sql_mode /opt/stack/data/venv/lib/python3.12/site-packages/oslo_db/sqlalchemy/engines.py:325}}
Aug 05 22:42:02.207765 np0000006587 devstack@n-api.service[87575]: DEBUG dbcounter [-] [87575] Writer thread running {{(pid=87575) stat_writer /opt/stack/data/venv/lib/python3.12/site-packages/dbcounter.py:102}}
Aug 05 22:42:02.233336 np0000006587 devstack@n-api.service[87572]: INFO dbcounter [None req-bb5c80b6-1642-4c6b-9efe-0ee283c4b1c5 None None] Registered counter for database nova_cell0
Aug 05 22:42:02.233523 np0000006587 devstack@n-api.service[87574]: INFO dbcounter [None req-1475c35e-3b78-464d-8057-22b1dbdca3c6 None None] Registered counter for database nova_cell0
Aug 05 22:42:02.266574 np0000006587 devstack@n-api.service[87572]: DEBUG oslo_db.sqlalchemy.engines [None req-bb5c80b6-1642-4c6b-9efe-0ee283c4b1c5 None None] MySQL server mode set to STRICT_TRANS_TABLES,STRICT_ALL_TABLES,NO_ZERO_IN_DATE,NO_ZERO_DATE,ERROR_FOR_DIVISION_BY_ZERO,TRADITIONAL,NO_ENGINE_SUBSTITUTION {{(pid=87572) _check_effective_sql_mode /opt/stack/data/venv/lib/python3.12/site-packages/oslo_db/sqlalchemy/engines.py:325}}
Aug 05 22:42:02.270369 np0000006587 devstack@n-api.service[87574]: DEBUG oslo_db.sqlalchemy.engines [None req-1475c35e-3b78-464d-8057-22b1dbdca3c6 None None] MySQL server mode set to STRICT_TRANS_TABLES,STRICT_ALL_TABLES,NO_ZERO_IN_DATE,NO_ZERO_DATE,ERROR_FOR_DIVISION_BY_ZERO,TRADITIONAL,NO_ENGINE_SUBSTITUTION {{(pid=87574) _check_effective_sql_mode /opt/stack/data/venv/lib/python3.12/site-packages/oslo_db/sqlalchemy/engines.py:325}}
Aug 05 22:42:02.272682 np0000006587 devstack@n-api.service[87572]: DEBUG dbcounter [-] [87572] Writer thread running {{(pid=87572) stat_writer /opt/stack/data/venv/lib/python3.12/site-packages/dbcounter.py:102}}
Aug 05 22:42:02.275831 np0000006587 devstack@n-api.service[87574]: DEBUG dbcounter [-] [87574] Writer thread running {{(pid=87574) stat_writer /opt/stack/data/venv/lib/python3.12/site-packages/dbcounter.py:102}}
Aug 05 22:42:02.544441 np0000006587 devstack@n-api.service[87575]: DEBUG oslo_concurrency.processutils [None req-2c872227-8da4-4abc-85f8-bcd5cb96a861 None None] Running cmd (subprocess): grep -F node.session.scan /sbin/iscsiadm {{(pid=87575) execute /opt/stack/data/venv/lib/python3.12/site-packages/oslo_concurrency/processutils.py:440}}
Aug 05 22:42:02.554277 np0000006587 devstack@n-api.service[87575]: DEBUG oslo_concurrency.processutils [None req-2c872227-8da4-4abc-85f8-bcd5cb96a861 None None] CMD "grep -F node.session.scan /sbin/iscsiadm" returned: 0 in 0.010s {{(pid=87575) execute /opt/stack/data/venv/lib/python3.12/site-packages/oslo_concurrency/processutils.py:468}}
Aug 05 22:42:02.558778 np0000006587 devstack@n-api.service[87574]: DEBUG oslo_concurrency.processutils [None req-1475c35e-3b78-464d-8057-22b1dbdca3c6 None None] Running cmd (subprocess): grep -F node.session.scan /sbin/iscsiadm {{(pid=87574) execute /opt/stack/data/venv/lib/python3.12/site-packages/oslo_concurrency/processutils.py:440}}
Aug 05 22:42:02.560082 np0000006587 devstack@n-api.service[87573]: DEBUG oslo_concurrency.processutils [None req-79a7ed48-6036-4ba8-9bc5-ce90078b717b None None] Running cmd (subprocess): grep -F node.session.scan /sbin/iscsiadm {{(pid=87573) execute /opt/stack/data/venv/lib/python3.12/site-packages/oslo_concurrency/processutils.py:440}}
Aug 05 22:42:02.560343 np0000006587 devstack@n-api.service[87572]: DEBUG oslo_concurrency.processutils [None req-bb5c80b6-1642-4c6b-9efe-0ee283c4b1c5 None None] Running cmd (subprocess): grep -F node.session.scan /sbin/iscsiadm {{(pid=87572) execute /opt/stack/data/venv/lib/python3.12/site-packages/oslo_concurrency/processutils.py:440}}
Aug 05 22:42:02.571602 np0000006587 devstack@n-api.service[87574]: DEBUG oslo_concurrency.processutils [None req-1475c35e-3b78-464d-8057-22b1dbdca3c6 None None] CMD "grep -F node.session.scan /sbin/iscsiadm" returned: 0 in 0.013s {{(pid=87574) execute /opt/stack/data/venv/lib/python3.12/site-packages/oslo_concurrency/processutils.py:468}}
Aug 05 22:42:02.572112 np0000006587 devstack@n-api.service[87572]: DEBUG oslo_concurrency.processutils [None req-bb5c80b6-1642-4c6b-9efe-0ee283c4b1c5 None None] CMD "grep -F node.session.scan /sbin/iscsiadm" returned: 0 in 0.012s {{(pid=87572) execute /opt/stack/data/venv/lib/python3.12/site-packages/oslo_concurrency/processutils.py:468}}
Aug 05 22:42:02.572565 np0000006587 devstack@n-api.service[87573]: DEBUG oslo_concurrency.processutils [None req-79a7ed48-6036-4ba8-9bc5-ce90078b717b None None] CMD "grep -F node.session.scan /sbin/iscsiadm" returned: 0 in 0.013s {{(pid=87573) execute /opt/stack/data/venv/lib/python3.12/site-packages/oslo_concurrency/processutils.py:468}}
Aug 05 22:42:03.129236 np0000006587 devstack@n-api.service[87573]: DEBUG nova.api.openstack.wsgi_app [None req-79a7ed48-6036-4ba8-9bc5-ce90078b717b None None] ******************************************************************************** {{(pid=87573) log_opt_values /opt/stack/data/venv/lib/python3.12/site-packages/oslo_config/cfg.py:3518}}
Aug 05 22:42:03.129806 np0000006587 devstack@n-api.service[87573]: DEBUG nova.api.openstack.wsgi_app [None req-79a7ed48-6036-4ba8-9bc5-ce90078b717b None None] Configuration options gathered from: {{(pid=87573) log_opt_values /opt/stack/data/venv/lib/python3.12/site-packages/oslo_config/cfg.py:3519}}
Aug 05 22:42:03.129806 np0000006587 devstack@n-api.service[87573]: DEBUG nova.api.openstack.wsgi_app [None req-79a7ed48-6036-4ba8-9bc5-ce90078b717b None None] command line args: [] {{(pid=87573) log_opt_values /opt/stack/data/venv/lib/python3.12/site-packages/oslo_config/cfg.py:3520}}
Aug 05 22:42:03.129806 np0000006587 devstack@n-api.service[87573]: DEBUG nova.api.openstack.wsgi_app [None req-79a7ed48-6036-4ba8-9bc5-ce90078b717b None None] config files: ['/etc/nova/api-paste.ini', '/etc/nova/nova.conf'] {{(pid=87573) log_opt_values /opt/stack/data/venv/lib/python3.12/site-packages/oslo_config/cfg.py:3521}}
Aug 05 22:42:03.129961 np0000006587 devstack@n-api.service[87573]: DEBUG nova.api.openstack.wsgi_app [None req-79a7ed48-6036-4ba8-9bc5-ce90078b717b None None] ================================================================================ {{(pid=87573) log_opt_values /opt/stack/data/venv/lib/python3.12/site-packages/oslo_config/cfg.py:3526}}
Aug 05 22:42:03.130125 np0000006587 devstack@n-api.service[87573]: DEBUG nova.api.openstack.wsgi_app [None req-79a7ed48-6036-4ba8-9bc5-ce90078b717b None None] allow_resize_to_same_host = True {{(pid=87573) log_opt_values /opt/stack/data/venv/lib/python3.12/site-packages/oslo_config/cfg.py:3534}}
Aug 05 22:42:03.130229 np0000006587 devstack@n-api.service[87573]: DEBUG nova.api.openstack.wsgi_app [None req-79a7ed48-6036-4ba8-9bc5-ce90078b717b None None] arq_binding_timeout = 300 {{(pid=87573) log_opt_values /opt/stack/data/venv/lib/python3.12/site-packages/oslo_config/cfg.py:3534}}
Aug 05 22:42:03.130345 np0000006587 devstack@n-api.service[87573]: DEBUG nova.api.openstack.wsgi_app [None req-79a7ed48-6036-4ba8-9bc5-ce90078b717b None None] block_device_allocate_retries = 60 {{(pid=87573) log_opt_values /opt/stack/data/venv/lib/python3.12/site-packages/oslo_config/cfg.py:3534}}
Aug 05 22:42:03.130457 np0000006587 devstack@n-api.service[87573]: DEBUG nova.api.openstack.wsgi_app [None req-79a7ed48-6036-4ba8-9bc5-ce90078b717b None None] block_device_allocate_retries_interval = 3 {{(pid=87573) log_opt_values /opt/stack/data/venv/lib/python3.12/site-packages/oslo_config/cfg.py:3534}}
Aug 05 22:42:03.130582 np0000006587 devstack@n-api.service[87573]: DEBUG nova.api.openstack.wsgi_app [None req-79a7ed48-6036-4ba8-9bc5-ce90078b717b None None] cell_worker_thread_pool_size = 5 {{(pid=87573) log_opt_values /opt/stack/data/venv/lib/python3.12/site-packages/oslo_config/cfg.py:3534}}
Aug 05 22:42:03.130701 np0000006587 devstack@n-api.service[87573]: DEBUG nova.api.openstack.wsgi_app [None req-79a7ed48-6036-4ba8-9bc5-ce90078b717b None None] cert = self.pem {{(pid=87573) log_opt_values /opt/stack/data/venv/lib/python3.12/site-packages/oslo_config/cfg.py:3534}}
Aug 05 22:42:03.130860 np0000006587 devstack@n-api.service[87573]: DEBUG nova.api.openstack.wsgi_app [None req-79a7ed48-6036-4ba8-9bc5-ce90078b717b None None] compute_driver = libvirt.LibvirtDriver {{(pid=87573) log_opt_values /opt/stack/data/venv/lib/python3.12/site-packages/oslo_config/cfg.py:3534}}
Aug 05 22:42:03.130975 np0000006587 devstack@n-api.service[87573]: DEBUG nova.api.openstack.wsgi_app [None req-79a7ed48-6036-4ba8-9bc5-ce90078b717b None None] compute_monitors = [] {{(pid=87573) log_opt_values /opt/stack/data/venv/lib/python3.12/site-packages/oslo_config/cfg.py:3534}}
Aug 05 22:42:03.131129 np0000006587 devstack@n-api.service[87573]: DEBUG nova.api.openstack.wsgi_app [None req-79a7ed48-6036-4ba8-9bc5-ce90078b717b None None] concurrency_backend = auto {{(pid=87573) log_opt_values /opt/stack/data/venv/lib/python3.12/site-packages/oslo_config/cfg.py:3534}}
Aug 05 22:42:03.131247 np0000006587 devstack@n-api.service[87573]: DEBUG nova.api.openstack.wsgi_app [None req-79a7ed48-6036-4ba8-9bc5-ce90078b717b None None] config_dir = [] {{(pid=87573) log_opt_values /opt/stack/data/venv/lib/python3.12/site-packages/oslo_config/cfg.py:3534}}
Aug 05 22:42:03.131372 np0000006587 devstack@n-api.service[87573]: DEBUG nova.api.openstack.wsgi_app [None req-79a7ed48-6036-4ba8-9bc5-ce90078b717b None None] config_drive_format = iso9660 {{(pid=87573) log_opt_values /opt/stack/data/venv/lib/python3.12/site-packages/oslo_config/cfg.py:3534}}
Aug 05 22:42:03.131467 np0000006587 devstack@n-api.service[87573]: DEBUG nova.api.openstack.wsgi_app [None req-79a7ed48-6036-4ba8-9bc5-ce90078b717b None None] config_file = ['/etc/nova/api-paste.ini', '/etc/nova/nova.conf'] {{(pid=87573) log_opt_values /opt/stack/data/venv/lib/python3.12/site-packages/oslo_config/cfg.py:3534}}
Aug 05 22:42:03.131585 np0000006587 devstack@n-api.service[87573]: DEBUG nova.api.openstack.wsgi_app [None req-79a7ed48-6036-4ba8-9bc5-ce90078b717b None None] config_source = [] {{(pid=87573) log_opt_values /opt/stack/data/venv/lib/python3.12/site-packages/oslo_config/cfg.py:3534}}
Aug 05 22:42:03.131712 np0000006587 devstack@n-api.service[87573]: DEBUG nova.api.openstack.wsgi_app [None req-79a7ed48-6036-4ba8-9bc5-ce90078b717b None None] console_host = np0000006587 {{(pid=87573) log_opt_values /opt/stack/data/venv/lib/python3.12/site-packages/oslo_config/cfg.py:3534}}
Aug 05 22:42:03.131878 np0000006587 devstack@n-api.service[87573]: DEBUG nova.api.openstack.wsgi_app [None req-79a7ed48-6036-4ba8-9bc5-ce90078b717b None None] control_exchange = nova {{(pid=87573) log_opt_values /opt/stack/data/venv/lib/python3.12/site-packages/oslo_config/cfg.py:3534}}
Aug 05 22:42:03.131995 np0000006587 devstack@n-api.service[87573]: DEBUG nova.api.openstack.wsgi_app [None req-79a7ed48-6036-4ba8-9bc5-ce90078b717b None None] cpu_allocation_ratio = None {{(pid=87573) log_opt_values /opt/stack/data/venv/lib/python3.12/site-packages/oslo_config/cfg.py:3534}}
Aug 05 22:42:03.132140 np0000006587 devstack@n-api.service[87573]: DEBUG nova.api.openstack.wsgi_app [None req-79a7ed48-6036-4ba8-9bc5-ce90078b717b None None] daemon = False {{(pid=87573) log_opt_values /opt/stack/data/venv/lib/python3.12/site-packages/oslo_config/cfg.py:3534}}
Aug 05 22:42:03.132263 np0000006587 devstack@n-api.service[87573]: DEBUG nova.api.openstack.wsgi_app [None req-79a7ed48-6036-4ba8-9bc5-ce90078b717b None None] debug = True {{(pid=87573) log_opt_values /opt/stack/data/venv/lib/python3.12/site-packages/oslo_config/cfg.py:3534}}
Aug 05 22:42:03.132380 np0000006587 devstack@n-api.service[87573]: DEBUG nova.api.openstack.wsgi_app [None req-79a7ed48-6036-4ba8-9bc5-ce90078b717b None None] default_access_ip_network_name = None {{(pid=87573) log_opt_values /opt/stack/data/venv/lib/python3.12/site-packages/oslo_config/cfg.py:3534}}
Aug 05 22:42:03.132500 np0000006587 devstack@n-api.service[87573]: DEBUG nova.api.openstack.wsgi_app [None req-79a7ed48-6036-4ba8-9bc5-ce90078b717b None None] default_availability_zone = nova {{(pid=87573) log_opt_values /opt/stack/data/venv/lib/python3.12/site-packages/oslo_config/cfg.py:3534}}
Aug 05 22:42:03.132621 np0000006587 devstack@n-api.service[87573]: DEBUG nova.api.openstack.wsgi_app [None req-79a7ed48-6036-4ba8-9bc5-ce90078b717b None None] default_ephemeral_format = ext4 {{(pid=87573) log_opt_values /opt/stack/data/venv/lib/python3.12/site-packages/oslo_config/cfg.py:3534}}
Aug 05 22:42:03.132758 np0000006587 devstack@n-api.service[87573]: DEBUG nova.api.openstack.wsgi_app [None req-79a7ed48-6036-4ba8-9bc5-ce90078b717b None None] default_green_pool_size = 1000 {{(pid=87573) log_opt_values /opt/stack/data/venv/lib/python3.12/site-packages/oslo_config/cfg.py:3534}}
Aug 05 22:42:03.132972 np0000006587 devstack@n-api.service[87573]: DEBUG nova.api.openstack.wsgi_app [None req-79a7ed48-6036-4ba8-9bc5-ce90078b717b None None] default_log_levels = ['amqp=WARN', 'boto=WARN', 'sqlalchemy=WARN', 'suds=INFO', 'oslo.messaging=INFO', 'oslo_messaging=INFO', 'iso8601=WARN', 'requests.packages.urllib3.connectionpool=WARN', 'urllib3.connectionpool=WARN', 'websocket=WARN', 'requests.packages.urllib3.util.retry=WARN', 'urllib3.util.retry=WARN', 'keystonemiddleware=WARN', 'routes.middleware=WARN', 'stevedore=WARN', 'taskflow=WARN', 'keystoneauth=WARN', 'oslo.cache=INFO', 'oslo_policy=INFO', 'dogpile.core.dogpile=INFO', 'glanceclient=WARN', 'oslo.privsep.daemon=INFO'] {{(pid=87573) log_opt_values /opt/stack/data/venv/lib/python3.12/site-packages/oslo_config/cfg.py:3534}}
Aug 05 22:42:03.133099 np0000006587 devstack@n-api.service[87573]: DEBUG nova.api.openstack.wsgi_app [None req-79a7ed48-6036-4ba8-9bc5-ce90078b717b None None] default_schedule_zone = None {{(pid=87573) log_opt_values /opt/stack/data/venv/lib/python3.12/site-packages/oslo_config/cfg.py:3534}}
Aug 05 22:42:03.133214 np0000006587 devstack@n-api.service[87573]: DEBUG nova.api.openstack.wsgi_app [None req-79a7ed48-6036-4ba8-9bc5-ce90078b717b None None] default_thread_pool_size = 10 {{(pid=87573) log_opt_values /opt/stack/data/venv/lib/python3.12/site-packages/oslo_config/cfg.py:3534}}
Aug 05 22:42:03.133337 np0000006587 devstack@n-api.service[87573]: DEBUG nova.api.openstack.wsgi_app [None req-79a7ed48-6036-4ba8-9bc5-ce90078b717b None None] disk_allocation_ratio = None {{(pid=87573) log_opt_values /opt/stack/data/venv/lib/python3.12/site-packages/oslo_config/cfg.py:3534}}
Aug 05 22:42:03.133455 np0000006587 devstack@n-api.service[87573]: DEBUG nova.api.openstack.wsgi_app [None req-79a7ed48-6036-4ba8-9bc5-ce90078b717b None None] enable_new_services = True {{(pid=87573) log_opt_values /opt/stack/data/venv/lib/python3.12/site-packages/oslo_config/cfg.py:3534}}
Aug 05 22:42:03.133568 np0000006587 devstack@n-api.service[87573]: DEBUG nova.api.openstack.wsgi_app [None req-79a7ed48-6036-4ba8-9bc5-ce90078b717b None None] flat_injected = False {{(pid=87573) log_opt_values /opt/stack/data/venv/lib/python3.12/site-packages/oslo_config/cfg.py:3534}}
Aug 05 22:42:03.133688 np0000006587 devstack@n-api.service[87573]: DEBUG nova.api.openstack.wsgi_app [None req-79a7ed48-6036-4ba8-9bc5-ce90078b717b None None] force_config_drive = True {{(pid=87573) log_opt_values /opt/stack/data/venv/lib/python3.12/site-packages/oslo_config/cfg.py:3534}}
Aug 05 22:42:03.133838 np0000006587 devstack@n-api.service[87573]: DEBUG nova.api.openstack.wsgi_app [None req-79a7ed48-6036-4ba8-9bc5-ce90078b717b None None] force_raw_images = True {{(pid=87573) log_opt_values /opt/stack/data/venv/lib/python3.12/site-packages/oslo_config/cfg.py:3534}}
Aug 05 22:42:03.133969 np0000006587 devstack@n-api.service[87573]: DEBUG nova.api.openstack.wsgi_app [None req-79a7ed48-6036-4ba8-9bc5-ce90078b717b None None] graceful_shutdown_timeout = 5 {{(pid=87573) log_opt_values /opt/stack/data/venv/lib/python3.12/site-packages/oslo_config/cfg.py:3534}}
Aug 05 22:42:03.134105 np0000006587 devstack@n-api.service[87573]: DEBUG nova.api.openstack.wsgi_app [None req-79a7ed48-6036-4ba8-9bc5-ce90078b717b None None] heal_instance_info_cache_interval = -1 {{(pid=87573) log_opt_values /opt/stack/data/venv/lib/python3.12/site-packages/oslo_config/cfg.py:3534}}
Aug 05 22:42:03.134256 np0000006587 devstack@n-api.service[87573]: DEBUG nova.api.openstack.wsgi_app [None req-79a7ed48-6036-4ba8-9bc5-ce90078b717b None None] host = np0000006587 {{(pid=87573) log_opt_values /opt/stack/data/venv/lib/python3.12/site-packages/oslo_config/cfg.py:3534}}
Aug 05 22:42:03.134385 np0000006587 devstack@n-api.service[87573]: DEBUG nova.api.openstack.wsgi_app [None req-79a7ed48-6036-4ba8-9bc5-ce90078b717b None None] initial_cpu_allocation_ratio = 4.0 {{(pid=87573) log_opt_values /opt/stack/data/venv/lib/python3.12/site-packages/oslo_config/cfg.py:3534}}
Aug 05 22:42:03.134500 np0000006587 devstack@n-api.service[87573]: DEBUG nova.api.openstack.wsgi_app [None req-79a7ed48-6036-4ba8-9bc5-ce90078b717b None None] initial_disk_allocation_ratio = 1.0 {{(pid=87573) log_opt_values /opt/stack/data/venv/lib/python3.12/site-packages/oslo_config/cfg.py:3534}}
Aug 05 22:42:03.134612 np0000006587 devstack@n-api.service[87573]: DEBUG nova.api.openstack.wsgi_app [None req-79a7ed48-6036-4ba8-9bc5-ce90078b717b None None] initial_ram_allocation_ratio = 1.0 {{(pid=87573) log_opt_values /opt/stack/data/venv/lib/python3.12/site-packages/oslo_config/cfg.py:3534}}
Aug 05 22:42:03.134800 np0000006587 devstack@n-api.service[87573]: DEBUG nova.api.openstack.wsgi_app [None req-79a7ed48-6036-4ba8-9bc5-ce90078b717b None None] injected_network_template = /opt/stack/nova/nova/virt/interfaces.template {{(pid=87573) log_opt_values /opt/stack/data/venv/lib/python3.12/site-packages/oslo_config/cfg.py:3534}}
Aug 05 22:42:03.134920 np0000006587 devstack@n-api.service[87573]: DEBUG nova.api.openstack.wsgi_app [None req-79a7ed48-6036-4ba8-9bc5-ce90078b717b None None] instance_build_timeout = 0 {{(pid=87573) log_opt_values /opt/stack/data/venv/lib/python3.12/site-packages/oslo_config/cfg.py:3534}}
Aug 05 22:42:03.135058 np0000006587 devstack@n-api.service[87573]: DEBUG nova.api.openstack.wsgi_app [None req-79a7ed48-6036-4ba8-9bc5-ce90078b717b None None] instance_delete_interval = 300 {{(pid=87573) log_opt_values /opt/stack/data/venv/lib/python3.12/site-packages/oslo_config/cfg.py:3534}}
Aug 05 22:42:03.135179 np0000006587 devstack@n-api.service[87573]: DEBUG nova.api.openstack.wsgi_app [None req-79a7ed48-6036-4ba8-9bc5-ce90078b717b None None] instance_format = [instance: %(uuid)s] {{(pid=87573) log_opt_values /opt/stack/data/venv/lib/python3.12/site-packages/oslo_config/cfg.py:3534}}
Aug 05 22:42:03.135296 np0000006587 devstack@n-api.service[87573]: DEBUG nova.api.openstack.wsgi_app [None req-79a7ed48-6036-4ba8-9bc5-ce90078b717b None None] instance_name_template = instance-%08x {{(pid=87573) log_opt_values /opt/stack/data/venv/lib/python3.12/site-packages/oslo_config/cfg.py:3534}}
Aug 05 22:42:03.135405 np0000006587 devstack@n-api.service[87573]: DEBUG nova.api.openstack.wsgi_app [None req-79a7ed48-6036-4ba8-9bc5-ce90078b717b None None] instance_usage_audit = False {{(pid=87573) log_opt_values /opt/stack/data/venv/lib/python3.12/site-packages/oslo_config/cfg.py:3534}}
Aug 05 22:42:03.135524 np0000006587 devstack@n-api.service[87573]: DEBUG nova.api.openstack.wsgi_app [None req-79a7ed48-6036-4ba8-9bc5-ce90078b717b None None] instance_usage_audit_period = month {{(pid=87573) log_opt_values /opt/stack/data/venv/lib/python3.12/site-packages/oslo_config/cfg.py:3534}}
Aug 05 22:42:03.135638 np0000006587 devstack@n-api.service[87573]: DEBUG nova.api.openstack.wsgi_app [None req-79a7ed48-6036-4ba8-9bc5-ce90078b717b None None] instance_uuid_format = [instance: %(uuid)s] {{(pid=87573) log_opt_values /opt/stack/data/venv/lib/python3.12/site-packages/oslo_config/cfg.py:3534}}
Aug 05 22:42:03.135790 np0000006587 devstack@n-api.service[87573]: DEBUG nova.api.openstack.wsgi_app [None req-79a7ed48-6036-4ba8-9bc5-ce90078b717b None None] instances_path = /opt/stack/data/nova/instances {{(pid=87573) log_opt_values /opt/stack/data/venv/lib/python3.12/site-packages/oslo_config/cfg.py:3534}}
Aug 05 22:42:03.135913 np0000006587 devstack@n-api.service[87573]: DEBUG nova.api.openstack.wsgi_app [None req-79a7ed48-6036-4ba8-9bc5-ce90078b717b None None] internal_service_availability_zone = internal {{(pid=87573) log_opt_values /opt/stack/data/venv/lib/python3.12/site-packages/oslo_config/cfg.py:3534}}
Aug 05 22:42:03.136037 np0000006587 devstack@n-api.service[87573]: DEBUG nova.api.openstack.wsgi_app [None req-79a7ed48-6036-4ba8-9bc5-ce90078b717b None None] key = None {{(pid=87573) log_opt_values /opt/stack/data/venv/lib/python3.12/site-packages/oslo_config/cfg.py:3534}}
Aug 05 22:42:03.136151 np0000006587 devstack@n-api.service[87573]: DEBUG nova.api.openstack.wsgi_app [None req-79a7ed48-6036-4ba8-9bc5-ce90078b717b None None] live_migration_retry_count = 30 {{(pid=87573) log_opt_values /opt/stack/data/venv/lib/python3.12/site-packages/oslo_config/cfg.py:3534}}
Aug 05 22:42:03.136269 np0000006587 devstack@n-api.service[87573]: DEBUG nova.api.openstack.wsgi_app [None req-79a7ed48-6036-4ba8-9bc5-ce90078b717b None None] log_color = False {{(pid=87573) log_opt_values /opt/stack/data/venv/lib/python3.12/site-packages/oslo_config/cfg.py:3534}}
Aug 05 22:42:03.136384 np0000006587 devstack@n-api.service[87573]: DEBUG nova.api.openstack.wsgi_app [None req-79a7ed48-6036-4ba8-9bc5-ce90078b717b None None] log_config_append = None {{(pid=87573) log_opt_values /opt/stack/data/venv/lib/python3.12/site-packages/oslo_config/cfg.py:3534}}
Aug 05 22:42:03.136499 np0000006587 devstack@n-api.service[87573]: DEBUG nova.api.openstack.wsgi_app [None req-79a7ed48-6036-4ba8-9bc5-ce90078b717b None None] log_date_format = %Y-%m-%d %H:%M:%S {{(pid=87573) log_opt_values /opt/stack/data/venv/lib/python3.12/site-packages/oslo_config/cfg.py:3534}}
Aug 05 22:42:03.136611 np0000006587 devstack@n-api.service[87573]: DEBUG nova.api.openstack.wsgi_app [None req-79a7ed48-6036-4ba8-9bc5-ce90078b717b None None] log_dir = None {{(pid=87573) log_opt_values /opt/stack/data/venv/lib/python3.12/site-packages/oslo_config/cfg.py:3534}}
Aug 05 22:42:03.136730 np0000006587 devstack@n-api.service[87573]: DEBUG nova.api.openstack.wsgi_app [None req-79a7ed48-6036-4ba8-9bc5-ce90078b717b None None] log_file = None {{(pid=87573) log_opt_values /opt/stack/data/venv/lib/python3.12/site-packages/oslo_config/cfg.py:3534}}
Aug 05 22:42:03.136872 np0000006587 devstack@n-api.service[87573]: DEBUG nova.api.openstack.wsgi_app [None req-79a7ed48-6036-4ba8-9bc5-ce90078b717b None None] log_options = True {{(pid=87573) log_opt_values /opt/stack/data/venv/lib/python3.12/site-packages/oslo_config/cfg.py:3534}}
