Aug 05 22:42:47.571816 np0000006587 nova-scheduler[96683]: DEBUG cotyledon.oslo_config_glue [-] workarounds.never_download_image_if_on_rbd = False {{(pid=96683) log_opt_values /opt/stack/data/venv/lib/python3.12/site-packages/oslo_config/cfg.py:3545}}
Aug 05 22:42:47.571816 np0000006587 nova-scheduler[96683]: DEBUG cotyledon.oslo_config_glue [-] workarounds.qemu_monitor_announce_self_count = 3 {{(pid=96683) log_opt_values /opt/stack/data/venv/lib/python3.12/site-packages/oslo_config/cfg.py:3545}}
Aug 05 22:42:47.571816 np0000006587 nova-scheduler[96683]: DEBUG cotyledon.oslo_config_glue [-] workarounds.qemu_monitor_announce_self_interval = 1 {{(pid=96683) log_opt_values /opt/stack/data/venv/lib/python3.12/site-packages/oslo_config/cfg.py:3545}}
Aug 05 22:42:47.571816 np0000006587 nova-scheduler[96683]: DEBUG cotyledon.oslo_config_glue [-] workarounds.reserve_disk_resource_for_image_cache = False {{(pid=96683) log_opt_values /opt/stack/data/venv/lib/python3.12/site-packages/oslo_config/cfg.py:3545}}
Aug 05 22:42:47.571816 np0000006587 nova-scheduler[96683]: DEBUG cotyledon.oslo_config_glue [-] workarounds.skip_cpu_compare_at_startup = False {{(pid=96683) log_opt_values /opt/stack/data/venv/lib/python3.12/site-packages/oslo_config/cfg.py:3545}}
Aug 05 22:42:47.572026 np0000006587 nova-scheduler[96683]: DEBUG cotyledon.oslo_config_glue [-] workarounds.skip_cpu_compare_on_dest = False {{(pid=96683) log_opt_values /opt/stack/data/venv/lib/python3.12/site-packages/oslo_config/cfg.py:3545}}
Aug 05 22:42:47.572026 np0000006587 nova-scheduler[96683]: DEBUG cotyledon.oslo_config_glue [-] workarounds.skip_hypervisor_version_check_on_lm = False {{(pid=96683) log_opt_values /opt/stack/data/venv/lib/python3.12/site-packages/oslo_config/cfg.py:3545}}
Aug 05 22:42:47.572026 np0000006587 nova-scheduler[96683]: DEBUG cotyledon.oslo_config_glue [-] workarounds.skip_reserve_in_use_ironic_nodes = False {{(pid=96683) log_opt_values /opt/stack/data/venv/lib/python3.12/site-packages/oslo_config/cfg.py:3545}}
Aug 05 22:42:47.572026 np0000006587 nova-scheduler[96683]: DEBUG cotyledon.oslo_config_glue [-] workarounds.unified_limits_count_pcpu_as_vcpu = False {{(pid=96683) log_opt_values /opt/stack/data/venv/lib/python3.12/site-packages/oslo_config/cfg.py:3545}}
Aug 05 22:42:47.572026 np0000006587 nova-scheduler[96683]: DEBUG cotyledon.oslo_config_glue [-] workarounds.wait_for_vif_plugged_event_during_hard_reboot = [] {{(pid=96683) log_opt_values /opt/stack/data/venv/lib/python3.12/site-packages/oslo_config/cfg.py:3545}}
Aug 05 22:42:47.572026 np0000006587 nova-scheduler[96683]: DEBUG cotyledon.oslo_config_glue [-] wsgi.api_paste_config = /etc/nova/api-paste.ini {{(pid=96683) log_opt_values /opt/stack/data/venv/lib/python3.12/site-packages/oslo_config/cfg.py:3545}}
Aug 05 22:42:47.572026 np0000006587 nova-scheduler[96683]: DEBUG cotyledon.oslo_config_glue [-] wsgi.secure_proxy_ssl_header = None {{(pid=96683) log_opt_values /opt/stack/data/venv/lib/python3.12/site-packages/oslo_config/cfg.py:3545}}
Aug 05 22:42:47.572026 np0000006587 nova-scheduler[96683]: DEBUG cotyledon.oslo_config_glue [-] zvm.ca_file = None {{(pid=96683) log_opt_values /opt/stack/data/venv/lib/python3.12/site-packages/oslo_config/cfg.py:3545}}
Aug 05 22:42:47.572026 np0000006587 nova-scheduler[96683]: DEBUG cotyledon.oslo_config_glue [-] zvm.cloud_connector_url = None {{(pid=96683) log_opt_values /opt/stack/data/venv/lib/python3.12/site-packages/oslo_config/cfg.py:3545}}
Aug 05 22:42:47.572253 np0000006587 nova-scheduler[96683]: DEBUG cotyledon.oslo_config_glue [-] zvm.image_tmp_path = /opt/stack/data/nova/images {{(pid=96683) log_opt_values /opt/stack/data/venv/lib/python3.12/site-packages/oslo_config/cfg.py:3545}}
Aug 05 22:42:47.572253 np0000006587 nova-scheduler[96683]: DEBUG cotyledon.oslo_config_glue [-] zvm.reachable_timeout = 300 {{(pid=96683) log_opt_values /opt/stack/data/venv/lib/python3.12/site-packages/oslo_config/cfg.py:3545}}
Aug 05 22:42:47.572253 np0000006587 nova-scheduler[96683]: DEBUG cotyledon.oslo_config_glue [-] oslo_versionedobjects.fatal_exception_format_errors = False {{(pid=96683) log_opt_values /opt/stack/data/venv/lib/python3.12/site-packages/oslo_config/cfg.py:3545}}
Aug 05 22:42:47.572253 np0000006587 nova-scheduler[96683]: DEBUG cotyledon.oslo_config_glue [-] oslo_middleware.http_basic_auth_user_file = /etc/htpasswd {{(pid=96683) log_opt_values /opt/stack/data/venv/lib/python3.12/site-packages/oslo_config/cfg.py:3545}}
Aug 05 22:42:47.572253 np0000006587 nova-scheduler[96683]: DEBUG cotyledon.oslo_config_glue [-] oslo_messaging_metrics.metrics_buffer_size = 1000 {{(pid=96683) log_opt_values /opt/stack/data/venv/lib/python3.12/site-packages/oslo_config/cfg.py:3545}}
Aug 05 22:42:47.572253 np0000006587 nova-scheduler[96683]: DEBUG cotyledon.oslo_config_glue [-] oslo_messaging_metrics.metrics_enabled = False {{(pid=96683) log_opt_values /opt/stack/data/venv/lib/python3.12/site-packages/oslo_config/cfg.py:3545}}
Aug 05 22:42:47.572253 np0000006587 nova-scheduler[96683]: DEBUG cotyledon.oslo_config_glue [-] oslo_messaging_metrics.metrics_process_name = {{(pid=96683) log_opt_values /opt/stack/data/venv/lib/python3.12/site-packages/oslo_config/cfg.py:3545}}
Aug 05 22:42:47.572253 np0000006587 nova-scheduler[96683]: DEBUG cotyledon.oslo_config_glue [-] oslo_messaging_metrics.metrics_socket_file = /var/tmp/metrics_collector.sock {{(pid=96683) log_opt_values /opt/stack/data/venv/lib/python3.12/site-packages/oslo_config/cfg.py:3545}}
Aug 05 22:42:47.572417 np0000006587 nova-scheduler[96683]: DEBUG cotyledon.oslo_config_glue [-] oslo_messaging_metrics.metrics_thread_stop_timeout = 10 {{(pid=96683) log_opt_values /opt/stack/data/venv/lib/python3.12/site-packages/oslo_config/cfg.py:3545}}
Aug 05 22:42:47.572417 np0000006587 nova-scheduler[96683]: DEBUG cotyledon.oslo_config_glue [-] profiler.connection_string = messaging:// {{(pid=96683) log_opt_values /opt/stack/data/venv/lib/python3.12/site-packages/oslo_config/cfg.py:3545}}
Aug 05 22:42:47.572417 np0000006587 nova-scheduler[96683]: DEBUG cotyledon.oslo_config_glue [-] profiler.enabled = False {{(pid=96683) log_opt_values /opt/stack/data/venv/lib/python3.12/site-packages/oslo_config/cfg.py:3545}}
Aug 05 22:42:47.572417 np0000006587 nova-scheduler[96683]: DEBUG cotyledon.oslo_config_glue [-] profiler.es_doc_type = notification {{(pid=96683) log_opt_values /opt/stack/data/venv/lib/python3.12/site-packages/oslo_config/cfg.py:3545}}
Aug 05 22:42:47.572417 np0000006587 nova-scheduler[96683]: DEBUG cotyledon.oslo_config_glue [-] profiler.es_scroll_size = 10000 {{(pid=96683) log_opt_values /opt/stack/data/venv/lib/python3.12/site-packages/oslo_config/cfg.py:3545}}
Aug 05 22:42:47.572417 np0000006587 nova-scheduler[96683]: DEBUG cotyledon.oslo_config_glue [-] profiler.es_scroll_time = 2m {{(pid=96683) log_opt_values /opt/stack/data/venv/lib/python3.12/site-packages/oslo_config/cfg.py:3545}}
Aug 05 22:42:47.572417 np0000006587 nova-scheduler[96683]: DEBUG cotyledon.oslo_config_glue [-] profiler.filter_error_trace = False {{(pid=96683) log_opt_values /opt/stack/data/venv/lib/python3.12/site-packages/oslo_config/cfg.py:3545}}
Aug 05 22:42:47.572417 np0000006587 nova-scheduler[96683]: DEBUG cotyledon.oslo_config_glue [-] profiler.hmac_keys = **** {{(pid=96683) log_opt_values /opt/stack/data/venv/lib/python3.12/site-packages/oslo_config/cfg.py:3545}}
Aug 05 22:42:47.572563 np0000006587 nova-scheduler[96687]: INFO dbcounter [None req-c785267a-44ab-47f3-92ba-c148a5b4baca None None] Registered counter for database nova_cell0
Aug 05 22:42:47.572589 np0000006587 nova-scheduler[96683]: DEBUG cotyledon.oslo_config_glue [-] profiler.sentinel_service_name = mymaster {{(pid=96683) log_opt_values /opt/stack/data/venv/lib/python3.12/site-packages/oslo_config/cfg.py:3545}}
Aug 05 22:42:47.572589 np0000006587 nova-scheduler[96683]: DEBUG cotyledon.oslo_config_glue [-] profiler.socket_timeout = 0.1 {{(pid=96683) log_opt_values /opt/stack/data/venv/lib/python3.12/site-packages/oslo_config/cfg.py:3545}}
Aug 05 22:42:47.572589 np0000006587 nova-scheduler[96683]: DEBUG cotyledon.oslo_config_glue [-] profiler.trace_requests = False {{(pid=96683) log_opt_values /opt/stack/data/venv/lib/python3.12/site-packages/oslo_config/cfg.py:3545}}
Aug 05 22:42:47.572589 np0000006587 nova-scheduler[96683]: DEBUG cotyledon.oslo_config_glue [-] profiler.trace_sqlalchemy = False {{(pid=96683) log_opt_values /opt/stack/data/venv/lib/python3.12/site-packages/oslo_config/cfg.py:3545}}
Aug 05 22:42:47.572589 np0000006587 nova-scheduler[96683]: DEBUG cotyledon.oslo_config_glue [-] profiler_jaeger.process_tags = {} {{(pid=96683) log_opt_values /opt/stack/data/venv/lib/python3.12/site-packages/oslo_config/cfg.py:3545}}
Aug 05 22:42:47.572589 np0000006587 nova-scheduler[96683]: DEBUG cotyledon.oslo_config_glue [-] profiler_jaeger.service_name_prefix = None {{(pid=96683) log_opt_values /opt/stack/data/venv/lib/python3.12/site-packages/oslo_config/cfg.py:3545}}
Aug 05 22:42:47.572589 np0000006587 nova-scheduler[96683]: DEBUG cotyledon.oslo_config_glue [-] profiler_otlp.service_name_prefix = None {{(pid=96683) log_opt_values /opt/stack/data/venv/lib/python3.12/site-packages/oslo_config/cfg.py:3545}}
Aug 05 22:42:47.572589 np0000006587 nova-scheduler[96683]: DEBUG cotyledon.oslo_config_glue [-] oslo_messaging_rabbit.amqp_auto_delete = False {{(pid=96683) log_opt_values /opt/stack/data/venv/lib/python3.12/site-packages/oslo_config/cfg.py:3545}}
Aug 05 22:42:47.572589 np0000006587 nova-scheduler[96683]: DEBUG cotyledon.oslo_config_glue [-] oslo_messaging_rabbit.amqp_durable_queues = False {{(pid=96683) log_opt_values /opt/stack/data/venv/lib/python3.12/site-packages/oslo_config/cfg.py:3545}}
Aug 05 22:42:47.572753 np0000006587 nova-scheduler[96683]: DEBUG cotyledon.oslo_config_glue [-] oslo_messaging_rabbit.conn_pool_min_size = 2 {{(pid=96683) log_opt_values /opt/stack/data/venv/lib/python3.12/site-packages/oslo_config/cfg.py:3545}}
Aug 05 22:42:47.572753 np0000006587 nova-scheduler[96683]: DEBUG cotyledon.oslo_config_glue [-] oslo_messaging_rabbit.conn_pool_ttl = 1200 {{(pid=96683) log_opt_values /opt/stack/data/venv/lib/python3.12/site-packages/oslo_config/cfg.py:3545}}
Aug 05 22:42:47.572753 np0000006587 nova-scheduler[96683]: DEBUG cotyledon.oslo_config_glue [-] oslo_messaging_rabbit.direct_mandatory_flag = True {{(pid=96683) log_opt_values /opt/stack/data/venv/lib/python3.12/site-packages/oslo_config/cfg.py:3545}}
Aug 05 22:42:47.572753 np0000006587 nova-scheduler[96683]: DEBUG cotyledon.oslo_config_glue [-] oslo_messaging_rabbit.enable_cancel_on_failover = False {{(pid=96683) log_opt_values /opt/stack/data/venv/lib/python3.12/site-packages/oslo_config/cfg.py:3545}}
Aug 05 22:42:47.572753 np0000006587 nova-scheduler[96683]: DEBUG cotyledon.oslo_config_glue [-] oslo_messaging_rabbit.heartbeat_rate = 3 {{(pid=96683) log_opt_values /opt/stack/data/venv/lib/python3.12/site-packages/oslo_config/cfg.py:3545}}
Aug 05 22:42:47.572753 np0000006587 nova-scheduler[96683]: DEBUG cotyledon.oslo_config_glue [-] oslo_messaging_rabbit.heartbeat_timeout_threshold = 60 {{(pid=96683) log_opt_values /opt/stack/data/venv/lib/python3.12/site-packages/oslo_config/cfg.py:3545}}
Aug 05 22:42:47.572753 np0000006587 nova-scheduler[96683]: DEBUG cotyledon.oslo_config_glue [-] oslo_messaging_rabbit.hostname = np0000006587 {{(pid=96683) log_opt_values /opt/stack/data/venv/lib/python3.12/site-packages/oslo_config/cfg.py:3545}}
Aug 05 22:42:47.572753 np0000006587 nova-scheduler[96683]: DEBUG cotyledon.oslo_config_glue [-] oslo_messaging_rabbit.kombu_compression = None {{(pid=96683) log_opt_values /opt/stack/data/venv/lib/python3.12/site-packages/oslo_config/cfg.py:3545}}
Aug 05 22:42:47.572753 np0000006587 nova-scheduler[96683]: DEBUG cotyledon.oslo_config_glue [-] oslo_messaging_rabbit.kombu_failover_strategy = round-robin {{(pid=96683) log_opt_values /opt/stack/data/venv/lib/python3.12/site-packages/oslo_config/cfg.py:3545}}
Aug 05 22:42:47.572935 np0000006587 nova-scheduler[96683]: DEBUG cotyledon.oslo_config_glue [-] oslo_messaging_rabbit.kombu_missing_consumer_retry_timeout = 60 {{(pid=96683) log_opt_values /opt/stack/data/venv/lib/python3.12/site-packages/oslo_config/cfg.py:3545}}
Aug 05 22:42:47.572935 np0000006587 nova-scheduler[96683]: DEBUG cotyledon.oslo_config_glue [-] oslo_messaging_rabbit.kombu_reconnect_delay = 1.0 {{(pid=96683) log_opt_values /opt/stack/data/venv/lib/python3.12/site-packages/oslo_config/cfg.py:3545}}
Aug 05 22:42:47.572935 np0000006587 nova-scheduler[96683]: DEBUG cotyledon.oslo_config_glue [-] oslo_messaging_rabbit.kombu_reconnect_splay = 0.0 {{(pid=96683) log_opt_values /opt/stack/data/venv/lib/python3.12/site-packages/oslo_config/cfg.py:3545}}
Aug 05 22:42:47.572935 np0000006587 nova-scheduler[96683]: DEBUG cotyledon.oslo_config_glue [-] oslo_messaging_rabbit.processname = nova-scheduler {{(pid=96683) log_opt_values /opt/stack/data/venv/lib/python3.12/site-packages/oslo_config/cfg.py:3545}}
Aug 05 22:42:47.572935 np0000006587 nova-scheduler[96683]: DEBUG cotyledon.oslo_config_glue [-] oslo_messaging_rabbit.rabbit_ha_queues = False {{(pid=96683) log_opt_values /opt/stack/data/venv/lib/python3.12/site-packages/oslo_config/cfg.py:3545}}
Aug 05 22:42:47.572935 np0000006587 nova-scheduler[96683]: DEBUG cotyledon.oslo_config_glue [-] oslo_messaging_rabbit.rabbit_interval_max = 30 {{(pid=96683) log_opt_values /opt/stack/data/venv/lib/python3.12/site-packages/oslo_config/cfg.py:3545}}
Aug 05 22:42:47.572935 np0000006587 nova-scheduler[96683]: DEBUG cotyledon.oslo_config_glue [-] oslo_messaging_rabbit.rabbit_login_method = AMQPLAIN {{(pid=96683) log_opt_values /opt/stack/data/venv/lib/python3.12/site-packages/oslo_config/cfg.py:3545}}
Aug 05 22:42:47.572935 np0000006587 nova-scheduler[96683]: DEBUG cotyledon.oslo_config_glue [-] oslo_messaging_rabbit.rabbit_qos_prefetch_count = 0 {{(pid=96683) log_opt_values /opt/stack/data/venv/lib/python3.12/site-packages/oslo_config/cfg.py:3545}}
Aug 05 22:42:47.572935 np0000006587 nova-scheduler[96683]: DEBUG cotyledon.oslo_config_glue [-] oslo_messaging_rabbit.rabbit_quorum_delivery_limit = 0 {{(pid=96683) log_opt_values /opt/stack/data/venv/lib/python3.12/site-packages/oslo_config/cfg.py:3545}}
Aug 05 22:42:47.573214 np0000006587 nova-scheduler[96683]: DEBUG cotyledon.oslo_config_glue [-] oslo_messaging_rabbit.rabbit_quorum_max_memory_bytes = 0 {{(pid=96683) log_opt_values /opt/stack/data/venv/lib/python3.12/site-packages/oslo_config/cfg.py:3545}}
Aug 05 22:42:47.573214 np0000006587 nova-scheduler[96683]: DEBUG cotyledon.oslo_config_glue [-] oslo_messaging_rabbit.rabbit_quorum_max_memory_length = 0 {{(pid=96683) log_opt_values /opt/stack/data/venv/lib/python3.12/site-packages/oslo_config/cfg.py:3545}}
Aug 05 22:42:47.573214 np0000006587 nova-scheduler[96683]: DEBUG cotyledon.oslo_config_glue [-] oslo_messaging_rabbit.rabbit_quorum_queue = False {{(pid=96683) log_opt_values /opt/stack/data/venv/lib/python3.12/site-packages/oslo_config/cfg.py:3545}}
Aug 05 22:42:47.573214 np0000006587 nova-scheduler[96683]: DEBUG cotyledon.oslo_config_glue [-] oslo_messaging_rabbit.rabbit_retry_backoff = 2 {{(pid=96683) log_opt_values /opt/stack/data/venv/lib/python3.12/site-packages/oslo_config/cfg.py:3545}}
Aug 05 22:42:47.573214 np0000006587 nova-scheduler[96683]: DEBUG cotyledon.oslo_config_glue [-] oslo_messaging_rabbit.rabbit_retry_interval = 1 {{(pid=96683) log_opt_values /opt/stack/data/venv/lib/python3.12/site-packages/oslo_config/cfg.py:3545}}
Aug 05 22:42:47.573214 np0000006587 nova-scheduler[96683]: DEBUG cotyledon.oslo_config_glue [-] oslo_messaging_rabbit.rabbit_stream_fanout = False {{(pid=96683) log_opt_values /opt/stack/data/venv/lib/python3.12/site-packages/oslo_config/cfg.py:3545}}
Aug 05 22:42:47.573214 np0000006587 nova-scheduler[96683]: DEBUG cotyledon.oslo_config_glue [-] oslo_messaging_rabbit.rabbit_transient_queues_ttl = 1800 {{(pid=96683) log_opt_values /opt/stack/data/venv/lib/python3.12/site-packages/oslo_config/cfg.py:3545}}
Aug 05 22:42:47.573214 np0000006587 nova-scheduler[96683]: DEBUG cotyledon.oslo_config_glue [-] oslo_messaging_rabbit.rabbit_transient_quorum_queue = False {{(pid=96683) log_opt_values /opt/stack/data/venv/lib/python3.12/site-packages/oslo_config/cfg.py:3545}}
Aug 05 22:42:47.573373 np0000006587 nova-scheduler[96683]: DEBUG cotyledon.oslo_config_glue [-] oslo_messaging_rabbit.rpc_conn_pool_size = 30 {{(pid=96683) log_opt_values /opt/stack/data/venv/lib/python3.12/site-packages/oslo_config/cfg.py:3545}}
Aug 05 22:42:47.573373 np0000006587 nova-scheduler[96683]: DEBUG cotyledon.oslo_config_glue [-] oslo_messaging_rabbit.ssl = False {{(pid=96683) log_opt_values /opt/stack/data/venv/lib/python3.12/site-packages/oslo_config/cfg.py:3545}}
Aug 05 22:42:47.573373 np0000006587 nova-scheduler[96683]: DEBUG cotyledon.oslo_config_glue [-] oslo_messaging_rabbit.ssl_ca_file = {{(pid=96683) log_opt_values /opt/stack/data/venv/lib/python3.12/site-packages/oslo_config/cfg.py:3545}}
Aug 05 22:42:47.573373 np0000006587 nova-scheduler[96683]: DEBUG cotyledon.oslo_config_glue [-] oslo_messaging_rabbit.ssl_cert_file = {{(pid=96683) log_opt_values /opt/stack/data/venv/lib/python3.12/site-packages/oslo_config/cfg.py:3545}}
Aug 05 22:42:47.573373 np0000006587 nova-scheduler[96683]: DEBUG cotyledon.oslo_config_glue [-] oslo_messaging_rabbit.ssl_enforce_fips_mode = False {{(pid=96683) log_opt_values /opt/stack/data/venv/lib/python3.12/site-packages/oslo_config/cfg.py:3545}}
Aug 05 22:42:47.573373 np0000006587 nova-scheduler[96683]: DEBUG cotyledon.oslo_config_glue [-] oslo_messaging_rabbit.ssl_enforce_hostname_verification = True {{(pid=96683) log_opt_values /opt/stack/data/venv/lib/python3.12/site-packages/oslo_config/cfg.py:3545}}
Aug 05 22:42:47.573373 np0000006587 nova-scheduler[96683]: DEBUG cotyledon.oslo_config_glue [-] oslo_messaging_rabbit.ssl_key_file = {{(pid=96683) log_opt_values /opt/stack/data/venv/lib/python3.12/site-packages/oslo_config/cfg.py:3545}}
Aug 05 22:42:47.573373 np0000006587 nova-scheduler[96683]: DEBUG cotyledon.oslo_config_glue [-] oslo_messaging_rabbit.ssl_version = {{(pid=96683) log_opt_values /opt/stack/data/venv/lib/python3.12/site-packages/oslo_config/cfg.py:3545}}
Aug 05 22:42:47.573373 np0000006587 nova-scheduler[96683]: DEBUG cotyledon.oslo_config_glue [-] oslo_messaging_rabbit.use_queue_manager = False {{(pid=96683) log_opt_values /opt/stack/data/venv/lib/python3.12/site-packages/oslo_config/cfg.py:3545}}
Aug 05 22:42:47.573570 np0000006587 nova-scheduler[96683]: DEBUG cotyledon.oslo_config_glue [-] oslo_messaging_notifications.driver = ['messagingv2'] {{(pid=96683) log_opt_values /opt/stack/data/venv/lib/python3.12/site-packages/oslo_config/cfg.py:3545}}
Aug 05 22:42:47.573570 np0000006587 nova-scheduler[96683]: DEBUG cotyledon.oslo_config_glue [-] oslo_messaging_notifications.retry = -1 {{(pid=96683) log_opt_values /opt/stack/data/venv/lib/python3.12/site-packages/oslo_config/cfg.py:3545}}
Aug 05 22:42:47.573570 np0000006587 nova-scheduler[96683]: DEBUG cotyledon.oslo_config_glue [-] oslo_messaging_notifications.topics = ['notifications'] {{(pid=96683) log_opt_values /opt/stack/data/venv/lib/python3.12/site-packages/oslo_config/cfg.py:3545}}
Aug 05 22:42:47.573570 np0000006587 nova-scheduler[96683]: DEBUG cotyledon.oslo_config_glue [-] oslo_messaging_notifications.transport_url = **** {{(pid=96683) log_opt_values /opt/stack/data/venv/lib/python3.12/site-packages/oslo_config/cfg.py:3545}}
Aug 05 22:42:47.573570 np0000006587 nova-scheduler[96683]: DEBUG cotyledon.oslo_config_glue [-] oslo_limit.auth_section = None {{(pid=96683) log_opt_values /opt/stack/data/venv/lib/python3.12/site-packages/oslo_config/cfg.py:3545}}
Aug 05 22:42:47.573570 np0000006587 nova-scheduler[96683]: DEBUG cotyledon.oslo_config_glue [-] oslo_limit.auth_type = None {{(pid=96683) log_opt_values /opt/stack/data/venv/lib/python3.12/site-packages/oslo_config/cfg.py:3545}}
Aug 05 22:42:47.573570 np0000006587 nova-scheduler[96683]: DEBUG cotyledon.oslo_config_glue [-] oslo_limit.cafile = None {{(pid=96683) log_opt_values /opt/stack/data/venv/lib/python3.12/site-packages/oslo_config/cfg.py:3545}}
Aug 05 22:42:47.573570 np0000006587 nova-scheduler[96683]: DEBUG cotyledon.oslo_config_glue [-] oslo_limit.certfile = None {{(pid=96683) log_opt_values /opt/stack/data/venv/lib/python3.12/site-packages/oslo_config/cfg.py:3545}}
Aug 05 22:42:47.573570 np0000006587 nova-scheduler[96683]: DEBUG cotyledon.oslo_config_glue [-] oslo_limit.collect_timing = False {{(pid=96683) log_opt_values /opt/stack/data/venv/lib/python3.12/site-packages/oslo_config/cfg.py:3545}}
Aug 05 22:42:47.573757 np0000006587 nova-scheduler[96683]: DEBUG cotyledon.oslo_config_glue [-] oslo_limit.connect_retries = None {{(pid=96683) log_opt_values /opt/stack/data/venv/lib/python3.12/site-packages/oslo_config/cfg.py:3545}}
Aug 05 22:42:47.573757 np0000006587 nova-scheduler[96683]: DEBUG cotyledon.oslo_config_glue [-] oslo_limit.connect_retry_delay = None {{(pid=96683) log_opt_values /opt/stack/data/venv/lib/python3.12/site-packages/oslo_config/cfg.py:3545}}
Aug 05 22:42:47.573757 np0000006587 nova-scheduler[96683]: DEBUG cotyledon.oslo_config_glue [-] oslo_limit.endpoint_id = None {{(pid=96683) log_opt_values /opt/stack/data/venv/lib/python3.12/site-packages/oslo_config/cfg.py:3545}}
Aug 05 22:42:47.573757 np0000006587 nova-scheduler[96683]: DEBUG cotyledon.oslo_config_glue [-] oslo_limit.endpoint_interface = public {{(pid=96683) log_opt_values /opt/stack/data/venv/lib/python3.12/site-packages/oslo_config/cfg.py:3545}}
Aug 05 22:42:47.573757 np0000006587 nova-scheduler[96683]: DEBUG cotyledon.oslo_config_glue [-] oslo_limit.endpoint_override = None {{(pid=96683) log_opt_values /opt/stack/data/venv/lib/python3.12/site-packages/oslo_config/cfg.py:3545}}
Aug 05 22:42:47.573757 np0000006587 nova-scheduler[96683]: DEBUG cotyledon.oslo_config_glue [-] oslo_limit.endpoint_region_name = None {{(pid=96683) log_opt_values /opt/stack/data/venv/lib/python3.12/site-packages/oslo_config/cfg.py:3545}}
Aug 05 22:42:47.573757 np0000006587 nova-scheduler[96683]: DEBUG cotyledon.oslo_config_glue [-] oslo_limit.endpoint_service_name = None {{(pid=96683) log_opt_values /opt/stack/data/venv/lib/python3.12/site-packages/oslo_config/cfg.py:3545}}
Aug 05 22:42:47.573757 np0000006587 nova-scheduler[96683]: DEBUG cotyledon.oslo_config_glue [-] oslo_limit.endpoint_service_type = None {{(pid=96683) log_opt_values /opt/stack/data/venv/lib/python3.12/site-packages/oslo_config/cfg.py:3545}}
Aug 05 22:42:47.573757 np0000006587 nova-scheduler[96683]: DEBUG cotyledon.oslo_config_glue [-] oslo_limit.insecure = False {{(pid=96683) log_opt_values /opt/stack/data/venv/lib/python3.12/site-packages/oslo_config/cfg.py:3545}}
Aug 05 22:42:47.573947 np0000006587 nova-scheduler[96683]: DEBUG cotyledon.oslo_config_glue [-] oslo_limit.keyfile = None {{(pid=96683) log_opt_values /opt/stack/data/venv/lib/python3.12/site-packages/oslo_config/cfg.py:3545}}
Aug 05 22:42:47.573947 np0000006587 nova-scheduler[96683]: DEBUG cotyledon.oslo_config_glue [-] oslo_limit.max_version = None {{(pid=96683) log_opt_values /opt/stack/data/venv/lib/python3.12/site-packages/oslo_config/cfg.py:3545}}
Aug 05 22:42:47.573947 np0000006587 nova-scheduler[96683]: DEBUG cotyledon.oslo_config_glue [-] oslo_limit.min_version = None {{(pid=96683) log_opt_values /opt/stack/data/venv/lib/python3.12/site-packages/oslo_config/cfg.py:3545}}
Aug 05 22:42:47.573947 np0000006587 nova-scheduler[96683]: DEBUG cotyledon.oslo_config_glue [-] oslo_limit.region_name = None {{(pid=96683) log_opt_values /opt/stack/data/venv/lib/python3.12/site-packages/oslo_config/cfg.py:3545}}
Aug 05 22:42:47.573947 np0000006587 nova-scheduler[96683]: DEBUG cotyledon.oslo_config_glue [-] oslo_limit.retriable_status_codes = None {{(pid=96683) log_opt_values /opt/stack/data/venv/lib/python3.12/site-packages/oslo_config/cfg.py:3545}}
Aug 05 22:42:47.573947 np0000006587 nova-scheduler[96683]: DEBUG cotyledon.oslo_config_glue [-] oslo_limit.service_name = None {{(pid=96683) log_opt_values /opt/stack/data/venv/lib/python3.12/site-packages/oslo_config/cfg.py:3545}}
Aug 05 22:42:47.573947 np0000006587 nova-scheduler[96683]: DEBUG cotyledon.oslo_config_glue [-] oslo_limit.service_type = None {{(pid=96683) log_opt_values /opt/stack/data/venv/lib/python3.12/site-packages/oslo_config/cfg.py:3545}}
Aug 05 22:42:47.573947 np0000006587 nova-scheduler[96683]: DEBUG cotyledon.oslo_config_glue [-] oslo_limit.split_loggers = False {{(pid=96683) log_opt_values /opt/stack/data/venv/lib/python3.12/site-packages/oslo_config/cfg.py:3545}}
Aug 05 22:42:47.573947 np0000006587 nova-scheduler[96683]: DEBUG cotyledon.oslo_config_glue [-] oslo_limit.status_code_retries = None {{(pid=96683) log_opt_values /opt/stack/data/venv/lib/python3.12/site-packages/oslo_config/cfg.py:3545}}
Aug 05 22:42:47.574198 np0000006587 nova-scheduler[96683]: DEBUG cotyledon.oslo_config_glue [-] oslo_limit.status_code_retry_delay = None {{(pid=96683) log_opt_values /opt/stack/data/venv/lib/python3.12/site-packages/oslo_config/cfg.py:3545}}
Aug 05 22:42:47.574198 np0000006587 nova-scheduler[96683]: DEBUG cotyledon.oslo_config_glue [-] oslo_limit.timeout = None {{(pid=96683) log_opt_values /opt/stack/data/venv/lib/python3.12/site-packages/oslo_config/cfg.py:3545}}
Aug 05 22:42:47.574198 np0000006587 nova-scheduler[96683]: DEBUG cotyledon.oslo_config_glue [-] oslo_limit.valid_interfaces = None {{(pid=96683) log_opt_values /opt/stack/data/venv/lib/python3.12/site-packages/oslo_config/cfg.py:3545}}
Aug 05 22:42:47.574198 np0000006587 nova-scheduler[96683]: DEBUG cotyledon.oslo_config_glue [-] oslo_limit.version = None {{(pid=96683) log_opt_values /opt/stack/data/venv/lib/python3.12/site-packages/oslo_config/cfg.py:3545}}
Aug 05 22:42:47.574198 np0000006587 nova-scheduler[96683]: DEBUG cotyledon.oslo_config_glue [-] oslo_reports.file_event_handler = None {{(pid=96683) log_opt_values /opt/stack/data/venv/lib/python3.12/site-packages/oslo_config/cfg.py:3545}}
Aug 05 22:42:47.574198 np0000006587 nova-scheduler[96683]: DEBUG cotyledon.oslo_config_glue [-] oslo_reports.file_event_handler_interval = 1 {{(pid=96683) log_opt_values /opt/stack/data/venv/lib/python3.12/site-packages/oslo_config/cfg.py:3545}}
Aug 05 22:42:47.574198 np0000006587 nova-scheduler[96683]: DEBUG cotyledon.oslo_config_glue [-] oslo_reports.log_dir = None {{(pid=96683) log_opt_values /opt/stack/data/venv/lib/python3.12/site-packages/oslo_config/cfg.py:3545}}
Aug 05 22:42:47.574198 np0000006587 nova-scheduler[96683]: DEBUG cotyledon.oslo_config_glue [-] ******************************************************************************** {{(pid=96683) log_opt_values /opt/stack/data/venv/lib/python3.12/site-packages/oslo_config/cfg.py:3552}}
Aug 05 22:42:47.574198 np0000006587 nova-scheduler[96683]: DEBUG cotyledon._service_worker [-] Run service ServiceWrapper(2) [96683] {{(pid=96683) wait_forever /opt/stack/data/venv/lib/python3.12/site-packages/cotyledon/_service_worker.py:218}}
Aug 05 22:42:47.574377 np0000006587 nova-scheduler[96683]: INFO nova.service [-] Starting scheduler node (version 33.1.0)
Aug 05 22:42:47.574377 np0000006587 nova-scheduler[96683]: INFO dbcounter [None req-e34019fa-1083-4d38-8af6-92c0942b8fa4 None None] Registered counter for database nova_cell0
Aug 05 22:42:47.574414 np0000006587 nova-scheduler[96676]: DEBUG oslo_db.sqlalchemy.engines [None req-79873bc4-dda7-4a37-8cde-0367f132a3a4 None None] MySQL server mode set to STRICT_TRANS_TABLES,STRICT_ALL_TABLES,NO_ZERO_IN_DATE,NO_ZERO_DATE,ERROR_FOR_DIVISION_BY_ZERO,TRADITIONAL,NO_ENGINE_SUBSTITUTION {{(pid=96676) _check_effective_sql_mode /opt/stack/data/venv/lib/python3.12/site-packages/oslo_db/sqlalchemy/engines.py:325}}
Aug 05 22:42:47.574414 np0000006587 nova-scheduler[96676]: DEBUG dbcounter [-] [96676] Writer thread running {{(pid=96676) stat_writer /opt/stack/data/venv/lib/python3.12/site-packages/dbcounter.py:102}}
Aug 05 22:42:47.577793 np0000006587 nova-scheduler[96678]: DEBUG oslo_db.sqlalchemy.engines [None req-61b0f42d-1960-41df-ad52-c79b8276df38 None None] MySQL server mode set to STRICT_TRANS_TABLES,STRICT_ALL_TABLES,NO_ZERO_IN_DATE,NO_ZERO_DATE,ERROR_FOR_DIVISION_BY_ZERO,TRADITIONAL,NO_ENGINE_SUBSTITUTION {{(pid=96678) _check_effective_sql_mode /opt/stack/data/venv/lib/python3.12/site-packages/oslo_db/sqlalchemy/engines.py:325}}
Aug 05 22:42:47.581714 np0000006587 nova-scheduler[96687]: DEBUG oslo_db.sqlalchemy.engines [None req-c785267a-44ab-47f3-92ba-c148a5b4baca None None] MySQL server mode set to STRICT_TRANS_TABLES,STRICT_ALL_TABLES,NO_ZERO_IN_DATE,NO_ZERO_DATE,ERROR_FOR_DIVISION_BY_ZERO,TRADITIONAL,NO_ENGINE_SUBSTITUTION {{(pid=96687) _check_effective_sql_mode /opt/stack/data/venv/lib/python3.12/site-packages/oslo_db/sqlalchemy/engines.py:325}}
Aug 05 22:42:47.582771 np0000006587 nova-scheduler[96676]: DEBUG nova.service [None req-79873bc4-dda7-4a37-8cde-0367f132a3a4 None None] Creating RPC server for service: nova-scheduler on topic: scheduler {{(pid=96676) start /opt/stack/nova/nova/service.py:196}}
Aug 05 22:42:47.585033 np0000006587 nova-scheduler[96683]: DEBUG oslo_db.sqlalchemy.engines [None req-e34019fa-1083-4d38-8af6-92c0942b8fa4 None None] MySQL server mode set to STRICT_TRANS_TABLES,STRICT_ALL_TABLES,NO_ZERO_IN_DATE,NO_ZERO_DATE,ERROR_FOR_DIVISION_BY_ZERO,TRADITIONAL,NO_ENGINE_SUBSTITUTION {{(pid=96683) _check_effective_sql_mode /opt/stack/data/venv/lib/python3.12/site-packages/oslo_db/sqlalchemy/engines.py:325}}
Aug 05 22:42:47.590359 np0000006587 nova-scheduler[96678]: DEBUG dbcounter [-] [96678] Writer thread running {{(pid=96678) stat_writer /opt/stack/data/venv/lib/python3.12/site-packages/dbcounter.py:102}}
Aug 05 22:42:47.593217 np0000006587 nova-scheduler[96687]: DEBUG dbcounter [-] [96687] Writer thread running {{(pid=96687) stat_writer /opt/stack/data/venv/lib/python3.12/site-packages/dbcounter.py:102}}
Aug 05 22:42:47.593587 np0000006587 nova-scheduler[96678]: DEBUG nova.service [None req-61b0f42d-1960-41df-ad52-c79b8276df38 None None] Creating RPC server for service: nova-scheduler on topic: scheduler {{(pid=96678) start /opt/stack/nova/nova/service.py:196}}
Aug 05 22:42:47.596593 np0000006587 nova-scheduler[96687]: DEBUG nova.service [None req-c785267a-44ab-47f3-92ba-c148a5b4baca None None] Creating RPC server for service: nova-scheduler on topic: scheduler {{(pid=96687) start /opt/stack/nova/nova/service.py:196}}
Aug 05 22:42:47.597021 np0000006587 nova-scheduler[96683]: DEBUG dbcounter [-] [96683] Writer thread running {{(pid=96683) stat_writer /opt/stack/data/venv/lib/python3.12/site-packages/dbcounter.py:102}}
Aug 05 22:42:47.599908 np0000006587 nova-scheduler[96683]: DEBUG nova.service [None req-e34019fa-1083-4d38-8af6-92c0942b8fa4 None None] Creating RPC server for service: nova-scheduler on topic: scheduler {{(pid=96683) start /opt/stack/nova/nova/service.py:196}}
Aug 05 22:42:47.610147 np0000006587 nova-scheduler[96676]: DEBUG nova.service [None req-79873bc4-dda7-4a37-8cde-0367f132a3a4 None None] Join ServiceGroup membership for this service scheduler {{(pid=96676) start /opt/stack/nova/nova/service.py:222}}
Aug 05 22:42:47.610659 np0000006587 nova-scheduler[96676]: DEBUG nova.servicegroup.drivers.db [None req-79873bc4-dda7-4a37-8cde-0367f132a3a4 None None] DB_Driver: join new ServiceGroup member np0000006587 to the scheduler group, service = {{(pid=96676) join /opt/stack/nova/nova/servicegroup/drivers/db.py:44}}
Aug 05 22:42:47.614163 np0000006587 nova-scheduler[96678]: DEBUG nova.service [None req-61b0f42d-1960-41df-ad52-c79b8276df38 None None] Join ServiceGroup membership for this service scheduler {{(pid=96678) start /opt/stack/nova/nova/service.py:222}}
Aug 05 22:42:47.614312 np0000006587 nova-scheduler[96678]: DEBUG nova.servicegroup.drivers.db [None req-61b0f42d-1960-41df-ad52-c79b8276df38 None None] DB_Driver: join new ServiceGroup member np0000006587 to the scheduler group, service = {{(pid=96678) join /opt/stack/nova/nova/servicegroup/drivers/db.py:44}}
Aug 05 22:42:47.616735 np0000006587 nova-scheduler[96678]: DEBUG oslo.service.backend._threading.loopingcall [None req-8d1088ba-8070-4a60-b55f-69ead252fadb None None] Dynamic interval looping call 'nova.service.Service.periodic_tasks' sleeping for 60.00 seconds {{(pid=96678) _run_loop /opt/stack/data/venv/lib/python3.12/site-packages/oslo_service/backend/_threading/loopingcall.py:125}}
Aug 05 22:42:47.617330 np0000006587 nova-scheduler[96687]: DEBUG nova.service [None req-c785267a-44ab-47f3-92ba-c148a5b4baca None None] Join ServiceGroup membership for this service scheduler {{(pid=96687) start /opt/stack/nova/nova/service.py:222}}
Aug 05 22:42:47.617781 np0000006587 nova-scheduler[96687]: DEBUG nova.servicegroup.drivers.db [None req-c785267a-44ab-47f3-92ba-c148a5b4baca None None] DB_Driver: join new ServiceGroup member np0000006587 to the scheduler group, service = {{(pid=96687) join /opt/stack/nova/nova/servicegroup/drivers/db.py:44}}
Aug 05 22:42:47.621867 np0000006587 nova-scheduler[96683]: DEBUG nova.service [None req-e34019fa-1083-4d38-8af6-92c0942b8fa4 None None] Join ServiceGroup membership for this service scheduler {{(pid=96683) start /opt/stack/nova/nova/service.py:222}}
Aug 05 22:42:47.622072 np0000006587 nova-scheduler[96683]: DEBUG nova.servicegroup.drivers.db [None req-e34019fa-1083-4d38-8af6-92c0942b8fa4 None None] DB_Driver: join new ServiceGroup member np0000006587 to the scheduler group, service = {{(pid=96683) join /opt/stack/nova/nova/servicegroup/drivers/db.py:44}}
Aug 05 22:42:52.626528 np0000006587 nova-scheduler[96676]: DEBUG oslo.service.backend._threading.loopingcall [-] Fixed interval looping call 'nova.servicegroup.drivers.db.DbDriver._report_state' sleeping for 119.99 seconds {{(pid=96676) _run_loop /opt/stack/data/venv/lib/python3.12/site-packages/oslo_service/backend/_threading/loopingcall.py:125}}
Aug 05 22:42:52.628988 np0000006587 nova-scheduler[96687]: DEBUG oslo.service.backend._threading.loopingcall [-] Fixed interval looping call 'nova.servicegroup.drivers.db.DbDriver._report_state' sleeping for 119.99 seconds {{(pid=96687) _run_loop /opt/stack/data/venv/lib/python3.12/site-packages/oslo_service/backend/_threading/loopingcall.py:125}}
Aug 05 22:42:52.630199 np0000006587 nova-scheduler[96678]: DEBUG oslo.service.backend._threading.loopingcall [-] Fixed interval looping call 'nova.servicegroup.drivers.db.DbDriver._report_state' sleeping for 119.99 seconds {{(pid=96678) _run_loop /opt/stack/data/venv/lib/python3.12/site-packages/oslo_service/backend/_threading/loopingcall.py:125}}
Aug 05 22:42:52.632734 np0000006587 nova-scheduler[96683]: DEBUG oslo.service.backend._threading.loopingcall [-] Fixed interval looping call 'nova.servicegroup.drivers.db.DbDriver._report_state' sleeping for 119.99 seconds {{(pid=96683) _run_loop /opt/stack/data/venv/lib/python3.12/site-packages/oslo_service/backend/_threading/loopingcall.py:125}}
Aug 05 22:42:56.160484 np0000006587 nova-scheduler[95481]: DEBUG dbcounter [-] [95481] Writing DB stats nova_api:SELECT=3 {{(pid=95481) stat_writer /opt/stack/data/venv/lib/python3.12/site-packages/dbcounter.py:115}}
Aug 05 22:42:56.289977 np0000006587 nova-scheduler[95481]: DEBUG dbcounter [-] [95481] Writing DB stats nova_cell0:SELECT=1 {{(pid=95481) stat_writer /opt/stack/data/venv/lib/python3.12/site-packages/dbcounter.py:115}}
Aug 05 22:42:56.295192 np0000006587 nova-scheduler[95481]: DEBUG dbcounter [-] [95481] Writing DB stats nova_cell1:SELECT=1 {{(pid=95481) stat_writer /opt/stack/data/venv/lib/python3.12/site-packages/dbcounter.py:115}}
Aug 05 22:43:02.620732 np0000006587 nova-scheduler[96676]: DEBUG dbcounter [-] [96676] Writing DB stats nova_cell0:SELECT=4,nova_cell0:INSERT=1,nova_cell0:UPDATE=1 {{(pid=96676) stat_writer /opt/stack/data/venv/lib/python3.12/site-packages/dbcounter.py:115}}
Aug 05 22:43:02.626606 np0000006587 nova-scheduler[96687]: DEBUG dbcounter [-] [96687] Writing DB stats nova_cell0:SELECT=3 {{(pid=96687) stat_writer /opt/stack/data/venv/lib/python3.12/site-packages/dbcounter.py:115}}
Aug 05 22:43:02.628038 np0000006587 nova-scheduler[96678]: DEBUG dbcounter [-] [96678] Writing DB stats nova_cell0:SELECT=3,nova_cell0:UPDATE=1 {{(pid=96678) stat_writer /opt/stack/data/venv/lib/python3.12/site-packages/dbcounter.py:115}}
Aug 05 22:43:02.629657 np0000006587 nova-scheduler[96683]: DEBUG dbcounter [-] [96683] Writing DB stats nova_cell0:SELECT=3 {{(pid=96683) stat_writer /opt/stack/data/venv/lib/python3.12/site-packages/dbcounter.py:115}}
Aug 05 22:43:06.613767 np0000006587 nova-scheduler[96676]: DEBUG oslo.service.backend._threading.loopingcall [None req-936c7ec3-de94-4d37-a6e5-2087f3c2c211 None None] Dynamic interval looping call 'nova.service.Service.periodic_tasks' sleeping for 60.00 seconds {{(pid=96676) _run_loop /opt/stack/data/venv/lib/python3.12/site-packages/oslo_service/backend/_threading/loopingcall.py:125}}
Aug 05 22:43:17.620242 np0000006587 nova-scheduler[96687]: DEBUG oslo.service.backend._threading.loopingcall [None req-03109a07-1cf2-45fc-98a2-db15af5e95e8 None None] Dynamic interval looping call 'nova.service.Service.periodic_tasks' sleeping for 60.00 seconds {{(pid=96687) _run_loop /opt/stack/data/venv/lib/python3.12/site-packages/oslo_service/backend/_threading/loopingcall.py:125}}
Aug 05 22:43:32.624183 np0000006587 nova-scheduler[96683]: DEBUG oslo.service.backend._threading.loopingcall [None req-17e867f5-04d7-4234-9b25-d7fb912825b2 None None] Dynamic interval looping call 'nova.service.Service.periodic_tasks' sleeping for 60.00 seconds {{(pid=96683) _run_loop /opt/stack/data/venv/lib/python3.12/site-packages/oslo_service/backend/_threading/loopingcall.py:125}}
Aug 05 22:43:47.617236 np0000006587 nova-scheduler[96678]: DEBUG oslo.service.backend._threading.loopingcall [None req-8d1088ba-8070-4a60-b55f-69ead252fadb None None] Dynamic interval looping call 'nova.service.Service.periodic_tasks' sleeping for 60.00 seconds {{(pid=96678) _run_loop /opt/stack/data/venv/lib/python3.12/site-packages/oslo_service/backend/_threading/loopingcall.py:125}}
Aug 05 22:44:06.614327 np0000006587 nova-scheduler[96676]: DEBUG oslo.service.backend._threading.loopingcall [None req-936c7ec3-de94-4d37-a6e5-2087f3c2c211 None None] Dynamic interval looping call 'nova.service.Service.periodic_tasks' sleeping for 60.00 seconds {{(pid=96676) _run_loop /opt/stack/data/venv/lib/python3.12/site-packages/oslo_service/backend/_threading/loopingcall.py:125}}
Aug 05 22:44:17.620886 np0000006587 nova-scheduler[96687]: DEBUG oslo.service.backend._threading.loopingcall [None req-03109a07-1cf2-45fc-98a2-db15af5e95e8 None None] Dynamic interval looping call 'nova.service.Service.periodic_tasks' sleeping for 60.00 seconds {{(pid=96687) _run_loop /opt/stack/data/venv/lib/python3.12/site-packages/oslo_service/backend/_threading/loopingcall.py:125}}
Aug 05 22:44:32.624706 np0000006587 nova-scheduler[96683]: DEBUG oslo.service.backend._threading.loopingcall [None req-17e867f5-04d7-4234-9b25-d7fb912825b2 None None] Dynamic interval looping call 'nova.service.Service.periodic_tasks' sleeping for 60.00 seconds {{(pid=96683) _run_loop /opt/stack/data/venv/lib/python3.12/site-packages/oslo_service/backend/_threading/loopingcall.py:125}}
Aug 05 22:44:47.618450 np0000006587 nova-scheduler[96678]: DEBUG oslo.service.backend._threading.loopingcall [None req-8d1088ba-8070-4a60-b55f-69ead252fadb None None] Dynamic interval looping call 'nova.service.Service.periodic_tasks' sleeping for 60.00 seconds {{(pid=96678) _run_loop /opt/stack/data/venv/lib/python3.12/site-packages/oslo_service/backend/_threading/loopingcall.py:125}}
Aug 05 22:44:52.627513 np0000006587 nova-scheduler[96676]: DEBUG oslo.service.backend._threading.loopingcall [-] Fixed interval looping call 'nova.servicegroup.drivers.db.DbDriver._report_state' sleeping for 119.99 seconds {{(pid=96676) _run_loop /opt/stack/data/venv/lib/python3.12/site-packages/oslo_service/backend/_threading/loopingcall.py:125}}
Aug 05 22:44:52.628727 np0000006587 nova-scheduler[96678]: DEBUG oslo.service.backend._threading.loopingcall [-] Fixed interval looping call 'nova.servicegroup.drivers.db.DbDriver._report_state' sleeping for 119.99 seconds {{(pid=96678) _run_loop /opt/stack/data/venv/lib/python3.12/site-packages/oslo_service/backend/_threading/loopingcall.py:125}}
Aug 05 22:44:52.629286 np0000006587 nova-scheduler[96687]: DEBUG oslo.service.backend._threading.loopingcall [-] Fixed interval looping call 'nova.servicegroup.drivers.db.DbDriver._report_state' sleeping for 119.99 seconds {{(pid=96687) _run_loop /opt/stack/data/venv/lib/python3.12/site-packages/oslo_service/backend/_threading/loopingcall.py:125}}
Aug 05 22:44:52.629732 np0000006587 nova-scheduler[96683]: DEBUG oslo.service.backend._threading.loopingcall [-] Fixed interval looping call 'nova.servicegroup.drivers.db.DbDriver._report_state' sleeping for 119.99 seconds {{(pid=96683) _run_loop /opt/stack/data/venv/lib/python3.12/site-packages/oslo_service/backend/_threading/loopingcall.py:125}}
Aug 05 22:45:02.620615 np0000006587 nova-scheduler[96676]: DEBUG dbcounter [-] [96676] Writing DB stats nova_cell0:SELECT=1,nova_cell0:UPDATE=1 {{(pid=96676) stat_writer /opt/stack/data/venv/lib/python3.12/site-packages/dbcounter.py:115}}
Aug 05 22:45:02.624257 np0000006587 nova-scheduler[96678]: DEBUG dbcounter [-] [96678] Writing DB stats nova_cell0:SELECT=1,nova_cell0:UPDATE=1 {{(pid=96678) stat_writer /opt/stack/data/venv/lib/python3.12/site-packages/dbcounter.py:115}}
Aug 05 22:45:02.624692 np0000006587 nova-scheduler[96687]: DEBUG dbcounter [-] [96687] Writing DB stats nova_cell0:SELECT=1,nova_cell0:UPDATE=1 {{(pid=96687) stat_writer /opt/stack/data/venv/lib/python3.12/site-packages/dbcounter.py:115}}
Aug 05 22:45:02.628761 np0000006587 nova-scheduler[96683]: DEBUG dbcounter [-] [96683] Writing DB stats nova_cell0:SELECT=1,nova_cell0:UPDATE=1 {{(pid=96683) stat_writer /opt/stack/data/venv/lib/python3.12/site-packages/dbcounter.py:115}}
Aug 05 22:45:06.615349 np0000006587 nova-scheduler[96676]: DEBUG oslo.service.backend._threading.loopingcall [None req-936c7ec3-de94-4d37-a6e5-2087f3c2c211 None None] Dynamic interval looping call 'nova.service.Service.periodic_tasks' sleeping for 60.00 seconds {{(pid=96676) _run_loop /opt/stack/data/venv/lib/python3.12/site-packages/oslo_service/backend/_threading/loopingcall.py:125}}
Aug 05 22:45:17.621328 np0000006587 nova-scheduler[96687]: DEBUG oslo.service.backend._threading.loopingcall [None req-03109a07-1cf2-45fc-98a2-db15af5e95e8 None None] Dynamic interval looping call 'nova.service.Service.periodic_tasks' sleeping for 60.00 seconds {{(pid=96687) _run_loop /opt/stack/data/venv/lib/python3.12/site-packages/oslo_service/backend/_threading/loopingcall.py:125}}
Aug 05 22:45:19.712686 np0000006587 nova-scheduler[96676]: DEBUG nova.scheduler.manager [None req-40818242-411c-41e4-9498-64128f8db2ec tempest-DeleteServersTestJSON-942434420 tempest-DeleteServersTestJSON-942434420-project-member] Starting to schedule for instances: ['4e8c85e1-d916-49fe-b74e-f6522ebeb6ec'] {{(pid=96676) select_destinations /opt/stack/nova/nova/scheduler/manager.py:209}}
Aug 05 22:45:19.714982 np0000006587 nova-scheduler[96676]: DEBUG nova.scheduler.request_filter [None req-40818242-411c-41e4-9498-64128f8db2ec tempest-DeleteServersTestJSON-942434420 tempest-DeleteServersTestJSON-942434420-project-member] compute_status_filter request filter added forbidden trait COMPUTE_STATUS_DISABLED {{(pid=96676) compute_status_filter /opt/stack/nova/nova/scheduler/request_filter.py:253}}
Aug 05 22:45:19.715976 np0000006587 nova-scheduler[96676]: DEBUG nova.scheduler.request_filter [None req-40818242-411c-41e4-9498-64128f8db2ec tempest-DeleteServersTestJSON-942434420 tempest-DeleteServersTestJSON-942434420-project-member] Request filter 'compute_status_filter' took 0.0 seconds {{(pid=96676) wrapper /opt/stack/nova/nova/scheduler/request_filter.py:46}}
Aug 05 22:45:19.719025 np0000006587 nova-scheduler[96676]: DEBUG nova.scheduler.request_filter [None req-40818242-411c-41e4-9498-64128f8db2ec tempest-DeleteServersTestJSON-942434420 tempest-DeleteServersTestJSON-942434420-project-member] Request filter 'accelerators_filter' took 0.0 seconds {{(pid=96676) wrapper /opt/stack/nova/nova/scheduler/request_filter.py:46}}
Aug 05 22:45:19.719025 np0000006587 nova-scheduler[96676]: DEBUG nova.scheduler.request_filter [None req-40818242-411c-41e4-9498-64128f8db2ec tempest-DeleteServersTestJSON-942434420 tempest-DeleteServersTestJSON-942434420-project-member] Request filter 'packed_virtqueue_filter' took 0.0 seconds {{(pid=96676) wrapper /opt/stack/nova/nova/scheduler/request_filter.py:46}}
Aug 05 22:45:19.719025 np0000006587 nova-scheduler[96676]: DEBUG nova.scheduler.request_filter [None req-40818242-411c-41e4-9498-64128f8db2ec tempest-DeleteServersTestJSON-942434420 tempest-DeleteServersTestJSON-942434420-project-member] Request filter 'remote_managed_ports_filter' took 0.0 seconds {{(pid=96676) wrapper /opt/stack/nova/nova/scheduler/request_filter.py:46}}
Aug 05 22:45:19.719025 np0000006587 nova-scheduler[96676]: DEBUG nova.scheduler.request_filter [None req-40818242-411c-41e4-9498-64128f8db2ec tempest-DeleteServersTestJSON-942434420 tempest-DeleteServersTestJSON-942434420-project-member] ephemeral_encryption_filter skipped {{(pid=96676) ephemeral_encryption_filter /opt/stack/nova/nova/scheduler/request_filter.py:426}}
Aug 05 22:45:19.719025 np0000006587 nova-scheduler[96676]: DEBUG nova.scheduler.request_filter [None req-40818242-411c-41e4-9498-64128f8db2ec tempest-DeleteServersTestJSON-942434420 tempest-DeleteServersTestJSON-942434420-project-member] virtio_sound_filter skipped {{(pid=96676) virtio_sound_filter /opt/stack/nova/nova/scheduler/request_filter.py:460}}
Aug 05 22:45:19.719252 np0000006587 nova-scheduler[96676]: DEBUG nova.scheduler.request_filter [None req-40818242-411c-41e4-9498-64128f8db2ec tempest-DeleteServersTestJSON-942434420 tempest-DeleteServersTestJSON-942434420-project-member] tpm_secret_security_filter skipped {{(pid=96676) tpm_secret_security_filter /opt/stack/nova/nova/scheduler/request_filter.py:477}}
Aug 05 22:45:20.776792 np0000006587 nova-scheduler[96678]: DEBUG nova.scheduler.manager [None req-e27a50bc-6143-46dd-b6b4-01badc601c36 tempest-ServerActionsTestOtherA-1319912277 tempest-ServerActionsTestOtherA-1319912277-project-member] Starting to schedule for instances: ['2b8f5c57-9911-4b69-b4a9-1ac4470ab6cc'] {{(pid=96678) select_destinations /opt/stack/nova/nova/scheduler/manager.py:209}}
Aug 05 22:45:20.777399 np0000006587 nova-scheduler[96678]: DEBUG nova.scheduler.request_filter [None req-e27a50bc-6143-46dd-b6b4-01badc601c36 tempest-ServerActionsTestOtherA-1319912277 tempest-ServerActionsTestOtherA-1319912277-project-member] compute_status_filter request filter added forbidden trait COMPUTE_STATUS_DISABLED {{(pid=96678) compute_status_filter /opt/stack/nova/nova/scheduler/request_filter.py:253}}
Aug 05 22:45:20.778121 np0000006587 nova-scheduler[96678]: DEBUG nova.scheduler.request_filter [None req-e27a50bc-6143-46dd-b6b4-01badc601c36 tempest-ServerActionsTestOtherA-1319912277 tempest-ServerActionsTestOtherA-1319912277-project-member] Request filter 'compute_status_filter' took 0.0 seconds {{(pid=96678) wrapper /opt/stack/nova/nova/scheduler/request_filter.py:46}}
Aug 05 22:45:20.778121 np0000006587 nova-scheduler[96678]: DEBUG nova.scheduler.request_filter [None req-e27a50bc-6143-46dd-b6b4-01badc601c36 tempest-ServerActionsTestOtherA-1319912277 tempest-ServerActionsTestOtherA-1319912277-project-member] Request filter 'accelerators_filter' took 0.0 seconds {{(pid=96678) wrapper /opt/stack/nova/nova/scheduler/request_filter.py:46}}
Aug 05 22:45:20.778121 np0000006587 nova-scheduler[96678]: DEBUG nova.scheduler.request_filter [None req-e27a50bc-6143-46dd-b6b4-01badc601c36 tempest-ServerActionsTestOtherA-1319912277 tempest-ServerActionsTestOtherA-1319912277-project-member] Request filter 'packed_virtqueue_filter' took 0.0 seconds {{(pid=96678) wrapper /opt/stack/nova/nova/scheduler/request_filter.py:46}}
Aug 05 22:45:20.778349 np0000006587 nova-scheduler[96678]: DEBUG nova.scheduler.request_filter [None req-e27a50bc-6143-46dd-b6b4-01badc601c36 tempest-ServerActionsTestOtherA-1319912277 tempest-ServerActionsTestOtherA-1319912277-project-member] Request filter 'remote_managed_ports_filter' took 0.0 seconds {{(pid=96678) wrapper /opt/stack/nova/nova/scheduler/request_filter.py:46}}
Aug 05 22:45:20.778518 np0000006587 nova-scheduler[96678]: DEBUG nova.scheduler.request_filter [None req-e27a50bc-6143-46dd-b6b4-01badc601c36 tempest-ServerActionsTestOtherA-1319912277 tempest-ServerActionsTestOtherA-1319912277-project-member] ephemeral_encryption_filter skipped {{(pid=96678) ephemeral_encryption_filter /opt/stack/nova/nova/scheduler/request_filter.py:426}}
Aug 05 22:45:20.778518 np0000006587 nova-scheduler[96678]: DEBUG nova.scheduler.request_filter [None req-e27a50bc-6143-46dd-b6b4-01badc601c36 tempest-ServerActionsTestOtherA-1319912277 tempest-ServerActionsTestOtherA-1319912277-project-member] virtio_sound_filter skipped {{(pid=96678) virtio_sound_filter /opt/stack/nova/nova/scheduler/request_filter.py:460}}
Aug 05 22:45:20.779144 np0000006587 nova-scheduler[96678]: DEBUG nova.scheduler.request_filter [None req-e27a50bc-6143-46dd-b6b4-01badc601c36 tempest-ServerActionsTestOtherA-1319912277 tempest-ServerActionsTestOtherA-1319912277-project-member] tpm_secret_security_filter skipped {{(pid=96678) tpm_secret_security_filter /opt/stack/nova/nova/scheduler/request_filter.py:477}}
Aug 05 22:45:20.980306 np0000006587 nova-scheduler[96676]: INFO nova.utils [None req-40818242-411c-41e4-9498-64128f8db2ec tempest-DeleteServersTestJSON-942434420 tempest-DeleteServersTestJSON-942434420-project-member] The cell worker thread pool ForkProcess-1.cell_worker is initialized
