Jun 04 10:21:33.572616 np0000002126 nova-scheduler[95642]: DEBUG cotyledon.oslo_config_glue [-] oslo_limit.endpoint_id = None {{(pid=95642) log_opt_values /opt/stack/data/venv/lib/python3.12/site-packages/oslo_config/cfg.py:3256}}
Jun 04 10:21:33.572669 np0000002126 nova-scheduler[95642]: DEBUG cotyledon.oslo_config_glue [-] oslo_limit.endpoint_interface = public {{(pid=95642) log_opt_values /opt/stack/data/venv/lib/python3.12/site-packages/oslo_config/cfg.py:3256}}
Jun 04 10:21:33.572726 np0000002126 nova-scheduler[95642]: DEBUG cotyledon.oslo_config_glue [-] oslo_limit.endpoint_override = None {{(pid=95642) log_opt_values /opt/stack/data/venv/lib/python3.12/site-packages/oslo_config/cfg.py:3256}}
Jun 04 10:21:33.572781 np0000002126 nova-scheduler[95642]: DEBUG cotyledon.oslo_config_glue [-] oslo_limit.endpoint_region_name = None {{(pid=95642) log_opt_values /opt/stack/data/venv/lib/python3.12/site-packages/oslo_config/cfg.py:3256}}
Jun 04 10:21:33.572902 np0000002126 nova-scheduler[95642]: DEBUG cotyledon.oslo_config_glue [-] oslo_limit.endpoint_service_name = None {{(pid=95642) log_opt_values /opt/stack/data/venv/lib/python3.12/site-packages/oslo_config/cfg.py:3256}}
Jun 04 10:21:33.572953 np0000002126 nova-scheduler[95642]: DEBUG cotyledon.oslo_config_glue [-] oslo_limit.endpoint_service_type = None {{(pid=95642) log_opt_values /opt/stack/data/venv/lib/python3.12/site-packages/oslo_config/cfg.py:3256}}
Jun 04 10:21:33.573020 np0000002126 nova-scheduler[95642]: DEBUG cotyledon.oslo_config_glue [-] oslo_limit.insecure = False {{(pid=95642) log_opt_values /opt/stack/data/venv/lib/python3.12/site-packages/oslo_config/cfg.py:3256}}
Jun 04 10:21:33.573070 np0000002126 nova-scheduler[95642]: DEBUG cotyledon.oslo_config_glue [-] oslo_limit.keyfile = None {{(pid=95642) log_opt_values /opt/stack/data/venv/lib/python3.12/site-packages/oslo_config/cfg.py:3256}}
Jun 04 10:21:33.573125 np0000002126 nova-scheduler[95642]: DEBUG cotyledon.oslo_config_glue [-] oslo_limit.max_version = None {{(pid=95642) log_opt_values /opt/stack/data/venv/lib/python3.12/site-packages/oslo_config/cfg.py:3256}}
Jun 04 10:21:33.573179 np0000002126 nova-scheduler[95642]: DEBUG cotyledon.oslo_config_glue [-] oslo_limit.min_version = None {{(pid=95642) log_opt_values /opt/stack/data/venv/lib/python3.12/site-packages/oslo_config/cfg.py:3256}}
Jun 04 10:21:33.573223 np0000002126 nova-scheduler[95642]: DEBUG cotyledon.oslo_config_glue [-] oslo_limit.region_name = None {{(pid=95642) log_opt_values /opt/stack/data/venv/lib/python3.12/site-packages/oslo_config/cfg.py:3256}}
Jun 04 10:21:33.573262 np0000002126 nova-scheduler[95642]: DEBUG cotyledon.oslo_config_glue [-] oslo_limit.retriable_status_codes = None {{(pid=95642) log_opt_values /opt/stack/data/venv/lib/python3.12/site-packages/oslo_config/cfg.py:3256}}
Jun 04 10:21:33.573327 np0000002126 nova-scheduler[95642]: DEBUG cotyledon.oslo_config_glue [-] oslo_limit.service_name = None {{(pid=95642) log_opt_values /opt/stack/data/venv/lib/python3.12/site-packages/oslo_config/cfg.py:3256}}
Jun 04 10:21:33.573370 np0000002126 nova-scheduler[95642]: DEBUG cotyledon.oslo_config_glue [-] oslo_limit.service_type = None {{(pid=95642) log_opt_values /opt/stack/data/venv/lib/python3.12/site-packages/oslo_config/cfg.py:3256}}
Jun 04 10:21:33.573424 np0000002126 nova-scheduler[95642]: DEBUG cotyledon.oslo_config_glue [-] oslo_limit.split_loggers = False {{(pid=95642) log_opt_values /opt/stack/data/venv/lib/python3.12/site-packages/oslo_config/cfg.py:3256}}
Jun 04 10:21:33.573467 np0000002126 nova-scheduler[95642]: DEBUG cotyledon.oslo_config_glue [-] oslo_limit.status_code_retries = None {{(pid=95642) log_opt_values /opt/stack/data/venv/lib/python3.12/site-packages/oslo_config/cfg.py:3256}}
Jun 04 10:21:33.573525 np0000002126 nova-scheduler[95642]: DEBUG cotyledon.oslo_config_glue [-] oslo_limit.status_code_retry_delay = None {{(pid=95642) log_opt_values /opt/stack/data/venv/lib/python3.12/site-packages/oslo_config/cfg.py:3256}}
Jun 04 10:21:33.573567 np0000002126 nova-scheduler[95642]: DEBUG cotyledon.oslo_config_glue [-] oslo_limit.timeout = None {{(pid=95642) log_opt_values /opt/stack/data/venv/lib/python3.12/site-packages/oslo_config/cfg.py:3256}}
Jun 04 10:21:33.573613 np0000002126 nova-scheduler[95642]: DEBUG cotyledon.oslo_config_glue [-] oslo_limit.valid_interfaces = None {{(pid=95642) log_opt_values /opt/stack/data/venv/lib/python3.12/site-packages/oslo_config/cfg.py:3256}}
Jun 04 10:21:33.573656 np0000002126 nova-scheduler[95642]: DEBUG cotyledon.oslo_config_glue [-] oslo_limit.version = None {{(pid=95642) log_opt_values /opt/stack/data/venv/lib/python3.12/site-packages/oslo_config/cfg.py:3256}}
Jun 04 10:21:33.573726 np0000002126 nova-scheduler[95642]: DEBUG cotyledon.oslo_config_glue [-] oslo_reports.file_event_handler = None {{(pid=95642) log_opt_values /opt/stack/data/venv/lib/python3.12/site-packages/oslo_config/cfg.py:3256}}
Jun 04 10:21:33.573790 np0000002126 nova-scheduler[95642]: DEBUG cotyledon.oslo_config_glue [-] oslo_reports.file_event_handler_interval = 1 {{(pid=95642) log_opt_values /opt/stack/data/venv/lib/python3.12/site-packages/oslo_config/cfg.py:3256}}
Jun 04 10:21:33.573834 np0000002126 nova-scheduler[95642]: DEBUG cotyledon.oslo_config_glue [-] oslo_reports.log_dir = None {{(pid=95642) log_opt_values /opt/stack/data/venv/lib/python3.12/site-packages/oslo_config/cfg.py:3256}}
Jun 04 10:21:33.573868 np0000002126 nova-scheduler[95642]: DEBUG cotyledon.oslo_config_glue [-] ******************************************************************************** {{(pid=95642) log_opt_values /opt/stack/data/venv/lib/python3.12/site-packages/oslo_config/cfg.py:3263}}
Jun 04 10:21:33.574046 np0000002126 nova-scheduler[95642]: DEBUG cotyledon._service_worker [-] Run service ServiceWrapper(2) [95642] {{(pid=95642) wait_forever /opt/stack/data/venv/lib/python3.12/site-packages/cotyledon/_service_worker.py:218}}
Jun 04 10:21:33.575246 np0000002126 nova-scheduler[95642]: INFO nova.service [-] Starting scheduler node (version 33.1.0)
Jun 04 10:21:33.579656 np0000002126 nova-scheduler[95642]: INFO dbcounter [None req-95f2f043-9f2d-465c-bef8-a68e67b00ca0 None None] Registered counter for database nova_cell0
Jun 04 10:21:33.587066 np0000002126 nova-scheduler[95638]: DEBUG oslo_db.sqlalchemy.engines [None req-ea483535-9977-43b0-9b5e-571fe74b09ab None None] MySQL server mode set to STRICT_TRANS_TABLES,STRICT_ALL_TABLES,NO_ZERO_IN_DATE,NO_ZERO_DATE,ERROR_FOR_DIVISION_BY_ZERO,TRADITIONAL,NO_ENGINE_SUBSTITUTION {{(pid=95638) _check_effective_sql_mode /opt/stack/data/venv/lib/python3.12/site-packages/oslo_db/sqlalchemy/engines.py:325}}
Jun 04 10:21:33.595895 np0000002126 nova-scheduler[95638]: DEBUG dbcounter [-] [95638] Writer thread running {{(pid=95638) stat_writer /opt/stack/data/venv/lib/python3.12/site-packages/dbcounter.py:102}}
Jun 04 10:21:33.604566 np0000002126 nova-scheduler[95640]: DEBUG oslo_db.sqlalchemy.engines [None req-2330a07a-7267-4358-80e0-af48d673fd15 None None] MySQL server mode set to STRICT_TRANS_TABLES,STRICT_ALL_TABLES,NO_ZERO_IN_DATE,NO_ZERO_DATE,ERROR_FOR_DIVISION_BY_ZERO,TRADITIONAL,NO_ENGINE_SUBSTITUTION {{(pid=95640) _check_effective_sql_mode /opt/stack/data/venv/lib/python3.12/site-packages/oslo_db/sqlalchemy/engines.py:325}}
Jun 04 10:21:33.615612 np0000002126 nova-scheduler[95640]: DEBUG dbcounter [-] [95640] Writer thread running {{(pid=95640) stat_writer /opt/stack/data/venv/lib/python3.12/site-packages/dbcounter.py:102}}
Jun 04 10:21:33.618608 np0000002126 nova-scheduler[95640]: DEBUG nova.service [None req-2330a07a-7267-4358-80e0-af48d673fd15 None None] Creating RPC server for service: nova-scheduler on topic: scheduler {{(pid=95640) start /opt/stack/nova/nova/service.py:195}}
Jun 04 10:21:33.619411 np0000002126 nova-scheduler[95638]: DEBUG nova.service [None req-ea483535-9977-43b0-9b5e-571fe74b09ab None None] Creating RPC server for service: nova-scheduler on topic: scheduler {{(pid=95638) start /opt/stack/nova/nova/service.py:195}}
Jun 04 10:21:33.649569 np0000002126 nova-scheduler[95642]: DEBUG oslo_db.sqlalchemy.engines [None req-95f2f043-9f2d-465c-bef8-a68e67b00ca0 None None] MySQL server mode set to STRICT_TRANS_TABLES,STRICT_ALL_TABLES,NO_ZERO_IN_DATE,NO_ZERO_DATE,ERROR_FOR_DIVISION_BY_ZERO,TRADITIONAL,NO_ENGINE_SUBSTITUTION {{(pid=95642) _check_effective_sql_mode /opt/stack/data/venv/lib/python3.12/site-packages/oslo_db/sqlalchemy/engines.py:325}}
Jun 04 10:21:33.654892 np0000002126 nova-scheduler[95640]: DEBUG nova.service [None req-2330a07a-7267-4358-80e0-af48d673fd15 None None] Join ServiceGroup membership for this service scheduler {{(pid=95640) start /opt/stack/nova/nova/service.py:221}}
Jun 04 10:21:33.655102 np0000002126 nova-scheduler[95640]: DEBUG nova.servicegroup.drivers.db [None req-2330a07a-7267-4358-80e0-af48d673fd15 None None] DB_Driver: join new ServiceGroup member np0000002126 to the scheduler group, service = {{(pid=95640) join /opt/stack/nova/nova/servicegroup/drivers/db.py:44}}
Jun 04 10:21:33.656814 np0000002126 nova-scheduler[95638]: DEBUG nova.service [None req-ea483535-9977-43b0-9b5e-571fe74b09ab None None] Join ServiceGroup membership for this service scheduler {{(pid=95638) start /opt/stack/nova/nova/service.py:221}}
Jun 04 10:21:33.657067 np0000002126 nova-scheduler[95638]: DEBUG nova.servicegroup.drivers.db [None req-ea483535-9977-43b0-9b5e-571fe74b09ab None None] DB_Driver: join new ServiceGroup member np0000002126 to the scheduler group, service = {{(pid=95638) join /opt/stack/nova/nova/servicegroup/drivers/db.py:44}}
Jun 04 10:21:33.665346 np0000002126 nova-scheduler[95642]: DEBUG dbcounter [-] [95642] Writer thread running {{(pid=95642) stat_writer /opt/stack/data/venv/lib/python3.12/site-packages/dbcounter.py:102}}
Jun 04 10:21:33.669621 np0000002126 nova-scheduler[95642]: DEBUG nova.service [None req-95f2f043-9f2d-465c-bef8-a68e67b00ca0 None None] Creating RPC server for service: nova-scheduler on topic: scheduler {{(pid=95642) start /opt/stack/nova/nova/service.py:195}}
Jun 04 10:21:33.693294 np0000002126 nova-scheduler[95642]: DEBUG nova.service [None req-95f2f043-9f2d-465c-bef8-a68e67b00ca0 None None] Join ServiceGroup membership for this service scheduler {{(pid=95642) start /opt/stack/nova/nova/service.py:221}}
Jun 04 10:21:33.694251 np0000002126 nova-scheduler[95642]: DEBUG nova.servicegroup.drivers.db [None req-95f2f043-9f2d-465c-bef8-a68e67b00ca0 None None] DB_Driver: join new ServiceGroup member np0000002126 to the scheduler group, service = {{(pid=95642) join /opt/stack/nova/nova/servicegroup/drivers/db.py:44}}
Jun 04 10:21:38.670630 np0000002126 nova-scheduler[95638]: DEBUG oslo.service.backend._threading.loopingcall [-] Fixed interval looping call 'nova.servicegroup.drivers.db.DbDriver._report_state' sleeping for 119.99 seconds {{(pid=95638) _run_loop /opt/stack/data/venv/lib/python3.12/site-packages/oslo_service/backend/_threading/loopingcall.py:125}}
Jun 04 10:21:38.674137 np0000002126 nova-scheduler[95640]: DEBUG oslo.service.backend._threading.loopingcall [-] Fixed interval looping call 'nova.servicegroup.drivers.db.DbDriver._report_state' sleeping for 119.99 seconds {{(pid=95640) _run_loop /opt/stack/data/venv/lib/python3.12/site-packages/oslo_service/backend/_threading/loopingcall.py:125}}
Jun 04 10:21:38.706708 np0000002126 nova-scheduler[95642]: DEBUG oslo.service.backend._threading.loopingcall [-] Fixed interval looping call 'nova.servicegroup.drivers.db.DbDriver._report_state' sleeping for 119.99 seconds {{(pid=95642) _run_loop /opt/stack/data/venv/lib/python3.12/site-packages/oslo_service/backend/_threading/loopingcall.py:125}}
Jun 04 10:21:42.138758 np0000002126 nova-scheduler[94312]: DEBUG dbcounter [-] [94312] Writing DB stats nova_api:SELECT=3 {{(pid=94312) stat_writer /opt/stack/data/venv/lib/python3.12/site-packages/dbcounter.py:115}}
Jun 04 10:21:42.270957 np0000002126 nova-scheduler[94312]: DEBUG dbcounter [-] [94312] Writing DB stats nova_cell0:SELECT=1 {{(pid=94312) stat_writer /opt/stack/data/venv/lib/python3.12/site-packages/dbcounter.py:115}}
Jun 04 10:21:42.275002 np0000002126 nova-scheduler[94312]: DEBUG dbcounter [-] [94312] Writing DB stats nova_cell1:SELECT=1 {{(pid=94312) stat_writer /opt/stack/data/venv/lib/python3.12/site-packages/dbcounter.py:115}}
Jun 04 10:21:43.659919 np0000002126 nova-scheduler[95638]: DEBUG oslo.service.backend._threading.loopingcall [None req-7416b502-0bfa-45fe-853e-0b9672666bf4 None None] Dynamic interval looping call 'nova.service.Service.periodic_tasks' sleeping for 60.00 seconds {{(pid=95638) _run_loop /opt/stack/data/venv/lib/python3.12/site-packages/oslo_service/backend/_threading/loopingcall.py:125}}
Jun 04 10:21:47.698529 np0000002126 nova-scheduler[95642]: DEBUG oslo.service.backend._threading.loopingcall [None req-ec1c8e6c-a410-4316-9f01-012b2f5f9765 None None] Dynamic interval looping call 'nova.service.Service.periodic_tasks' sleeping for 60.00 seconds {{(pid=95642) _run_loop /opt/stack/data/venv/lib/python3.12/site-packages/oslo_service/backend/_threading/loopingcall.py:125}}
Jun 04 10:21:48.667660 np0000002126 nova-scheduler[95638]: DEBUG dbcounter [-] [95638] Writing DB stats nova_cell0:SELECT=4,nova_cell0:INSERT=1,nova_cell0:UPDATE=1 {{(pid=95638) stat_writer /opt/stack/data/venv/lib/python3.12/site-packages/dbcounter.py:115}}
Jun 04 10:21:48.673028 np0000002126 nova-scheduler[95640]: DEBUG dbcounter [-] [95640] Writing DB stats nova_cell0:SELECT=3 {{(pid=95640) stat_writer /opt/stack/data/venv/lib/python3.12/site-packages/dbcounter.py:115}}
Jun 04 10:21:48.704475 np0000002126 nova-scheduler[95642]: DEBUG dbcounter [-] [95642] Writing DB stats nova_cell0:SELECT=3 {{(pid=95642) stat_writer /opt/stack/data/venv/lib/python3.12/site-packages/dbcounter.py:115}}
Jun 04 10:22:21.662210 np0000002126 nova-scheduler[95640]: DEBUG oslo.service.backend._threading.loopingcall [None req-eab8d263-2a44-452a-aa82-8b018fd0ec64 None None] Dynamic interval looping call 'nova.service.Service.periodic_tasks' sleeping for 60.00 seconds {{(pid=95640) _run_loop /opt/stack/data/venv/lib/python3.12/site-packages/oslo_service/backend/_threading/loopingcall.py:125}}
Jun 04 10:22:43.660462 np0000002126 nova-scheduler[95638]: DEBUG oslo.service.backend._threading.loopingcall [None req-7416b502-0bfa-45fe-853e-0b9672666bf4 None None] Dynamic interval looping call 'nova.service.Service.periodic_tasks' sleeping for 60.00 seconds {{(pid=95638) _run_loop /opt/stack/data/venv/lib/python3.12/site-packages/oslo_service/backend/_threading/loopingcall.py:125}}
Jun 04 10:22:47.699115 np0000002126 nova-scheduler[95642]: DEBUG oslo.service.backend._threading.loopingcall [None req-ec1c8e6c-a410-4316-9f01-012b2f5f9765 None None] Dynamic interval looping call 'nova.service.Service.periodic_tasks' sleeping for 60.00 seconds {{(pid=95642) _run_loop /opt/stack/data/venv/lib/python3.12/site-packages/oslo_service/backend/_threading/loopingcall.py:125}}
Jun 04 10:23:21.662729 np0000002126 nova-scheduler[95640]: DEBUG oslo.service.backend._threading.loopingcall [None req-eab8d263-2a44-452a-aa82-8b018fd0ec64 None None] Dynamic interval looping call 'nova.service.Service.periodic_tasks' sleeping for 60.00 seconds {{(pid=95640) _run_loop /opt/stack/data/venv/lib/python3.12/site-packages/oslo_service/backend/_threading/loopingcall.py:125}}
Jun 04 10:23:38.667061 np0000002126 nova-scheduler[95638]: DEBUG oslo.service.backend._threading.loopingcall [-] Fixed interval looping call 'nova.servicegroup.drivers.db.DbDriver._report_state' sleeping for 119.99 seconds {{(pid=95638) _run_loop /opt/stack/data/venv/lib/python3.12/site-packages/oslo_service/backend/_threading/loopingcall.py:125}}
Jun 04 10:23:38.669950 np0000002126 nova-scheduler[95640]: DEBUG oslo.service.backend._threading.loopingcall [-] Fixed interval looping call 'nova.servicegroup.drivers.db.DbDriver._report_state' sleeping for 119.99 seconds {{(pid=95640) _run_loop /opt/stack/data/venv/lib/python3.12/site-packages/oslo_service/backend/_threading/loopingcall.py:125}}
Jun 04 10:23:38.699744 np0000002126 nova-scheduler[95642]: DEBUG oslo.service.backend._threading.loopingcall [-] Fixed interval looping call 'nova.servicegroup.drivers.db.DbDriver._report_state' sleeping for 120.00 seconds {{(pid=95642) _run_loop /opt/stack/data/venv/lib/python3.12/site-packages/oslo_service/backend/_threading/loopingcall.py:125}}
Jun 04 10:23:43.660920 np0000002126 nova-scheduler[95638]: DEBUG oslo.service.backend._threading.loopingcall [None req-7416b502-0bfa-45fe-853e-0b9672666bf4 None None] Dynamic interval looping call 'nova.service.Service.periodic_tasks' sleeping for 60.00 seconds {{(pid=95638) _run_loop /opt/stack/data/venv/lib/python3.12/site-packages/oslo_service/backend/_threading/loopingcall.py:125}}
Jun 04 10:23:47.699756 np0000002126 nova-scheduler[95642]: DEBUG oslo.service.backend._threading.loopingcall [None req-ec1c8e6c-a410-4316-9f01-012b2f5f9765 None None] Dynamic interval looping call 'nova.service.Service.periodic_tasks' sleeping for 60.00 seconds {{(pid=95642) _run_loop /opt/stack/data/venv/lib/python3.12/site-packages/oslo_service/backend/_threading/loopingcall.py:125}}
Jun 04 10:23:48.664285 np0000002126 nova-scheduler[95638]: DEBUG dbcounter [-] [95638] Writing DB stats nova_cell0:SELECT=1,nova_cell0:UPDATE=1 {{(pid=95638) stat_writer /opt/stack/data/venv/lib/python3.12/site-packages/dbcounter.py:115}}
Jun 04 10:23:48.669002 np0000002126 nova-scheduler[95640]: DEBUG dbcounter [-] [95640] Writing DB stats nova_cell0:SELECT=1,nova_cell0:UPDATE=1 {{(pid=95640) stat_writer /opt/stack/data/venv/lib/python3.12/site-packages/dbcounter.py:115}}
Jun 04 10:23:48.698211 np0000002126 nova-scheduler[95642]: DEBUG dbcounter [-] [95642] Writing DB stats nova_cell0:SELECT=1 {{(pid=95642) stat_writer /opt/stack/data/venv/lib/python3.12/site-packages/dbcounter.py:115}}
Jun 04 10:24:03.955289 np0000002126 nova-scheduler[95640]: DEBUG nova.scheduler.manager [None req-21de8a82-aa94-4f58-996e-ee6a1c1a34ad tempest-ServerRescueNegativeTestJSON-915364337 tempest-ServerRescueNegativeTestJSON-915364337-project-member] Starting to schedule for instances: ['e9f5d167-5c73-486d-ad5c-582b0a71e91c'] {{(pid=95640) select_destinations /opt/stack/nova/nova/scheduler/manager.py:210}}
Jun 04 10:24:03.956474 np0000002126 nova-scheduler[95640]: DEBUG nova.scheduler.request_filter [None req-21de8a82-aa94-4f58-996e-ee6a1c1a34ad tempest-ServerRescueNegativeTestJSON-915364337 tempest-ServerRescueNegativeTestJSON-915364337-project-member] compute_status_filter request filter added forbidden trait COMPUTE_STATUS_DISABLED {{(pid=95640) compute_status_filter /opt/stack/nova/nova/scheduler/request_filter.py:253}}
Jun 04 10:24:03.956614 np0000002126 nova-scheduler[95640]: DEBUG nova.scheduler.request_filter [None req-21de8a82-aa94-4f58-996e-ee6a1c1a34ad tempest-ServerRescueNegativeTestJSON-915364337 tempest-ServerRescueNegativeTestJSON-915364337-project-member] Request filter 'compute_status_filter' took 0.0 seconds {{(pid=95640) wrapper /opt/stack/nova/nova/scheduler/request_filter.py:46}}
Jun 04 10:24:03.956862 np0000002126 nova-scheduler[95640]: DEBUG nova.scheduler.request_filter [None req-21de8a82-aa94-4f58-996e-ee6a1c1a34ad tempest-ServerRescueNegativeTestJSON-915364337 tempest-ServerRescueNegativeTestJSON-915364337-project-member] Request filter 'accelerators_filter' took 0.0 seconds {{(pid=95640) wrapper /opt/stack/nova/nova/scheduler/request_filter.py:46}}
Jun 04 10:24:03.957128 np0000002126 nova-scheduler[95640]: DEBUG nova.scheduler.request_filter [None req-21de8a82-aa94-4f58-996e-ee6a1c1a34ad tempest-ServerRescueNegativeTestJSON-915364337 tempest-ServerRescueNegativeTestJSON-915364337-project-member] Request filter 'packed_virtqueue_filter' took 0.0 seconds {{(pid=95640) wrapper /opt/stack/nova/nova/scheduler/request_filter.py:46}}
Jun 04 10:24:03.957484 np0000002126 nova-scheduler[95640]: DEBUG nova.scheduler.request_filter [None req-21de8a82-aa94-4f58-996e-ee6a1c1a34ad tempest-ServerRescueNegativeTestJSON-915364337 tempest-ServerRescueNegativeTestJSON-915364337-project-member] Request filter 'remote_managed_ports_filter' took 0.0 seconds {{(pid=95640) wrapper /opt/stack/nova/nova/scheduler/request_filter.py:46}}
Jun 04 10:24:03.957705 np0000002126 nova-scheduler[95640]: DEBUG nova.scheduler.request_filter [None req-21de8a82-aa94-4f58-996e-ee6a1c1a34ad tempest-ServerRescueNegativeTestJSON-915364337 tempest-ServerRescueNegativeTestJSON-915364337-project-member] ephemeral_encryption_filter skipped {{(pid=95640) ephemeral_encryption_filter /opt/stack/nova/nova/scheduler/request_filter.py:426}}
Jun 04 10:24:03.958186 np0000002126 nova-scheduler[95640]: DEBUG nova.scheduler.request_filter [None req-21de8a82-aa94-4f58-996e-ee6a1c1a34ad tempest-ServerRescueNegativeTestJSON-915364337 tempest-ServerRescueNegativeTestJSON-915364337-project-member] virtio_sound_filter skipped {{(pid=95640) virtio_sound_filter /opt/stack/nova/nova/scheduler/request_filter.py:460}}
Jun 04 10:24:03.958380 np0000002126 nova-scheduler[95640]: DEBUG nova.scheduler.request_filter [None req-21de8a82-aa94-4f58-996e-ee6a1c1a34ad tempest-ServerRescueNegativeTestJSON-915364337 tempest-ServerRescueNegativeTestJSON-915364337-project-member] tpm_secret_security_filter skipped {{(pid=95640) tpm_secret_security_filter /opt/stack/nova/nova/scheduler/request_filter.py:477}}
Jun 04 10:24:04.553823 np0000002126 nova-scheduler[95640]: INFO nova.utils [None req-21de8a82-aa94-4f58-996e-ee6a1c1a34ad tempest-ServerRescueNegativeTestJSON-915364337 tempest-ServerRescueNegativeTestJSON-915364337-project-member] The cell worker thread pool ForkProcess-2.cell_worker is initialized
Jun 04 10:24:04.554338 np0000002126 nova-scheduler[95640]: DEBUG oslo_concurrency.lockutils [None req-21de8a82-aa94-4f58-996e-ee6a1c1a34ad tempest-ServerRescueNegativeTestJSON-915364337 tempest-ServerRescueNegativeTestJSON-915364337-project-member] Acquiring lock "90399ab8-7b8f-4d1b-89ae-673244067118" by "nova.context.set_target_cell..get_or_set_cached_cell_and_set_connections" {{(pid=95640) inner /opt/stack/data/venv/lib/python3.12/site-packages/oslo_concurrency/lockutils.py:511}}
Jun 04 10:24:04.554519 np0000002126 nova-scheduler[95640]: DEBUG oslo_concurrency.lockutils [None req-21de8a82-aa94-4f58-996e-ee6a1c1a34ad tempest-ServerRescueNegativeTestJSON-915364337 tempest-ServerRescueNegativeTestJSON-915364337-project-member] Lock "90399ab8-7b8f-4d1b-89ae-673244067118" acquired by "nova.context.set_target_cell..get_or_set_cached_cell_and_set_connections" :: waited 0.000s {{(pid=95640) inner /opt/stack/data/venv/lib/python3.12/site-packages/oslo_concurrency/lockutils.py:524}}
Jun 04 10:24:04.556950 np0000002126 nova-scheduler[95640]: DEBUG oslo_concurrency.lockutils [None req-21de8a82-aa94-4f58-996e-ee6a1c1a34ad tempest-ServerRescueNegativeTestJSON-915364337 tempest-ServerRescueNegativeTestJSON-915364337-project-member] Lock "90399ab8-7b8f-4d1b-89ae-673244067118" "released" by "nova.context.set_target_cell..get_or_set_cached_cell_and_set_connections" :: held 0.002s {{(pid=95640) inner /opt/stack/data/venv/lib/python3.12/site-packages/oslo_concurrency/lockutils.py:543}}
Jun 04 10:24:04.559533 np0000002126 nova-scheduler[95640]: INFO dbcounter [None req-21de8a82-aa94-4f58-996e-ee6a1c1a34ad tempest-ServerRescueNegativeTestJSON-915364337 tempest-ServerRescueNegativeTestJSON-915364337-project-member] Registered counter for database nova_cell1
Jun 04 10:24:04.611079 np0000002126 nova-scheduler[95640]: DEBUG oslo_db.sqlalchemy.engines [None req-21de8a82-aa94-4f58-996e-ee6a1c1a34ad tempest-ServerRescueNegativeTestJSON-915364337 tempest-ServerRescueNegativeTestJSON-915364337-project-member] MySQL server mode set to STRICT_TRANS_TABLES,STRICT_ALL_TABLES,NO_ZERO_IN_DATE,NO_ZERO_DATE,ERROR_FOR_DIVISION_BY_ZERO,TRADITIONAL,NO_ENGINE_SUBSTITUTION {{(pid=95640) _check_effective_sql_mode /opt/stack/data/venv/lib/python3.12/site-packages/oslo_db/sqlalchemy/engines.py:325}}
Jun 04 10:24:04.618872 np0000002126 nova-scheduler[95640]: DEBUG dbcounter [-] [95640] Writer thread running {{(pid=95640) stat_writer /opt/stack/data/venv/lib/python3.12/site-packages/dbcounter.py:102}}
Jun 04 10:24:04.634484 np0000002126 nova-scheduler[95640]: DEBUG oslo_db.sqlalchemy.engines [None req-21de8a82-aa94-4f58-996e-ee6a1c1a34ad tempest-ServerRescueNegativeTestJSON-915364337 tempest-ServerRescueNegativeTestJSON-915364337-project-member] Parent process 94312 forked (95640) with an open database connection, which is being discarded and recreated. {{(pid=95640) checkout /opt/stack/data/venv/lib/python3.12/site-packages/oslo_db/sqlalchemy/engines.py:402}}
Jun 04 10:24:04.686531 np0000002126 nova-scheduler[95640]: DEBUG dbcounter [-] [95640] Writer thread running {{(pid=95640) stat_writer /opt/stack/data/venv/lib/python3.12/site-packages/dbcounter.py:102}}
Jun 04 10:24:04.691897 np0000002126 nova-scheduler[95640]: DEBUG oslo_concurrency.lockutils [None req-21de8a82-aa94-4f58-996e-ee6a1c1a34ad tempest-ServerRescueNegativeTestJSON-915364337 tempest-ServerRescueNegativeTestJSON-915364337-project-member] Acquiring lock "90399ab8-7b8f-4d1b-89ae-673244067118" by "nova.context.set_target_cell..get_or_set_cached_cell_and_set_connections" {{(pid=95640) inner /opt/stack/data/venv/lib/python3.12/site-packages/oslo_concurrency/lockutils.py:511}}
Jun 04 10:24:04.693543 np0000002126 nova-scheduler[95640]: DEBUG oslo_concurrency.lockutils [None req-21de8a82-aa94-4f58-996e-ee6a1c1a34ad tempest-ServerRescueNegativeTestJSON-915364337 tempest-ServerRescueNegativeTestJSON-915364337-project-member] Lock "90399ab8-7b8f-4d1b-89ae-673244067118" acquired by "nova.context.set_target_cell..get_or_set_cached_cell_and_set_connections" :: waited 0.000s {{(pid=95640) inner /opt/stack/data/venv/lib/python3.12/site-packages/oslo_concurrency/lockutils.py:524}}
Jun 04 10:24:04.693543 np0000002126 nova-scheduler[95640]: DEBUG oslo_concurrency.lockutils [None req-21de8a82-aa94-4f58-996e-ee6a1c1a34ad tempest-ServerRescueNegativeTestJSON-915364337 tempest-ServerRescueNegativeTestJSON-915364337-project-member] Lock "90399ab8-7b8f-4d1b-89ae-673244067118" "released" by "nova.context.set_target_cell..get_or_set_cached_cell_and_set_connections" :: held 0.000s {{(pid=95640) inner /opt/stack/data/venv/lib/python3.12/site-packages/oslo_concurrency/lockutils.py:543}}
Jun 04 10:24:04.701700 np0000002126 nova-scheduler[95640]: DEBUG oslo_concurrency.lockutils [None req-21de8a82-aa94-4f58-996e-ee6a1c1a34ad tempest-ServerRescueNegativeTestJSON-915364337 tempest-ServerRescueNegativeTestJSON-915364337-project-member] Acquiring lock "('np0000002126', 'np0000002126')" by "nova.scheduler.host_manager.HostState.update.._locked_update" {{(pid=95640) inner /opt/stack/data/venv/lib/python3.12/site-packages/oslo_concurrency/lockutils.py:511}}
Jun 04 10:24:04.703822 np0000002126 nova-scheduler[95640]: DEBUG oslo_concurrency.lockutils [None req-21de8a82-aa94-4f58-996e-ee6a1c1a34ad tempest-ServerRescueNegativeTestJSON-915364337 tempest-ServerRescueNegativeTestJSON-915364337-project-member] Lock "('np0000002126', 'np0000002126')" acquired by "nova.scheduler.host_manager.HostState.update.._locked_update" :: waited 0.000s {{(pid=95640) inner /opt/stack/data/venv/lib/python3.12/site-packages/oslo_concurrency/lockutils.py:524}}
Jun 04 10:24:04.704822 np0000002126 nova-scheduler[95640]: DEBUG nova.scheduler.host_manager [None req-21de8a82-aa94-4f58-996e-ee6a1c1a34ad tempest-ServerRescueNegativeTestJSON-915364337 tempest-ServerRescueNegativeTestJSON-915364337-project-member] Update host state from compute node: ComputeNode(cpu_allocation_ratio=4.0,cpu_info='{"arch": "x86_64", "model": "EPYC-Milan", "vendor": "AMD", "topology": {"cells": 1, "sockets": 12, "cores": 1, "threads": 1}, "maxphysaddr": {"mode": "emulate", "bits": 40}, "features": ["lm", "vme", "pat", "xsavec", "no-nested-data-bp", "adx", "cmp_legacy", "wbnoinvd", "arch-capabilities", "ssbd", "amd-ssbd", "mce", "apic", "pni", "svm", "nrip-save", "fpu", "syscall", "clflushopt", "pse", "smap", "sse", "pschange-mc-no", "mmx", "sha-ni", "tsc_adjust", "perfctr_core", "avx2", "popcnt", "vaes", "ibpb", "flushbyasid", "tsc-deadline", "nx", "rdctl-no", "arat", "rdtscp", "clwb", "stibp-always-on", "tsc-scale", "ssse3", "xgetbv1", "pku", "amd-psfd", "gds-no", "clflush", "erms", "skip-l1dfl-vmentry", "bmi1", "fxsr_opt", "xsaveopt", "rdpid", "fsrm", "movbe", "pause-filter", "mtrr", "vgif", "fsgsbase", "pcid", "topoext", "null-sel-clr-base", "rdrand", "vmcb-clean", "stibp", "lfence-always-serializing", "pae", "misalignsse", "cmov", "xsaves", "lbrv", "fxsr", "bmi2", "fma", "tsc", "pge", "virt-ssbd", "xsaveerptr", "pse36", "abm", "rdseed", "x2apic", "vpclmulqdq", "de", "aes", "sse4a", "mmxext", "pclmuldq", "sse2", "spec-ctrl", "sse4.2", "f16c", "v-vmsave-vmload", "mds-no", "ibrs", "lahf_lm", "hypervisor", "umip", "sep", "invpcid", "osvw", "pdpe1gb", "xsave", "cr8legacy", "cx8", "avx", "mca", "cx16", "msr", "3dnowprefetch", "amd-stibp", "clzero", "svme-addr-chk", "npt", "sse4.1", "pfthreshold", "smep"]}',created_at=2026-06-04T10:21:57Z,current_workload=0,deleted=False,deleted_at=None,disk_allocation_ratio=1.0,disk_available_least=74,free_disk_gb=95,free_ram_mb=23518,host='np0000002126',host_ip=10.4.3.105,hypervisor_hostname='np0000002126',hypervisor_type='QEMU',hypervisor_version=8002002,id=1,local_gb=95,local_gb_used=0,mapped=1,memory_mb=24030,memory_mb_used=512,metrics='[]',numa_topology='{"nova_object.name": "NUMATopology", "nova_object.namespace": "nova", "nova_object.version": "1.2", "nova_object.data": {"cells": [{"nova_object.name": "NUMACell", "nova_object.namespace": "nova", "nova_object.version": "1.5", "nova_object.data": {"id": 0, "cpuset": [0, 1, 2, 3, 4, 5, 6, 7, 8, 9, 10, 11], "pcpuset": [0, 1, 2, 3, 4, 5, 6, 7, 8, 9, 10, 11], "memory": 24030, "cpu_usage": 0, "memory_usage": 0, "pinned_cpus": [], "siblings": [[6], [2], [5], [11], [8], [4], [1], [7], [10], [0], [3], [9]], "mempages": [{"nova_object.name": "NUMAPagesTopology", "nova_object.namespace": "nova", "nova_object.version": "1.1", "nova_object.data": {"size_kb": 4, "total": 6151797, "used": 0, "reserved": 0}, "nova_object.changes": ["total", "reserved", "size_kb", "used"]}, {"nova_object.name": "NUMAPagesTopology", "nova_object.namespace": "nova", "nova_object.version": "1.1", "nova_object.data": {"size_kb": 2048, "total": 0, "used": 0, "reserved": 0}, "nova_object.changes": ["total", "reserved", "size_kb", "used"]}, {"nova_object.name": "NUMAPagesTopology", "nova_object.namespace": "nova", "nova_object.version": "1.1", "nova_object.data": {"size_kb": 1048576, "total": 0, "used": 0, "reserved": 0}, "nova_object.changes": ["total", "reserved", "size_kb", "used"]}], "network_metadata": {"nova_object.name": "NetworkMetadata", "nova_object.namespace": "nova", "nova_object.version": "1.0", "nova_object.data": {"physnets": [], "tunneled": false}, "nova_object.changes": ["physnets", "tunneled"]}, "socket": null}, "nova_object.changes": ["id", "socket", "pcpuset", "siblings", "memory_usage", "mempages", "memory", "pinned_cpus", "cpuset", "cpu_usage", "network_metadata"]}]}, "nova_object.changes": ["cells"]}',pci_device_pools=PciDevicePoolList,ram_allocation_ratio=1.0,running_vms=0,service_id=2,stats={failed_builds='0',uptime=' 10:23:44 up 26 min, 2 users, load average: 1.49, 1.50, 0.86
Jun 04 10:24:04.704822 np0000002126 nova-scheduler[95640]: '},supported_hv_specs=[HVSpec,HVSpec,HVSpec,HVSpec,HVSpec,HVSpec,HVSpec,HVSpec,HVSpec,HVSpec,HVSpec,HVSpec,HVSpec,HVSpec,HVSpec,HVSpec,HVSpec,HVSpec,HVSpec,HVSpec,HVSpec,HVSpec,HVSpec,HVSpec,HVSpec],updated_at=2026-06-04T10:23:46Z,uuid=e30d7618-f186-4fa0-af6c-c1ff9c9c7df1,vcpus=12,vcpus_used=0) {{(pid=95640) _locked_update /opt/stack/nova/nova/scheduler/host_manager.py:168}}
Jun 04 10:24:04.705693 np0000002126 nova-scheduler[95640]: DEBUG nova.scheduler.host_manager [None req-21de8a82-aa94-4f58-996e-ee6a1c1a34ad tempest-ServerRescueNegativeTestJSON-915364337 tempest-ServerRescueNegativeTestJSON-915364337-project-member] Update host state with aggregates: [] {{(pid=95640) _locked_update /opt/stack/nova/nova/scheduler/host_manager.py:171}}
Jun 04 10:24:04.705693 np0000002126 nova-scheduler[95640]: DEBUG nova.scheduler.host_manager [None req-21de8a82-aa94-4f58-996e-ee6a1c1a34ad tempest-ServerRescueNegativeTestJSON-915364337 tempest-ServerRescueNegativeTestJSON-915364337-project-member] Update host state with service dict: {'id': 2, 'uuid': 'af38108e-64c8-4cfb-af62-b87e76c7c0fc', 'host': 'np0000002126', 'binary': 'nova-compute', 'topic': 'compute', 'report_count': 1, 'disabled': False, 'disabled_reason': None, 'last_seen_up': datetime.datetime(2026, 6, 4, 10, 22, 6, tzinfo=datetime.timezone.utc), 'forced_down': False, 'version': 72, 'created_at': datetime.datetime(2026, 6, 4, 10, 21, 56, tzinfo=datetime.timezone.utc), 'updated_at': datetime.datetime(2026, 6, 4, 10, 22, 6, tzinfo=datetime.timezone.utc), 'deleted_at': None, 'deleted': False} {{(pid=95640) _locked_update /opt/stack/nova/nova/scheduler/host_manager.py:174}}
Jun 04 10:24:04.705825 np0000002126 nova-scheduler[95640]: DEBUG nova.scheduler.host_manager [None req-21de8a82-aa94-4f58-996e-ee6a1c1a34ad tempest-ServerRescueNegativeTestJSON-915364337 tempest-ServerRescueNegativeTestJSON-915364337-project-member] Update host state with instances: [] {{(pid=95640) _locked_update /opt/stack/nova/nova/scheduler/host_manager.py:177}}
Jun 04 10:24:04.705932 np0000002126 nova-scheduler[95640]: DEBUG oslo_concurrency.lockutils [None req-21de8a82-aa94-4f58-996e-ee6a1c1a34ad tempest-ServerRescueNegativeTestJSON-915364337 tempest-ServerRescueNegativeTestJSON-915364337-project-member] Lock "('np0000002126', 'np0000002126')" "released" by "nova.scheduler.host_manager.HostState.update.._locked_update" :: held 0.005s {{(pid=95640) inner /opt/stack/data/venv/lib/python3.12/site-packages/oslo_concurrency/lockutils.py:543}}
Jun 04 10:24:04.708606 np0000002126 nova-scheduler[95640]: DEBUG nova.filters [None req-21de8a82-aa94-4f58-996e-ee6a1c1a34ad tempest-ServerRescueNegativeTestJSON-915364337 tempest-ServerRescueNegativeTestJSON-915364337-project-member] Starting with 1 host(s) {{(pid=95640) get_filtered_objects /opt/stack/nova/nova/filters.py:70}}
Jun 04 10:24:04.708606 np0000002126 nova-scheduler[95640]: DEBUG nova.filters [None req-21de8a82-aa94-4f58-996e-ee6a1c1a34ad tempest-ServerRescueNegativeTestJSON-915364337 tempest-ServerRescueNegativeTestJSON-915364337-project-member] Filter ComputeFilter returned 1 host(s) {{(pid=95640) get_filtered_objects /opt/stack/nova/nova/filters.py:102}}
Jun 04 10:24:04.708606 np0000002126 nova-scheduler[95640]: DEBUG nova.filters [None req-21de8a82-aa94-4f58-996e-ee6a1c1a34ad tempest-ServerRescueNegativeTestJSON-915364337 tempest-ServerRescueNegativeTestJSON-915364337-project-member] Filter ComputeCapabilitiesFilter returned 1 host(s) {{(pid=95640) get_filtered_objects /opt/stack/nova/nova/filters.py:102}}
Jun 04 10:24:04.708606 np0000002126 nova-scheduler[95640]: DEBUG nova.filters [None req-21de8a82-aa94-4f58-996e-ee6a1c1a34ad tempest-ServerRescueNegativeTestJSON-915364337 tempest-ServerRescueNegativeTestJSON-915364337-project-member] Filter ImagePropertiesFilter returned 1 host(s) {{(pid=95640) get_filtered_objects /opt/stack/nova/nova/filters.py:102}}
Jun 04 10:24:04.708606 np0000002126 nova-scheduler[95640]: DEBUG nova.filters [None req-21de8a82-aa94-4f58-996e-ee6a1c1a34ad tempest-ServerRescueNegativeTestJSON-915364337 tempest-ServerRescueNegativeTestJSON-915364337-project-member] Filter ServerGroupAntiAffinityFilter returned 1 host(s) {{(pid=95640) get_filtered_objects /opt/stack/nova/nova/filters.py:102}}
Jun 04 10:24:04.708606 np0000002126 nova-scheduler[95640]: DEBUG nova.filters [None req-21de8a82-aa94-4f58-996e-ee6a1c1a34ad tempest-ServerRescueNegativeTestJSON-915364337 tempest-ServerRescueNegativeTestJSON-915364337-project-member] Filter ServerGroupAffinityFilter returned 1 host(s) {{(pid=95640) get_filtered_objects /opt/stack/nova/nova/filters.py:102}}
Jun 04 10:24:04.708606 np0000002126 nova-scheduler[95640]: DEBUG nova.filters [None req-21de8a82-aa94-4f58-996e-ee6a1c1a34ad tempest-ServerRescueNegativeTestJSON-915364337 tempest-ServerRescueNegativeTestJSON-915364337-project-member] Filter SameHostFilter returned 1 host(s) {{(pid=95640) get_filtered_objects /opt/stack/nova/nova/filters.py:102}}
Jun 04 10:24:04.708606 np0000002126 nova-scheduler[95640]: DEBUG nova.filters [None req-21de8a82-aa94-4f58-996e-ee6a1c1a34ad tempest-ServerRescueNegativeTestJSON-915364337 tempest-ServerRescueNegativeTestJSON-915364337-project-member] Filter DifferentHostFilter returned 1 host(s) {{(pid=95640) get_filtered_objects /opt/stack/nova/nova/filters.py:102}}
Jun 04 10:24:04.708606 np0000002126 nova-scheduler[95640]: DEBUG nova.scheduler.manager [None req-21de8a82-aa94-4f58-996e-ee6a1c1a34ad tempest-ServerRescueNegativeTestJSON-915364337 tempest-ServerRescueNegativeTestJSON-915364337-project-member] Filtered [(np0000002126, np0000002126) ram: 23518MB disk: 75776MB io_ops: 0 instances: 0, allocation_candidates: 1] {{(pid=95640) _get_sorted_hosts /opt/stack/nova/nova/scheduler/manager.py:743}}
Jun 04 10:24:04.708606 np0000002126 nova-scheduler[95640]: DEBUG nova.scheduler.manager [None req-21de8a82-aa94-4f58-996e-ee6a1c1a34ad tempest-ServerRescueNegativeTestJSON-915364337 tempest-ServerRescueNegativeTestJSON-915364337-project-member] Weighed [WeighedHost [host: (np0000002126, np0000002126) ram: 23518MB disk: 75776MB io_ops: 0 instances: 0, allocation_candidates: 1, weight: 0.0]] {{(pid=95640) _get_sorted_hosts /opt/stack/nova/nova/scheduler/manager.py:765}}
Jun 04 10:24:04.708606 np0000002126 nova-scheduler[95640]: DEBUG nova.scheduler.utils [None req-21de8a82-aa94-4f58-996e-ee6a1c1a34ad tempest-ServerRescueNegativeTestJSON-915364337 tempest-ServerRescueNegativeTestJSON-915364337-project-member] Attempting to claim resources in the placement API for instance e9f5d167-5c73-486d-ad5c-582b0a71e91c {{(pid=95640) claim_resources /opt/stack/nova/nova/scheduler/utils.py:1345}}
Jun 04 10:24:04.859544 np0000002126 nova-scheduler[95640]: DEBUG nova.scheduler.manager [None req-21de8a82-aa94-4f58-996e-ee6a1c1a34ad tempest-ServerRescueNegativeTestJSON-915364337 tempest-ServerRescueNegativeTestJSON-915364337-project-member] [instance: e9f5d167-5c73-486d-ad5c-582b0a71e91c] Selected host: (np0000002126, np0000002126) ram: 23518MB disk: 75776MB io_ops: 0 instances: 0, allocation_candidates: 1 {{(pid=95640) _consume_selected_host /opt/stack/nova/nova/scheduler/manager.py:625}}
Jun 04 10:24:04.860025 np0000002126 nova-scheduler[95640]: DEBUG oslo_concurrency.lockutils [None req-21de8a82-aa94-4f58-996e-ee6a1c1a34ad tempest-ServerRescueNegativeTestJSON-915364337 tempest-ServerRescueNegativeTestJSON-915364337-project-member] Acquiring lock "('np0000002126', 'np0000002126')" by "nova.scheduler.host_manager.HostState.consume_from_request.._locked" {{(pid=95640) inner /opt/stack/data/venv/lib/python3.12/site-packages/oslo_concurrency/lockutils.py:511}}
Jun 04 10:24:04.860216 np0000002126 nova-scheduler[95640]: DEBUG oslo_concurrency.lockutils [None req-21de8a82-aa94-4f58-996e-ee6a1c1a34ad tempest-ServerRescueNegativeTestJSON-915364337 tempest-ServerRescueNegativeTestJSON-915364337-project-member] Lock "('np0000002126', 'np0000002126')" acquired by "nova.scheduler.host_manager.HostState.consume_from_request.._locked" :: waited 0.000s {{(pid=95640) inner /opt/stack/data/venv/lib/python3.12/site-packages/oslo_concurrency/lockutils.py:524}}
Jun 04 10:24:04.860414 np0000002126 nova-scheduler[95640]: DEBUG oslo_concurrency.lockutils [None req-21de8a82-aa94-4f58-996e-ee6a1c1a34ad tempest-ServerRescueNegativeTestJSON-915364337 tempest-ServerRescueNegativeTestJSON-915364337-project-member] Lock "('np0000002126', 'np0000002126')" "released" by "nova.scheduler.host_manager.HostState.consume_from_request.._locked" :: held 0.000s {{(pid=95640) inner /opt/stack/data/venv/lib/python3.12/site-packages/oslo_concurrency/lockutils.py:543}}
Jun 04 10:24:05.327483 np0000002126 nova-scheduler[95638]: DEBUG nova.scheduler.manager [None req-4f74b050-11fb-47af-a8e9-966b17be9a7e tempest-DeleteServersTestJSON-683937452 tempest-DeleteServersTestJSON-683937452-project-member] Starting to schedule for instances: ['cd0391fc-575c-459e-8d0d-f7fcaaffb004'] {{(pid=95638) select_destinations /opt/stack/nova/nova/scheduler/manager.py:210}}
Jun 04 10:24:05.329783 np0000002126 nova-scheduler[95638]: DEBUG nova.scheduler.request_filter [None req-4f74b050-11fb-47af-a8e9-966b17be9a7e tempest-DeleteServersTestJSON-683937452 tempest-DeleteServersTestJSON-683937452-project-member] compute_status_filter request filter added forbidden trait COMPUTE_STATUS_DISABLED {{(pid=95638) compute_status_filter /opt/stack/nova/nova/scheduler/request_filter.py:253}}
Jun 04 10:24:05.329783 np0000002126 nova-scheduler[95638]: DEBUG nova.scheduler.request_filter [None req-4f74b050-11fb-47af-a8e9-966b17be9a7e tempest-DeleteServersTestJSON-683937452 tempest-DeleteServersTestJSON-683937452-project-member] Request filter 'compute_status_filter' took 0.0 seconds {{(pid=95638) wrapper /opt/stack/nova/nova/scheduler/request_filter.py:46}}
Jun 04 10:24:05.329783 np0000002126 nova-scheduler[95638]: DEBUG nova.scheduler.request_filter [None req-4f74b050-11fb-47af-a8e9-966b17be9a7e tempest-DeleteServersTestJSON-683937452 tempest-DeleteServersTestJSON-683937452-project-member] Request filter 'accelerators_filter' took 0.0 seconds {{(pid=95638) wrapper /opt/stack/nova/nova/scheduler/request_filter.py:46}}
Jun 04 10:24:05.329783 np0000002126 nova-scheduler[95638]: DEBUG nova.scheduler.request_filter [None req-4f74b050-11fb-47af-a8e9-966b17be9a7e tempest-DeleteServersTestJSON-683937452 tempest-DeleteServersTestJSON-683937452-project-member] Request filter 'packed_virtqueue_filter' took 0.0 seconds {{(pid=95638) wrapper /opt/stack/nova/nova/scheduler/request_filter.py:46}}
Jun 04 10:24:05.330035 np0000002126 nova-scheduler[95638]: DEBUG nova.scheduler.request_filter [None req-4f74b050-11fb-47af-a8e9-966b17be9a7e tempest-DeleteServersTestJSON-683937452 tempest-DeleteServersTestJSON-683937452-project-member] Request filter 'remote_managed_ports_filter' took 0.0 seconds {{(pid=95638) wrapper /opt/stack/nova/nova/scheduler/request_filter.py:46}}
Jun 04 10:24:05.330362 np0000002126 nova-scheduler[95638]: DEBUG nova.scheduler.request_filter [None req-4f74b050-11fb-47af-a8e9-966b17be9a7e tempest-DeleteServersTestJSON-683937452 tempest-DeleteServersTestJSON-683937452-project-member] ephemeral_encryption_filter skipped {{(pid=95638) ephemeral_encryption_filter /opt/stack/nova/nova/scheduler/request_filter.py:426}}
Jun 04 10:24:05.330470 np0000002126 nova-scheduler[95638]: DEBUG nova.scheduler.request_filter [None req-4f74b050-11fb-47af-a8e9-966b17be9a7e tempest-DeleteServersTestJSON-683937452 tempest-DeleteServersTestJSON-683937452-project-member] virtio_sound_filter skipped {{(pid=95638) virtio_sound_filter /opt/stack/nova/nova/scheduler/request_filter.py:460}}
Jun 04 10:24:05.330599 np0000002126 nova-scheduler[95638]: DEBUG nova.scheduler.request_filter [None req-4f74b050-11fb-47af-a8e9-966b17be9a7e tempest-DeleteServersTestJSON-683937452 tempest-DeleteServersTestJSON-683937452-project-member] tpm_secret_security_filter skipped {{(pid=95638) tpm_secret_security_filter /opt/stack/nova/nova/scheduler/request_filter.py:477}}
Jun 04 10:24:05.437229 np0000002126 nova-scheduler[95638]: INFO nova.utils [None req-4f74b050-11fb-47af-a8e9-966b17be9a7e tempest-DeleteServersTestJSON-683937452 tempest-DeleteServersTestJSON-683937452-project-member] The cell worker thread pool ForkProcess-1.cell_worker is initialized
Jun 04 10:24:05.437638 np0000002126 nova-scheduler[95638]: DEBUG oslo_concurrency.lockutils [None req-4f74b050-11fb-47af-a8e9-966b17be9a7e tempest-DeleteServersTestJSON-683937452 tempest-DeleteServersTestJSON-683937452-project-member] Acquiring lock "90399ab8-7b8f-4d1b-89ae-673244067118" by "nova.context.set_target_cell..get_or_set_cached_cell_and_set_connections" {{(pid=95638) inner /opt/stack/data/venv/lib/python3.12/site-packages/oslo_concurrency/lockutils.py:511}}
Jun 04 10:24:05.437866 np0000002126 nova-scheduler[95638]: DEBUG oslo_concurrency.lockutils [None req-4f74b050-11fb-47af-a8e9-966b17be9a7e tempest-DeleteServersTestJSON-683937452 tempest-DeleteServersTestJSON-683937452-project-member] Lock "90399ab8-7b8f-4d1b-89ae-673244067118" acquired by "nova.context.set_target_cell..get_or_set_cached_cell_and_set_connections" :: waited 0.000s {{(pid=95638) inner /opt/stack/data/venv/lib/python3.12/site-packages/oslo_concurrency/lockutils.py:524}}
Jun 04 10:24:05.439836 np0000002126 nova-scheduler[95638]: DEBUG oslo_concurrency.lockutils [None req-4f74b050-11fb-47af-a8e9-966b17be9a7e tempest-DeleteServersTestJSON-683937452 tempest-DeleteServersTestJSON-683937452-project-member] Lock "90399ab8-7b8f-4d1b-89ae-673244067118" "released" by "nova.context.set_target_cell..get_or_set_cached_cell_and_set_connections" :: held 0.002s {{(pid=95638) inner /opt/stack/data/venv/lib/python3.12/site-packages/oslo_concurrency/lockutils.py:543}}
Jun 04 10:24:05.442329 np0000002126 nova-scheduler[95638]: INFO dbcounter [None req-4f74b050-11fb-47af-a8e9-966b17be9a7e tempest-DeleteServersTestJSON-683937452 tempest-DeleteServersTestJSON-683937452-project-member] Registered counter for database nova_cell1
Jun 04 10:24:05.476266 np0000002126 nova-scheduler[95638]: DEBUG oslo_db.sqlalchemy.engines [None req-4f74b050-11fb-47af-a8e9-966b17be9a7e tempest-DeleteServersTestJSON-683937452 tempest-DeleteServersTestJSON-683937452-project-member] MySQL server mode set to STRICT_TRANS_TABLES,STRICT_ALL_TABLES,NO_ZERO_IN_DATE,NO_ZERO_DATE,ERROR_FOR_DIVISION_BY_ZERO,TRADITIONAL,NO_ENGINE_SUBSTITUTION {{(pid=95638) _check_effective_sql_mode /opt/stack/data/venv/lib/python3.12/site-packages/oslo_db/sqlalchemy/engines.py:325}}
Jun 04 10:24:05.489382 np0000002126 nova-scheduler[95638]: DEBUG dbcounter [-] [95638] Writer thread running {{(pid=95638) stat_writer /opt/stack/data/venv/lib/python3.12/site-packages/dbcounter.py:102}}
Jun 04 10:24:05.549338 np0000002126 nova-scheduler[95638]: DEBUG dbcounter [-] [95638] Writer thread running {{(pid=95638) stat_writer /opt/stack/data/venv/lib/python3.12/site-packages/dbcounter.py:102}}
Jun 04 10:24:05.551999 np0000002126 nova-scheduler[95638]: DEBUG oslo_concurrency.lockutils [None req-4f74b050-11fb-47af-a8e9-966b17be9a7e tempest-DeleteServersTestJSON-683937452 tempest-DeleteServersTestJSON-683937452-project-member] Acquiring lock "90399ab8-7b8f-4d1b-89ae-673244067118" by "nova.context.set_target_cell..get_or_set_cached_cell_and_set_connections" {{(pid=95638) inner /opt/stack/data/venv/lib/python3.12/site-packages/oslo_concurrency/lockutils.py:511}}
Jun 04 10:24:05.552296 np0000002126 nova-scheduler[95638]: DEBUG oslo_concurrency.lockutils [None req-4f74b050-11fb-47af-a8e9-966b17be9a7e tempest-DeleteServersTestJSON-683937452 tempest-DeleteServersTestJSON-683937452-project-member] Lock "90399ab8-7b8f-4d1b-89ae-673244067118" acquired by "nova.context.set_target_cell..get_or_set_cached_cell_and_set_connections" :: waited 0.000s {{(pid=95638) inner /opt/stack/data/venv/lib/python3.12/site-packages/oslo_concurrency/lockutils.py:524}}
Jun 04 10:24:05.552506 np0000002126 nova-scheduler[95638]: DEBUG oslo_concurrency.lockutils [None req-4f74b050-11fb-47af-a8e9-966b17be9a7e tempest-DeleteServersTestJSON-683937452 tempest-DeleteServersTestJSON-683937452-project-member] Lock "90399ab8-7b8f-4d1b-89ae-673244067118" "released" by "nova.context.set_target_cell..get_or_set_cached_cell_and_set_connections" :: held 0.000s {{(pid=95638) inner /opt/stack/data/venv/lib/python3.12/site-packages/oslo_concurrency/lockutils.py:543}}
Jun 04 10:24:05.556118 np0000002126 nova-scheduler[95638]: DEBUG oslo_concurrency.lockutils [None req-4f74b050-11fb-47af-a8e9-966b17be9a7e tempest-DeleteServersTestJSON-683937452 tempest-DeleteServersTestJSON-683937452-project-member] Acquiring lock "('np0000002126', 'np0000002126')" by "nova.scheduler.host_manager.HostState.update.._locked_update" {{(pid=95638) inner /opt/stack/data/venv/lib/python3.12/site-packages/oslo_concurrency/lockutils.py:511}}
Jun 04 10:24:05.556118 np0000002126 nova-scheduler[95638]: DEBUG oslo_concurrency.lockutils [None req-4f74b050-11fb-47af-a8e9-966b17be9a7e tempest-DeleteServersTestJSON-683937452 tempest-DeleteServersTestJSON-683937452-project-member] Lock "('np0000002126', 'np0000002126')" acquired by "nova.scheduler.host_manager.HostState.update.._locked_update" :: waited 0.000s {{(pid=95638) inner /opt/stack/data/venv/lib/python3.12/site-packages/oslo_concurrency/lockutils.py:524}}
