Jul 02 16:45:41.644471 np0000004301 devstack@g-api.service[99522]: DEBUG glance_store.backend [-] Registering store swift with schemes ('swift+https', 'swift', 'swift+http', 'swift+config') {{(pid=99522) create_stores /opt/stack/data/venv/lib/python3.12/site-packages/glance_store/backend.py:261}}
Jul 02 16:45:41.644523 np0000004301 devstack@g-api.service[99522]: DEBUG glance_store.driver [-] Late loading location class glance_store._drivers.swift.store.StoreLocation {{(pid=99522) get_store_location_class /opt/stack/data/venv/lib/python3.12/site-packages/glance_store/driver.py:134}}
Jul 02 16:45:41.644573 np0000004301 devstack@g-api.service[99522]: DEBUG glance_store.location [-] Registering scheme swift+https with {'store': , 'location_class': , 'store_entry': 'swift'} {{(pid=99522) register_scheme_map /opt/stack/data/venv/lib/python3.12/site-packages/glance_store/location.py:146}}
Jul 02 16:45:41.644634 np0000004301 devstack@g-api.service[99522]: DEBUG glance_store.location [-] Registering scheme swift with {'store': , 'location_class': , 'store_entry': 'swift'} {{(pid=99522) register_scheme_map /opt/stack/data/venv/lib/python3.12/site-packages/glance_store/location.py:146}}
Jul 02 16:45:41.644683 np0000004301 devstack@g-api.service[99522]: DEBUG glance_store.location [-] Registering scheme swift+http with {'store': , 'location_class': , 'store_entry': 'swift'} {{(pid=99522) register_scheme_map /opt/stack/data/venv/lib/python3.12/site-packages/glance_store/location.py:146}}
Jul 02 16:45:41.644738 np0000004301 devstack@g-api.service[99522]: DEBUG glance_store.location [-] Registering scheme swift+config with {'store': , 'location_class': , 'store_entry': 'swift'} {{(pid=99522) register_scheme_map /opt/stack/data/venv/lib/python3.12/site-packages/glance_store/location.py:146}}
Jul 02 16:45:41.644812 np0000004301 devstack@g-api.service[99522]: DEBUG glance_store.backend [-] Attempting to import store file {{(pid=99522) _load_store /opt/stack/data/venv/lib/python3.12/site-packages/glance_store/backend.py:215}}
Jul 02 16:45:41.645278 np0000004301 devstack@g-api.service[99522]: DEBUG glance_store.capabilities [-] Store glance_store._drivers.filesystem.Store doesn't support updating dynamic storage capabilities. Please overwrite 'update_capabilities' method of the store to implement updating logics if needed. {{(pid=99522) update_capabilities /opt/stack/data/venv/lib/python3.12/site-packages/glance_store/capabilities.py:91}}
Jul 02 16:45:41.645332 np0000004301 devstack@g-api.service[99522]: DEBUG glance_store.backend [-] Registering store file with schemes ('file', 'filesystem') {{(pid=99522) create_stores /opt/stack/data/venv/lib/python3.12/site-packages/glance_store/backend.py:261}}
Jul 02 16:45:41.645405 np0000004301 devstack@g-api.service[99522]: DEBUG glance_store.driver [-] Late loading location class glance_store._drivers.filesystem.StoreLocation {{(pid=99522) get_store_location_class /opt/stack/data/venv/lib/python3.12/site-packages/glance_store/driver.py:134}}
Jul 02 16:45:41.645457 np0000004301 devstack@g-api.service[99522]: DEBUG glance_store.location [-] Registering scheme file with {'store': , 'location_class': , 'store_entry': 'file'} {{(pid=99522) register_scheme_map /opt/stack/data/venv/lib/python3.12/site-packages/glance_store/location.py:146}}
Jul 02 16:45:41.645512 np0000004301 devstack@g-api.service[99522]: DEBUG glance_store.location [-] Registering scheme filesystem with {'store': , 'location_class': , 'store_entry': 'file'} {{(pid=99522) register_scheme_map /opt/stack/data/venv/lib/python3.12/site-packages/glance_store/location.py:146}}
Jul 02 16:45:41.645669 np0000004301 devstack@g-api.service[99522]: DEBUG glance_store.backend [-] Attempting to import store swift {{(pid=99522) _load_store /opt/stack/data/venv/lib/python3.12/site-packages/glance_store/backend.py:215}}
Jul 02 16:45:41.646753 np0000004301 devstack@g-api.service[99522]: DEBUG glance_store.capabilities [-] Store glance_store._drivers.swift.store.SingleTenantStore doesn't support updating dynamic storage capabilities. Please overwrite 'update_capabilities' method of the store to implement updating logics if needed. {{(pid=99522) update_capabilities /opt/stack/data/venv/lib/python3.12/site-packages/glance_store/capabilities.py:91}}
Jul 02 16:45:41.646826 np0000004301 devstack@g-api.service[99522]: DEBUG glance_store.driver [-] Late loading location class glance_store._drivers.swift.store.StoreLocation {{(pid=99522) get_store_location_class /opt/stack/data/venv/lib/python3.12/site-packages/glance_store/driver.py:134}}
Jul 02 16:45:41.646866 np0000004301 devstack@g-api.service[99522]: DEBUG glance_store.location [-] Registering scheme swift+https with {'store': , 'location_class': , 'store_entry': 'swift'} {{(pid=99522) register_scheme_map /opt/stack/data/venv/lib/python3.12/site-packages/glance_store/location.py:146}}
Jul 02 16:45:41.646933 np0000004301 devstack@g-api.service[99522]: DEBUG glance_store.location [-] Registering scheme swift+https with {'store': , 'location_class': , 'store_entry': 'swift'} {{(pid=99522) register_scheme_map /opt/stack/data/venv/lib/python3.12/site-packages/glance_store/location.py:146}}
Jul 02 16:45:41.647002 np0000004301 devstack@g-api.service[99522]: DEBUG glance_store.location [-] Registering scheme swift with {'store': , 'location_class': , 'store_entry': 'swift'} {{(pid=99522) register_scheme_map /opt/stack/data/venv/lib/python3.12/site-packages/glance_store/location.py:146}}
Jul 02 16:45:41.647099 np0000004301 devstack@g-api.service[99522]: DEBUG glance_store.location [-] Registering scheme swift+https with {'store': , 'location_class': , 'store_entry': 'swift'} {{(pid=99522) register_scheme_map /opt/stack/data/venv/lib/python3.12/site-packages/glance_store/location.py:146}}
Jul 02 16:45:41.647152 np0000004301 devstack@g-api.service[99522]: DEBUG glance_store.location [-] Registering scheme swift with {'store': , 'location_class': , 'store_entry': 'swift'} {{(pid=99522) register_scheme_map /opt/stack/data/venv/lib/python3.12/site-packages/glance_store/location.py:146}}
Jul 02 16:45:41.647198 np0000004301 devstack@g-api.service[99522]: DEBUG glance_store.location [-] Registering scheme swift+http with {'store': , 'location_class': , 'store_entry': 'swift'} {{(pid=99522) register_scheme_map /opt/stack/data/venv/lib/python3.12/site-packages/glance_store/location.py:146}}
Jul 02 16:45:41.647251 np0000004301 devstack@g-api.service[99522]: DEBUG glance_store.location [-] Registering scheme swift+https with {'store': , 'location_class': , 'store_entry': 'swift'} {{(pid=99522) register_scheme_map /opt/stack/data/venv/lib/python3.12/site-packages/glance_store/location.py:146}}
Jul 02 16:45:41.647286 np0000004301 devstack@g-api.service[99522]: DEBUG glance_store.location [-] Registering scheme swift with {'store': , 'location_class': , 'store_entry': 'swift'} {{(pid=99522) register_scheme_map /opt/stack/data/venv/lib/python3.12/site-packages/glance_store/location.py:146}}
Jul 02 16:45:41.647341 np0000004301 devstack@g-api.service[99522]: DEBUG glance_store.location [-] Registering scheme swift+http with {'store': , 'location_class': , 'store_entry': 'swift'} {{(pid=99522) register_scheme_map /opt/stack/data/venv/lib/python3.12/site-packages/glance_store/location.py:146}}
Jul 02 16:45:41.647418 np0000004301 devstack@g-api.service[99522]: DEBUG glance_store.location [-] Registering scheme swift+config with {'store': , 'location_class': , 'store_entry': 'swift'} {{(pid=99522) register_scheme_map /opt/stack/data/venv/lib/python3.12/site-packages/glance_store/location.py:146}}
Jul 02 16:45:41.647687 np0000004301 devstack@g-api.service[99522]: DEBUG glance.sqlite_migration [-] SQLite caching database not located, skipping migration {{(pid=99522) get_db_path /opt/stack/glance/glance/sqlite_migration.py:68}}
Jul 02 16:45:41.647889 np0000004301 devstack@g-api.service[99522]: WARNING glance.common.wsgi_app [-] Import methods are enabled but staging directory /tmp/staging/ does not exist; Imports will fail!
Jul 02 16:45:41.772567 np0000004301 devstack@g-api.service[99521]: DEBUG glance.common.config [None req-5c050218-b844-43b8-9252-357048a6c9a4 None None] Loading glance-api-keystone+cachemanagement from /etc/glance/glance-api-paste.ini {{(pid=99521) load_paste_app /opt/stack/glance/glance/common/config.py:765}}
Jul 02 16:45:41.790506 np0000004301 devstack@g-api.service[99522]: DEBUG glance.common.config [None req-37c2668d-ed13-44f2-80d3-728962cc0ce0 None None] Loading glance-api-keystone+cachemanagement from /etc/glance/glance-api-paste.ini {{(pid=99522) load_paste_app /opt/stack/glance/glance/common/config.py:765}}
Jul 02 16:45:41.813708 np0000004301 devstack@g-api.service[99520]: DEBUG glance.common.config [None req-d063d8e9-7aef-4bfa-a168-a43d85b37a46 None None] Loading glance-api-keystone+cachemanagement from /etc/glance/glance-api-paste.ini {{(pid=99520) load_paste_app /opt/stack/glance/glance/common/config.py:765}}
Jul 02 16:45:42.457584 np0000004301 devstack@g-api.service[99520]: INFO glance.image_cache [None req-d063d8e9-7aef-4bfa-a168-a43d85b37a46 None None] Image cache loaded driver 'centralized_db'.
Jul 02 16:45:42.475255 np0000004301 devstack@g-api.service[99521]: INFO glance.image_cache [None req-5c050218-b844-43b8-9252-357048a6c9a4 None None] Image cache loaded driver 'centralized_db'.
Jul 02 16:45:42.490226 np0000004301 devstack@g-api.service[99522]: INFO glance.image_cache [None req-37c2668d-ed13-44f2-80d3-728962cc0ce0 None None] Image cache loaded driver 'centralized_db'.
Jul 02 16:45:42.501760 np0000004301 devstack@g-api.service[99520]: INFO dbcounter [None req-d063d8e9-7aef-4bfa-a168-a43d85b37a46 None None] Registered counter for database glance
Jul 02 16:45:42.523265 np0000004301 devstack@g-api.service[99521]: INFO dbcounter [None req-5c050218-b844-43b8-9252-357048a6c9a4 None None] Registered counter for database glance
Jul 02 16:45:42.541881 np0000004301 devstack@g-api.service[99520]: DEBUG oslo_db.sqlalchemy.engines [None req-d063d8e9-7aef-4bfa-a168-a43d85b37a46 None None] MySQL server mode set to STRICT_TRANS_TABLES,STRICT_ALL_TABLES,NO_ZERO_IN_DATE,NO_ZERO_DATE,ERROR_FOR_DIVISION_BY_ZERO,TRADITIONAL,NO_ENGINE_SUBSTITUTION {{(pid=99520) _check_effective_sql_mode /opt/stack/data/venv/lib/python3.12/site-packages/oslo_db/sqlalchemy/engines.py:325}}
Jul 02 16:45:42.544086 np0000004301 devstack@g-api.service[99522]: INFO dbcounter [None req-37c2668d-ed13-44f2-80d3-728962cc0ce0 None None] Registered counter for database glance
Jul 02 16:45:42.561991 np0000004301 devstack@g-api.service[99520]: DEBUG dbcounter [-] [99520] Writer thread running {{(pid=99520) stat_writer /opt/stack/data/venv/lib/python3.12/site-packages/dbcounter.py:102}}
Jul 02 16:45:42.574203 np0000004301 devstack@g-api.service[99521]: DEBUG oslo_db.sqlalchemy.engines [None req-5c050218-b844-43b8-9252-357048a6c9a4 None None] MySQL server mode set to STRICT_TRANS_TABLES,STRICT_ALL_TABLES,NO_ZERO_IN_DATE,NO_ZERO_DATE,ERROR_FOR_DIVISION_BY_ZERO,TRADITIONAL,NO_ENGINE_SUBSTITUTION {{(pid=99521) _check_effective_sql_mode /opt/stack/data/venv/lib/python3.12/site-packages/oslo_db/sqlalchemy/engines.py:325}}
Jul 02 16:45:42.576509 np0000004301 devstack@g-api.service[99520]: INFO glance.image_cache [None req-d063d8e9-7aef-4bfa-a168-a43d85b37a46 None None] Image cache loaded driver 'centralized_db'.
Jul 02 16:45:42.587243 np0000004301 devstack@g-api.service[99520]: DEBUG glance.image_cache.drivers.centralized_db [None req-d063d8e9-7aef-4bfa-a168-a43d85b37a46 None None] Node reference is already recorded, ignoring it {{(pid=99520) configure /opt/stack/glance/glance/image_cache/drivers/centralized_db.py:71}}
Jul 02 16:45:42.591141 np0000004301 devstack@g-api.service[99522]: DEBUG oslo_db.sqlalchemy.engines [None req-37c2668d-ed13-44f2-80d3-728962cc0ce0 None None] MySQL server mode set to STRICT_TRANS_TABLES,STRICT_ALL_TABLES,NO_ZERO_IN_DATE,NO_ZERO_DATE,ERROR_FOR_DIVISION_BY_ZERO,TRADITIONAL,NO_ENGINE_SUBSTITUTION {{(pid=99522) _check_effective_sql_mode /opt/stack/data/venv/lib/python3.12/site-packages/oslo_db/sqlalchemy/engines.py:325}}
Jul 02 16:45:42.598835 np0000004301 devstack@g-api.service[99521]: DEBUG dbcounter [-] [99521] Writer thread running {{(pid=99521) stat_writer /opt/stack/data/venv/lib/python3.12/site-packages/dbcounter.py:102}}
Jul 02 16:45:42.603303 np0000004301 devstack@g-api.service[99521]: DEBUG glance.image_cache.drivers.centralized_db [None req-5c050218-b844-43b8-9252-357048a6c9a4 None None] Node reference is already recorded, ignoring it {{(pid=99521) configure /opt/stack/glance/glance/image_cache/drivers/centralized_db.py:71}}
Jul 02 16:45:42.614136 np0000004301 devstack@g-api.service[99522]: DEBUG dbcounter [-] [99522] Writer thread running {{(pid=99522) stat_writer /opt/stack/data/venv/lib/python3.12/site-packages/dbcounter.py:102}}
Jul 02 16:45:42.617223 np0000004301 devstack@g-api.service[99522]: DEBUG glance.image_cache.drivers.centralized_db [None req-37c2668d-ed13-44f2-80d3-728962cc0ce0 None None] Node reference is already recorded, ignoring it {{(pid=99522) configure /opt/stack/glance/glance/image_cache/drivers/centralized_db.py:71}}
Jul 02 16:45:42.704275 np0000004301 devstack@g-api.service[99520]: DEBUG glance.api.v2.cached_images [None req-d063d8e9-7aef-4bfa-a168-a43d85b37a46 None None] Started cache worker thread {{(pid=99520) __init__ /opt/stack/glance/glance/api/v2/cached_images.py:69}}
Jul 02 16:45:42.705296 np0000004301 devstack@g-api.service[99520]: INFO glance.image_cache [None req-d063d8e9-7aef-4bfa-a168-a43d85b37a46 None None] Image cache loaded driver 'centralized_db'.
Jul 02 16:45:42.705904 np0000004301 devstack@g-api.service[99521]: INFO glance.image_cache [None req-5c050218-b844-43b8-9252-357048a6c9a4 None None] Image cache loaded driver 'centralized_db'.
Jul 02 16:45:42.712787 np0000004301 devstack@g-api.service[99520]: DEBUG glance.image_cache.drivers.centralized_db [None req-d063d8e9-7aef-4bfa-a168-a43d85b37a46 None None] Node reference is already recorded, ignoring it {{(pid=99520) configure /opt/stack/glance/glance/image_cache/drivers/centralized_db.py:71}}
Jul 02 16:45:42.713343 np0000004301 devstack@g-api.service[99521]: DEBUG glance.image_cache.drivers.centralized_db [None req-5c050218-b844-43b8-9252-357048a6c9a4 None None] Node reference is already recorded, ignoring it {{(pid=99521) configure /opt/stack/glance/glance/image_cache/drivers/centralized_db.py:71}}
Jul 02 16:45:42.717351 np0000004301 devstack@g-api.service[99520]: INFO glance.api.middleware.cache_manage [None req-d063d8e9-7aef-4bfa-a168-a43d85b37a46 None None] Initialized image cache management middleware
Jul 02 16:45:42.717530 np0000004301 devstack@g-api.service[99520]: INFO glance.image_cache [None req-d063d8e9-7aef-4bfa-a168-a43d85b37a46 None None] Image cache loaded driver 'centralized_db'.
Jul 02 16:45:42.718859 np0000004301 devstack@g-api.service[99521]: DEBUG glance.api.v2.cached_images [None req-5c050218-b844-43b8-9252-357048a6c9a4 None None] Started cache worker thread {{(pid=99521) __init__ /opt/stack/glance/glance/api/v2/cached_images.py:69}}
Jul 02 16:45:42.719629 np0000004301 devstack@g-api.service[99521]: INFO glance.image_cache [None req-5c050218-b844-43b8-9252-357048a6c9a4 None None] Image cache loaded driver 'centralized_db'.
Jul 02 16:45:42.722185 np0000004301 devstack@g-api.service[99522]: INFO glance.image_cache [None req-37c2668d-ed13-44f2-80d3-728962cc0ce0 None None] Image cache loaded driver 'centralized_db'.
Jul 02 16:45:42.725159 np0000004301 devstack@g-api.service[99520]: DEBUG glance.image_cache.drivers.centralized_db [None req-d063d8e9-7aef-4bfa-a168-a43d85b37a46 None None] Node reference is already recorded, ignoring it {{(pid=99520) configure /opt/stack/glance/glance/image_cache/drivers/centralized_db.py:71}}
Jul 02 16:45:42.728607 np0000004301 devstack@g-api.service[99521]: DEBUG glance.image_cache.drivers.centralized_db [None req-5c050218-b844-43b8-9252-357048a6c9a4 None None] Node reference is already recorded, ignoring it {{(pid=99521) configure /opt/stack/glance/glance/image_cache/drivers/centralized_db.py:71}}
Jul 02 16:45:42.729230 np0000004301 devstack@g-api.service[99520]: INFO glance.api.middleware.cache [None req-d063d8e9-7aef-4bfa-a168-a43d85b37a46 None None] Initialized image cache middleware
Jul 02 16:45:42.732348 np0000004301 devstack@g-api.service[99522]: DEBUG glance.image_cache.drivers.centralized_db [None req-37c2668d-ed13-44f2-80d3-728962cc0ce0 None None] Node reference is already recorded, ignoring it {{(pid=99522) configure /opt/stack/glance/glance/image_cache/drivers/centralized_db.py:71}}
Jul 02 16:45:42.733401 np0000004301 devstack@g-api.service[99521]: INFO glance.api.middleware.cache_manage [None req-5c050218-b844-43b8-9252-357048a6c9a4 None None] Initialized image cache management middleware
Jul 02 16:45:42.733555 np0000004301 devstack@g-api.service[99521]: INFO glance.image_cache [None req-5c050218-b844-43b8-9252-357048a6c9a4 None None] Image cache loaded driver 'centralized_db'.
Jul 02 16:45:42.738827 np0000004301 devstack@g-api.service[99522]: DEBUG glance.api.v2.cached_images [None req-37c2668d-ed13-44f2-80d3-728962cc0ce0 None None] Started cache worker thread {{(pid=99522) __init__ /opt/stack/glance/glance/api/v2/cached_images.py:69}}
Jul 02 16:45:42.739516 np0000004301 devstack@g-api.service[99522]: INFO glance.image_cache [None req-37c2668d-ed13-44f2-80d3-728962cc0ce0 None None] Image cache loaded driver 'centralized_db'.
Jul 02 16:45:42.741367 np0000004301 devstack@g-api.service[99520]: DEBUG glance.common.config [None req-d063d8e9-7aef-4bfa-a168-a43d85b37a46 None None] ******************************************************************************** {{(pid=99520) log_opt_values /opt/stack/data/venv/lib/python3.12/site-packages/oslo_config/cfg.py:3226}}
Jul 02 16:45:42.741852 np0000004301 devstack@g-api.service[99520]: DEBUG glance.common.config [None req-d063d8e9-7aef-4bfa-a168-a43d85b37a46 None None] Configuration options gathered from: {{(pid=99520) log_opt_values /opt/stack/data/venv/lib/python3.12/site-packages/oslo_config/cfg.py:3227}}
Jul 02 16:45:42.741852 np0000004301 devstack@g-api.service[99520]: DEBUG glance.common.config [None req-d063d8e9-7aef-4bfa-a168-a43d85b37a46 None None] command line args: [] {{(pid=99520) log_opt_values /opt/stack/data/venv/lib/python3.12/site-packages/oslo_config/cfg.py:3228}}
Jul 02 16:45:42.741852 np0000004301 devstack@g-api.service[99520]: DEBUG glance.common.config [None req-d063d8e9-7aef-4bfa-a168-a43d85b37a46 None None] config files: ['/etc/glance/glance-image-import.conf', '/etc/glance/glance-api.conf'] {{(pid=99520) log_opt_values /opt/stack/data/venv/lib/python3.12/site-packages/oslo_config/cfg.py:3229}}
Jul 02 16:45:42.742015 np0000004301 devstack@g-api.service[99520]: DEBUG glance.common.config [None req-d063d8e9-7aef-4bfa-a168-a43d85b37a46 None None] ================================================================================ {{(pid=99520) log_opt_values /opt/stack/data/venv/lib/python3.12/site-packages/oslo_config/cfg.py:3234}}
Jul 02 16:45:42.742084 np0000004301 devstack@g-api.service[99520]: DEBUG glance.common.config [None req-d063d8e9-7aef-4bfa-a168-a43d85b37a46 None None] allow_anonymous_access = False {{(pid=99520) log_opt_values /opt/stack/data/venv/lib/python3.12/site-packages/oslo_config/cfg.py:3242}}
Jul 02 16:45:42.742220 np0000004301 devstack@g-api.service[99520]: DEBUG glance.common.config [None req-d063d8e9-7aef-4bfa-a168-a43d85b37a46 None None] api_limit_max = 1000 {{(pid=99520) log_opt_values /opt/stack/data/venv/lib/python3.12/site-packages/oslo_config/cfg.py:3242}}
Jul 02 16:45:42.742369 np0000004301 devstack@g-api.service[99520]: DEBUG glance.common.config [None req-d063d8e9-7aef-4bfa-a168-a43d85b37a46 None None] backlog = 4096 {{(pid=99520) log_opt_values /opt/stack/data/venv/lib/python3.12/site-packages/oslo_config/cfg.py:3242}}
Jul 02 16:45:42.742491 np0000004301 devstack@g-api.service[99520]: DEBUG glance.common.config [None req-d063d8e9-7aef-4bfa-a168-a43d85b37a46 None None] bind_host = 0.0.0.0 {{(pid=99520) log_opt_values /opt/stack/data/venv/lib/python3.12/site-packages/oslo_config/cfg.py:3242}}
Jul 02 16:45:42.742598 np0000004301 devstack@g-api.service[99520]: DEBUG glance.common.config [None req-d063d8e9-7aef-4bfa-a168-a43d85b37a46 None None] bind_port = 19292 {{(pid=99520) log_opt_values /opt/stack/data/venv/lib/python3.12/site-packages/oslo_config/cfg.py:3242}}
Jul 02 16:45:42.742701 np0000004301 devstack@g-api.service[99520]: DEBUG glance.common.config [None req-d063d8e9-7aef-4bfa-a168-a43d85b37a46 None None] client_socket_timeout = 900 {{(pid=99520) log_opt_values /opt/stack/data/venv/lib/python3.12/site-packages/oslo_config/cfg.py:3242}}
Jul 02 16:45:42.742797 np0000004301 devstack@g-api.service[99520]: DEBUG glance.common.config [None req-d063d8e9-7aef-4bfa-a168-a43d85b37a46 None None] config_dir = [] {{(pid=99520) log_opt_values /opt/stack/data/venv/lib/python3.12/site-packages/oslo_config/cfg.py:3242}}
Jul 02 16:45:42.742855 np0000004301 devstack@g-api.service[99520]: DEBUG glance.common.config [None req-d063d8e9-7aef-4bfa-a168-a43d85b37a46 None None] config_file = ['/etc/glance/glance-image-import.conf', '/etc/glance/glance-api.conf'] {{(pid=99520) log_opt_values /opt/stack/data/venv/lib/python3.12/site-packages/oslo_config/cfg.py:3242}}
Jul 02 16:45:42.742995 np0000004301 devstack@g-api.service[99520]: DEBUG glance.common.config [None req-d063d8e9-7aef-4bfa-a168-a43d85b37a46 None None] config_source = [] {{(pid=99520) log_opt_values /opt/stack/data/venv/lib/python3.12/site-packages/oslo_config/cfg.py:3242}}
Jul 02 16:45:42.743100 np0000004301 devstack@g-api.service[99520]: DEBUG glance.common.config [None req-d063d8e9-7aef-4bfa-a168-a43d85b37a46 None None] control_exchange = glance {{(pid=99520) log_opt_values /opt/stack/data/venv/lib/python3.12/site-packages/oslo_config/cfg.py:3242}}
Jul 02 16:45:42.743188 np0000004301 devstack@g-api.service[99520]: DEBUG glance.common.config [None req-d063d8e9-7aef-4bfa-a168-a43d85b37a46 None None] debug = True {{(pid=99520) log_opt_values /opt/stack/data/venv/lib/python3.12/site-packages/oslo_config/cfg.py:3242}}
Jul 02 16:45:42.743307 np0000004301 devstack@g-api.service[99521]: DEBUG glance.image_cache.drivers.centralized_db [None req-5c050218-b844-43b8-9252-357048a6c9a4 None None] Node reference is already recorded, ignoring it {{(pid=99521) configure /opt/stack/glance/glance/image_cache/drivers/centralized_db.py:71}}
Jul 02 16:45:42.743382 np0000004301 devstack@g-api.service[99520]: DEBUG glance.common.config [None req-d063d8e9-7aef-4bfa-a168-a43d85b37a46 None None] default_log_levels = ['amqp=WARN', 'boto=WARN', 'sqlalchemy=WARN', 'suds=INFO', 'oslo.messaging=INFO', 'oslo_messaging=INFO', 'iso8601=WARN', 'requests.packages.urllib3.connectionpool=WARN', 'urllib3.connectionpool=WARN', 'websocket=WARN', 'requests.packages.urllib3.util.retry=WARN', 'urllib3.util.retry=WARN', 'keystonemiddleware=WARN', 'routes.middleware=WARN', 'stevedore=WARN', 'taskflow=WARN', 'keystoneauth=WARN', 'oslo.cache=INFO', 'oslo_policy=INFO', 'dogpile.core.dogpile=INFO'] {{(pid=99520) log_opt_values /opt/stack/data/venv/lib/python3.12/site-packages/oslo_config/cfg.py:3242}}
Jul 02 16:45:42.743484 np0000004301 devstack@g-api.service[99520]: DEBUG glance.common.config [None req-d063d8e9-7aef-4bfa-a168-a43d85b37a46 None None] default_publisher_id = image.localhost {{(pid=99520) log_opt_values /opt/stack/data/venv/lib/python3.12/site-packages/oslo_config/cfg.py:3242}}
Jul 02 16:45:42.743578 np0000004301 devstack@g-api.service[99520]: DEBUG glance.common.config [None req-d063d8e9-7aef-4bfa-a168-a43d85b37a46 None None] delayed_delete = False {{(pid=99520) log_opt_values /opt/stack/data/venv/lib/python3.12/site-packages/oslo_config/cfg.py:3242}}
Jul 02 16:45:42.743672 np0000004301 devstack@g-api.service[99520]: DEBUG glance.common.config [None req-d063d8e9-7aef-4bfa-a168-a43d85b37a46 None None] digest_algorithm = sha256 {{(pid=99520) log_opt_values /opt/stack/data/venv/lib/python3.12/site-packages/oslo_config/cfg.py:3242}}
Jul 02 16:45:42.743775 np0000004301 devstack@g-api.service[99520]: DEBUG glance.common.config [None req-d063d8e9-7aef-4bfa-a168-a43d85b37a46 None None] disabled_notifications = [] {{(pid=99520) log_opt_values /opt/stack/data/venv/lib/python3.12/site-packages/oslo_config/cfg.py:3242}}
Jul 02 16:45:42.743884 np0000004301 devstack@g-api.service[99520]: DEBUG glance.common.config [None req-d063d8e9-7aef-4bfa-a168-a43d85b37a46 None None] do_secure_hash = True {{(pid=99520) log_opt_values /opt/stack/data/venv/lib/python3.12/site-packages/oslo_config/cfg.py:3242}}
Jul 02 16:45:42.744014 np0000004301 devstack@g-api.service[99520]: DEBUG glance.common.config [None req-d063d8e9-7aef-4bfa-a168-a43d85b37a46 None None] enabled_backends = None {{(pid=99520) log_opt_values /opt/stack/data/venv/lib/python3.12/site-packages/oslo_config/cfg.py:3242}}
Jul 02 16:45:42.744154 np0000004301 devstack@g-api.service[99520]: DEBUG glance.common.config [None req-d063d8e9-7aef-4bfa-a168-a43d85b37a46 None None] enabled_import_methods = ['glance-direct', 'web-download', 'copy-image'] {{(pid=99520) log_opt_values /opt/stack/data/venv/lib/python3.12/site-packages/oslo_config/cfg.py:3242}}
Jul 02 16:45:42.744314 np0000004301 devstack@g-api.service[99520]: DEBUG glance.common.config [None req-d063d8e9-7aef-4bfa-a168-a43d85b37a46 None None] fatal_deprecations = False {{(pid=99520) log_opt_values /opt/stack/data/venv/lib/python3.12/site-packages/oslo_config/cfg.py:3242}}
Jul 02 16:45:42.744440 np0000004301 devstack@g-api.service[99520]: DEBUG glance.common.config [None req-d063d8e9-7aef-4bfa-a168-a43d85b37a46 None None] hashing_algorithm = sha512 {{(pid=99520) log_opt_values /opt/stack/data/venv/lib/python3.12/site-packages/oslo_config/cfg.py:3242}}
Jul 02 16:45:42.744552 np0000004301 devstack@g-api.service[99520]: DEBUG glance.common.config [None req-d063d8e9-7aef-4bfa-a168-a43d85b37a46 None None] http_keepalive = True {{(pid=99520) log_opt_values /opt/stack/data/venv/lib/python3.12/site-packages/oslo_config/cfg.py:3242}}
Jul 02 16:45:42.744636 np0000004301 devstack@g-api.service[99520]: DEBUG glance.common.config [None req-d063d8e9-7aef-4bfa-a168-a43d85b37a46 None None] http_retries = 3 {{(pid=99520) log_opt_values /opt/stack/data/venv/lib/python3.12/site-packages/oslo_config/cfg.py:3242}}
Jul 02 16:45:42.744730 np0000004301 devstack@g-api.service[99520]: DEBUG glance.common.config [None req-d063d8e9-7aef-4bfa-a168-a43d85b37a46 None None] image_cache_dir = /opt/stack/data/glance/cache/ {{(pid=99520) log_opt_values /opt/stack/data/venv/lib/python3.12/site-packages/oslo_config/cfg.py:3242}}
Jul 02 16:45:42.744824 np0000004301 devstack@g-api.service[99520]: DEBUG glance.common.config [None req-d063d8e9-7aef-4bfa-a168-a43d85b37a46 None None] image_cache_driver = centralized_db {{(pid=99520) log_opt_values /opt/stack/data/venv/lib/python3.12/site-packages/oslo_config/cfg.py:3242}}
Jul 02 16:45:42.744905 np0000004301 devstack@g-api.service[99520]: DEBUG glance.common.config [None req-d063d8e9-7aef-4bfa-a168-a43d85b37a46 None None] image_cache_max_size = 10737418240 {{(pid=99520) log_opt_values /opt/stack/data/venv/lib/python3.12/site-packages/oslo_config/cfg.py:3242}}
Jul 02 16:45:42.745024 np0000004301 devstack@g-api.service[99520]: DEBUG glance.common.config [None req-d063d8e9-7aef-4bfa-a168-a43d85b37a46 None None] image_cache_sqlite_db = cache.db {{(pid=99520) log_opt_values /opt/stack/data/venv/lib/python3.12/site-packages/oslo_config/cfg.py:3242}}
Jul 02 16:45:42.745131 np0000004301 devstack@g-api.service[99520]: DEBUG glance.common.config [None req-d063d8e9-7aef-4bfa-a168-a43d85b37a46 None None] image_cache_stall_time = 86400 {{(pid=99520) log_opt_values /opt/stack/data/venv/lib/python3.12/site-packages/oslo_config/cfg.py:3242}}
Jul 02 16:45:42.745240 np0000004301 devstack@g-api.service[99520]: DEBUG glance.common.config [None req-d063d8e9-7aef-4bfa-a168-a43d85b37a46 None None] image_location_quota = 10 {{(pid=99520) log_opt_values /opt/stack/data/venv/lib/python3.12/site-packages/oslo_config/cfg.py:3242}}
Jul 02 16:45:42.745340 np0000004301 devstack@g-api.service[99520]: DEBUG glance.common.config [None req-d063d8e9-7aef-4bfa-a168-a43d85b37a46 None None] image_member_quota = 128 {{(pid=99520) log_opt_values /opt/stack/data/venv/lib/python3.12/site-packages/oslo_config/cfg.py:3242}}
Jul 02 16:45:42.745446 np0000004301 devstack@g-api.service[99520]: DEBUG glance.common.config [None req-d063d8e9-7aef-4bfa-a168-a43d85b37a46 None None] image_property_quota = 128 {{(pid=99520) log_opt_values /opt/stack/data/venv/lib/python3.12/site-packages/oslo_config/cfg.py:3242}}
Jul 02 16:45:42.745540 np0000004301 devstack@g-api.service[99520]: DEBUG glance.common.config [None req-d063d8e9-7aef-4bfa-a168-a43d85b37a46 None None] image_size_cap = 1099511627776 {{(pid=99520) log_opt_values /opt/stack/data/venv/lib/python3.12/site-packages/oslo_config/cfg.py:3242}}
Jul 02 16:45:42.745627 np0000004301 devstack@g-api.service[99520]: DEBUG glance.common.config [None req-d063d8e9-7aef-4bfa-a168-a43d85b37a46 None None] image_tag_quota = 128 {{(pid=99520) log_opt_values /opt/stack/data/venv/lib/python3.12/site-packages/oslo_config/cfg.py:3242}}
Jul 02 16:45:42.745724 np0000004301 devstack@g-api.service[99520]: DEBUG glance.common.config [None req-d063d8e9-7aef-4bfa-a168-a43d85b37a46 None None] instance_format = [instance: %(uuid)s] {{(pid=99520) log_opt_values /opt/stack/data/venv/lib/python3.12/site-packages/oslo_config/cfg.py:3242}}
Jul 02 16:45:42.745846 np0000004301 devstack@g-api.service[99520]: DEBUG glance.common.config [None req-d063d8e9-7aef-4bfa-a168-a43d85b37a46 None None] instance_uuid_format = [instance: %(uuid)s] {{(pid=99520) log_opt_values /opt/stack/data/venv/lib/python3.12/site-packages/oslo_config/cfg.py:3242}}
Jul 02 16:45:42.745936 np0000004301 devstack@g-api.service[99520]: DEBUG glance.common.config [None req-d063d8e9-7aef-4bfa-a168-a43d85b37a46 None None] limit_param_default = 25 {{(pid=99520) log_opt_values /opt/stack/data/venv/lib/python3.12/site-packages/oslo_config/cfg.py:3242}}
Jul 02 16:45:42.746094 np0000004301 devstack@g-api.service[99520]: DEBUG glance.common.config [None req-d063d8e9-7aef-4bfa-a168-a43d85b37a46 None None] log_color = False {{(pid=99520) log_opt_values /opt/stack/data/venv/lib/python3.12/site-packages/oslo_config/cfg.py:3242}}
Jul 02 16:45:42.746203 np0000004301 devstack@g-api.service[99520]: DEBUG glance.common.config [None req-d063d8e9-7aef-4bfa-a168-a43d85b37a46 None None] log_config_append = None {{(pid=99520) log_opt_values /opt/stack/data/venv/lib/python3.12/site-packages/oslo_config/cfg.py:3242}}
Jul 02 16:45:42.746314 np0000004301 devstack@g-api.service[99520]: DEBUG glance.common.config [None req-d063d8e9-7aef-4bfa-a168-a43d85b37a46 None None] log_date_format = %Y-%m-%d %H:%M:%S {{(pid=99520) log_opt_values /opt/stack/data/venv/lib/python3.12/site-packages/oslo_config/cfg.py:3242}}
Jul 02 16:45:42.746435 np0000004301 devstack@g-api.service[99520]: DEBUG glance.common.config [None req-d063d8e9-7aef-4bfa-a168-a43d85b37a46 None None] log_dir = None {{(pid=99520) log_opt_values /opt/stack/data/venv/lib/python3.12/site-packages/oslo_config/cfg.py:3242}}
Jul 02 16:45:42.746531 np0000004301 devstack@g-api.service[99520]: DEBUG glance.common.config [None req-d063d8e9-7aef-4bfa-a168-a43d85b37a46 None None] log_file = None {{(pid=99520) log_opt_values /opt/stack/data/venv/lib/python3.12/site-packages/oslo_config/cfg.py:3242}}
Jul 02 16:45:42.746624 np0000004301 devstack@g-api.service[99520]: DEBUG glance.common.config [None req-d063d8e9-7aef-4bfa-a168-a43d85b37a46 None None] log_rotate_interval = 1 {{(pid=99520) log_opt_values /opt/stack/data/venv/lib/python3.12/site-packages/oslo_config/cfg.py:3242}}
Jul 02 16:45:42.746721 np0000004301 devstack@g-api.service[99520]: DEBUG glance.common.config [None req-d063d8e9-7aef-4bfa-a168-a43d85b37a46 None None] log_rotate_interval_type = days {{(pid=99520) log_opt_values /opt/stack/data/venv/lib/python3.12/site-packages/oslo_config/cfg.py:3242}}
Jul 02 16:45:42.746826 np0000004301 devstack@g-api.service[99520]: DEBUG glance.common.config [None req-d063d8e9-7aef-4bfa-a168-a43d85b37a46 None None] log_rotation_type = none {{(pid=99520) log_opt_values /opt/stack/data/venv/lib/python3.12/site-packages/oslo_config/cfg.py:3242}}
Jul 02 16:45:42.746893 np0000004301 devstack@g-api.service[99520]: DEBUG glance.common.config [None req-d063d8e9-7aef-4bfa-a168-a43d85b37a46 None None] logging_context_format_string = %(color)s%(levelname)s %(name)s [%(global_request_id)s %(request_id)s %(project_name)s %(user_name)s%(color)s] %(instance)s%(color)s%(message)s {{(pid=99520) log_opt_values /opt/stack/data/venv/lib/python3.12/site-packages/oslo_config/cfg.py:3242}}
Jul 02 16:45:42.746977 np0000004301 devstack@g-api.service[99520]: DEBUG glance.common.config [None req-d063d8e9-7aef-4bfa-a168-a43d85b37a46 None None] logging_debug_format_suffix = {{(pid=%(process)d) %(funcName)s %(pathname)s:%(lineno)d}} {{(pid=99520) log_opt_values /opt/stack/data/venv/lib/python3.12/site-packages/oslo_config/cfg.py:3242}}
Jul 02 16:45:42.747088 np0000004301 devstack@g-api.service[99520]: DEBUG glance.common.config [None req-d063d8e9-7aef-4bfa-a168-a43d85b37a46 None None] logging_default_format_string = %(color)s%(levelname)s %(name)s [-%(color)s] %(instance)s%(color)s%(message)s {{(pid=99520) log_opt_values /opt/stack/data/venv/lib/python3.12/site-packages/oslo_config/cfg.py:3242}}
Jul 02 16:45:42.747187 np0000004301 devstack@g-api.service[99520]: DEBUG glance.common.config [None req-d063d8e9-7aef-4bfa-a168-a43d85b37a46 None None] logging_exception_prefix = ERROR %(name)s %(instance)s {{(pid=99520) log_opt_values /opt/stack/data/venv/lib/python3.12/site-packages/oslo_config/cfg.py:3242}}
Jul 02 16:45:42.748529 np0000004301 devstack@g-api.service[99520]: DEBUG glance.common.config [None req-d063d8e9-7aef-4bfa-a168-a43d85b37a46 None None] logging_user_identity_format = %(user)s %(project)s %(domain)s %(system_scope)s %(user_domain)s %(project_domain)s {{(pid=99520) log_opt_values /opt/stack/data/venv/lib/python3.12/site-packages/oslo_config/cfg.py:3242}}
Jul 02 16:45:42.748529 np0000004301 devstack@g-api.service[99520]: DEBUG glance.common.config [None req-d063d8e9-7aef-4bfa-a168-a43d85b37a46 None None] max_header_line = 16384 {{(pid=99520) log_opt_values /opt/stack/data/venv/lib/python3.12/site-packages/oslo_config/cfg.py:3242}}
Jul 02 16:45:42.748529 np0000004301 devstack@g-api.service[99520]: DEBUG glance.common.config [None req-d063d8e9-7aef-4bfa-a168-a43d85b37a46 None None] max_logfile_count = 30 {{(pid=99520) log_opt_values /opt/stack/data/venv/lib/python3.12/site-packages/oslo_config/cfg.py:3242}}
Jul 02 16:45:42.748529 np0000004301 devstack@g-api.service[99520]: DEBUG glance.common.config [None req-d063d8e9-7aef-4bfa-a168-a43d85b37a46 None None] max_logfile_size_mb = 200 {{(pid=99520) log_opt_values /opt/stack/data/venv/lib/python3.12/site-packages/oslo_config/cfg.py:3242}}
Jul 02 16:45:42.748529 np0000004301 devstack@g-api.service[99520]: DEBUG glance.common.config [None req-d063d8e9-7aef-4bfa-a168-a43d85b37a46 None None] max_request_id_length = 64 {{(pid=99520) log_opt_values /opt/stack/data/venv/lib/python3.12/site-packages/oslo_config/cfg.py:3242}}
Jul 02 16:45:42.748529 np0000004301 devstack@g-api.service[99520]: DEBUG glance.common.config [None req-d063d8e9-7aef-4bfa-a168-a43d85b37a46 None None] metadata_encryption_key = **** {{(pid=99520) log_opt_values /opt/stack/data/venv/lib/python3.12/site-packages/oslo_config/cfg.py:3242}}
Jul 02 16:45:42.748529 np0000004301 devstack@g-api.service[99520]: DEBUG glance.common.config [None req-d063d8e9-7aef-4bfa-a168-a43d85b37a46 None None] node_staging_uri = file:///tmp/staging/ {{(pid=99520) log_opt_values /opt/stack/data/venv/lib/python3.12/site-packages/oslo_config/cfg.py:3242}}
Jul 02 16:45:42.748714 np0000004301 devstack@g-api.service[99520]: DEBUG glance.common.config [None req-d063d8e9-7aef-4bfa-a168-a43d85b37a46 None None] property_protection_file = None {{(pid=99520) log_opt_values /opt/stack/data/venv/lib/python3.12/site-packages/oslo_config/cfg.py:3242}}
Jul 02 16:45:42.748714 np0000004301 devstack@g-api.service[99520]: DEBUG glance.common.config [None req-d063d8e9-7aef-4bfa-a168-a43d85b37a46 None None] property_protection_rule_format = roles {{(pid=99520) log_opt_values /opt/stack/data/venv/lib/python3.12/site-packages/oslo_config/cfg.py:3242}}
Jul 02 16:45:42.748714 np0000004301 devstack@g-api.service[99520]: DEBUG glance.common.config [None req-d063d8e9-7aef-4bfa-a168-a43d85b37a46 None None] public_endpoint = https://10.4.3.147/image {{(pid=99520) log_opt_values /opt/stack/data/venv/lib/python3.12/site-packages/oslo_config/cfg.py:3242}}
Jul 02 16:45:42.748714 np0000004301 devstack@g-api.service[99520]: DEBUG glance.common.config [None req-d063d8e9-7aef-4bfa-a168-a43d85b37a46 None None] publish_errors = False {{(pid=99520) log_opt_values /opt/stack/data/venv/lib/python3.12/site-packages/oslo_config/cfg.py:3242}}
Jul 02 16:45:42.748714 np0000004301 devstack@g-api.service[99520]: DEBUG glance.common.config [None req-d063d8e9-7aef-4bfa-a168-a43d85b37a46 None None] pydev_worker_debug_host = None {{(pid=99520) log_opt_values /opt/stack/data/venv/lib/python3.12/site-packages/oslo_config/cfg.py:3242}}
Jul 02 16:45:42.748816 np0000004301 devstack@g-api.service[99521]: INFO glance.api.middleware.cache [None req-5c050218-b844-43b8-9252-357048a6c9a4 None None] Initialized image cache middleware
Jul 02 16:45:42.748852 np0000004301 devstack@g-api.service[99520]: DEBUG glance.common.config [None req-d063d8e9-7aef-4bfa-a168-a43d85b37a46 None None] pydev_worker_debug_port = 5678 {{(pid=99520) log_opt_values /opt/stack/data/venv/lib/python3.12/site-packages/oslo_config/cfg.py:3242}}
Jul 02 16:45:42.748852 np0000004301 devstack@g-api.service[99520]: DEBUG glance.common.config [None req-d063d8e9-7aef-4bfa-a168-a43d85b37a46 None None] rate_limit_burst = 0 {{(pid=99520) log_opt_values /opt/stack/data/venv/lib/python3.12/site-packages/oslo_config/cfg.py:3242}}
Jul 02 16:45:42.748852 np0000004301 devstack@g-api.service[99520]: DEBUG glance.common.config [None req-d063d8e9-7aef-4bfa-a168-a43d85b37a46 None None] rate_limit_except_level = CRITICAL {{(pid=99520) log_opt_values /opt/stack/data/venv/lib/python3.12/site-packages/oslo_config/cfg.py:3242}}
Jul 02 16:45:42.748852 np0000004301 devstack@g-api.service[99520]: DEBUG glance.common.config [None req-d063d8e9-7aef-4bfa-a168-a43d85b37a46 None None] rate_limit_interval = 0 {{(pid=99520) log_opt_values /opt/stack/data/venv/lib/python3.12/site-packages/oslo_config/cfg.py:3242}}
Jul 02 16:45:42.748852 np0000004301 devstack@g-api.service[99520]: DEBUG glance.common.config [None req-d063d8e9-7aef-4bfa-a168-a43d85b37a46 None None] scrub_pool_size = 1 {{(pid=99520) log_opt_values /opt/stack/data/venv/lib/python3.12/site-packages/oslo_config/cfg.py:3242}}
Jul 02 16:45:42.748963 np0000004301 devstack@g-api.service[99520]: DEBUG glance.common.config [None req-d063d8e9-7aef-4bfa-a168-a43d85b37a46 None None] scrub_time = 0 {{(pid=99520) log_opt_values /opt/stack/data/venv/lib/python3.12/site-packages/oslo_config/cfg.py:3242}}
Jul 02 16:45:42.748963 np0000004301 devstack@g-api.service[99520]: DEBUG glance.common.config [None req-d063d8e9-7aef-4bfa-a168-a43d85b37a46 None None] shell_completion = None {{(pid=99520) log_opt_values /opt/stack/data/venv/lib/python3.12/site-packages/oslo_config/cfg.py:3242}}
Jul 02 16:45:42.749074 np0000004301 devstack@g-api.service[99520]: DEBUG glance.common.config [None req-d063d8e9-7aef-4bfa-a168-a43d85b37a46 None None] show_image_direct_url = False {{(pid=99520) log_opt_values /opt/stack/data/venv/lib/python3.12/site-packages/oslo_config/cfg.py:3242}}
Jul 02 16:45:42.749293 np0000004301 devstack@g-api.service[99520]: WARNING oslo_config.cfg [None req-d063d8e9-7aef-4bfa-a168-a43d85b37a46 None None] Deprecated: Option "show_multiple_locations" from group "DEFAULT" is deprecated for removal (Use of this option, deprecated since Newton, is a security risk and will be removed once we figure out a way to satisfy those use cases that currently require it. An earlier announcement that the same functionality can be achieved with greater granularity by using policies is incorrect. You cannot work around this option via policy configuration at the present time, though that is the direction we believe the fix will take. Please keep an eye on the Glance release notes to stay up to date on progress in addressing this issue.). Its value may be silently ignored in the future.
Jul 02 16:45:42.749405 np0000004301 devstack@g-api.service[99520]: DEBUG glance.common.config [None req-d063d8e9-7aef-4bfa-a168-a43d85b37a46 None None] show_multiple_locations = False {{(pid=99520) log_opt_values /opt/stack/data/venv/lib/python3.12/site-packages/oslo_config/cfg.py:3242}}
Jul 02 16:45:42.749517 np0000004301 devstack@g-api.service[99520]: DEBUG glance.common.config [None req-d063d8e9-7aef-4bfa-a168-a43d85b37a46 None None] syslog_log_facility = LOG_USER {{(pid=99520) log_opt_values /opt/stack/data/venv/lib/python3.12/site-packages/oslo_config/cfg.py:3242}}
Jul 02 16:45:42.749607 np0000004301 devstack@g-api.service[99520]: DEBUG glance.common.config [None req-d063d8e9-7aef-4bfa-a168-a43d85b37a46 None None] tcp_keepidle = 600 {{(pid=99520) log_opt_values /opt/stack/data/venv/lib/python3.12/site-packages/oslo_config/cfg.py:3242}}
Jul 02 16:45:42.749699 np0000004301 devstack@g-api.service[99520]: DEBUG glance.common.config [None req-d063d8e9-7aef-4bfa-a168-a43d85b37a46 None None] transport_url = **** {{(pid=99520) log_opt_values /opt/stack/data/venv/lib/python3.12/site-packages/oslo_config/cfg.py:3242}}
Jul 02 16:45:42.749828 np0000004301 devstack@g-api.service[99520]: DEBUG glance.common.config [None req-d063d8e9-7aef-4bfa-a168-a43d85b37a46 None None] use_journal = False {{(pid=99520) log_opt_values /opt/stack/data/venv/lib/python3.12/site-packages/oslo_config/cfg.py:3242}}
Jul 02 16:45:42.749923 np0000004301 devstack@g-api.service[99520]: DEBUG glance.common.config [None req-d063d8e9-7aef-4bfa-a168-a43d85b37a46 None None] use_json = False {{(pid=99520) log_opt_values /opt/stack/data/venv/lib/python3.12/site-packages/oslo_config/cfg.py:3242}}
Jul 02 16:45:42.750087 np0000004301 devstack@g-api.service[99520]: DEBUG glance.common.config [None req-d063d8e9-7aef-4bfa-a168-a43d85b37a46 None None] use_keystone_limits = True {{(pid=99520) log_opt_values /opt/stack/data/venv/lib/python3.12/site-packages/oslo_config/cfg.py:3242}}
Jul 02 16:45:42.750186 np0000004301 devstack@g-api.service[99520]: DEBUG glance.common.config [None req-d063d8e9-7aef-4bfa-a168-a43d85b37a46 None None] use_stderr = False {{(pid=99520) log_opt_values /opt/stack/data/venv/lib/python3.12/site-packages/oslo_config/cfg.py:3242}}
Jul 02 16:45:42.750322 np0000004301 devstack@g-api.service[99520]: DEBUG glance.common.config [None req-d063d8e9-7aef-4bfa-a168-a43d85b37a46 None None] use_syslog = False {{(pid=99520) log_opt_values /opt/stack/data/venv/lib/python3.12/site-packages/oslo_config/cfg.py:3242}}
Jul 02 16:45:42.750437 np0000004301 devstack@g-api.service[99520]: DEBUG glance.common.config [None req-d063d8e9-7aef-4bfa-a168-a43d85b37a46 None None] user_storage_quota = 0 {{(pid=99520) log_opt_values /opt/stack/data/venv/lib/python3.12/site-packages/oslo_config/cfg.py:3242}}
Jul 02 16:45:42.750544 np0000004301 devstack@g-api.service[99520]: DEBUG glance.common.config [None req-d063d8e9-7aef-4bfa-a168-a43d85b37a46 None None] worker_self_reference_url = http://127.0.0.1:60999 {{(pid=99520) log_opt_values /opt/stack/data/venv/lib/python3.12/site-packages/oslo_config/cfg.py:3242}}
Jul 02 16:45:42.750640 np0000004301 devstack@g-api.service[99520]: DEBUG glance.common.config [None req-d063d8e9-7aef-4bfa-a168-a43d85b37a46 None None] workers = None {{(pid=99520) log_opt_values /opt/stack/data/venv/lib/python3.12/site-packages/oslo_config/cfg.py:3242}}
Jul 02 16:45:42.750743 np0000004301 devstack@g-api.service[99520]: DEBUG glance.common.config [None req-d063d8e9-7aef-4bfa-a168-a43d85b37a46 None None] oslo_concurrency.disable_process_locking = False {{(pid=99520) log_opt_values /opt/stack/data/venv/lib/python3.12/site-packages/oslo_config/cfg.py:3253}}
Jul 02 16:45:42.750842 np0000004301 devstack@g-api.service[99520]: DEBUG glance.common.config [None req-d063d8e9-7aef-4bfa-a168-a43d85b37a46 None None] oslo_concurrency.lock_path = /opt/stack/data/glance/locks {{(pid=99520) log_opt_values /opt/stack/data/venv/lib/python3.12/site-packages/oslo_config/cfg.py:3253}}
Jul 02 16:45:42.750876 np0000004301 devstack@g-api.service[99522]: DEBUG glance.image_cache.drivers.centralized_db [None req-37c2668d-ed13-44f2-80d3-728962cc0ce0 None None] Node reference is already recorded, ignoring it {{(pid=99522) configure /opt/stack/glance/glance/image_cache/drivers/centralized_db.py:71}}
Jul 02 16:45:42.750952 np0000004301 devstack@g-api.service[99520]: DEBUG glance.common.config [None req-d063d8e9-7aef-4bfa-a168-a43d85b37a46 None None] oslo_middleware.enable_proxy_headers_parsing = False {{(pid=99520) log_opt_values /opt/stack/data/venv/lib/python3.12/site-packages/oslo_config/cfg.py:3253}}
Jul 02 16:45:42.751076 np0000004301 devstack@g-api.service[99520]: DEBUG glance.common.config [None req-d063d8e9-7aef-4bfa-a168-a43d85b37a46 None None] oslo_middleware.http_basic_auth_user_file = /etc/htpasswd {{(pid=99520) log_opt_values /opt/stack/data/venv/lib/python3.12/site-packages/oslo_config/cfg.py:3253}}
Jul 02 16:45:42.751180 np0000004301 devstack@g-api.service[99520]: DEBUG glance.common.config [None req-d063d8e9-7aef-4bfa-a168-a43d85b37a46 None None] paste_deploy.config_file = None {{(pid=99520) log_opt_values /opt/stack/data/venv/lib/python3.12/site-packages/oslo_config/cfg.py:3253}}
Jul 02 16:45:42.751286 np0000004301 devstack@g-api.service[99520]: DEBUG glance.common.config [None req-d063d8e9-7aef-4bfa-a168-a43d85b37a46 None None] paste_deploy.flavor = keystone+cachemanagement {{(pid=99520) log_opt_values /opt/stack/data/venv/lib/python3.12/site-packages/oslo_config/cfg.py:3253}}
Jul 02 16:45:42.751428 np0000004301 devstack@g-api.service[99520]: DEBUG glance.common.config [None req-d063d8e9-7aef-4bfa-a168-a43d85b37a46 None None] image_format.container_formats = ['ami', 'ari', 'aki', 'bare', 'ovf', 'ova', 'docker', 'compressed'] {{(pid=99520) log_opt_values /opt/stack/data/venv/lib/python3.12/site-packages/oslo_config/cfg.py:3253}}
Jul 02 16:45:42.751571 np0000004301 devstack@g-api.service[99520]: DEBUG glance.common.config [None req-d063d8e9-7aef-4bfa-a168-a43d85b37a46 None None] image_format.disk_formats = ['ami', 'ari', 'aki', 'vhd', 'vhdx', 'vmdk', 'raw', 'qcow2', 'vdi', 'iso', 'ploop'] {{(pid=99520) log_opt_values /opt/stack/data/venv/lib/python3.12/site-packages/oslo_config/cfg.py:3253}}
Jul 02 16:45:42.751665 np0000004301 devstack@g-api.service[99520]: DEBUG glance.common.config [None req-d063d8e9-7aef-4bfa-a168-a43d85b37a46 None None] image_format.gpt_safety_checks_nonfatal = [] {{(pid=99520) log_opt_values /opt/stack/data/venv/lib/python3.12/site-packages/oslo_config/cfg.py:3253}}
Jul 02 16:45:42.751777 np0000004301 devstack@g-api.service[99520]: DEBUG glance.common.config [None req-d063d8e9-7aef-4bfa-a168-a43d85b37a46 None None] image_format.require_image_format_match = True {{(pid=99520) log_opt_values /opt/stack/data/venv/lib/python3.12/site-packages/oslo_config/cfg.py:3253}}
Jul 02 16:45:42.751910 np0000004301 devstack@g-api.service[99520]: DEBUG glance.common.config [None req-d063d8e9-7aef-4bfa-a168-a43d85b37a46 None None] image_format.vmdk_allowed_types = ['streamOptimized', 'monolithicSparse'] {{(pid=99520) log_opt_values /opt/stack/data/venv/lib/python3.12/site-packages/oslo_config/cfg.py:3253}}
Jul 02 16:45:42.752078 np0000004301 devstack@g-api.service[99520]: DEBUG glance.common.config [None req-d063d8e9-7aef-4bfa-a168-a43d85b37a46 None None] task.task_executor = taskflow {{(pid=99520) log_opt_values /opt/stack/data/venv/lib/python3.12/site-packages/oslo_config/cfg.py:3253}}
Jul 02 16:45:42.752177 np0000004301 devstack@g-api.service[99520]: DEBUG glance.common.config [None req-d063d8e9-7aef-4bfa-a168-a43d85b37a46 None None] task.task_time_to_live = 48 {{(pid=99520) log_opt_values /opt/stack/data/venv/lib/python3.12/site-packages/oslo_config/cfg.py:3253}}
Jul 02 16:45:42.752266 np0000004301 devstack@g-api.service[99520]: DEBUG glance.common.config [None req-d063d8e9-7aef-4bfa-a168-a43d85b37a46 None None] task.work_dir = None {{(pid=99520) log_opt_values /opt/stack/data/venv/lib/python3.12/site-packages/oslo_config/cfg.py:3253}}
Jul 02 16:45:42.752383 np0000004301 devstack@g-api.service[99520]: DEBUG glance.common.config [None req-d063d8e9-7aef-4bfa-a168-a43d85b37a46 None None] wsgi.python_interpreter = /opt/stack/data/venv/bin/python3 {{(pid=99520) log_opt_values /opt/stack/data/venv/lib/python3.12/site-packages/oslo_config/cfg.py:3253}}
Jul 02 16:45:42.752497 np0000004301 devstack@g-api.service[99520]: DEBUG glance.common.config [None req-d063d8e9-7aef-4bfa-a168-a43d85b37a46 None None] wsgi.task_pool_threads = 16 {{(pid=99520) log_opt_values /opt/stack/data/venv/lib/python3.12/site-packages/oslo_config/cfg.py:3253}}
Jul 02 16:45:42.752597 np0000004301 devstack@g-api.service[99520]: DEBUG glance.common.config [None req-d063d8e9-7aef-4bfa-a168-a43d85b37a46 None None] import_filtering_opts.allowed_hosts = [] {{(pid=99520) log_opt_values /opt/stack/data/venv/lib/python3.12/site-packages/oslo_config/cfg.py:3253}}
Jul 02 16:45:42.752702 np0000004301 devstack@g-api.service[99520]: DEBUG glance.common.config [None req-d063d8e9-7aef-4bfa-a168-a43d85b37a46 None None] import_filtering_opts.allowed_ports = [80, 443] {{(pid=99520) log_opt_values /opt/stack/data/venv/lib/python3.12/site-packages/oslo_config/cfg.py:3253}}
