Jul 02 16:44:32.084544 np0000004301 systemd[1]: Starting devstack@n-api.service - Devstack devstack@n-api.service...
Jul 02 16:44:32.091468 np0000004301 devstack@n-api.service[84084]: [uWSGI] getting INI configuration from /etc/nova/nova-api-uwsgi.ini
Jul 02 16:44:32.094525 np0000004301 devstack@n-api.service[84084]: *** Starting uWSGI 2.0.24-debian (64bit) on [Thu Jul 2 16:44:32 2026] ***
Jul 02 16:44:32.094525 np0000004301 devstack@n-api.service[84084]: compiled with version: 13.2.0 on 17 April 2024 16:23:48
Jul 02 16:44:32.094525 np0000004301 devstack@n-api.service[84084]: os: Linux-6.8.0-134-generic #134-Ubuntu SMP PREEMPT_DYNAMIC Fri Jun 26 18:43:11 UTC 2026
Jul 02 16:44:32.094525 np0000004301 devstack@n-api.service[84084]: nodename: np0000004301
Jul 02 16:44:32.094525 np0000004301 devstack@n-api.service[84084]: machine: x86_64
Jul 02 16:44:32.094525 np0000004301 devstack@n-api.service[84084]: clock source: unix
Jul 02 16:44:32.094525 np0000004301 devstack@n-api.service[84084]: pcre jit disabled
Jul 02 16:44:32.094525 np0000004301 devstack@n-api.service[84084]: detected number of CPU cores: 16
Jul 02 16:44:32.094525 np0000004301 devstack@n-api.service[84084]: current working directory: /
Jul 02 16:44:32.094525 np0000004301 devstack@n-api.service[84084]: detected binary path: /usr/bin/uwsgi-core
Jul 02 16:44:32.094525 np0000004301 devstack@n-api.service[84084]: your processes number limit is 252954
Jul 02 16:44:32.094525 np0000004301 devstack@n-api.service[84084]: your memory page size is 4096 bytes
Jul 02 16:44:32.094525 np0000004301 devstack@n-api.service[84084]: detected max file descriptor number: 2048
Jul 02 16:44:32.094525 np0000004301 devstack@n-api.service[84084]: lock engine: pthread robust mutexes
Jul 02 16:44:32.095253 np0000004301 devstack@n-api.service[84084]: thunder lock: enabled
Jul 02 16:44:32.095253 np0000004301 devstack@n-api.service[84084]: uwsgi socket 0 bound to UNIX address /var/run/uwsgi/nova-api.socket fd 4
Jul 02 16:44:32.095253 np0000004301 devstack@n-api.service[84084]: Python version: 3.12.3 (main, Mar 23 2026, 19:04:32) [GCC 13.3.0]
Jul 02 16:44:32.095253 np0000004301 devstack@n-api.service[84084]: PEP 405 virtualenv detected: /opt/stack/data/venv
Jul 02 16:44:32.095253 np0000004301 devstack@n-api.service[84084]: Set PythonHome to /opt/stack/data/venv
Jul 02 16:44:32.138199 np0000004301 devstack@n-api.service[84084]: Python main interpreter initialized at 0x7b4613ea3668
Jul 02 16:44:32.138199 np0000004301 devstack@n-api.service[84084]: python threads support enabled
Jul 02 16:44:32.138199 np0000004301 devstack@n-api.service[84084]: your server socket listen backlog is limited to 100 connections
Jul 02 16:44:32.138199 np0000004301 devstack@n-api.service[84084]: your mercy for graceful operations on workers is 80 seconds
Jul 02 16:44:32.138739 np0000004301 devstack@n-api.service[84084]: mapped 537436 bytes (524 KB) for 3 cores
Jul 02 16:44:32.138877 np0000004301 devstack@n-api.service[84084]: *** Operational MODE: preforking ***
Jul 02 16:44:32.139258 np0000004301 devstack@n-api.service[84084]: *** uWSGI is running in multiple interpreter mode ***
Jul 02 16:44:32.139258 np0000004301 devstack@n-api.service[84084]: spawned uWSGI master process (pid: 84084)
Jul 02 16:44:32.139525 np0000004301 systemd[1]: Started devstack@n-api.service - Devstack devstack@n-api.service.
Jul 02 16:44:32.140133 np0000004301 devstack@n-api.service[84084]: spawned uWSGI worker 1 (pid: 84085, cores: 1)
Jul 02 16:44:32.140610 np0000004301 devstack@n-api.service[84084]: spawned uWSGI worker 2 (pid: 84086, cores: 1)
Jul 02 16:44:32.141100 np0000004301 devstack@n-api.service[84084]: spawned uWSGI worker 3 (pid: 84087, cores: 1)
Jul 02 16:44:32.141176 np0000004301 devstack@n-api.service[84084]: running "unix_signal:15 gracefully_kill_them_all" (master-start)...
Jul 02 16:44:33.746622 np0000004301 devstack@n-api.service[84087]: INFO dbcounter [None req-59328d06-793c-4731-b026-905d5a1f9960 None None] Registered counter for database nova_api
Jul 02 16:44:33.747301 np0000004301 devstack@n-api.service[84086]: INFO dbcounter [None req-8a280ffe-c216-4bdf-9dde-ae504d73ec43 None None] Registered counter for database nova_api
Jul 02 16:44:33.782273 np0000004301 devstack@n-api.service[84087]: DEBUG oslo_db.sqlalchemy.engines [None req-59328d06-793c-4731-b026-905d5a1f9960 None None] MySQL server mode set to STRICT_TRANS_TABLES,STRICT_ALL_TABLES,NO_ZERO_IN_DATE,NO_ZERO_DATE,ERROR_FOR_DIVISION_BY_ZERO,TRADITIONAL,NO_ENGINE_SUBSTITUTION {{(pid=84087) _check_effective_sql_mode /opt/stack/data/venv/lib/python3.12/site-packages/oslo_db/sqlalchemy/engines.py:325}}
Jul 02 16:44:33.804621 np0000004301 devstack@n-api.service[84086]: DEBUG oslo_db.sqlalchemy.engines [None req-8a280ffe-c216-4bdf-9dde-ae504d73ec43 None None] MySQL server mode set to STRICT_TRANS_TABLES,STRICT_ALL_TABLES,NO_ZERO_IN_DATE,NO_ZERO_DATE,ERROR_FOR_DIVISION_BY_ZERO,TRADITIONAL,NO_ENGINE_SUBSTITUTION {{(pid=84086) _check_effective_sql_mode /opt/stack/data/venv/lib/python3.12/site-packages/oslo_db/sqlalchemy/engines.py:325}}
Jul 02 16:44:33.812428 np0000004301 devstack@n-api.service[84087]: DEBUG dbcounter [-] [84087] Writer thread running {{(pid=84087) stat_writer /opt/stack/data/venv/lib/python3.12/site-packages/dbcounter.py:102}}
Jul 02 16:44:33.814772 np0000004301 devstack@n-api.service[84087]: DEBUG nova.context [None req-59328d06-793c-4731-b026-905d5a1f9960 None None] Found 2 cells: 00000000-0000-0000-0000-000000000000(cell0),0becb7fe-dcc7-4729-ad20-916e89158367(cell1) {{(pid=84087) load_cells /opt/stack/nova/nova/context.py:509}}
Jul 02 16:44:33.815003 np0000004301 devstack@n-api.service[84087]: INFO nova.utils [None req-59328d06-793c-4731-b026-905d5a1f9960 None None] The cell worker thread pool MainProcess.cell_worker is initialized
Jul 02 16:44:33.816964 np0000004301 devstack@n-api.service[84087]: DEBUG oslo_concurrency.lockutils [None req-59328d06-793c-4731-b026-905d5a1f9960 None None] Acquiring lock "00000000-0000-0000-0000-000000000000" by "nova.context.set_target_cell..get_or_set_cached_cell_and_set_connections" {{(pid=84087) inner /opt/stack/data/venv/lib/python3.12/site-packages/oslo_concurrency/lockutils.py:511}}
Jul 02 16:44:33.817160 np0000004301 devstack@n-api.service[84087]: DEBUG oslo_concurrency.lockutils [None req-59328d06-793c-4731-b026-905d5a1f9960 None None] Lock "00000000-0000-0000-0000-000000000000" acquired by "nova.context.set_target_cell..get_or_set_cached_cell_and_set_connections" :: waited 0.000s {{(pid=84087) inner /opt/stack/data/venv/lib/python3.12/site-packages/oslo_concurrency/lockutils.py:524}}
Jul 02 16:44:33.817515 np0000004301 devstack@n-api.service[84087]: DEBUG oslo_concurrency.lockutils [None req-59328d06-793c-4731-b026-905d5a1f9960 None None] Lock "00000000-0000-0000-0000-000000000000" "released" by "nova.context.set_target_cell..get_or_set_cached_cell_and_set_connections" :: held 0.000s {{(pid=84087) inner /opt/stack/data/venv/lib/python3.12/site-packages/oslo_concurrency/lockutils.py:543}}
Jul 02 16:44:33.818260 np0000004301 devstack@n-api.service[84087]: DEBUG oslo_concurrency.lockutils [None req-59328d06-793c-4731-b026-905d5a1f9960 None None] Acquiring lock "0becb7fe-dcc7-4729-ad20-916e89158367" by "nova.context.set_target_cell..get_or_set_cached_cell_and_set_connections" {{(pid=84087) inner /opt/stack/data/venv/lib/python3.12/site-packages/oslo_concurrency/lockutils.py:511}}
Jul 02 16:44:33.818401 np0000004301 devstack@n-api.service[84087]: DEBUG oslo_concurrency.lockutils [None req-59328d06-793c-4731-b026-905d5a1f9960 None None] Lock "0becb7fe-dcc7-4729-ad20-916e89158367" acquired by "nova.context.set_target_cell..get_or_set_cached_cell_and_set_connections" :: waited 0.000s {{(pid=84087) inner /opt/stack/data/venv/lib/python3.12/site-packages/oslo_concurrency/lockutils.py:524}}
Jul 02 16:44:33.819263 np0000004301 devstack@n-api.service[84087]: DEBUG oslo_concurrency.lockutils [None req-59328d06-793c-4731-b026-905d5a1f9960 None None] Lock "0becb7fe-dcc7-4729-ad20-916e89158367" "released" by "nova.context.set_target_cell..get_or_set_cached_cell_and_set_connections" :: held 0.001s {{(pid=84087) inner /opt/stack/data/venv/lib/python3.12/site-packages/oslo_concurrency/lockutils.py:543}}
Jul 02 16:44:33.820861 np0000004301 devstack@n-api.service[84085]: INFO dbcounter [None req-f75ab8a9-f7b8-4efc-9892-ebc4ac3938d4 None None] Registered counter for database nova_api
Jul 02 16:44:33.821364 np0000004301 devstack@n-api.service[84087]: INFO dbcounter [None req-59328d06-793c-4731-b026-905d5a1f9960 None None] Registered counter for database nova_cell0
Jul 02 16:44:33.824821 np0000004301 devstack@n-api.service[84087]: INFO dbcounter [None req-59328d06-793c-4731-b026-905d5a1f9960 None None] Registered counter for database nova_cell1
Jul 02 16:44:33.848410 np0000004301 devstack@n-api.service[84086]: DEBUG dbcounter [-] [84086] Writer thread running {{(pid=84086) stat_writer /opt/stack/data/venv/lib/python3.12/site-packages/dbcounter.py:102}}
Jul 02 16:44:33.851367 np0000004301 devstack@n-api.service[84086]: DEBUG nova.context [None req-8a280ffe-c216-4bdf-9dde-ae504d73ec43 None None] Found 2 cells: 00000000-0000-0000-0000-000000000000(cell0),0becb7fe-dcc7-4729-ad20-916e89158367(cell1) {{(pid=84086) load_cells /opt/stack/nova/nova/context.py:509}}
Jul 02 16:44:33.851678 np0000004301 devstack@n-api.service[84086]: INFO nova.utils [None req-8a280ffe-c216-4bdf-9dde-ae504d73ec43 None None] The cell worker thread pool MainProcess.cell_worker is initialized
Jul 02 16:44:33.853398 np0000004301 devstack@n-api.service[84086]: DEBUG oslo_concurrency.lockutils [None req-8a280ffe-c216-4bdf-9dde-ae504d73ec43 None None] Acquiring lock "00000000-0000-0000-0000-000000000000" by "nova.context.set_target_cell..get_or_set_cached_cell_and_set_connections" {{(pid=84086) inner /opt/stack/data/venv/lib/python3.12/site-packages/oslo_concurrency/lockutils.py:511}}
Jul 02 16:44:33.853558 np0000004301 devstack@n-api.service[84086]: DEBUG oslo_concurrency.lockutils [None req-8a280ffe-c216-4bdf-9dde-ae504d73ec43 None None] Lock "00000000-0000-0000-0000-000000000000" acquired by "nova.context.set_target_cell..get_or_set_cached_cell_and_set_connections" :: waited 0.000s {{(pid=84086) inner /opt/stack/data/venv/lib/python3.12/site-packages/oslo_concurrency/lockutils.py:524}}
Jul 02 16:44:33.853889 np0000004301 devstack@n-api.service[84086]: DEBUG oslo_concurrency.lockutils [None req-8a280ffe-c216-4bdf-9dde-ae504d73ec43 None None] Lock "00000000-0000-0000-0000-000000000000" "released" by "nova.context.set_target_cell..get_or_set_cached_cell_and_set_connections" :: held 0.000s {{(pid=84086) inner /opt/stack/data/venv/lib/python3.12/site-packages/oslo_concurrency/lockutils.py:543}}
Jul 02 16:44:33.854602 np0000004301 devstack@n-api.service[84086]: DEBUG oslo_concurrency.lockutils [None req-8a280ffe-c216-4bdf-9dde-ae504d73ec43 None None] Acquiring lock "0becb7fe-dcc7-4729-ad20-916e89158367" by "nova.context.set_target_cell..get_or_set_cached_cell_and_set_connections" {{(pid=84086) inner /opt/stack/data/venv/lib/python3.12/site-packages/oslo_concurrency/lockutils.py:511}}
Jul 02 16:44:33.854741 np0000004301 devstack@n-api.service[84086]: DEBUG oslo_concurrency.lockutils [None req-8a280ffe-c216-4bdf-9dde-ae504d73ec43 None None] Lock "0becb7fe-dcc7-4729-ad20-916e89158367" acquired by "nova.context.set_target_cell..get_or_set_cached_cell_and_set_connections" :: waited 0.000s {{(pid=84086) inner /opt/stack/data/venv/lib/python3.12/site-packages/oslo_concurrency/lockutils.py:524}}
Jul 02 16:44:33.855568 np0000004301 devstack@n-api.service[84086]: DEBUG oslo_concurrency.lockutils [None req-8a280ffe-c216-4bdf-9dde-ae504d73ec43 None None] Lock "0becb7fe-dcc7-4729-ad20-916e89158367" "released" by "nova.context.set_target_cell..get_or_set_cached_cell_and_set_connections" :: held 0.001s {{(pid=84086) inner /opt/stack/data/venv/lib/python3.12/site-packages/oslo_concurrency/lockutils.py:543}}
Jul 02 16:44:33.857386 np0000004301 devstack@n-api.service[84086]: INFO dbcounter [None req-8a280ffe-c216-4bdf-9dde-ae504d73ec43 None None] Registered counter for database nova_cell0
Jul 02 16:44:33.860063 np0000004301 devstack@n-api.service[84086]: INFO dbcounter [None req-8a280ffe-c216-4bdf-9dde-ae504d73ec43 None None] Registered counter for database nova_cell1
Jul 02 16:44:33.862561 np0000004301 devstack@n-api.service[84085]: DEBUG oslo_db.sqlalchemy.engines [None req-f75ab8a9-f7b8-4efc-9892-ebc4ac3938d4 None None] MySQL server mode set to STRICT_TRANS_TABLES,STRICT_ALL_TABLES,NO_ZERO_IN_DATE,NO_ZERO_DATE,ERROR_FOR_DIVISION_BY_ZERO,TRADITIONAL,NO_ENGINE_SUBSTITUTION {{(pid=84085) _check_effective_sql_mode /opt/stack/data/venv/lib/python3.12/site-packages/oslo_db/sqlalchemy/engines.py:325}}
Jul 02 16:44:33.871459 np0000004301 devstack@n-api.service[84087]: DEBUG oslo_db.sqlalchemy.engines [None req-59328d06-793c-4731-b026-905d5a1f9960 None None] MySQL server mode set to STRICT_TRANS_TABLES,STRICT_ALL_TABLES,NO_ZERO_IN_DATE,NO_ZERO_DATE,ERROR_FOR_DIVISION_BY_ZERO,TRADITIONAL,NO_ENGINE_SUBSTITUTION {{(pid=84087) _check_effective_sql_mode /opt/stack/data/venv/lib/python3.12/site-packages/oslo_db/sqlalchemy/engines.py:325}}
Jul 02 16:44:33.891689 np0000004301 devstack@n-api.service[84087]: DEBUG oslo_db.sqlalchemy.engines [None req-59328d06-793c-4731-b026-905d5a1f9960 None None] MySQL server mode set to STRICT_TRANS_TABLES,STRICT_ALL_TABLES,NO_ZERO_IN_DATE,NO_ZERO_DATE,ERROR_FOR_DIVISION_BY_ZERO,TRADITIONAL,NO_ENGINE_SUBSTITUTION {{(pid=84087) _check_effective_sql_mode /opt/stack/data/venv/lib/python3.12/site-packages/oslo_db/sqlalchemy/engines.py:325}}
Jul 02 16:44:33.893378 np0000004301 devstack@n-api.service[84086]: DEBUG oslo_db.sqlalchemy.engines [None req-8a280ffe-c216-4bdf-9dde-ae504d73ec43 None None] MySQL server mode set to STRICT_TRANS_TABLES,STRICT_ALL_TABLES,NO_ZERO_IN_DATE,NO_ZERO_DATE,ERROR_FOR_DIVISION_BY_ZERO,TRADITIONAL,NO_ENGINE_SUBSTITUTION {{(pid=84086) _check_effective_sql_mode /opt/stack/data/venv/lib/python3.12/site-packages/oslo_db/sqlalchemy/engines.py:325}}
Jul 02 16:44:33.898008 np0000004301 devstack@n-api.service[84085]: DEBUG dbcounter [-] [84085] Writer thread running {{(pid=84085) stat_writer /opt/stack/data/venv/lib/python3.12/site-packages/dbcounter.py:102}}
Jul 02 16:44:33.900345 np0000004301 devstack@n-api.service[84085]: DEBUG nova.context [None req-f75ab8a9-f7b8-4efc-9892-ebc4ac3938d4 None None] Found 2 cells: 00000000-0000-0000-0000-000000000000(cell0),0becb7fe-dcc7-4729-ad20-916e89158367(cell1) {{(pid=84085) load_cells /opt/stack/nova/nova/context.py:509}}
Jul 02 16:44:33.900599 np0000004301 devstack@n-api.service[84085]: INFO nova.utils [None req-f75ab8a9-f7b8-4efc-9892-ebc4ac3938d4 None None] The cell worker thread pool MainProcess.cell_worker is initialized
Jul 02 16:44:33.902298 np0000004301 devstack@n-api.service[84085]: DEBUG oslo_concurrency.lockutils [None req-f75ab8a9-f7b8-4efc-9892-ebc4ac3938d4 None None] Acquiring lock "00000000-0000-0000-0000-000000000000" by "nova.context.set_target_cell..get_or_set_cached_cell_and_set_connections" {{(pid=84085) inner /opt/stack/data/venv/lib/python3.12/site-packages/oslo_concurrency/lockutils.py:511}}
Jul 02 16:44:33.902465 np0000004301 devstack@n-api.service[84085]: DEBUG oslo_concurrency.lockutils [None req-f75ab8a9-f7b8-4efc-9892-ebc4ac3938d4 None None] Lock "00000000-0000-0000-0000-000000000000" acquired by "nova.context.set_target_cell..get_or_set_cached_cell_and_set_connections" :: waited 0.000s {{(pid=84085) inner /opt/stack/data/venv/lib/python3.12/site-packages/oslo_concurrency/lockutils.py:524}}
Jul 02 16:44:33.902822 np0000004301 devstack@n-api.service[84085]: DEBUG oslo_concurrency.lockutils [None req-f75ab8a9-f7b8-4efc-9892-ebc4ac3938d4 None None] Lock "00000000-0000-0000-0000-000000000000" "released" by "nova.context.set_target_cell..get_or_set_cached_cell_and_set_connections" :: held 0.000s {{(pid=84085) inner /opt/stack/data/venv/lib/python3.12/site-packages/oslo_concurrency/lockutils.py:543}}
Jul 02 16:44:33.903428 np0000004301 devstack@n-api.service[84085]: DEBUG oslo_concurrency.lockutils [None req-f75ab8a9-f7b8-4efc-9892-ebc4ac3938d4 None None] Acquiring lock "0becb7fe-dcc7-4729-ad20-916e89158367" by "nova.context.set_target_cell..get_or_set_cached_cell_and_set_connections" {{(pid=84085) inner /opt/stack/data/venv/lib/python3.12/site-packages/oslo_concurrency/lockutils.py:511}}
Jul 02 16:44:33.903579 np0000004301 devstack@n-api.service[84085]: DEBUG oslo_concurrency.lockutils [None req-f75ab8a9-f7b8-4efc-9892-ebc4ac3938d4 None None] Lock "0becb7fe-dcc7-4729-ad20-916e89158367" acquired by "nova.context.set_target_cell..get_or_set_cached_cell_and_set_connections" :: waited 0.000s {{(pid=84085) inner /opt/stack/data/venv/lib/python3.12/site-packages/oslo_concurrency/lockutils.py:524}}
Jul 02 16:44:33.905770 np0000004301 devstack@n-api.service[84085]: INFO dbcounter [None req-f75ab8a9-f7b8-4efc-9892-ebc4ac3938d4 None None] Registered counter for database nova_cell0
Jul 02 16:44:33.907064 np0000004301 devstack@n-api.service[84085]: DEBUG oslo_concurrency.lockutils [None req-f75ab8a9-f7b8-4efc-9892-ebc4ac3938d4 None None] Lock "0becb7fe-dcc7-4729-ad20-916e89158367" "released" by "nova.context.set_target_cell..get_or_set_cached_cell_and_set_connections" :: held 0.002s {{(pid=84085) inner /opt/stack/data/venv/lib/python3.12/site-packages/oslo_concurrency/lockutils.py:543}}
Jul 02 16:44:33.908858 np0000004301 devstack@n-api.service[84085]: INFO dbcounter [None req-f75ab8a9-f7b8-4efc-9892-ebc4ac3938d4 None None] Registered counter for database nova_cell1
Jul 02 16:44:33.949398 np0000004301 devstack@n-api.service[84085]: DEBUG oslo_db.sqlalchemy.engines [None req-f75ab8a9-f7b8-4efc-9892-ebc4ac3938d4 None None] MySQL server mode set to STRICT_TRANS_TABLES,STRICT_ALL_TABLES,NO_ZERO_IN_DATE,NO_ZERO_DATE,ERROR_FOR_DIVISION_BY_ZERO,TRADITIONAL,NO_ENGINE_SUBSTITUTION {{(pid=84085) _check_effective_sql_mode /opt/stack/data/venv/lib/python3.12/site-packages/oslo_db/sqlalchemy/engines.py:325}}
Jul 02 16:44:33.955094 np0000004301 devstack@n-api.service[84085]: DEBUG oslo_db.sqlalchemy.engines [None req-f75ab8a9-f7b8-4efc-9892-ebc4ac3938d4 None None] MySQL server mode set to STRICT_TRANS_TABLES,STRICT_ALL_TABLES,NO_ZERO_IN_DATE,NO_ZERO_DATE,ERROR_FOR_DIVISION_BY_ZERO,TRADITIONAL,NO_ENGINE_SUBSTITUTION {{(pid=84085) _check_effective_sql_mode /opt/stack/data/venv/lib/python3.12/site-packages/oslo_db/sqlalchemy/engines.py:325}}
Jul 02 16:44:33.970758 np0000004301 devstack@n-api.service[84086]: DEBUG oslo_db.sqlalchemy.engines [None req-8a280ffe-c216-4bdf-9dde-ae504d73ec43 None None] MySQL server mode set to STRICT_TRANS_TABLES,STRICT_ALL_TABLES,NO_ZERO_IN_DATE,NO_ZERO_DATE,ERROR_FOR_DIVISION_BY_ZERO,TRADITIONAL,NO_ENGINE_SUBSTITUTION {{(pid=84086) _check_effective_sql_mode /opt/stack/data/venv/lib/python3.12/site-packages/oslo_db/sqlalchemy/engines.py:325}}
Jul 02 16:44:33.971719 np0000004301 devstack@n-api.service[84087]: DEBUG dbcounter [-] [84087] Writer thread running {{(pid=84087) stat_writer /opt/stack/data/venv/lib/python3.12/site-packages/dbcounter.py:102}}
Jul 02 16:44:33.974756 np0000004301 devstack@n-api.service[84086]: DEBUG dbcounter [-] [84086] Writer thread running {{(pid=84086) stat_writer /opt/stack/data/venv/lib/python3.12/site-packages/dbcounter.py:102}}
Jul 02 16:44:33.976821 np0000004301 devstack@n-api.service[84087]: DEBUG dbcounter [-] [84087] Writer thread running {{(pid=84087) stat_writer /opt/stack/data/venv/lib/python3.12/site-packages/dbcounter.py:102}}
Jul 02 16:44:33.980042 np0000004301 devstack@n-api.service[84087]: INFO dbcounter [None req-59328d06-793c-4731-b026-905d5a1f9960 None None] Registered counter for database nova_cell0
Jul 02 16:44:33.980587 np0000004301 devstack@n-api.service[84086]: DEBUG dbcounter [-] [84086] Writer thread running {{(pid=84086) stat_writer /opt/stack/data/venv/lib/python3.12/site-packages/dbcounter.py:102}}
Jul 02 16:44:33.983821 np0000004301 devstack@n-api.service[84086]: INFO dbcounter [None req-8a280ffe-c216-4bdf-9dde-ae504d73ec43 None None] Registered counter for database nova_cell0
Jul 02 16:44:34.020419 np0000004301 devstack@n-api.service[84087]: DEBUG oslo_db.sqlalchemy.engines [None req-59328d06-793c-4731-b026-905d5a1f9960 None None] MySQL server mode set to STRICT_TRANS_TABLES,STRICT_ALL_TABLES,NO_ZERO_IN_DATE,NO_ZERO_DATE,ERROR_FOR_DIVISION_BY_ZERO,TRADITIONAL,NO_ENGINE_SUBSTITUTION {{(pid=84087) _check_effective_sql_mode /opt/stack/data/venv/lib/python3.12/site-packages/oslo_db/sqlalchemy/engines.py:325}}
Jul 02 16:44:34.023044 np0000004301 devstack@n-api.service[84086]: DEBUG oslo_db.sqlalchemy.engines [None req-8a280ffe-c216-4bdf-9dde-ae504d73ec43 None None] MySQL server mode set to STRICT_TRANS_TABLES,STRICT_ALL_TABLES,NO_ZERO_IN_DATE,NO_ZERO_DATE,ERROR_FOR_DIVISION_BY_ZERO,TRADITIONAL,NO_ENGINE_SUBSTITUTION {{(pid=84086) _check_effective_sql_mode /opt/stack/data/venv/lib/python3.12/site-packages/oslo_db/sqlalchemy/engines.py:325}}
Jul 02 16:44:34.026333 np0000004301 devstack@n-api.service[84087]: DEBUG dbcounter [-] [84087] Writer thread running {{(pid=84087) stat_writer /opt/stack/data/venv/lib/python3.12/site-packages/dbcounter.py:102}}
Jul 02 16:44:34.029055 np0000004301 devstack@n-api.service[84086]: DEBUG dbcounter [-] [84086] Writer thread running {{(pid=84086) stat_writer /opt/stack/data/venv/lib/python3.12/site-packages/dbcounter.py:102}}
Jul 02 16:44:34.041343 np0000004301 devstack@n-api.service[84085]: DEBUG dbcounter [-] [84085] Writer thread running {{(pid=84085) stat_writer /opt/stack/data/venv/lib/python3.12/site-packages/dbcounter.py:102}}
Jul 02 16:44:34.044294 np0000004301 devstack@n-api.service[84085]: DEBUG dbcounter [-] [84085] Writer thread running {{(pid=84085) stat_writer /opt/stack/data/venv/lib/python3.12/site-packages/dbcounter.py:102}}
Jul 02 16:44:34.089598 np0000004301 devstack@n-api.service[84085]: INFO dbcounter [None req-f75ab8a9-f7b8-4efc-9892-ebc4ac3938d4 None None] Registered counter for database nova_cell0
Jul 02 16:44:34.133758 np0000004301 devstack@n-api.service[84085]: DEBUG oslo_db.sqlalchemy.engines [None req-f75ab8a9-f7b8-4efc-9892-ebc4ac3938d4 None None] MySQL server mode set to STRICT_TRANS_TABLES,STRICT_ALL_TABLES,NO_ZERO_IN_DATE,NO_ZERO_DATE,ERROR_FOR_DIVISION_BY_ZERO,TRADITIONAL,NO_ENGINE_SUBSTITUTION {{(pid=84085) _check_effective_sql_mode /opt/stack/data/venv/lib/python3.12/site-packages/oslo_db/sqlalchemy/engines.py:325}}
Jul 02 16:44:34.141478 np0000004301 devstack@n-api.service[84085]: DEBUG dbcounter [-] [84085] Writer thread running {{(pid=84085) stat_writer /opt/stack/data/venv/lib/python3.12/site-packages/dbcounter.py:102}}
Jul 02 16:44:34.375079 np0000004301 devstack@n-api.service[84086]: DEBUG oslo_concurrency.processutils [None req-8a280ffe-c216-4bdf-9dde-ae504d73ec43 None None] Running cmd (subprocess): grep -F node.session.scan /sbin/iscsiadm {{(pid=84086) execute /opt/stack/data/venv/lib/python3.12/site-packages/oslo_concurrency/processutils.py:440}}
Jul 02 16:44:34.377378 np0000004301 devstack@n-api.service[84087]: DEBUG oslo_concurrency.processutils [None req-59328d06-793c-4731-b026-905d5a1f9960 None None] Running cmd (subprocess): grep -F node.session.scan /sbin/iscsiadm {{(pid=84087) execute /opt/stack/data/venv/lib/python3.12/site-packages/oslo_concurrency/processutils.py:440}}
Jul 02 16:44:34.385710 np0000004301 devstack@n-api.service[84086]: DEBUG oslo_concurrency.processutils [None req-8a280ffe-c216-4bdf-9dde-ae504d73ec43 None None] CMD "grep -F node.session.scan /sbin/iscsiadm" returned: 0 in 0.011s {{(pid=84086) execute /opt/stack/data/venv/lib/python3.12/site-packages/oslo_concurrency/processutils.py:468}}
Jul 02 16:44:34.389616 np0000004301 devstack@n-api.service[84087]: DEBUG oslo_concurrency.processutils [None req-59328d06-793c-4731-b026-905d5a1f9960 None None] CMD "grep -F node.session.scan /sbin/iscsiadm" returned: 0 in 0.012s {{(pid=84087) execute /opt/stack/data/venv/lib/python3.12/site-packages/oslo_concurrency/processutils.py:468}}
Jul 02 16:44:34.485849 np0000004301 devstack@n-api.service[84085]: DEBUG oslo_concurrency.processutils [None req-f75ab8a9-f7b8-4efc-9892-ebc4ac3938d4 None None] Running cmd (subprocess): grep -F node.session.scan /sbin/iscsiadm {{(pid=84085) execute /opt/stack/data/venv/lib/python3.12/site-packages/oslo_concurrency/processutils.py:440}}
Jul 02 16:44:34.495944 np0000004301 devstack@n-api.service[84085]: DEBUG oslo_concurrency.processutils [None req-f75ab8a9-f7b8-4efc-9892-ebc4ac3938d4 None None] CMD "grep -F node.session.scan /sbin/iscsiadm" returned: 0 in 0.010s {{(pid=84085) execute /opt/stack/data/venv/lib/python3.12/site-packages/oslo_concurrency/processutils.py:468}}
Jul 02 16:44:34.970266 np0000004301 devstack@n-api.service[84086]: DEBUG nova.api.openstack.wsgi_app [None req-8a280ffe-c216-4bdf-9dde-ae504d73ec43 None None] ******************************************************************************** {{(pid=84086) log_opt_values /opt/stack/data/venv/lib/python3.12/site-packages/oslo_config/cfg.py:3226}}
Jul 02 16:44:34.970871 np0000004301 devstack@n-api.service[84086]: DEBUG nova.api.openstack.wsgi_app [None req-8a280ffe-c216-4bdf-9dde-ae504d73ec43 None None] Configuration options gathered from: {{(pid=84086) log_opt_values /opt/stack/data/venv/lib/python3.12/site-packages/oslo_config/cfg.py:3227}}
Jul 02 16:44:34.970871 np0000004301 devstack@n-api.service[84086]: DEBUG nova.api.openstack.wsgi_app [None req-8a280ffe-c216-4bdf-9dde-ae504d73ec43 None None] command line args: [] {{(pid=84086) log_opt_values /opt/stack/data/venv/lib/python3.12/site-packages/oslo_config/cfg.py:3228}}
Jul 02 16:44:34.970871 np0000004301 devstack@n-api.service[84086]: DEBUG nova.api.openstack.wsgi_app [None req-8a280ffe-c216-4bdf-9dde-ae504d73ec43 None None] config files: ['/etc/nova/api-paste.ini', '/etc/nova/nova.conf'] {{(pid=84086) log_opt_values /opt/stack/data/venv/lib/python3.12/site-packages/oslo_config/cfg.py:3229}}
Jul 02 16:44:34.971197 np0000004301 devstack@n-api.service[84086]: DEBUG nova.api.openstack.wsgi_app [None req-8a280ffe-c216-4bdf-9dde-ae504d73ec43 None None] ================================================================================ {{(pid=84086) log_opt_values /opt/stack/data/venv/lib/python3.12/site-packages/oslo_config/cfg.py:3234}}
Jul 02 16:44:34.971197 np0000004301 devstack@n-api.service[84086]: DEBUG nova.api.openstack.wsgi_app [None req-8a280ffe-c216-4bdf-9dde-ae504d73ec43 None None] allow_resize_to_same_host = True {{(pid=84086) log_opt_values /opt/stack/data/venv/lib/python3.12/site-packages/oslo_config/cfg.py:3242}}
Jul 02 16:44:34.971343 np0000004301 devstack@n-api.service[84086]: DEBUG nova.api.openstack.wsgi_app [None req-8a280ffe-c216-4bdf-9dde-ae504d73ec43 None None] arq_binding_timeout = 300 {{(pid=84086) log_opt_values /opt/stack/data/venv/lib/python3.12/site-packages/oslo_config/cfg.py:3242}}
Jul 02 16:44:34.971343 np0000004301 devstack@n-api.service[84086]: DEBUG nova.api.openstack.wsgi_app [None req-8a280ffe-c216-4bdf-9dde-ae504d73ec43 None None] block_device_allocate_retries = 60 {{(pid=84086) log_opt_values /opt/stack/data/venv/lib/python3.12/site-packages/oslo_config/cfg.py:3242}}
Jul 02 16:44:34.971500 np0000004301 devstack@n-api.service[84086]: DEBUG nova.api.openstack.wsgi_app [None req-8a280ffe-c216-4bdf-9dde-ae504d73ec43 None None] block_device_allocate_retries_interval = 3 {{(pid=84086) log_opt_values /opt/stack/data/venv/lib/python3.12/site-packages/oslo_config/cfg.py:3242}}
Jul 02 16:44:34.971577 np0000004301 devstack@n-api.service[84086]: DEBUG nova.api.openstack.wsgi_app [None req-8a280ffe-c216-4bdf-9dde-ae504d73ec43 None None] cell_worker_thread_pool_size = 5 {{(pid=84086) log_opt_values /opt/stack/data/venv/lib/python3.12/site-packages/oslo_config/cfg.py:3242}}
Jul 02 16:44:34.971665 np0000004301 devstack@n-api.service[84086]: DEBUG nova.api.openstack.wsgi_app [None req-8a280ffe-c216-4bdf-9dde-ae504d73ec43 None None] cert = self.pem {{(pid=84086) log_opt_values /opt/stack/data/venv/lib/python3.12/site-packages/oslo_config/cfg.py:3242}}
Jul 02 16:44:34.971793 np0000004301 devstack@n-api.service[84086]: DEBUG nova.api.openstack.wsgi_app [None req-8a280ffe-c216-4bdf-9dde-ae504d73ec43 None None] compute_driver = libvirt.LibvirtDriver {{(pid=84086) log_opt_values /opt/stack/data/venv/lib/python3.12/site-packages/oslo_config/cfg.py:3242}}
Jul 02 16:44:34.971928 np0000004301 devstack@n-api.service[84086]: DEBUG nova.api.openstack.wsgi_app [None req-8a280ffe-c216-4bdf-9dde-ae504d73ec43 None None] compute_monitors = [] {{(pid=84086) log_opt_values /opt/stack/data/venv/lib/python3.12/site-packages/oslo_config/cfg.py:3242}}
Jul 02 16:44:34.972103 np0000004301 devstack@n-api.service[84086]: DEBUG nova.api.openstack.wsgi_app [None req-8a280ffe-c216-4bdf-9dde-ae504d73ec43 None None] config_dir = [] {{(pid=84086) log_opt_values /opt/stack/data/venv/lib/python3.12/site-packages/oslo_config/cfg.py:3242}}
Jul 02 16:44:34.972225 np0000004301 devstack@n-api.service[84086]: DEBUG nova.api.openstack.wsgi_app [None req-8a280ffe-c216-4bdf-9dde-ae504d73ec43 None None] config_drive_format = iso9660 {{(pid=84086) log_opt_values /opt/stack/data/venv/lib/python3.12/site-packages/oslo_config/cfg.py:3242}}
Jul 02 16:44:34.972319 np0000004301 devstack@n-api.service[84086]: DEBUG nova.api.openstack.wsgi_app [None req-8a280ffe-c216-4bdf-9dde-ae504d73ec43 None None] config_file = ['/etc/nova/api-paste.ini', '/etc/nova/nova.conf'] {{(pid=84086) log_opt_values /opt/stack/data/venv/lib/python3.12/site-packages/oslo_config/cfg.py:3242}}
Jul 02 16:44:34.972430 np0000004301 devstack@n-api.service[84086]: DEBUG nova.api.openstack.wsgi_app [None req-8a280ffe-c216-4bdf-9dde-ae504d73ec43 None None] config_source = [] {{(pid=84086) log_opt_values /opt/stack/data/venv/lib/python3.12/site-packages/oslo_config/cfg.py:3242}}
Jul 02 16:44:34.972561 np0000004301 devstack@n-api.service[84086]: DEBUG nova.api.openstack.wsgi_app [None req-8a280ffe-c216-4bdf-9dde-ae504d73ec43 None None] console_host = np0000004301 {{(pid=84086) log_opt_values /opt/stack/data/venv/lib/python3.12/site-packages/oslo_config/cfg.py:3242}}
Jul 02 16:44:34.972692 np0000004301 devstack@n-api.service[84086]: DEBUG nova.api.openstack.wsgi_app [None req-8a280ffe-c216-4bdf-9dde-ae504d73ec43 None None] control_exchange = nova {{(pid=84086) log_opt_values /opt/stack/data/venv/lib/python3.12/site-packages/oslo_config/cfg.py:3242}}
Jul 02 16:44:34.972852 np0000004301 devstack@n-api.service[84086]: DEBUG nova.api.openstack.wsgi_app [None req-8a280ffe-c216-4bdf-9dde-ae504d73ec43 None None] cpu_allocation_ratio = None {{(pid=84086) log_opt_values /opt/stack/data/venv/lib/python3.12/site-packages/oslo_config/cfg.py:3242}}
Jul 02 16:44:34.972971 np0000004301 devstack@n-api.service[84086]: DEBUG nova.api.openstack.wsgi_app [None req-8a280ffe-c216-4bdf-9dde-ae504d73ec43 None None] daemon = False {{(pid=84086) log_opt_values /opt/stack/data/venv/lib/python3.12/site-packages/oslo_config/cfg.py:3242}}
Jul 02 16:44:34.973115 np0000004301 devstack@n-api.service[84086]: DEBUG nova.api.openstack.wsgi_app [None req-8a280ffe-c216-4bdf-9dde-ae504d73ec43 None None] debug = True {{(pid=84086) log_opt_values /opt/stack/data/venv/lib/python3.12/site-packages/oslo_config/cfg.py:3242}}
Jul 02 16:44:34.973230 np0000004301 devstack@n-api.service[84086]: DEBUG nova.api.openstack.wsgi_app [None req-8a280ffe-c216-4bdf-9dde-ae504d73ec43 None None] default_access_ip_network_name = None {{(pid=84086) log_opt_values /opt/stack/data/venv/lib/python3.12/site-packages/oslo_config/cfg.py:3242}}
Jul 02 16:44:34.973346 np0000004301 devstack@n-api.service[84086]: DEBUG nova.api.openstack.wsgi_app [None req-8a280ffe-c216-4bdf-9dde-ae504d73ec43 None None] default_availability_zone = nova {{(pid=84086) log_opt_values /opt/stack/data/venv/lib/python3.12/site-packages/oslo_config/cfg.py:3242}}
Jul 02 16:44:34.973468 np0000004301 devstack@n-api.service[84086]: DEBUG nova.api.openstack.wsgi_app [None req-8a280ffe-c216-4bdf-9dde-ae504d73ec43 None None] default_ephemeral_format = ext4 {{(pid=84086) log_opt_values /opt/stack/data/venv/lib/python3.12/site-packages/oslo_config/cfg.py:3242}}
Jul 02 16:44:34.973576 np0000004301 devstack@n-api.service[84086]: DEBUG nova.api.openstack.wsgi_app [None req-8a280ffe-c216-4bdf-9dde-ae504d73ec43 None None] default_green_pool_size = 1000 {{(pid=84086) log_opt_values /opt/stack/data/venv/lib/python3.12/site-packages/oslo_config/cfg.py:3242}}
Jul 02 16:44:34.973753 np0000004301 devstack@n-api.service[84086]: DEBUG nova.api.openstack.wsgi_app [None req-8a280ffe-c216-4bdf-9dde-ae504d73ec43 None None] default_log_levels = ['amqp=WARN', 'boto=WARN', 'sqlalchemy=WARN', 'suds=INFO', 'oslo.messaging=INFO', 'oslo_messaging=INFO', 'iso8601=WARN', 'requests.packages.urllib3.connectionpool=WARN', 'urllib3.connectionpool=WARN', 'websocket=WARN', 'requests.packages.urllib3.util.retry=WARN', 'urllib3.util.retry=WARN', 'keystonemiddleware=WARN', 'routes.middleware=WARN', 'stevedore=WARN', 'taskflow=WARN', 'keystoneauth=WARN', 'oslo.cache=INFO', 'oslo_policy=INFO', 'dogpile.core.dogpile=INFO', 'glanceclient=WARN', 'oslo.privsep.daemon=INFO'] {{(pid=84086) log_opt_values /opt/stack/data/venv/lib/python3.12/site-packages/oslo_config/cfg.py:3242}}
Jul 02 16:44:34.973880 np0000004301 devstack@n-api.service[84086]: DEBUG nova.api.openstack.wsgi_app [None req-8a280ffe-c216-4bdf-9dde-ae504d73ec43 None None] default_schedule_zone = None {{(pid=84086) log_opt_values /opt/stack/data/venv/lib/python3.12/site-packages/oslo_config/cfg.py:3242}}
Jul 02 16:44:34.973985 np0000004301 devstack@n-api.service[84086]: DEBUG nova.api.openstack.wsgi_app [None req-8a280ffe-c216-4bdf-9dde-ae504d73ec43 None None] default_thread_pool_size = 10 {{(pid=84086) log_opt_values /opt/stack/data/venv/lib/python3.12/site-packages/oslo_config/cfg.py:3242}}
Jul 02 16:44:34.974125 np0000004301 devstack@n-api.service[84086]: DEBUG nova.api.openstack.wsgi_app [None req-8a280ffe-c216-4bdf-9dde-ae504d73ec43 None None] disk_allocation_ratio = None {{(pid=84086) log_opt_values /opt/stack/data/venv/lib/python3.12/site-packages/oslo_config/cfg.py:3242}}
Jul 02 16:44:34.974267 np0000004301 devstack@n-api.service[84086]: DEBUG nova.api.openstack.wsgi_app [None req-8a280ffe-c216-4bdf-9dde-ae504d73ec43 None None] enable_new_services = True {{(pid=84086) log_opt_values /opt/stack/data/venv/lib/python3.12/site-packages/oslo_config/cfg.py:3242}}
Jul 02 16:44:34.974386 np0000004301 devstack@n-api.service[84086]: DEBUG nova.api.openstack.wsgi_app [None req-8a280ffe-c216-4bdf-9dde-ae504d73ec43 None None] flat_injected = False {{(pid=84086) log_opt_values /opt/stack/data/venv/lib/python3.12/site-packages/oslo_config/cfg.py:3242}}
Jul 02 16:44:34.974525 np0000004301 devstack@n-api.service[84086]: DEBUG nova.api.openstack.wsgi_app [None req-8a280ffe-c216-4bdf-9dde-ae504d73ec43 None None] force_config_drive = True {{(pid=84086) log_opt_values /opt/stack/data/venv/lib/python3.12/site-packages/oslo_config/cfg.py:3242}}
Jul 02 16:44:34.974621 np0000004301 devstack@n-api.service[84086]: DEBUG nova.api.openstack.wsgi_app [None req-8a280ffe-c216-4bdf-9dde-ae504d73ec43 None None] force_raw_images = True {{(pid=84086) log_opt_values /opt/stack/data/venv/lib/python3.12/site-packages/oslo_config/cfg.py:3242}}
Jul 02 16:44:34.974735 np0000004301 devstack@n-api.service[84086]: DEBUG nova.api.openstack.wsgi_app [None req-8a280ffe-c216-4bdf-9dde-ae504d73ec43 None None] graceful_shutdown_timeout = 5 {{(pid=84086) log_opt_values /opt/stack/data/venv/lib/python3.12/site-packages/oslo_config/cfg.py:3242}}
Jul 02 16:44:34.974852 np0000004301 devstack@n-api.service[84086]: DEBUG nova.api.openstack.wsgi_app [None req-8a280ffe-c216-4bdf-9dde-ae504d73ec43 None None] heal_instance_info_cache_interval = -1 {{(pid=84086) log_opt_values /opt/stack/data/venv/lib/python3.12/site-packages/oslo_config/cfg.py:3242}}
Jul 02 16:44:34.975037 np0000004301 devstack@n-api.service[84086]: DEBUG nova.api.openstack.wsgi_app [None req-8a280ffe-c216-4bdf-9dde-ae504d73ec43 None None] host = np0000004301 {{(pid=84086) log_opt_values /opt/stack/data/venv/lib/python3.12/site-packages/oslo_config/cfg.py:3242}}
Jul 02 16:44:34.975173 np0000004301 devstack@n-api.service[84086]: DEBUG nova.api.openstack.wsgi_app [None req-8a280ffe-c216-4bdf-9dde-ae504d73ec43 None None] initial_cpu_allocation_ratio = 4.0 {{(pid=84086) log_opt_values /opt/stack/data/venv/lib/python3.12/site-packages/oslo_config/cfg.py:3242}}
Jul 02 16:44:34.975288 np0000004301 devstack@n-api.service[84086]: DEBUG nova.api.openstack.wsgi_app [None req-8a280ffe-c216-4bdf-9dde-ae504d73ec43 None None] initial_disk_allocation_ratio = 1.0 {{(pid=84086) log_opt_values /opt/stack/data/venv/lib/python3.12/site-packages/oslo_config/cfg.py:3242}}
Jul 02 16:44:34.975400 np0000004301 devstack@n-api.service[84086]: DEBUG nova.api.openstack.wsgi_app [None req-8a280ffe-c216-4bdf-9dde-ae504d73ec43 None None] initial_ram_allocation_ratio = 1.0 {{(pid=84086) log_opt_values /opt/stack/data/venv/lib/python3.12/site-packages/oslo_config/cfg.py:3242}}
Jul 02 16:44:34.975558 np0000004301 devstack@n-api.service[84086]: DEBUG nova.api.openstack.wsgi_app [None req-8a280ffe-c216-4bdf-9dde-ae504d73ec43 None None] injected_network_template = /opt/stack/nova/nova/virt/interfaces.template {{(pid=84086) log_opt_values /opt/stack/data/venv/lib/python3.12/site-packages/oslo_config/cfg.py:3242}}
Jul 02 16:44:34.975669 np0000004301 devstack@n-api.service[84086]: DEBUG nova.api.openstack.wsgi_app [None req-8a280ffe-c216-4bdf-9dde-ae504d73ec43 None None] instance_build_timeout = 0 {{(pid=84086) log_opt_values /opt/stack/data/venv/lib/python3.12/site-packages/oslo_config/cfg.py:3242}}
Jul 02 16:44:34.975784 np0000004301 devstack@n-api.service[84086]: DEBUG nova.api.openstack.wsgi_app [None req-8a280ffe-c216-4bdf-9dde-ae504d73ec43 None None] instance_delete_interval = 300 {{(pid=84086) log_opt_values /opt/stack/data/venv/lib/python3.12/site-packages/oslo_config/cfg.py:3242}}
Jul 02 16:44:34.975902 np0000004301 devstack@n-api.service[84086]: DEBUG nova.api.openstack.wsgi_app [None req-8a280ffe-c216-4bdf-9dde-ae504d73ec43 None None] instance_format = [instance: %(uuid)s] {{(pid=84086) log_opt_values /opt/stack/data/venv/lib/python3.12/site-packages/oslo_config/cfg.py:3242}}
Jul 02 16:44:34.976042 np0000004301 devstack@n-api.service[84086]: DEBUG nova.api.openstack.wsgi_app [None req-8a280ffe-c216-4bdf-9dde-ae504d73ec43 None None] instance_name_template = instance-%08x {{(pid=84086) log_opt_values /opt/stack/data/venv/lib/python3.12/site-packages/oslo_config/cfg.py:3242}}
Jul 02 16:44:34.976163 np0000004301 devstack@n-api.service[84086]: DEBUG nova.api.openstack.wsgi_app [None req-8a280ffe-c216-4bdf-9dde-ae504d73ec43 None None] instance_usage_audit = False {{(pid=84086) log_opt_values /opt/stack/data/venv/lib/python3.12/site-packages/oslo_config/cfg.py:3242}}
Jul 02 16:44:34.976283 np0000004301 devstack@n-api.service[84086]: DEBUG nova.api.openstack.wsgi_app [None req-8a280ffe-c216-4bdf-9dde-ae504d73ec43 None None] instance_usage_audit_period = month {{(pid=84086) log_opt_values /opt/stack/data/venv/lib/python3.12/site-packages/oslo_config/cfg.py:3242}}
Jul 02 16:44:34.976399 np0000004301 devstack@n-api.service[84086]: DEBUG nova.api.openstack.wsgi_app [None req-8a280ffe-c216-4bdf-9dde-ae504d73ec43 None None] instance_uuid_format = [instance: %(uuid)s] {{(pid=84086) log_opt_values /opt/stack/data/venv/lib/python3.12/site-packages/oslo_config/cfg.py:3242}}
Jul 02 16:44:34.976515 np0000004301 devstack@n-api.service[84086]: DEBUG nova.api.openstack.wsgi_app [None req-8a280ffe-c216-4bdf-9dde-ae504d73ec43 None None] instances_path = /opt/stack/data/nova/instances {{(pid=84086) log_opt_values /opt/stack/data/venv/lib/python3.12/site-packages/oslo_config/cfg.py:3242}}
Jul 02 16:44:34.976687 np0000004301 devstack@n-api.service[84086]: DEBUG nova.api.openstack.wsgi_app [None req-8a280ffe-c216-4bdf-9dde-ae504d73ec43 None None] internal_service_availability_zone = internal {{(pid=84086) log_opt_values /opt/stack/data/venv/lib/python3.12/site-packages/oslo_config/cfg.py:3242}}
Jul 02 16:44:34.976808 np0000004301 devstack@n-api.service[84086]: DEBUG nova.api.openstack.wsgi_app [None req-8a280ffe-c216-4bdf-9dde-ae504d73ec43 None None] key = None {{(pid=84086) log_opt_values /opt/stack/data/venv/lib/python3.12/site-packages/oslo_config/cfg.py:3242}}
Jul 02 16:44:34.976988 np0000004301 devstack@n-api.service[84086]: DEBUG nova.api.openstack.wsgi_app [None req-8a280ffe-c216-4bdf-9dde-ae504d73ec43 None None] live_migration_retry_count = 30 {{(pid=84086) log_opt_values /opt/stack/data/venv/lib/python3.12/site-packages/oslo_config/cfg.py:3242}}
Jul 02 16:44:34.977181 np0000004301 devstack@n-api.service[84086]: DEBUG nova.api.openstack.wsgi_app [None req-8a280ffe-c216-4bdf-9dde-ae504d73ec43 None None] log_color = False {{(pid=84086) log_opt_values /opt/stack/data/venv/lib/python3.12/site-packages/oslo_config/cfg.py:3242}}
Jul 02 16:44:34.977395 np0000004301 devstack@n-api.service[84086]: DEBUG nova.api.openstack.wsgi_app [None req-8a280ffe-c216-4bdf-9dde-ae504d73ec43 None None] log_config_append = None {{(pid=84086) log_opt_values /opt/stack/data/venv/lib/python3.12/site-packages/oslo_config/cfg.py:3242}}
Jul 02 16:44:34.977518 np0000004301 devstack@n-api.service[84086]: DEBUG nova.api.openstack.wsgi_app [None req-8a280ffe-c216-4bdf-9dde-ae504d73ec43 None None] log_date_format = %Y-%m-%d %H:%M:%S {{(pid=84086) log_opt_values /opt/stack/data/venv/lib/python3.12/site-packages/oslo_config/cfg.py:3242}}
Jul 02 16:44:34.977632 np0000004301 devstack@n-api.service[84086]: DEBUG nova.api.openstack.wsgi_app [None req-8a280ffe-c216-4bdf-9dde-ae504d73ec43 None None] log_dir = None {{(pid=84086) log_opt_values /opt/stack/data/venv/lib/python3.12/site-packages/oslo_config/cfg.py:3242}}
Jul 02 16:44:34.977744 np0000004301 devstack@n-api.service[84086]: DEBUG nova.api.openstack.wsgi_app [None req-8a280ffe-c216-4bdf-9dde-ae504d73ec43 None None] log_file = None {{(pid=84086) log_opt_values /opt/stack/data/venv/lib/python3.12/site-packages/oslo_config/cfg.py:3242}}
Jul 02 16:44:34.977831 np0000004301 devstack@n-api.service[84086]: DEBUG nova.api.openstack.wsgi_app [None req-8a280ffe-c216-4bdf-9dde-ae504d73ec43 None None] log_options = True {{(pid=84086) log_opt_values /opt/stack/data/venv/lib/python3.12/site-packages/oslo_config/cfg.py:3242}}
Jul 02 16:44:34.977969 np0000004301 devstack@n-api.service[84086]: DEBUG nova.api.openstack.wsgi_app [None req-8a280ffe-c216-4bdf-9dde-ae504d73ec43 None None] log_rotate_interval = 1 {{(pid=84086) log_opt_values /opt/stack/data/venv/lib/python3.12/site-packages/oslo_config/cfg.py:3242}}
Jul 02 16:44:34.978112 np0000004301 devstack@n-api.service[84086]: DEBUG nova.api.openstack.wsgi_app [None req-8a280ffe-c216-4bdf-9dde-ae504d73ec43 None None] log_rotate_interval_type = days {{(pid=84086) log_opt_values /opt/stack/data/venv/lib/python3.12/site-packages/oslo_config/cfg.py:3242}}
Jul 02 16:44:34.978237 np0000004301 devstack@n-api.service[84086]: DEBUG nova.api.openstack.wsgi_app [None req-8a280ffe-c216-4bdf-9dde-ae504d73ec43 None None] log_rotation_type = none {{(pid=84086) log_opt_values /opt/stack/data/venv/lib/python3.12/site-packages/oslo_config/cfg.py:3242}}
Jul 02 16:44:34.978328 np0000004301 devstack@n-api.service[84086]: DEBUG nova.api.openstack.wsgi_app [None req-8a280ffe-c216-4bdf-9dde-ae504d73ec43 None None] logging_context_format_string = %(color)s%(levelname)s %(name)s [%(global_request_id)s %(request_id)s %(project_name)s %(user_name)s%(color)s] %(instance)s%(color)s%(message)s {{(pid=84086) log_opt_values /opt/stack/data/venv/lib/python3.12/site-packages/oslo_config/cfg.py:3242}}
Jul 02 16:44:34.978417 np0000004301 devstack@n-api.service[84086]: DEBUG nova.api.openstack.wsgi_app [None req-8a280ffe-c216-4bdf-9dde-ae504d73ec43 None None] logging_debug_format_suffix = {{(pid=%(process)d) %(funcName)s %(pathname)s:%(lineno)d}} {{(pid=84086) log_opt_values /opt/stack/data/venv/lib/python3.12/site-packages/oslo_config/cfg.py:3242}}
Jul 02 16:44:34.978534 np0000004301 devstack@n-api.service[84086]: DEBUG nova.api.openstack.wsgi_app [None req-8a280ffe-c216-4bdf-9dde-ae504d73ec43 None None] logging_default_format_string = %(color)s%(levelname)s %(name)s [-%(color)s] %(instance)s%(color)s%(message)s {{(pid=84086) log_opt_values /opt/stack/data/venv/lib/python3.12/site-packages/oslo_config/cfg.py:3242}}
Jul 02 16:44:34.978649 np0000004301 devstack@n-api.service[84086]: DEBUG nova.api.openstack.wsgi_app [None req-8a280ffe-c216-4bdf-9dde-ae504d73ec43 None None] logging_exception_prefix = ERROR %(name)s %(instance)s {{(pid=84086) log_opt_values /opt/stack/data/venv/lib/python3.12/site-packages/oslo_config/cfg.py:3242}}
Jul 02 16:44:34.978737 np0000004301 devstack@n-api.service[84086]: DEBUG nova.api.openstack.wsgi_app [None req-8a280ffe-c216-4bdf-9dde-ae504d73ec43 None None] logging_user_identity_format = %(user)s %(project)s %(domain)s %(system_scope)s %(user_domain)s %(project_domain)s {{(pid=84086) log_opt_values /opt/stack/data/venv/lib/python3.12/site-packages/oslo_config/cfg.py:3242}}
Jul 02 16:44:34.978854 np0000004301 devstack@n-api.service[84086]: DEBUG nova.api.openstack.wsgi_app [None req-8a280ffe-c216-4bdf-9dde-ae504d73ec43 None None] long_rpc_timeout = 1800 {{(pid=84086) log_opt_values /opt/stack/data/venv/lib/python3.12/site-packages/oslo_config/cfg.py:3242}}
Jul 02 16:44:34.978976 np0000004301 devstack@n-api.service[84086]: DEBUG nova.api.openstack.wsgi_app [None req-8a280ffe-c216-4bdf-9dde-ae504d73ec43 None None] manager_shutdown_timeout = 160 {{(pid=84086) log_opt_values /opt/stack/data/venv/lib/python3.12/site-packages/oslo_config/cfg.py:3242}}
Jul 02 16:44:34.979105 np0000004301 devstack@n-api.service[84086]: DEBUG nova.api.openstack.wsgi_app [None req-8a280ffe-c216-4bdf-9dde-ae504d73ec43 None None] max_concurrent_builds = 10 {{(pid=84086) log_opt_values /opt/stack/data/venv/lib/python3.12/site-packages/oslo_config/cfg.py:3242}}
Jul 02 16:44:34.979219 np0000004301 devstack@n-api.service[84086]: DEBUG nova.api.openstack.wsgi_app [None req-8a280ffe-c216-4bdf-9dde-ae504d73ec43 None None] max_concurrent_live_migrations = 1 {{(pid=84086) log_opt_values /opt/stack/data/venv/lib/python3.12/site-packages/oslo_config/cfg.py:3242}}
Jul 02 16:44:34.979328 np0000004301 devstack@n-api.service[84086]: DEBUG nova.api.openstack.wsgi_app [None req-8a280ffe-c216-4bdf-9dde-ae504d73ec43 None None] max_concurrent_snapshots = 5 {{(pid=84086) log_opt_values /opt/stack/data/venv/lib/python3.12/site-packages/oslo_config/cfg.py:3242}}
Jul 02 16:44:34.979438 np0000004301 devstack@n-api.service[84086]: DEBUG nova.api.openstack.wsgi_app [None req-8a280ffe-c216-4bdf-9dde-ae504d73ec43 None None] max_local_block_devices = 3 {{(pid=84086) log_opt_values /opt/stack/data/venv/lib/python3.12/site-packages/oslo_config/cfg.py:3242}}
Jul 02 16:44:34.979542 np0000004301 devstack@n-api.service[84086]: DEBUG nova.api.openstack.wsgi_app [None req-8a280ffe-c216-4bdf-9dde-ae504d73ec43 None None] max_logfile_count = 30 {{(pid=84086) log_opt_values /opt/stack/data/venv/lib/python3.12/site-packages/oslo_config/cfg.py:3242}}
Jul 02 16:44:34.979655 np0000004301 devstack@n-api.service[84086]: DEBUG nova.api.openstack.wsgi_app [None req-8a280ffe-c216-4bdf-9dde-ae504d73ec43 None None] max_logfile_size_mb = 200 {{(pid=84086) log_opt_values /opt/stack/data/venv/lib/python3.12/site-packages/oslo_config/cfg.py:3242}}
Jul 02 16:44:34.979758 np0000004301 devstack@n-api.service[84086]: DEBUG nova.api.openstack.wsgi_app [None req-8a280ffe-c216-4bdf-9dde-ae504d73ec43 None None] maximum_instance_delete_attempts = 5 {{(pid=84086) log_opt_values /opt/stack/data/venv/lib/python3.12/site-packages/oslo_config/cfg.py:3242}}
Jul 02 16:44:34.979865 np0000004301 devstack@n-api.service[84086]: DEBUG nova.api.openstack.wsgi_app [None req-8a280ffe-c216-4bdf-9dde-ae504d73ec43 None None] migrate_max_retries = -1 {{(pid=84086) log_opt_values /opt/stack/data/venv/lib/python3.12/site-packages/oslo_config/cfg.py:3242}}
Jul 02 16:44:34.979943 np0000004301 devstack@n-api.service[84087]: DEBUG nova.api.openstack.wsgi_app [None req-59328d06-793c-4731-b026-905d5a1f9960 None None] ******************************************************************************** {{(pid=84087) log_opt_values /opt/stack/data/venv/lib/python3.12/site-packages/oslo_config/cfg.py:3226}}
Jul 02 16:44:34.980278 np0000004301 devstack@n-api.service[84086]: DEBUG nova.api.openstack.wsgi_app [None req-8a280ffe-c216-4bdf-9dde-ae504d73ec43 None None] mkisofs_cmd = genisoimage {{(pid=84086) log_opt_values /opt/stack/data/venv/lib/python3.12/site-packages/oslo_config/cfg.py:3242}}
Jul 02 16:44:34.980278 np0000004301 devstack@n-api.service[84086]: DEBUG nova.api.openstack.wsgi_app [None req-8a280ffe-c216-4bdf-9dde-ae504d73ec43 None None] my_block_storage_ip = 10.4.3.147 {{(pid=84086) log_opt_values /opt/stack/data/venv/lib/python3.12/site-packages/oslo_config/cfg.py:3242}}
Jul 02 16:44:34.980360 np0000004301 devstack@n-api.service[84087]: DEBUG nova.api.openstack.wsgi_app [None req-59328d06-793c-4731-b026-905d5a1f9960 None None] Configuration options gathered from: {{(pid=84087) log_opt_values /opt/stack/data/venv/lib/python3.12/site-packages/oslo_config/cfg.py:3227}}
Jul 02 16:44:34.980402 np0000004301 devstack@n-api.service[84086]: DEBUG nova.api.openstack.wsgi_app [None req-8a280ffe-c216-4bdf-9dde-ae504d73ec43 None None] my_ip = 10.4.3.147 {{(pid=84086) log_opt_values /opt/stack/data/venv/lib/python3.12/site-packages/oslo_config/cfg.py:3242}}
Jul 02 16:44:34.980402 np0000004301 devstack@n-api.service[84086]: DEBUG nova.api.openstack.wsgi_app [None req-8a280ffe-c216-4bdf-9dde-ae504d73ec43 None None] my_shared_fs_storage_ip = 10.4.3.147 {{(pid=84086) log_opt_values /opt/stack/data/venv/lib/python3.12/site-packages/oslo_config/cfg.py:3242}}
