Jul 02 16:44:54.294788 np0000004301 devstack@neutron-api.service[87379]: DEBUG neutron.api.extensions [None req-32e068c5-b690-43e1-b2cc-5220984573ca None None] Ext name="Allowed Address Pairs" alias="allowed-address-pairs" description="Provides allowed address pairs" updated="2013-07-23T10:00:00-00:00" {{(pid=87379) _check_extension /opt/stack/neutron/neutron/api/extensions.py:415}}
Jul 02 16:44:54.294968 np0000004301 devstack@neutron-api.service[87379]: INFO neutron.api.extensions [None req-32e068c5-b690-43e1-b2cc-5220984573ca None None] Loaded extension: allowed-address-pairs
Jul 02 16:44:54.295109 np0000004301 devstack@neutron-api.service[87379]: DEBUG neutron.api.extensions [None req-32e068c5-b690-43e1-b2cc-5220984573ca None None] Loading extension file: auto_allocated_topology.py {{(pid=87379) _load_all_extensions_from_path /opt/stack/neutron/neutron/api/extensions.py:449}}
Jul 02 16:44:54.295391 np0000004301 devstack@neutron-api.service[87379]: DEBUG neutron.api.extensions [None req-32e068c5-b690-43e1-b2cc-5220984573ca None None] Ext name="Auto Allocated Topology Services" alias="auto-allocated-topology" description="Auto Allocated Topology Services." updated="2016-01-01T00:00:00-00:00" {{(pid=87379) _check_extension /opt/stack/neutron/neutron/api/extensions.py:415}}
Jul 02 16:44:54.295721 np0000004301 devstack@neutron-api.service[87381]: INFO neutron.quota [None req-0781ac48-e96e-47c7-a02c-aa096eee8f06 None None] Loaded quota_driver: .
Jul 02 16:44:54.296018 np0000004301 devstack@neutron-api.service[87379]: INFO neutron.api.extensions [None req-32e068c5-b690-43e1-b2cc-5220984573ca None None] Loaded extension: auto-allocated-topology
Jul 02 16:44:54.296018 np0000004301 devstack@neutron-api.service[87379]: DEBUG neutron.api.extensions [None req-32e068c5-b690-43e1-b2cc-5220984573ca None None] Loading extension file: availability_zone.py {{(pid=87379) _load_all_extensions_from_path /opt/stack/neutron/neutron/api/extensions.py:449}}
Jul 02 16:44:54.296185 np0000004301 devstack@neutron-api.service[87381]: INFO neutron.plugins.ml2.plugin [None req-0781ac48-e96e-47c7-a02c-aa096eee8f06 None None] Modular L2 Plugin initialization complete
Jul 02 16:44:54.296185 np0000004301 devstack@neutron-api.service[87381]: DEBUG neutron.manager [None req-0781ac48-e96e-47c7-a02c-aa096eee8f06 None None] Loading services supported by the core plugin {{(pid=87381) _load_services_from_core_plugin /opt/stack/neutron/neutron/manager.py:167}}
Jul 02 16:44:54.296185 np0000004301 devstack@neutron-api.service[87381]: INFO neutron.plugins.ml2.managers [None req-0781ac48-e96e-47c7-a02c-aa096eee8f06 None None] Got port-security extension from driver 'port_security'
Jul 02 16:44:54.296462 np0000004301 devstack@neutron-api.service[87379]: DEBUG neutron.api.extensions [None req-32e068c5-b690-43e1-b2cc-5220984573ca None None] Ext name="Availability Zone" alias="availability_zone" description="The availability zone extension." updated="2015-01-01T10:00:00-00:00" {{(pid=87379) _check_extension /opt/stack/neutron/neutron/api/extensions.py:415}}
Jul 02 16:44:54.296626 np0000004301 devstack@neutron-api.service[87381]: DEBUG neutron.manager [None req-0781ac48-e96e-47c7-a02c-aa096eee8f06 None None] Loading service plugins: ['ovn-router', 'auto_allocate', 'tag', 'timestamp', 'network_ip_availability', 'flavors', 'revisions'] {{(pid=87381) _load_service_plugins /opt/stack/neutron/neutron/manager.py:192}}
Jul 02 16:44:54.296748 np0000004301 devstack@neutron-api.service[87379]: INFO neutron.api.extensions [None req-32e068c5-b690-43e1-b2cc-5220984573ca None None] Loaded extension: availability_zone
Jul 02 16:44:54.296874 np0000004301 devstack@neutron-api.service[87381]: INFO neutron.manager [None req-0781ac48-e96e-47c7-a02c-aa096eee8f06 None None] Loading Plugin: ovn-router
Jul 02 16:44:54.297064 np0000004301 devstack@neutron-api.service[87379]: DEBUG neutron.api.extensions [None req-32e068c5-b690-43e1-b2cc-5220984573ca None None] Loading extension file: availability_zone_filter.py {{(pid=87379) _load_all_extensions_from_path /opt/stack/neutron/neutron/api/extensions.py:449}}
Jul 02 16:44:54.297064 np0000004301 devstack@neutron-api.service[87379]: DEBUG neutron.api.extensions [None req-32e068c5-b690-43e1-b2cc-5220984573ca None None] Ext name="Availability Zone Filter Extension" alias="availability_zone_filter" description="Add filter parameters to AvailabilityZone resource" updated="2018-06-22T10:00:00-00:00" {{(pid=87379) _check_extension /opt/stack/neutron/neutron/api/extensions.py:415}}
Jul 02 16:44:54.297064 np0000004301 devstack@neutron-api.service[87379]: INFO neutron.api.extensions [None req-32e068c5-b690-43e1-b2cc-5220984573ca None None] Extension availability_zone_filter not supported by any of loaded plugins
Jul 02 16:44:54.297206 np0000004301 devstack@neutron-api.service[87379]: DEBUG neutron.api.extensions [None req-32e068c5-b690-43e1-b2cc-5220984573ca None None] Loading extension file: data_plane_status.py {{(pid=87379) _load_all_extensions_from_path /opt/stack/neutron/neutron/api/extensions.py:449}}
Jul 02 16:44:54.297532 np0000004301 devstack@neutron-api.service[87379]: DEBUG neutron.api.extensions [None req-32e068c5-b690-43e1-b2cc-5220984573ca None None] Ext name="Port data plane status extension" alias="data-plane-status" description="Expose status of underlying data plane" updated="2017-01-24T10:00:00-00:00" {{(pid=87379) _check_extension /opt/stack/neutron/neutron/api/extensions.py:415}}
Jul 02 16:44:54.297699 np0000004301 devstack@neutron-api.service[87379]: INFO neutron.api.extensions [None req-32e068c5-b690-43e1-b2cc-5220984573ca None None] Extension data-plane-status not supported by any of loaded plugins
Jul 02 16:44:54.297811 np0000004301 devstack@neutron-api.service[87379]: DEBUG neutron.api.extensions [None req-32e068c5-b690-43e1-b2cc-5220984573ca None None] Loading extension file: default_subnetpools.py {{(pid=87379) _load_all_extensions_from_path /opt/stack/neutron/neutron/api/extensions.py:449}}
Jul 02 16:44:54.298160 np0000004301 devstack@neutron-api.service[87379]: DEBUG neutron.api.extensions [None req-32e068c5-b690-43e1-b2cc-5220984573ca None None] Ext name="Default Subnetpools" alias="default-subnetpools" description="Provides ability to mark and use a subnetpool as the default." updated="2016-02-18T18:00:00-00:00" {{(pid=87379) _check_extension /opt/stack/neutron/neutron/api/extensions.py:415}}
Jul 02 16:44:54.298299 np0000004301 devstack@neutron-api.service[87379]: INFO neutron.api.extensions [None req-32e068c5-b690-43e1-b2cc-5220984573ca None None] Loaded extension: default-subnetpools
Jul 02 16:44:54.298464 np0000004301 devstack@neutron-api.service[87379]: DEBUG neutron.api.extensions [None req-32e068c5-b690-43e1-b2cc-5220984573ca None None] Loading extension file: dhcpagentscheduler.py {{(pid=87379) _load_all_extensions_from_path /opt/stack/neutron/neutron/api/extensions.py:449}}
Jul 02 16:44:54.298953 np0000004301 devstack@neutron-api.service[87379]: DEBUG neutron.api.extensions [None req-32e068c5-b690-43e1-b2cc-5220984573ca None None] Ext name="DHCP Agent Scheduler" alias="dhcp_agent_scheduler" description="Schedule networks among dhcp agents" updated="2013-02-07T10:00:00-00:00" {{(pid=87379) _check_extension /opt/stack/neutron/neutron/api/extensions.py:415}}
Jul 02 16:44:54.299155 np0000004301 devstack@neutron-api.service[87379]: INFO neutron.api.extensions [None req-32e068c5-b690-43e1-b2cc-5220984573ca None None] Loaded extension: dhcp_agent_scheduler
Jul 02 16:44:54.299247 np0000004301 devstack@neutron-api.service[87379]: DEBUG neutron.api.extensions [None req-32e068c5-b690-43e1-b2cc-5220984573ca None None] Loading extension file: dns.py {{(pid=87379) _load_all_extensions_from_path /opt/stack/neutron/neutron/api/extensions.py:449}}
Jul 02 16:44:54.299525 np0000004301 devstack@neutron-api.service[87379]: DEBUG neutron.api.extensions [None req-32e068c5-b690-43e1-b2cc-5220984573ca None None] Ext name="DNS Integration" alias="dns-integration" description="Provides integration with DNS." updated="2015-08-15T18:00:00-00:00" {{(pid=87379) _check_extension /opt/stack/neutron/neutron/api/extensions.py:415}}
Jul 02 16:44:54.299764 np0000004301 devstack@neutron-api.service[87379]: INFO neutron.api.extensions [None req-32e068c5-b690-43e1-b2cc-5220984573ca None None] Loaded extension: dns-integration
Jul 02 16:44:54.299764 np0000004301 devstack@neutron-api.service[87379]: DEBUG neutron.api.extensions [None req-32e068c5-b690-43e1-b2cc-5220984573ca None None] Loading extension file: dns_domain_ports.py {{(pid=87379) _load_all_extensions_from_path /opt/stack/neutron/neutron/api/extensions.py:449}}
Jul 02 16:44:54.300010 np0000004301 devstack@neutron-api.service[87379]: DEBUG neutron.api.extensions [None req-32e068c5-b690-43e1-b2cc-5220984573ca None None] Ext name="dns_domain for ports" alias="dns-domain-ports" description="Allows the DNS domain to be specified for a network port." updated="2017-04-24T10:00:00-00:00" {{(pid=87379) _check_extension /opt/stack/neutron/neutron/api/extensions.py:415}}
Jul 02 16:44:54.300142 np0000004301 devstack@neutron-api.service[87379]: INFO neutron.api.extensions [None req-32e068c5-b690-43e1-b2cc-5220984573ca None None] Loaded extension: dns-domain-ports
Jul 02 16:44:54.300236 np0000004301 devstack@neutron-api.service[87379]: DEBUG neutron.api.extensions [None req-32e068c5-b690-43e1-b2cc-5220984573ca None None] Loading extension file: dns_integration_domain_keywords.py {{(pid=87379) _load_all_extensions_from_path /opt/stack/neutron/neutron/api/extensions.py:449}}
Jul 02 16:44:54.300513 np0000004301 devstack@neutron-api.service[87379]: DEBUG neutron.api.extensions [None req-32e068c5-b690-43e1-b2cc-5220984573ca None None] Ext name="DNS domain names with keywords allowed" alias="dns-integration-domain-keywords" description="Allows to use keywords like , , and as DNS domain name" updated="2020-06-15T18:00:00-00:00" {{(pid=87379) _check_extension /opt/stack/neutron/neutron/api/extensions.py:415}}
Jul 02 16:44:54.300736 np0000004301 devstack@neutron-api.service[87379]: INFO neutron.api.extensions [None req-32e068c5-b690-43e1-b2cc-5220984573ca None None] Loaded extension: dns-integration-domain-keywords
Jul 02 16:44:54.300736 np0000004301 devstack@neutron-api.service[87379]: DEBUG neutron.api.extensions [None req-32e068c5-b690-43e1-b2cc-5220984573ca None None] Loading extension file: dvr.py {{(pid=87379) _load_all_extensions_from_path /opt/stack/neutron/neutron/api/extensions.py:449}}
Jul 02 16:44:54.301104 np0000004301 devstack@neutron-api.service[87379]: DEBUG neutron.api.extensions [None req-32e068c5-b690-43e1-b2cc-5220984573ca None None] Ext name="Distributed Virtual Router" alias="dvr" description="Enables configuration of Distributed Virtual Routers." updated="2014-06-1T10:00:00-00:00" {{(pid=87379) _check_extension /opt/stack/neutron/neutron/api/extensions.py:415}}
Jul 02 16:44:54.301256 np0000004301 devstack@neutron-api.service[87379]: INFO neutron.api.extensions [None req-32e068c5-b690-43e1-b2cc-5220984573ca None None] Extension dvr not supported by any of loaded plugins
Jul 02 16:44:54.301387 np0000004301 devstack@neutron-api.service[87379]: DEBUG neutron.api.extensions [None req-32e068c5-b690-43e1-b2cc-5220984573ca None None] Loading extension file: ecmp_routes.py {{(pid=87379) _load_all_extensions_from_path /opt/stack/neutron/neutron/api/extensions.py:449}}
Jul 02 16:44:54.301756 np0000004301 devstack@neutron-api.service[87379]: DEBUG neutron.api.extensions [None req-32e068c5-b690-43e1-b2cc-5220984573ca None None] Ext name="Equal Cost Multipath Routing" alias="ecmp_routes" description="Allows traffic to reach thesame destination via multiple different links " updated="2020-11-26T18:00:00-00:00" {{(pid=87379) _check_extension /opt/stack/neutron/neutron/api/extensions.py:415}}
Jul 02 16:44:54.301756 np0000004301 devstack@neutron-api.service[87379]: INFO neutron.api.extensions [None req-32e068c5-b690-43e1-b2cc-5220984573ca None None] Extension ecmp_routes not supported by any of loaded plugins
Jul 02 16:44:54.302785 np0000004301 devstack@neutron-api.service[87379]: DEBUG neutron.api.extensions [None req-32e068c5-b690-43e1-b2cc-5220984573ca None None] Loading extension file: empty_string_filtering.py {{(pid=87379) _load_all_extensions_from_path /opt/stack/neutron/neutron/api/extensions.py:449}}
Jul 02 16:44:54.302997 np0000004301 devstack@neutron-api.service[87379]: DEBUG neutron.api.extensions [None req-32e068c5-b690-43e1-b2cc-5220984573ca None None] Ext name="Empty String Filtering Extension" alias="empty-string-filtering" description="Allow filtering by attributes with empty string value" updated="2018-05-01T10:00:00-00:00" {{(pid=87379) _check_extension /opt/stack/neutron/neutron/api/extensions.py:415}}
Jul 02 16:44:54.303205 np0000004301 devstack@neutron-api.service[87379]: INFO neutron.api.extensions [None req-32e068c5-b690-43e1-b2cc-5220984573ca None None] Loaded extension: empty-string-filtering
Jul 02 16:44:54.303303 np0000004301 devstack@neutron-api.service[87379]: DEBUG neutron.api.extensions [None req-32e068c5-b690-43e1-b2cc-5220984573ca None None] Loading extension file: evpn.py {{(pid=87379) _load_all_extensions_from_path /opt/stack/neutron/neutron/api/extensions.py:449}}
Jul 02 16:44:54.303608 np0000004301 devstack@neutron-api.service[87379]: DEBUG neutron.api.extensions [None req-32e068c5-b690-43e1-b2cc-5220984573ca None None] Ext name="EVPN" alias="evpn" description="Router extension to support EVPN Type-5 route advertisement" updated="2026-04-28T00:00:00-00:00" {{(pid=87379) _check_extension /opt/stack/neutron/neutron/api/extensions.py:415}}
Jul 02 16:44:54.303724 np0000004301 devstack@neutron-api.service[87379]: INFO neutron.api.extensions [None req-32e068c5-b690-43e1-b2cc-5220984573ca None None] Extension evpn not supported by any of loaded plugins
Jul 02 16:44:54.303828 np0000004301 devstack@neutron-api.service[87379]: DEBUG neutron.api.extensions [None req-32e068c5-b690-43e1-b2cc-5220984573ca None None] Loading extension file: expose_l3_conntrack_helper.py {{(pid=87379) _load_all_extensions_from_path /opt/stack/neutron/neutron/api/extensions.py:449}}
Jul 02 16:44:54.304045 np0000004301 devstack@neutron-api.service[87379]: DEBUG neutron.api.extensions [None req-32e068c5-b690-43e1-b2cc-5220984573ca None None] Ext name="Expose CT target rules for conntrack helper" alias="expose-l3-conntrack-helper" description="Expose allow adding CT target rules for conntrack helper" updated="2019-04-04T10:00:00-00:00" {{(pid=87379) _check_extension /opt/stack/neutron/neutron/api/extensions.py:415}}
Jul 02 16:44:54.304230 np0000004301 devstack@neutron-api.service[87379]: INFO neutron.api.extensions [None req-32e068c5-b690-43e1-b2cc-5220984573ca None None] Extension expose-l3-conntrack-helper not supported by any of loaded plugins
Jul 02 16:44:54.304402 np0000004301 devstack@neutron-api.service[87379]: DEBUG neutron.api.extensions [None req-32e068c5-b690-43e1-b2cc-5220984573ca None None] Loading extension file: expose_port_forwarding_in_fip.py {{(pid=87379) _load_all_extensions_from_path /opt/stack/neutron/neutron/api/extensions.py:449}}
Jul 02 16:44:54.304794 np0000004301 devstack@neutron-api.service[87379]: DEBUG neutron.api.extensions [None req-32e068c5-b690-43e1-b2cc-5220984573ca None None] Ext name="Expose Floating IP port forwardings" alias="expose-port-forwarding-in-fip" description="Expose port forwarding fields in floating IP response" updated="2018-06-28T16:00:00-00:00" {{(pid=87379) _check_extension /opt/stack/neutron/neutron/api/extensions.py:415}}
Jul 02 16:44:54.304794 np0000004301 devstack@neutron-api.service[87379]: INFO neutron.api.extensions [None req-32e068c5-b690-43e1-b2cc-5220984573ca None None] Extension expose-port-forwarding-in-fip not supported by any of loaded plugins
Jul 02 16:44:54.304794 np0000004301 devstack@neutron-api.service[87379]: DEBUG neutron.api.extensions [None req-32e068c5-b690-43e1-b2cc-5220984573ca None None] Loading extension file: external_net.py {{(pid=87379) _load_all_extensions_from_path /opt/stack/neutron/neutron/api/extensions.py:449}}
Jul 02 16:44:54.305400 np0000004301 devstack@neutron-api.service[87379]: DEBUG neutron.api.extensions [None req-32e068c5-b690-43e1-b2cc-5220984573ca None None] Ext name="Neutron external network" alias="external-net" description="Adds external network attribute to network resource." updated="2013-01-14T10:00:00-00:00" {{(pid=87379) _check_extension /opt/stack/neutron/neutron/api/extensions.py:415}}
Jul 02 16:44:54.305736 np0000004301 devstack@neutron-api.service[87379]: INFO neutron.api.extensions [None req-32e068c5-b690-43e1-b2cc-5220984573ca None None] Loaded extension: external-net
Jul 02 16:44:54.305736 np0000004301 devstack@neutron-api.service[87379]: DEBUG neutron.api.extensions [None req-32e068c5-b690-43e1-b2cc-5220984573ca None None] Loading extension file: extra_dhcp_opt.py {{(pid=87379) _load_all_extensions_from_path /opt/stack/neutron/neutron/api/extensions.py:449}}
Jul 02 16:44:54.305911 np0000004301 devstack@neutron-api.service[87379]: DEBUG neutron.api.extensions [None req-32e068c5-b690-43e1-b2cc-5220984573ca None None] Ext name="Neutron Extra DHCP options" alias="extra_dhcp_opt" description="Extra options configuration for DHCP. For example PXE boot options to DHCP clients can be specified (e.g. tftp-server, server-ip-address, bootfile-name)" updated="2013-03-17T12:00:00-00:00" {{(pid=87379) _check_extension /opt/stack/neutron/neutron/api/extensions.py:415}}
Jul 02 16:44:54.306153 np0000004301 devstack@neutron-api.service[87379]: INFO neutron.api.extensions [None req-32e068c5-b690-43e1-b2cc-5220984573ca None None] Loaded extension: extra_dhcp_opt
Jul 02 16:44:54.306252 np0000004301 devstack@neutron-api.service[87379]: DEBUG neutron.api.extensions [None req-32e068c5-b690-43e1-b2cc-5220984573ca None None] Loading extension file: extraroute.py {{(pid=87379) _load_all_extensions_from_path /opt/stack/neutron/neutron/api/extensions.py:449}}
Jul 02 16:44:54.306596 np0000004301 devstack@neutron-api.service[87379]: DEBUG neutron.api.extensions [None req-32e068c5-b690-43e1-b2cc-5220984573ca None None] Ext name="Neutron Extra Route" alias="extraroute" description="Extra routes configuration for L3 router" updated="2013-02-01T10:00:00-00:00" {{(pid=87379) _check_extension /opt/stack/neutron/neutron/api/extensions.py:415}}
Jul 02 16:44:54.306741 np0000004301 devstack@neutron-api.service[87379]: INFO neutron.api.extensions [None req-32e068c5-b690-43e1-b2cc-5220984573ca None None] Loaded extension: extraroute
Jul 02 16:44:54.306850 np0000004301 devstack@neutron-api.service[87379]: DEBUG neutron.api.extensions [None req-32e068c5-b690-43e1-b2cc-5220984573ca None None] Loading extension file: extraroute_atomic.py {{(pid=87379) _load_all_extensions_from_path /opt/stack/neutron/neutron/api/extensions.py:449}}
Jul 02 16:44:54.307198 np0000004301 devstack@neutron-api.service[87379]: DEBUG neutron.api.extensions [None req-32e068c5-b690-43e1-b2cc-5220984573ca None None] Ext name="Atomically add/remove extra routes" alias="extraroute-atomic" description="Edit extra routes of a router on server side by atomically adding/removing extra routes" updated="2019-07-10T00:00:00+00:00" {{(pid=87379) _check_extension /opt/stack/neutron/neutron/api/extensions.py:415}}
Jul 02 16:44:54.307309 np0000004301 devstack@neutron-api.service[87379]: INFO neutron.api.extensions [None req-32e068c5-b690-43e1-b2cc-5220984573ca None None] Loaded extension: extraroute-atomic
Jul 02 16:44:54.307389 np0000004301 devstack@neutron-api.service[87379]: DEBUG neutron.api.extensions [None req-32e068c5-b690-43e1-b2cc-5220984573ca None None] Loading extension file: filter_validation.py {{(pid=87379) _load_all_extensions_from_path /opt/stack/neutron/neutron/api/extensions.py:449}}
Jul 02 16:44:54.307656 np0000004301 devstack@neutron-api.service[87379]: DEBUG neutron.api.extensions [None req-32e068c5-b690-43e1-b2cc-5220984573ca None None] Ext name="Filter parameters validation" alias="filter-validation" description="Provides validation on filter parameters." updated="2018-07-04T10:00:00-00:00" {{(pid=87379) _check_extension /opt/stack/neutron/neutron/api/extensions.py:415}}
Jul 02 16:44:54.307886 np0000004301 devstack@neutron-api.service[87379]: INFO neutron.api.extensions [None req-32e068c5-b690-43e1-b2cc-5220984573ca None None] Loaded extension: filter-validation
Jul 02 16:44:54.307990 np0000004301 devstack@neutron-api.service[87379]: DEBUG neutron.api.extensions [None req-32e068c5-b690-43e1-b2cc-5220984573ca None None] Loading extension file: fip_pf_description.py {{(pid=87379) _load_all_extensions_from_path /opt/stack/neutron/neutron/api/extensions.py:449}}
Jul 02 16:44:54.308363 np0000004301 devstack@neutron-api.service[87379]: DEBUG neutron.api.extensions [None req-32e068c5-b690-43e1-b2cc-5220984573ca None None] Ext name="Floating IP Port Forwarding new attribute description" alias="floating-ip-port-forwarding-description" description="Add a description field to Port Forwarding rules" updated="2019-11-01T10:00:00-00:00" {{(pid=87379) _check_extension /opt/stack/neutron/neutron/api/extensions.py:415}}
Jul 02 16:44:54.308363 np0000004301 devstack@neutron-api.service[87379]: INFO neutron.api.extensions [None req-32e068c5-b690-43e1-b2cc-5220984573ca None None] Extension floating-ip-port-forwarding-description not supported by any of loaded plugins
Jul 02 16:44:54.308538 np0000004301 devstack@neutron-api.service[87379]: DEBUG neutron.api.extensions [None req-32e068c5-b690-43e1-b2cc-5220984573ca None None] Loading extension file: fip_pf_detail.py {{(pid=87379) _load_all_extensions_from_path /opt/stack/neutron/neutron/api/extensions.py:449}}
Jul 02 16:44:54.308865 np0000004301 devstack@neutron-api.service[87379]: DEBUG neutron.api.extensions [None req-32e068c5-b690-43e1-b2cc-5220984573ca None None] Ext name="Floating IP port forwarding detail" alias="floating-ip-port-forwarding-detail" description="Allow list floating ip return more port forwarding data, include'id' and 'internal_port_id'" updated="2022-05-06T10:00:00-00:00" {{(pid=87379) _check_extension /opt/stack/neutron/neutron/api/extensions.py:415}}
Jul 02 16:44:54.309081 np0000004301 devstack@neutron-api.service[87379]: INFO neutron.api.extensions [None req-32e068c5-b690-43e1-b2cc-5220984573ca None None] Loaded extension: floating-ip-port-forwarding-detail
Jul 02 16:44:54.309081 np0000004301 devstack@neutron-api.service[87379]: DEBUG neutron.api.extensions [None req-32e068c5-b690-43e1-b2cc-5220984573ca None None] Loading extension file: fip_pf_port_range.py {{(pid=87379) _load_all_extensions_from_path /opt/stack/neutron/neutron/api/extensions.py:449}}
Jul 02 16:44:54.309356 np0000004301 devstack@neutron-api.service[87379]: DEBUG neutron.api.extensions [None req-32e068c5-b690-43e1-b2cc-5220984573ca None None] Ext name="Floating IP Port Forwarding support port ranges" alias="floating-ip-port-forwarding-port-ranges" description="Add support to port ranges" updated="2020-07-01T10:00:00-00:00" {{(pid=87379) _check_extension /opt/stack/neutron/neutron/api/extensions.py:415}}
Jul 02 16:44:54.309770 np0000004301 devstack@neutron-api.service[87379]: INFO neutron.api.extensions [None req-32e068c5-b690-43e1-b2cc-5220984573ca None None] Extension floating-ip-port-forwarding-port-ranges not supported by any of loaded plugins
Jul 02 16:44:54.309770 np0000004301 devstack@neutron-api.service[87379]: DEBUG neutron.api.extensions [None req-32e068c5-b690-43e1-b2cc-5220984573ca None None] Loading extension file: fip_port_details.py {{(pid=87379) _load_all_extensions_from_path /opt/stack/neutron/neutron/api/extensions.py:449}}
Jul 02 16:44:54.310215 np0000004301 devstack@neutron-api.service[87381]: DEBUG neutron_lib.callbacks.manager [None req-0781ac48-e96e-47c7-a02c-aa096eee8f06 None None] Subscribe: > router before_delete 55550000, False {{(pid=87381) subscribe /opt/stack/data/venv/lib/python3.12/site-packages/neutron_lib/callbacks/manager.py:52}}
Jul 02 16:44:54.310577 np0000004301 devstack@neutron-api.service[87379]: DEBUG neutron.api.extensions [None req-32e068c5-b690-43e1-b2cc-5220984573ca None None] Ext name="Floating IP Port Details Extension" alias="fip-port-details" description="Add port_details attribute to Floating IP resource" updated="2018-04-09T10:00:00-00:00" {{(pid=87379) _check_extension /opt/stack/neutron/neutron/api/extensions.py:415}}
Jul 02 16:44:54.310577 np0000004301 devstack@neutron-api.service[87379]: INFO neutron.api.extensions [None req-32e068c5-b690-43e1-b2cc-5220984573ca None None] Loaded extension: fip-port-details
Jul 02 16:44:54.310932 np0000004301 devstack@neutron-api.service[87381]: DEBUG neutron_lib.callbacks.manager [None req-0781ac48-e96e-47c7-a02c-aa096eee8f06 None None] Subscribe: port before_update 55550000, False {{(pid=87381) subscribe /opt/stack/data/venv/lib/python3.12/site-packages/neutron_lib/callbacks/manager.py:52}}
Jul 02 16:44:54.311265 np0000004301 devstack@neutron-api.service[87379]: DEBUG neutron.api.extensions [None req-32e068c5-b690-43e1-b2cc-5220984573ca None None] Loading extension file: flavors.py {{(pid=87379) _load_all_extensions_from_path /opt/stack/neutron/neutron/api/extensions.py:449}}
Jul 02 16:44:54.311619 np0000004301 devstack@neutron-api.service[87381]: DEBUG neutron_lib.callbacks.manager [None req-0781ac48-e96e-47c7-a02c-aa096eee8f06 None None] Subscribe: port after_update 55550000, False {{(pid=87381) subscribe /opt/stack/data/venv/lib/python3.12/site-packages/neutron_lib/callbacks/manager.py:52}}
Jul 02 16:44:54.311619 np0000004301 devstack@neutron-api.service[87381]: DEBUG neutron_lib.callbacks.manager [None req-0781ac48-e96e-47c7-a02c-aa096eee8f06 None None] Subscribe: > port precommit_delete 55550000, False {{(pid=87381) subscribe /opt/stack/data/venv/lib/python3.12/site-packages/neutron_lib/callbacks/manager.py:52}}
Jul 02 16:44:54.312083 np0000004301 devstack@neutron-api.service[87379]: DEBUG neutron.api.extensions [None req-32e068c5-b690-43e1-b2cc-5220984573ca None None] Ext name="Neutron Service Flavors" alias="flavors" description="Flavor specification for Neutron advanced services." updated="2015-09-17T10:00:00-00:00" {{(pid=87379) _check_extension /opt/stack/neutron/neutron/api/extensions.py:415}}
Jul 02 16:44:54.312512 np0000004301 devstack@neutron-api.service[87381]: DEBUG neutron_lib.callbacks.manager [None req-0781ac48-e96e-47c7-a02c-aa096eee8f06 None None] Subscribe: port before_update 55550000, False {{(pid=87381) subscribe /opt/stack/data/venv/lib/python3.12/site-packages/neutron_lib/callbacks/manager.py:52}}
Jul 02 16:44:54.312512 np0000004301 devstack@neutron-api.service[87381]: DEBUG neutron_lib.callbacks.manager [None req-0781ac48-e96e-47c7-a02c-aa096eee8f06 None None] Subscribe: port before_delete 55550000, False {{(pid=87381) subscribe /opt/stack/data/venv/lib/python3.12/site-packages/neutron_lib/callbacks/manager.py:52}}
Jul 02 16:44:54.312670 np0000004301 devstack@neutron-api.service[87379]: INFO neutron.api.extensions [None req-32e068c5-b690-43e1-b2cc-5220984573ca None None] Loaded extension: flavors
Jul 02 16:44:54.312760 np0000004301 devstack@neutron-api.service[87381]: DEBUG neutron_lib.callbacks.manager [None req-0781ac48-e96e-47c7-a02c-aa096eee8f06 None None] Subscribe: > router precommit_create 55550000, False {{(pid=87381) subscribe /opt/stack/data/venv/lib/python3.12/site-packages/neutron_lib/callbacks/manager.py:52}}
Jul 02 16:44:54.312852 np0000004301 devstack@neutron-api.service[87379]: DEBUG neutron.api.extensions [None req-32e068c5-b690-43e1-b2cc-5220984573ca None None] Loading extension file: floating_ip_port_forwarding.py {{(pid=87379) _load_all_extensions_from_path /opt/stack/neutron/neutron/api/extensions.py:449}}
Jul 02 16:44:54.312957 np0000004301 devstack@neutron-api.service[87381]: DEBUG neutron_lib.callbacks.manager [None req-0781ac48-e96e-47c7-a02c-aa096eee8f06 None None] Subscribe: > router precommit_create 55550000, False {{(pid=87381) subscribe /opt/stack/data/venv/lib/python3.12/site-packages/neutron_lib/callbacks/manager.py:52}}
Jul 02 16:44:54.312957 np0000004301 devstack@neutron-api.service[87381]: DEBUG neutron_lib.callbacks.manager [None req-0781ac48-e96e-47c7-a02c-aa096eee8f06 None None] Subscribe: > router precommit_update 55550000, False {{(pid=87381) subscribe /opt/stack/data/venv/lib/python3.12/site-packages/neutron_lib/callbacks/manager.py:52}}
Jul 02 16:44:54.313117 np0000004301 devstack@neutron-api.service[87379]: DEBUG neutron.api.extensions [None req-32e068c5-b690-43e1-b2cc-5220984573ca None None] Ext name="Floating IP Port Forwarding" alias="floating-ip-port-forwarding" description="Allow port forwarding from floating IP port to an internal port" updated="2018-01-19T10:00:00-00:00" {{(pid=87379) _check_extension /opt/stack/neutron/neutron/api/extensions.py:415}}
Jul 02 16:44:54.313201 np0000004301 devstack@neutron-api.service[87381]: DEBUG neutron_lib.callbacks.manager [None req-0781ac48-e96e-47c7-a02c-aa096eee8f06 None None] Subscribe: subnet after_update 55550000, False {{(pid=87381) subscribe /opt/stack/data/venv/lib/python3.12/site-packages/neutron_lib/callbacks/manager.py:52}}
Jul 02 16:44:54.313321 np0000004301 devstack@neutron-api.service[87379]: INFO neutron.api.extensions [None req-32e068c5-b690-43e1-b2cc-5220984573ca None None] Extension floating-ip-port-forwarding not supported by any of loaded plugins
Jul 02 16:44:54.313401 np0000004301 devstack@neutron-api.service[87381]: DEBUG neutron.quota.resource_registry [None req-0781ac48-e96e-47c7-a02c-aa096eee8f06 None None] Tracking information for resource: router configured {{(pid=87381) set_tracked_resource /opt/stack/neutron/neutron/quota/resource_registry.py:203}}
Jul 02 16:44:54.313496 np0000004301 devstack@neutron-api.service[87379]: DEBUG neutron.api.extensions [None req-32e068c5-b690-43e1-b2cc-5220984573ca None None] Loading extension file: floatingip_pools.py {{(pid=87379) _load_all_extensions_from_path /opt/stack/neutron/neutron/api/extensions.py:449}}
Jul 02 16:44:54.313588 np0000004301 devstack@neutron-api.service[87381]: DEBUG neutron.quota.resource_registry [None req-0781ac48-e96e-47c7-a02c-aa096eee8f06 None None] Tracking information for resource: floatingip configured {{(pid=87381) set_tracked_resource /opt/stack/neutron/neutron/quota/resource_registry.py:203}}
Jul 02 16:44:54.313588 np0000004301 devstack@neutron-api.service[87381]: INFO neutron.services.ovn_l3.plugin [None req-0781ac48-e96e-47c7-a02c-aa096eee8f06 None None] Starting OVNL3RouterPlugin
Jul 02 16:44:54.313740 np0000004301 devstack@neutron-api.service[87379]: DEBUG neutron.api.extensions [None req-32e068c5-b690-43e1-b2cc-5220984573ca None None] Ext name="Floating IP Pools Extension" alias="floatingip-pools" description="Provides a floating IP pools API." updated="2018-03-21T10:00:00-00:00" {{(pid=87379) _check_extension /opt/stack/neutron/neutron/api/extensions.py:415}}
Jul 02 16:44:54.313849 np0000004301 devstack@neutron-api.service[87381]: DEBUG neutron_lib.callbacks.manager [None req-0781ac48-e96e-47c7-a02c-aa096eee8f06 None None] Subscribe: > port_forwarding_plugin after_init 55550000, False {{(pid=87381) subscribe /opt/stack/data/venv/lib/python3.12/site-packages/neutron_lib/callbacks/manager.py:52}}
Jul 02 16:44:54.313943 np0000004301 devstack@neutron-api.service[87379]: INFO neutron.api.extensions [None req-32e068c5-b690-43e1-b2cc-5220984573ca None None] Loaded extension: floatingip-pools
Jul 02 16:44:54.313943 np0000004301 devstack@neutron-api.service[87379]: DEBUG neutron.api.extensions [None req-32e068c5-b690-43e1-b2cc-5220984573ca None None] Loading extension file: ip_allocation.py {{(pid=87379) _load_all_extensions_from_path /opt/stack/neutron/neutron/api/extensions.py:449}}
Jul 02 16:44:54.314080 np0000004301 devstack@neutron-api.service[87381]: DEBUG neutron_lib.callbacks.manager [None req-0781ac48-e96e-47c7-a02c-aa096eee8f06 None None] Subscribe: > router before_create 55550100, False {{(pid=87381) subscribe /opt/stack/data/venv/lib/python3.12/site-packages/neutron_lib/callbacks/manager.py:52}}
Jul 02 16:44:54.314233 np0000004301 devstack@neutron-api.service[87379]: DEBUG neutron.api.extensions [None req-32e068c5-b690-43e1-b2cc-5220984573ca None None] Ext name="IP Allocation" alias="ip_allocation" description="IP allocation extension." updated="2016-06-10T23:00:00-00:00" {{(pid=87379) _check_extension /opt/stack/neutron/neutron/api/extensions.py:415}}
Jul 02 16:44:54.314316 np0000004301 devstack@neutron-api.service[87381]: DEBUG neutron_lib.callbacks.manager [None req-0781ac48-e96e-47c7-a02c-aa096eee8f06 None None] Subscribe: > router precommit_delete 55550100, False {{(pid=87381) subscribe /opt/stack/data/venv/lib/python3.12/site-packages/neutron_lib/callbacks/manager.py:52}}
Jul 02 16:44:54.314316 np0000004301 devstack@neutron-api.service[87381]: DEBUG neutron_lib.callbacks.manager [None req-0781ac48-e96e-47c7-a02c-aa096eee8f06 None None] Subscribe: > router precommit_create 55550100, False {{(pid=87381) subscribe /opt/stack/data/venv/lib/python3.12/site-packages/neutron_lib/callbacks/manager.py:52}}
Jul 02 16:44:54.314444 np0000004301 devstack@neutron-api.service[87379]: INFO neutron.api.extensions [None req-32e068c5-b690-43e1-b2cc-5220984573ca None None] Extension ip_allocation not supported by any of loaded plugins
Jul 02 16:44:54.314530 np0000004301 devstack@neutron-api.service[87381]: DEBUG neutron_lib.callbacks.manager [None req-0781ac48-e96e-47c7-a02c-aa096eee8f06 None None] Subscribe: > router precommit_update 55550100, False {{(pid=87381) subscribe /opt/stack/data/venv/lib/python3.12/site-packages/neutron_lib/callbacks/manager.py:52}}
Jul 02 16:44:54.314610 np0000004301 devstack@neutron-api.service[87379]: DEBUG neutron.api.extensions [None req-32e068c5-b690-43e1-b2cc-5220984573ca None None] Loading extension file: ip_substring_port_filtering.py {{(pid=87379) _load_all_extensions_from_path /opt/stack/neutron/neutron/api/extensions.py:449}}
Jul 02 16:44:54.314610 np0000004301 devstack@neutron-api.service[87379]: DEBUG neutron.api.extensions [None req-32e068c5-b690-43e1-b2cc-5220984573ca None None] Ext name="IP address substring filtering" alias="ip-substring-filtering" description="Provides IP address substring filtering when listing ports" updated="2017-11-28T09:00:00-00:00" {{(pid=87379) _check_extension /opt/stack/neutron/neutron/api/extensions.py:415}}
Jul 02 16:44:54.314610 np0000004301 devstack@neutron-api.service[87379]: INFO neutron.api.extensions [None req-32e068c5-b690-43e1-b2cc-5220984573ca None None] Extension ip-substring-filtering not supported by any of loaded plugins
Jul 02 16:44:54.314610 np0000004301 devstack@neutron-api.service[87379]: DEBUG neutron.api.extensions [None req-32e068c5-b690-43e1-b2cc-5220984573ca None None] Loading extension file: l2_adjacency.py {{(pid=87379) _load_all_extensions_from_path /opt/stack/neutron/neutron/api/extensions.py:449}}
Jul 02 16:44:54.314610 np0000004301 devstack@neutron-api.service[87379]: DEBUG neutron.api.extensions [None req-32e068c5-b690-43e1-b2cc-5220984573ca None None] Ext name="L2 Adjacency" alias="l2_adjacency" description="Display L2 Adjacency for Neutron Networks." updated="2016-04-12T16:00:00-00:00" {{(pid=87379) _check_extension /opt/stack/neutron/neutron/api/extensions.py:415}}
Jul 02 16:44:54.314610 np0000004301 devstack@neutron-api.service[87379]: INFO neutron.api.extensions [None req-32e068c5-b690-43e1-b2cc-5220984573ca None None] Extension l2_adjacency not supported by any of loaded plugins
Jul 02 16:44:54.314610 np0000004301 devstack@neutron-api.service[87379]: DEBUG neutron.api.extensions [None req-32e068c5-b690-43e1-b2cc-5220984573ca None None] Loading extension file: l3.py {{(pid=87379) _load_all_extensions_from_path /opt/stack/neutron/neutron/api/extensions.py:449}}
Jul 02 16:44:54.314812 np0000004301 devstack@neutron-api.service[87379]: DEBUG neutron.api.extensions [None req-32e068c5-b690-43e1-b2cc-5220984573ca None None] Ext name="Neutron L3 Router" alias="router" description="Router abstraction for basic L3 forwarding between L2 Neutron networks and access to external networks via a NAT gateway." updated="2012-07-20T10:00:00-00:00" {{(pid=87379) _check_extension /opt/stack/neutron/neutron/api/extensions.py:415}}
Jul 02 16:44:54.314812 np0000004301 devstack@neutron-api.service[87379]: INFO neutron.api.extensions [None req-32e068c5-b690-43e1-b2cc-5220984573ca None None] Loaded extension: router
Jul 02 16:44:54.314812 np0000004301 devstack@neutron-api.service[87379]: DEBUG neutron.api.extensions [None req-32e068c5-b690-43e1-b2cc-5220984573ca None None] Loading extension file: l3_agent_scheduler_ha_chassis_priority.py {{(pid=87379) _load_all_extensions_from_path /opt/stack/neutron/neutron/api/extensions.py:449}}
Jul 02 16:44:54.315140 np0000004301 devstack@neutron-api.service[87379]: DEBUG neutron.api.extensions [None req-32e068c5-b690-43e1-b2cc-5220984573ca None None] Ext name="L3 Agent Scheduler HA Chassis Priority" alias="l3-agent-scheduler-ha-chassis-priority" description="Exposes the HA_Chassis priority in the L3 Agent Scheduler API responses and allows setting priority when scheduling a router to a chassis." updated="2026-03-31T00:00:00-00:00" {{(pid=87379) _check_extension /opt/stack/neutron/neutron/api/extensions.py:415}}
Jul 02 16:44:54.315353 np0000004301 devstack@neutron-api.service[87379]: INFO neutron.api.extensions [None req-32e068c5-b690-43e1-b2cc-5220984573ca None None] Loaded extension: l3-agent-scheduler-ha-chassis-priority
Jul 02 16:44:54.315449 np0000004301 devstack@neutron-api.service[87379]: DEBUG neutron.api.extensions [None req-32e068c5-b690-43e1-b2cc-5220984573ca None None] Loading extension file: l3_conntrack_helper.py {{(pid=87379) _load_all_extensions_from_path /opt/stack/neutron/neutron/api/extensions.py:449}}
Jul 02 16:44:54.315941 np0000004301 devstack@neutron-api.service[87381]: DEBUG neutron.services.provider_configuration [None req-0781ac48-e96e-47c7-a02c-aa096eee8f06 None None] Service providers = [] {{(pid=87381) parse_service_provider_opt /opt/stack/neutron/neutron/services/provider_configuration.py:170}}
Jul 02 16:44:54.316141 np0000004301 devstack@neutron-api.service[87381]: DEBUG neutron.db.servicetype_db [None req-0781ac48-e96e-47c7-a02c-aa096eee8f06 None None] Adding provider configuration for service L3_ROUTER_NAT {{(pid=87381) add_provider_configuration /opt/stack/neutron/neutron/db/servicetype_db.py:45}}
Jul 02 16:44:54.316228 np0000004301 devstack@neutron-api.service[87379]: DEBUG neutron.api.extensions [None req-32e068c5-b690-43e1-b2cc-5220984573ca None None] Ext name="L3 Conntrack helper" alias="l3-conntrack-helper" description="Allow adding CT target rules for conntrack helper" updated="2019-04-04T10:00:00-00:00" {{(pid=87379) _check_extension /opt/stack/neutron/neutron/api/extensions.py:415}}
Jul 02 16:44:54.316376 np0000004301 devstack@neutron-api.service[87379]: INFO neutron.api.extensions [None req-32e068c5-b690-43e1-b2cc-5220984573ca None None] Extension l3-conntrack-helper not supported by any of loaded plugins
Jul 02 16:44:54.316500 np0000004301 devstack@neutron-api.service[87379]: DEBUG neutron.api.extensions [None req-32e068c5-b690-43e1-b2cc-5220984573ca None None] Loading extension file: l3_enable_default_route_bfd.py {{(pid=87379) _load_all_extensions_from_path /opt/stack/neutron/neutron/api/extensions.py:449}}
Jul 02 16:44:54.316764 np0000004301 devstack@neutron-api.service[87379]: DEBUG neutron.api.extensions [None req-32e068c5-b690-43e1-b2cc-5220984573ca None None] Ext name="Enable Default Route BFD" alias="enable-default-route-bfd" description="Enables configurable BFD behavior for default routes" updated="2023-02-27T00:00:00-00:00" {{(pid=87379) _check_extension /opt/stack/neutron/neutron/api/extensions.py:415}}
Jul 02 16:44:54.316934 np0000004301 devstack@neutron-api.service[87379]: INFO neutron.api.extensions [None req-32e068c5-b690-43e1-b2cc-5220984573ca None None] Loaded extension: enable-default-route-bfd
Jul 02 16:44:54.317080 np0000004301 devstack@neutron-api.service[87379]: DEBUG neutron.api.extensions [None req-32e068c5-b690-43e1-b2cc-5220984573ca None None] Loading extension file: l3_enable_default_route_ecmp.py {{(pid=87379) _load_all_extensions_from_path /opt/stack/neutron/neutron/api/extensions.py:449}}
Jul 02 16:44:54.317335 np0000004301 devstack@neutron-api.service[87379]: DEBUG neutron.api.extensions [None req-32e068c5-b690-43e1-b2cc-5220984573ca None None] Ext name="Enable Default Route ECMP" alias="enable-default-route-ecmp" description="Enables configurable ECMP behavior for default routes" updated="2023-02-27T00:00:00-00:00" {{(pid=87379) _check_extension /opt/stack/neutron/neutron/api/extensions.py:415}}
Jul 02 16:44:54.317551 np0000004301 devstack@neutron-api.service[87379]: INFO neutron.api.extensions [None req-32e068c5-b690-43e1-b2cc-5220984573ca None None] Loaded extension: enable-default-route-ecmp
Jul 02 16:44:54.317630 np0000004301 devstack@neutron-api.service[87381]: DEBUG neutron_lib.callbacks.manager [None req-0781ac48-e96e-47c7-a02c-aa096eee8f06 None None] Subscribe: > router precommit_create 55549900, False {{(pid=87381) subscribe /opt/stack/data/venv/lib/python3.12/site-packages/neutron_lib/callbacks/manager.py:52}}
Jul 02 16:44:54.317724 np0000004301 devstack@neutron-api.service[87379]: DEBUG neutron.api.extensions [None req-32e068c5-b690-43e1-b2cc-5220984573ca None None] Loading extension file: l3_ext_gw_mode.py {{(pid=87379) _load_all_extensions_from_path /opt/stack/neutron/neutron/api/extensions.py:449}}
Jul 02 16:44:54.317806 np0000004301 devstack@neutron-api.service[87381]: DEBUG neutron_lib.callbacks.manager [None req-0781ac48-e96e-47c7-a02c-aa096eee8f06 None None] Subscribe: > router_interface after_create 55550000, False {{(pid=87381) subscribe /opt/stack/data/venv/lib/python3.12/site-packages/neutron_lib/callbacks/manager.py:52}}
Jul 02 16:44:54.318063 np0000004301 devstack@neutron-api.service[87381]: DEBUG neutron_lib.callbacks.manager [None req-0781ac48-e96e-47c7-a02c-aa096eee8f06 None None] Subscribe: > floatingip after_create 55550000, False {{(pid=87381) subscribe /opt/stack/data/venv/lib/python3.12/site-packages/neutron_lib/callbacks/manager.py:52}}
Jul 02 16:44:54.318291 np0000004301 devstack@neutron-api.service[87379]: DEBUG neutron.api.extensions [None req-32e068c5-b690-43e1-b2cc-5220984573ca None None] Ext name="Neutron L3 Configurable external gateway mode" alias="ext-gw-mode" description="Extension of the router abstraction for specifying whether SNAT should occur on the external gateway" updated="2013-03-28T10:00:00-00:00" {{(pid=87379) _check_extension /opt/stack/neutron/neutron/api/extensions.py:415}}
Jul 02 16:44:54.318444 np0000004301 devstack@neutron-api.service[87381]: DEBUG neutron_lib.callbacks.manager [None req-0781ac48-e96e-47c7-a02c-aa096eee8f06 None None] Subscribe: > floatingip precommit_create 55550000, False {{(pid=87381) subscribe /opt/stack/data/venv/lib/python3.12/site-packages/neutron_lib/callbacks/manager.py:52}}
Jul 02 16:44:54.318444 np0000004301 devstack@neutron-api.service[87381]: DEBUG neutron_lib.callbacks.manager [None req-0781ac48-e96e-47c7-a02c-aa096eee8f06 None None] Subscribe: > floatingip precommit_update 55550000, False {{(pid=87381) subscribe /opt/stack/data/venv/lib/python3.12/site-packages/neutron_lib/callbacks/manager.py:52}}
Jul 02 16:44:54.318567 np0000004301 devstack@neutron-api.service[87379]: INFO neutron.api.extensions [None req-32e068c5-b690-43e1-b2cc-5220984573ca None None] Loaded extension: ext-gw-mode
Jul 02 16:44:54.318567 np0000004301 devstack@neutron-api.service[87379]: DEBUG neutron.api.extensions [None req-32e068c5-b690-43e1-b2cc-5220984573ca None None] Loading extension file: l3_ext_ha_mode.py {{(pid=87379) _load_all_extensions_from_path /opt/stack/neutron/neutron/api/extensions.py:449}}
Jul 02 16:44:54.318952 np0000004301 devstack@neutron-api.service[87381]: DEBUG neutron_lib.callbacks.manager [None req-0781ac48-e96e-47c7-a02c-aa096eee8f06 None None] Subscribe: > floatingip after_delete 55550000, False {{(pid=87381) subscribe /opt/stack/data/venv/lib/python3.12/site-packages/neutron_lib/callbacks/manager.py:52}}
Jul 02 16:44:54.318952 np0000004301 devstack@neutron-api.service[87381]: DEBUG neutron_lib.callbacks.manager [None req-0781ac48-e96e-47c7-a02c-aa096eee8f06 None None] Subscribe: > floatingip after_status_update 55550000, False {{(pid=87381) subscribe /opt/stack/data/venv/lib/python3.12/site-packages/neutron_lib/callbacks/manager.py:52}}
Jul 02 16:44:54.318952 np0000004301 devstack@neutron-api.service[87381]: DEBUG neutron_lib.callbacks.manager [None req-0781ac48-e96e-47c7-a02c-aa096eee8f06 None None] Subscribe: > floatingip after_update 55550000, False {{(pid=87381) subscribe /opt/stack/data/venv/lib/python3.12/site-packages/neutron_lib/callbacks/manager.py:52}}
Jul 02 16:44:54.318952 np0000004301 devstack@neutron-api.service[87381]: DEBUG neutron_lib.callbacks.manager [None req-0781ac48-e96e-47c7-a02c-aa096eee8f06 None None] Subscribe: > port_forwarding after_create 55550000, False {{(pid=87381) subscribe /opt/stack/data/venv/lib/python3.12/site-packages/neutron_lib/callbacks/manager.py:52}}
Jul 02 16:44:54.319123 np0000004301 devstack@neutron-api.service[87379]: DEBUG neutron.api.extensions [None req-32e068c5-b690-43e1-b2cc-5220984573ca None None] Ext name="HA Router extension" alias="l3-ha" description="Adds HA capability to routers." updated="2014-04-26T00:00:00-00:00" {{(pid=87379) _check_extension /opt/stack/neutron/neutron/api/extensions.py:415}}
Jul 02 16:44:54.319213 np0000004301 devstack@neutron-api.service[87381]: DEBUG neutron_lib.callbacks.manager [None req-0781ac48-e96e-47c7-a02c-aa096eee8f06 None None] Subscribe: > router_interface after_delete 55550000, False {{(pid=87381) subscribe /opt/stack/data/venv/lib/python3.12/site-packages/neutron_lib/callbacks/manager.py:52}}
Jul 02 16:44:54.319213 np0000004301 devstack@neutron-api.service[87381]: DEBUG neutron_lib.callbacks.manager [None req-0781ac48-e96e-47c7-a02c-aa096eee8f06 None None] Subscribe: > router after_create 55550000, False {{(pid=87381) subscribe /opt/stack/data/venv/lib/python3.12/site-packages/neutron_lib/callbacks/manager.py:52}}
Jul 02 16:44:54.319213 np0000004301 devstack@neutron-api.service[87381]: DEBUG neutron_lib.callbacks.manager [None req-0781ac48-e96e-47c7-a02c-aa096eee8f06 None None] Subscribe: > router precommit_create 55550000, False {{(pid=87381) subscribe /opt/stack/data/venv/lib/python3.12/site-packages/neutron_lib/callbacks/manager.py:52}}
Jul 02 16:44:54.319451 np0000004301 devstack@neutron-api.service[87379]: INFO neutron.api.extensions [None req-32e068c5-b690-43e1-b2cc-5220984573ca None None] Loaded extension: l3-ha
Jul 02 16:44:54.319569 np0000004301 devstack@neutron-api.service[87381]: DEBUG neutron_lib.callbacks.manager [None req-0781ac48-e96e-47c7-a02c-aa096eee8f06 None None] Subscribe: > router after_delete 55550000, False {{(pid=87381) subscribe /opt/stack/data/venv/lib/python3.12/site-packages/neutron_lib/callbacks/manager.py:52}}
Jul 02 16:44:54.319646 np0000004301 devstack@neutron-api.service[87379]: DEBUG neutron.api.extensions [None req-32e068c5-b690-43e1-b2cc-5220984573ca None None] Loading extension file: l3_ext_ndp_proxy.py {{(pid=87379) _load_all_extensions_from_path /opt/stack/neutron/neutron/api/extensions.py:449}}
Jul 02 16:44:54.319762 np0000004301 devstack@neutron-api.service[87381]: DEBUG neutron_lib.callbacks.manager [None req-0781ac48-e96e-47c7-a02c-aa096eee8f06 None None] Subscribe: > router after_update 55550000, False {{(pid=87381) subscribe /opt/stack/data/venv/lib/python3.12/site-packages/neutron_lib/callbacks/manager.py:52}}
Jul 02 16:44:54.319762 np0000004301 devstack@neutron-api.service[87381]: DEBUG neutron.services.service_base [None req-0781ac48-e96e-47c7-a02c-aa096eee8f06 None None] Loaded 'neutron.services.ovn_l3.service_providers.ovn.OvnDriver' provider for service L3_ROUTER_NAT {{(pid=87381) load_drivers /opt/stack/neutron/neutron/services/service_base.py:49}}
Jul 02 16:44:54.319859 np0000004301 devstack@neutron-api.service[87379]: DEBUG neutron.api.extensions [None req-32e068c5-b690-43e1-b2cc-5220984573ca None None] Ext name="Router support to enable NDP proxy" alias="l3-ext-ndp-proxy" description="Router extension to enable ndp proxy" updated="2020-08-25T00:00:00-00:00" {{(pid=87379) _check_extension /opt/stack/neutron/neutron/api/extensions.py:415}}
Jul 02 16:44:54.319962 np0000004301 devstack@neutron-api.service[87381]: DEBUG neutron_lib.callbacks.manager [None req-0781ac48-e96e-47c7-a02c-aa096eee8f06 None None] Subscribe: > process after_init 55550001, True {{(pid=87381) subscribe /opt/stack/data/venv/lib/python3.12/site-packages/neutron_lib/callbacks/manager.py:52}}
Jul 02 16:44:54.319962 np0000004301 devstack@neutron-api.service[87381]: DEBUG neutron.manager [None req-0781ac48-e96e-47c7-a02c-aa096eee8f06 None None] Successfully loaded L3_ROUTER_NAT plugin. Description: L3 Router Service Plugin for basic L3 forwarding using OVN {{(pid=87381) _create_and_add_service_plugin /opt/stack/neutron/neutron/manager.py:236}}
Jul 02 16:44:54.319962 np0000004301 devstack@neutron-api.service[87381]: INFO neutron.manager [None req-0781ac48-e96e-47c7-a02c-aa096eee8f06 None None] Loading Plugin: auto_allocate
Jul 02 16:44:54.320120 np0000004301 devstack@neutron-api.service[87379]: INFO neutron.api.extensions [None req-32e068c5-b690-43e1-b2cc-5220984573ca None None] Extension l3-ext-ndp-proxy not supported by any of loaded plugins
Jul 02 16:44:54.320120 np0000004301 devstack@neutron-api.service[87379]: DEBUG neutron.api.extensions [None req-32e068c5-b690-43e1-b2cc-5220984573ca None None] Loading extension file: l3_extra_gws.py {{(pid=87379) _load_all_extensions_from_path /opt/stack/neutron/neutron/api/extensions.py:449}}
