Aug 14 06:52:27.684012 np0000007334 systemd[1]: Starting devstack@n-api.service - Devstack devstack@n-api.service...
Aug 14 06:52:27.689295 np0000007334 devstack@n-api.service[84326]: [uWSGI] getting INI configuration from /etc/nova/nova-api-uwsgi.ini
Aug 14 06:52:27.691632 np0000007334 devstack@n-api.service[84326]: *** Starting uWSGI 2.0.24-debian (64bit) on [Fri Aug 14 06:52:27 2026] ***
Aug 14 06:52:27.691632 np0000007334 devstack@n-api.service[84326]: compiled with version: 13.2.0 on 17 April 2024 16:23:48
Aug 14 06:52:27.691632 np0000007334 devstack@n-api.service[84326]: os: Linux-6.8.0-137-generic #137-Ubuntu SMP PREEMPT_DYNAMIC Fri Jul 17 20:28:23 UTC 2026
Aug 14 06:52:27.691632 np0000007334 devstack@n-api.service[84326]: nodename: np0000007334
Aug 14 06:52:27.691632 np0000007334 devstack@n-api.service[84326]: machine: x86_64
Aug 14 06:52:27.691632 np0000007334 devstack@n-api.service[84326]: clock source: unix
Aug 14 06:52:27.691632 np0000007334 devstack@n-api.service[84326]: pcre jit disabled
Aug 14 06:52:27.691632 np0000007334 devstack@n-api.service[84326]: detected number of CPU cores: 16
Aug 14 06:52:27.691632 np0000007334 devstack@n-api.service[84326]: current working directory: /
Aug 14 06:52:27.691632 np0000007334 devstack@n-api.service[84326]: detected binary path: /usr/bin/uwsgi-core
Aug 14 06:52:27.691632 np0000007334 devstack@n-api.service[84326]: your processes number limit is 252954
Aug 14 06:52:27.691632 np0000007334 devstack@n-api.service[84326]: your memory page size is 4096 bytes
Aug 14 06:52:27.691632 np0000007334 devstack@n-api.service[84326]: detected max file descriptor number: 2048
Aug 14 06:52:27.691632 np0000007334 devstack@n-api.service[84326]: lock engine: pthread robust mutexes
Aug 14 06:52:27.692099 np0000007334 devstack@n-api.service[84326]: thunder lock: enabled
Aug 14 06:52:27.692099 np0000007334 devstack@n-api.service[84326]: uwsgi socket 0 bound to UNIX address /var/run/uwsgi/nova-api.socket fd 4
Aug 14 06:52:27.692099 np0000007334 devstack@n-api.service[84326]: Python version: 3.12.3 (main, Jun 19 2026, 12:46:00) [GCC 13.3.0]
Aug 14 06:52:27.692099 np0000007334 devstack@n-api.service[84326]: PEP 405 virtualenv detected: /opt/stack/data/venv
Aug 14 06:52:27.692099 np0000007334 devstack@n-api.service[84326]: Set PythonHome to /opt/stack/data/venv
Aug 14 06:52:27.723650 np0000007334 devstack@n-api.service[84326]: Python main interpreter initialized at 0x7ac2854a4668
Aug 14 06:52:27.723650 np0000007334 devstack@n-api.service[84326]: python threads support enabled
Aug 14 06:52:27.723650 np0000007334 devstack@n-api.service[84326]: your server socket listen backlog is limited to 100 connections
Aug 14 06:52:27.723650 np0000007334 devstack@n-api.service[84326]: your mercy for graceful operations on workers is 80 seconds
Aug 14 06:52:27.724090 np0000007334 devstack@n-api.service[84326]: mapped 537436 bytes (524 KB) for 3 cores
Aug 14 06:52:27.724198 np0000007334 devstack@n-api.service[84326]: *** Operational MODE: preforking ***
Aug 14 06:52:27.724363 np0000007334 devstack@n-api.service[84326]: *** uWSGI is running in multiple interpreter mode ***
Aug 14 06:52:27.724363 np0000007334 devstack@n-api.service[84326]: spawned uWSGI master process (pid: 84326)
Aug 14 06:52:27.724533 np0000007334 systemd[1]: Started devstack@n-api.service - Devstack devstack@n-api.service.
Aug 14 06:52:27.724920 np0000007334 devstack@n-api.service[84326]: spawned uWSGI worker 1 (pid: 84328, cores: 1)
Aug 14 06:52:27.725350 np0000007334 devstack@n-api.service[84326]: spawned uWSGI worker 2 (pid: 84329, cores: 1)
Aug 14 06:52:27.725777 np0000007334 devstack@n-api.service[84326]: spawned uWSGI worker 3 (pid: 84330, cores: 1)
Aug 14 06:52:27.725826 np0000007334 devstack@n-api.service[84326]: running "unix_signal:15 gracefully_kill_them_all" (master-start)...
Aug 14 06:52:29.247250 np0000007334 devstack@n-api.service[84328]: INFO dbcounter [None req-cca748a3-cfca-417a-99fd-6425bcce28f3 None None] Registered counter for database nova_api
Aug 14 06:52:29.280178 np0000007334 devstack@n-api.service[84328]: DEBUG oslo_db.sqlalchemy.engines [None req-cca748a3-cfca-417a-99fd-6425bcce28f3 None None] MySQL server mode set to STRICT_TRANS_TABLES,STRICT_ALL_TABLES,NO_ZERO_IN_DATE,NO_ZERO_DATE,ERROR_FOR_DIVISION_BY_ZERO,TRADITIONAL,NO_ENGINE_SUBSTITUTION {{(pid=84328) _check_effective_sql_mode /opt/stack/data/venv/lib/python3.12/site-packages/oslo_db/sqlalchemy/engines.py:325}}
Aug 14 06:52:29.304948 np0000007334 devstack@n-api.service[84329]: INFO dbcounter [None req-154dbcdb-7d48-4ae9-9083-13470f768bf7 None None] Registered counter for database nova_api
Aug 14 06:52:29.305651 np0000007334 devstack@n-api.service[84328]: DEBUG dbcounter [-] [84328] Writer thread running {{(pid=84328) stat_writer /opt/stack/data/venv/lib/python3.12/site-packages/dbcounter.py:102}}
Aug 14 06:52:29.307805 np0000007334 devstack@n-api.service[84328]: DEBUG nova.context [None req-cca748a3-cfca-417a-99fd-6425bcce28f3 None None] Found 2 cells: 00000000-0000-0000-0000-000000000000(cell0),2e782121-bd67-4193-9741-7db95526e6cc(cell1) {{(pid=84328) load_cells /opt/stack/nova/nova/context.py:509}}
Aug 14 06:52:29.308017 np0000007334 devstack@n-api.service[84328]: INFO nova.utils [None req-cca748a3-cfca-417a-99fd-6425bcce28f3 None None] The cell worker thread pool MainProcess.cell_worker is initialized
Aug 14 06:52:29.309518 np0000007334 devstack@n-api.service[84328]: DEBUG oslo_concurrency.lockutils [None req-cca748a3-cfca-417a-99fd-6425bcce28f3 None None] Acquiring lock "00000000-0000-0000-0000-000000000000" by "nova.context.set_target_cell..get_or_set_cached_cell_and_set_connections" {{(pid=84328) inner /opt/stack/data/venv/lib/python3.12/site-packages/oslo_concurrency/lockutils.py:512}}
Aug 14 06:52:29.309680 np0000007334 devstack@n-api.service[84328]: DEBUG oslo_concurrency.lockutils [None req-cca748a3-cfca-417a-99fd-6425bcce28f3 None None] Lock "00000000-0000-0000-0000-000000000000" acquired by "nova.context.set_target_cell..get_or_set_cached_cell_and_set_connections" :: waited 0.000s {{(pid=84328) inner /opt/stack/data/venv/lib/python3.12/site-packages/oslo_concurrency/lockutils.py:525}}
Aug 14 06:52:29.310024 np0000007334 devstack@n-api.service[84328]: DEBUG oslo_concurrency.lockutils [None req-cca748a3-cfca-417a-99fd-6425bcce28f3 None None] Lock "00000000-0000-0000-0000-000000000000" "released" by "nova.context.set_target_cell..get_or_set_cached_cell_and_set_connections" :: held 0.000s {{(pid=84328) inner /opt/stack/data/venv/lib/python3.12/site-packages/oslo_concurrency/lockutils.py:544}}
Aug 14 06:52:29.310066 np0000007334 devstack@n-api.service[84330]: INFO dbcounter [None req-ff46f93f-26bc-4ad2-9236-1ff37ef180bc None None] Registered counter for database nova_api
Aug 14 06:52:29.310640 np0000007334 devstack@n-api.service[84328]: DEBUG oslo_concurrency.lockutils [None req-cca748a3-cfca-417a-99fd-6425bcce28f3 None None] Acquiring lock "2e782121-bd67-4193-9741-7db95526e6cc" by "nova.context.set_target_cell..get_or_set_cached_cell_and_set_connections" {{(pid=84328) inner /opt/stack/data/venv/lib/python3.12/site-packages/oslo_concurrency/lockutils.py:512}}
Aug 14 06:52:29.312242 np0000007334 devstack@n-api.service[84328]: INFO dbcounter [None req-cca748a3-cfca-417a-99fd-6425bcce28f3 None None] Registered counter for database nova_cell0
Aug 14 06:52:29.313451 np0000007334 devstack@n-api.service[84328]: DEBUG oslo_concurrency.lockutils [None req-cca748a3-cfca-417a-99fd-6425bcce28f3 None None] Lock "2e782121-bd67-4193-9741-7db95526e6cc" acquired by "nova.context.set_target_cell..get_or_set_cached_cell_and_set_connections" :: waited 0.001s {{(pid=84328) inner /opt/stack/data/venv/lib/python3.12/site-packages/oslo_concurrency/lockutils.py:525}}
Aug 14 06:52:29.314899 np0000007334 devstack@n-api.service[84328]: DEBUG oslo_concurrency.lockutils [None req-cca748a3-cfca-417a-99fd-6425bcce28f3 None None] Lock "2e782121-bd67-4193-9741-7db95526e6cc" "released" by "nova.context.set_target_cell..get_or_set_cached_cell_and_set_connections" :: held 0.003s {{(pid=84328) inner /opt/stack/data/venv/lib/python3.12/site-packages/oslo_concurrency/lockutils.py:544}}
Aug 14 06:52:29.316605 np0000007334 devstack@n-api.service[84328]: INFO dbcounter [None req-cca748a3-cfca-417a-99fd-6425bcce28f3 None None] Registered counter for database nova_cell1
Aug 14 06:52:29.341831 np0000007334 devstack@n-api.service[84329]: DEBUG oslo_db.sqlalchemy.engines [None req-154dbcdb-7d48-4ae9-9083-13470f768bf7 None None] MySQL server mode set to STRICT_TRANS_TABLES,STRICT_ALL_TABLES,NO_ZERO_IN_DATE,NO_ZERO_DATE,ERROR_FOR_DIVISION_BY_ZERO,TRADITIONAL,NO_ENGINE_SUBSTITUTION {{(pid=84329) _check_effective_sql_mode /opt/stack/data/venv/lib/python3.12/site-packages/oslo_db/sqlalchemy/engines.py:325}}
Aug 14 06:52:29.344590 np0000007334 devstack@n-api.service[84330]: DEBUG oslo_db.sqlalchemy.engines [None req-ff46f93f-26bc-4ad2-9236-1ff37ef180bc None None] MySQL server mode set to STRICT_TRANS_TABLES,STRICT_ALL_TABLES,NO_ZERO_IN_DATE,NO_ZERO_DATE,ERROR_FOR_DIVISION_BY_ZERO,TRADITIONAL,NO_ENGINE_SUBSTITUTION {{(pid=84330) _check_effective_sql_mode /opt/stack/data/venv/lib/python3.12/site-packages/oslo_db/sqlalchemy/engines.py:325}}
Aug 14 06:52:29.352406 np0000007334 devstack@n-api.service[84328]: DEBUG oslo_db.sqlalchemy.engines [None req-cca748a3-cfca-417a-99fd-6425bcce28f3 None None] MySQL server mode set to STRICT_TRANS_TABLES,STRICT_ALL_TABLES,NO_ZERO_IN_DATE,NO_ZERO_DATE,ERROR_FOR_DIVISION_BY_ZERO,TRADITIONAL,NO_ENGINE_SUBSTITUTION {{(pid=84328) _check_effective_sql_mode /opt/stack/data/venv/lib/python3.12/site-packages/oslo_db/sqlalchemy/engines.py:325}}
Aug 14 06:52:29.369229 np0000007334 devstack@n-api.service[84329]: DEBUG dbcounter [-] [84329] Writer thread running {{(pid=84329) stat_writer /opt/stack/data/venv/lib/python3.12/site-packages/dbcounter.py:102}}
Aug 14 06:52:29.371490 np0000007334 devstack@n-api.service[84329]: DEBUG nova.context [None req-154dbcdb-7d48-4ae9-9083-13470f768bf7 None None] Found 2 cells: 00000000-0000-0000-0000-000000000000(cell0),2e782121-bd67-4193-9741-7db95526e6cc(cell1) {{(pid=84329) load_cells /opt/stack/nova/nova/context.py:509}}
Aug 14 06:52:29.371711 np0000007334 devstack@n-api.service[84329]: INFO nova.utils [None req-154dbcdb-7d48-4ae9-9083-13470f768bf7 None None] The cell worker thread pool MainProcess.cell_worker is initialized
Aug 14 06:52:29.372349 np0000007334 devstack@n-api.service[84330]: DEBUG dbcounter [-] [84330] Writer thread running {{(pid=84330) stat_writer /opt/stack/data/venv/lib/python3.12/site-packages/dbcounter.py:102}}
Aug 14 06:52:29.373389 np0000007334 devstack@n-api.service[84329]: DEBUG oslo_concurrency.lockutils [None req-154dbcdb-7d48-4ae9-9083-13470f768bf7 None None] Acquiring lock "00000000-0000-0000-0000-000000000000" by "nova.context.set_target_cell..get_or_set_cached_cell_and_set_connections" {{(pid=84329) inner /opt/stack/data/venv/lib/python3.12/site-packages/oslo_concurrency/lockutils.py:512}}
Aug 14 06:52:29.373557 np0000007334 devstack@n-api.service[84329]: DEBUG oslo_concurrency.lockutils [None req-154dbcdb-7d48-4ae9-9083-13470f768bf7 None None] Lock "00000000-0000-0000-0000-000000000000" acquired by "nova.context.set_target_cell..get_or_set_cached_cell_and_set_connections" :: waited 0.000s {{(pid=84329) inner /opt/stack/data/venv/lib/python3.12/site-packages/oslo_concurrency/lockutils.py:525}}
Aug 14 06:52:29.373938 np0000007334 devstack@n-api.service[84329]: DEBUG oslo_concurrency.lockutils [None req-154dbcdb-7d48-4ae9-9083-13470f768bf7 None None] Lock "00000000-0000-0000-0000-000000000000" "released" by "nova.context.set_target_cell..get_or_set_cached_cell_and_set_connections" :: held 0.000s {{(pid=84329) inner /opt/stack/data/venv/lib/python3.12/site-packages/oslo_concurrency/lockutils.py:544}}
Aug 14 06:52:29.374445 np0000007334 devstack@n-api.service[84330]: DEBUG nova.context [None req-ff46f93f-26bc-4ad2-9236-1ff37ef180bc None None] Found 2 cells: 00000000-0000-0000-0000-000000000000(cell0),2e782121-bd67-4193-9741-7db95526e6cc(cell1) {{(pid=84330) load_cells /opt/stack/nova/nova/context.py:509}}
Aug 14 06:52:29.375856 np0000007334 devstack@n-api.service[84329]: DEBUG oslo_concurrency.lockutils [None req-154dbcdb-7d48-4ae9-9083-13470f768bf7 None None] Acquiring lock "2e782121-bd67-4193-9741-7db95526e6cc" by "nova.context.set_target_cell..get_or_set_cached_cell_and_set_connections" {{(pid=84329) inner /opt/stack/data/venv/lib/python3.12/site-packages/oslo_concurrency/lockutils.py:512}}
Aug 14 06:52:29.375931 np0000007334 devstack@n-api.service[84330]: INFO nova.utils [None req-ff46f93f-26bc-4ad2-9236-1ff37ef180bc None None] The cell worker thread pool MainProcess.cell_worker is initialized
Aug 14 06:52:29.376184 np0000007334 devstack@n-api.service[84329]: DEBUG oslo_concurrency.lockutils [None req-154dbcdb-7d48-4ae9-9083-13470f768bf7 None None] Lock "2e782121-bd67-4193-9741-7db95526e6cc" acquired by "nova.context.set_target_cell..get_or_set_cached_cell_and_set_connections" :: waited 0.001s {{(pid=84329) inner /opt/stack/data/venv/lib/python3.12/site-packages/oslo_concurrency/lockutils.py:525}}
Aug 14 06:52:29.376298 np0000007334 devstack@n-api.service[84330]: DEBUG oslo_concurrency.lockutils [None req-ff46f93f-26bc-4ad2-9236-1ff37ef180bc None None] Acquiring lock "00000000-0000-0000-0000-000000000000" by "nova.context.set_target_cell..get_or_set_cached_cell_and_set_connections" {{(pid=84330) inner /opt/stack/data/venv/lib/python3.12/site-packages/oslo_concurrency/lockutils.py:512}}
Aug 14 06:52:29.376470 np0000007334 devstack@n-api.service[84330]: DEBUG oslo_concurrency.lockutils [None req-ff46f93f-26bc-4ad2-9236-1ff37ef180bc None None] Lock "00000000-0000-0000-0000-000000000000" acquired by "nova.context.set_target_cell..get_or_set_cached_cell_and_set_connections" :: waited 0.000s {{(pid=84330) inner /opt/stack/data/venv/lib/python3.12/site-packages/oslo_concurrency/lockutils.py:525}}
Aug 14 06:52:29.376862 np0000007334 devstack@n-api.service[84330]: DEBUG oslo_concurrency.lockutils [None req-ff46f93f-26bc-4ad2-9236-1ff37ef180bc None None] Lock "00000000-0000-0000-0000-000000000000" "released" by "nova.context.set_target_cell..get_or_set_cached_cell_and_set_connections" :: held 0.000s {{(pid=84330) inner /opt/stack/data/venv/lib/python3.12/site-packages/oslo_concurrency/lockutils.py:544}}
Aug 14 06:52:29.378874 np0000007334 devstack@n-api.service[84329]: INFO dbcounter [None req-154dbcdb-7d48-4ae9-9083-13470f768bf7 None None] Registered counter for database nova_cell0
Aug 14 06:52:29.378950 np0000007334 devstack@n-api.service[84330]: DEBUG oslo_concurrency.lockutils [None req-ff46f93f-26bc-4ad2-9236-1ff37ef180bc None None] Acquiring lock "2e782121-bd67-4193-9741-7db95526e6cc" by "nova.context.set_target_cell..get_or_set_cached_cell_and_set_connections" {{(pid=84330) inner /opt/stack/data/venv/lib/python3.12/site-packages/oslo_concurrency/lockutils.py:512}}
Aug 14 06:52:29.378950 np0000007334 devstack@n-api.service[84330]: DEBUG oslo_concurrency.lockutils [None req-ff46f93f-26bc-4ad2-9236-1ff37ef180bc None None] Lock "2e782121-bd67-4193-9741-7db95526e6cc" acquired by "nova.context.set_target_cell..get_or_set_cached_cell_and_set_connections" :: waited 0.000s {{(pid=84330) inner /opt/stack/data/venv/lib/python3.12/site-packages/oslo_concurrency/lockutils.py:525}}
Aug 14 06:52:29.378950 np0000007334 devstack@n-api.service[84330]: DEBUG oslo_concurrency.lockutils [None req-ff46f93f-26bc-4ad2-9236-1ff37ef180bc None None] Lock "2e782121-bd67-4193-9741-7db95526e6cc" "released" by "nova.context.set_target_cell..get_or_set_cached_cell_and_set_connections" :: held 0.001s {{(pid=84330) inner /opt/stack/data/venv/lib/python3.12/site-packages/oslo_concurrency/lockutils.py:544}}
Aug 14 06:52:29.379069 np0000007334 devstack@n-api.service[84328]: DEBUG oslo_db.sqlalchemy.engines [None req-cca748a3-cfca-417a-99fd-6425bcce28f3 None None] MySQL server mode set to STRICT_TRANS_TABLES,STRICT_ALL_TABLES,NO_ZERO_IN_DATE,NO_ZERO_DATE,ERROR_FOR_DIVISION_BY_ZERO,TRADITIONAL,NO_ENGINE_SUBSTITUTION {{(pid=84328) _check_effective_sql_mode /opt/stack/data/venv/lib/python3.12/site-packages/oslo_db/sqlalchemy/engines.py:325}}
Aug 14 06:52:29.379096 np0000007334 devstack@n-api.service[84329]: DEBUG oslo_concurrency.lockutils [None req-154dbcdb-7d48-4ae9-9083-13470f768bf7 None None] Lock "2e782121-bd67-4193-9741-7db95526e6cc" "released" by "nova.context.set_target_cell..get_or_set_cached_cell_and_set_connections" :: held 0.001s {{(pid=84329) inner /opt/stack/data/venv/lib/python3.12/site-packages/oslo_concurrency/lockutils.py:544}}
Aug 14 06:52:29.380168 np0000007334 devstack@n-api.service[84330]: INFO dbcounter [None req-ff46f93f-26bc-4ad2-9236-1ff37ef180bc None None] Registered counter for database nova_cell0
Aug 14 06:52:29.380818 np0000007334 devstack@n-api.service[84329]: INFO dbcounter [None req-154dbcdb-7d48-4ae9-9083-13470f768bf7 None None] Registered counter for database nova_cell1
Aug 14 06:52:29.382599 np0000007334 devstack@n-api.service[84330]: INFO dbcounter [None req-ff46f93f-26bc-4ad2-9236-1ff37ef180bc None None] Registered counter for database nova_cell1
Aug 14 06:52:29.417257 np0000007334 devstack@n-api.service[84330]: DEBUG oslo_db.sqlalchemy.engines [None req-ff46f93f-26bc-4ad2-9236-1ff37ef180bc None None] MySQL server mode set to STRICT_TRANS_TABLES,STRICT_ALL_TABLES,NO_ZERO_IN_DATE,NO_ZERO_DATE,ERROR_FOR_DIVISION_BY_ZERO,TRADITIONAL,NO_ENGINE_SUBSTITUTION {{(pid=84330) _check_effective_sql_mode /opt/stack/data/venv/lib/python3.12/site-packages/oslo_db/sqlalchemy/engines.py:325}}
Aug 14 06:52:29.421302 np0000007334 devstack@n-api.service[84330]: DEBUG oslo_db.sqlalchemy.engines [None req-ff46f93f-26bc-4ad2-9236-1ff37ef180bc None None] MySQL server mode set to STRICT_TRANS_TABLES,STRICT_ALL_TABLES,NO_ZERO_IN_DATE,NO_ZERO_DATE,ERROR_FOR_DIVISION_BY_ZERO,TRADITIONAL,NO_ENGINE_SUBSTITUTION {{(pid=84330) _check_effective_sql_mode /opt/stack/data/venv/lib/python3.12/site-packages/oslo_db/sqlalchemy/engines.py:325}}
Aug 14 06:52:29.423758 np0000007334 devstack@n-api.service[84329]: DEBUG oslo_db.sqlalchemy.engines [None req-154dbcdb-7d48-4ae9-9083-13470f768bf7 None None] MySQL server mode set to STRICT_TRANS_TABLES,STRICT_ALL_TABLES,NO_ZERO_IN_DATE,NO_ZERO_DATE,ERROR_FOR_DIVISION_BY_ZERO,TRADITIONAL,NO_ENGINE_SUBSTITUTION {{(pid=84329) _check_effective_sql_mode /opt/stack/data/venv/lib/python3.12/site-packages/oslo_db/sqlalchemy/engines.py:325}}
Aug 14 06:52:29.430875 np0000007334 devstack@n-api.service[84328]: DEBUG dbcounter [-] [84328] Writer thread running {{(pid=84328) stat_writer /opt/stack/data/venv/lib/python3.12/site-packages/dbcounter.py:102}}
Aug 14 06:52:29.435917 np0000007334 devstack@n-api.service[84328]: DEBUG dbcounter [-] [84328] Writer thread running {{(pid=84328) stat_writer /opt/stack/data/venv/lib/python3.12/site-packages/dbcounter.py:102}}
Aug 14 06:52:29.438751 np0000007334 devstack@n-api.service[84328]: INFO dbcounter [None req-cca748a3-cfca-417a-99fd-6425bcce28f3 None None] Registered counter for database nova_cell0
Aug 14 06:52:29.443089 np0000007334 devstack@n-api.service[84329]: DEBUG oslo_db.sqlalchemy.engines [None req-154dbcdb-7d48-4ae9-9083-13470f768bf7 None None] MySQL server mode set to STRICT_TRANS_TABLES,STRICT_ALL_TABLES,NO_ZERO_IN_DATE,NO_ZERO_DATE,ERROR_FOR_DIVISION_BY_ZERO,TRADITIONAL,NO_ENGINE_SUBSTITUTION {{(pid=84329) _check_effective_sql_mode /opt/stack/data/venv/lib/python3.12/site-packages/oslo_db/sqlalchemy/engines.py:325}}
Aug 14 06:52:29.469139 np0000007334 devstack@n-api.service[84328]: DEBUG oslo_db.sqlalchemy.engines [None req-cca748a3-cfca-417a-99fd-6425bcce28f3 None None] MySQL server mode set to STRICT_TRANS_TABLES,STRICT_ALL_TABLES,NO_ZERO_IN_DATE,NO_ZERO_DATE,ERROR_FOR_DIVISION_BY_ZERO,TRADITIONAL,NO_ENGINE_SUBSTITUTION {{(pid=84328) _check_effective_sql_mode /opt/stack/data/venv/lib/python3.12/site-packages/oslo_db/sqlalchemy/engines.py:325}}
Aug 14 06:52:29.475182 np0000007334 devstack@n-api.service[84328]: DEBUG dbcounter [-] [84328] Writer thread running {{(pid=84328) stat_writer /opt/stack/data/venv/lib/python3.12/site-packages/dbcounter.py:102}}
Aug 14 06:52:29.497637 np0000007334 devstack@n-api.service[84330]: DEBUG dbcounter [-] [84330] Writer thread running {{(pid=84330) stat_writer /opt/stack/data/venv/lib/python3.12/site-packages/dbcounter.py:102}}
Aug 14 06:52:29.503181 np0000007334 devstack@n-api.service[84330]: DEBUG dbcounter [-] [84330] Writer thread running {{(pid=84330) stat_writer /opt/stack/data/venv/lib/python3.12/site-packages/dbcounter.py:102}}
Aug 14 06:52:29.506583 np0000007334 devstack@n-api.service[84330]: INFO dbcounter [None req-ff46f93f-26bc-4ad2-9236-1ff37ef180bc None None] Registered counter for database nova_cell0
Aug 14 06:52:29.510387 np0000007334 devstack@n-api.service[84329]: DEBUG dbcounter [-] [84329] Writer thread running {{(pid=84329) stat_writer /opt/stack/data/venv/lib/python3.12/site-packages/dbcounter.py:102}}
Aug 14 06:52:29.515152 np0000007334 devstack@n-api.service[84329]: DEBUG dbcounter [-] [84329] Writer thread running {{(pid=84329) stat_writer /opt/stack/data/venv/lib/python3.12/site-packages/dbcounter.py:102}}
Aug 14 06:52:29.549305 np0000007334 devstack@n-api.service[84330]: DEBUG oslo_db.sqlalchemy.engines [None req-ff46f93f-26bc-4ad2-9236-1ff37ef180bc None None] MySQL server mode set to STRICT_TRANS_TABLES,STRICT_ALL_TABLES,NO_ZERO_IN_DATE,NO_ZERO_DATE,ERROR_FOR_DIVISION_BY_ZERO,TRADITIONAL,NO_ENGINE_SUBSTITUTION {{(pid=84330) _check_effective_sql_mode /opt/stack/data/venv/lib/python3.12/site-packages/oslo_db/sqlalchemy/engines.py:325}}
Aug 14 06:52:29.556526 np0000007334 devstack@n-api.service[84330]: DEBUG dbcounter [-] [84330] Writer thread running {{(pid=84330) stat_writer /opt/stack/data/venv/lib/python3.12/site-packages/dbcounter.py:102}}
Aug 14 06:52:29.562689 np0000007334 devstack@n-api.service[84329]: INFO dbcounter [None req-154dbcdb-7d48-4ae9-9083-13470f768bf7 None None] Registered counter for database nova_cell0
Aug 14 06:52:29.591237 np0000007334 devstack@n-api.service[84329]: DEBUG oslo_db.sqlalchemy.engines [None req-154dbcdb-7d48-4ae9-9083-13470f768bf7 None None] MySQL server mode set to STRICT_TRANS_TABLES,STRICT_ALL_TABLES,NO_ZERO_IN_DATE,NO_ZERO_DATE,ERROR_FOR_DIVISION_BY_ZERO,TRADITIONAL,NO_ENGINE_SUBSTITUTION {{(pid=84329) _check_effective_sql_mode /opt/stack/data/venv/lib/python3.12/site-packages/oslo_db/sqlalchemy/engines.py:325}}
Aug 14 06:52:29.596793 np0000007334 devstack@n-api.service[84329]: DEBUG dbcounter [-] [84329] Writer thread running {{(pid=84329) stat_writer /opt/stack/data/venv/lib/python3.12/site-packages/dbcounter.py:102}}
Aug 14 06:52:29.775257 np0000007334 devstack@n-api.service[84328]: DEBUG oslo_concurrency.processutils [None req-cca748a3-cfca-417a-99fd-6425bcce28f3 None None] Running cmd (subprocess): grep -F node.session.scan /sbin/iscsiadm {{(pid=84328) execute /opt/stack/data/venv/lib/python3.12/site-packages/oslo_concurrency/processutils.py:440}}
Aug 14 06:52:29.787385 np0000007334 devstack@n-api.service[84328]: DEBUG oslo_concurrency.processutils [None req-cca748a3-cfca-417a-99fd-6425bcce28f3 None None] CMD "grep -F node.session.scan /sbin/iscsiadm" returned: 0 in 0.012s {{(pid=84328) execute /opt/stack/data/venv/lib/python3.12/site-packages/oslo_concurrency/processutils.py:468}}
Aug 14 06:52:29.848328 np0000007334 devstack@n-api.service[84330]: DEBUG oslo_concurrency.processutils [None req-ff46f93f-26bc-4ad2-9236-1ff37ef180bc None None] Running cmd (subprocess): grep -F node.session.scan /sbin/iscsiadm {{(pid=84330) execute /opt/stack/data/venv/lib/python3.12/site-packages/oslo_concurrency/processutils.py:440}}
Aug 14 06:52:29.862294 np0000007334 devstack@n-api.service[84330]: DEBUG oslo_concurrency.processutils [None req-ff46f93f-26bc-4ad2-9236-1ff37ef180bc None None] CMD "grep -F node.session.scan /sbin/iscsiadm" returned: 0 in 0.014s {{(pid=84330) execute /opt/stack/data/venv/lib/python3.12/site-packages/oslo_concurrency/processutils.py:468}}
Aug 14 06:52:29.869073 np0000007334 devstack@n-api.service[84329]: DEBUG oslo_concurrency.processutils [None req-154dbcdb-7d48-4ae9-9083-13470f768bf7 None None] Running cmd (subprocess): grep -F node.session.scan /sbin/iscsiadm {{(pid=84329) execute /opt/stack/data/venv/lib/python3.12/site-packages/oslo_concurrency/processutils.py:440}}
Aug 14 06:52:29.880272 np0000007334 devstack@n-api.service[84329]: DEBUG oslo_concurrency.processutils [None req-154dbcdb-7d48-4ae9-9083-13470f768bf7 None None] CMD "grep -F node.session.scan /sbin/iscsiadm" returned: 0 in 0.011s {{(pid=84329) execute /opt/stack/data/venv/lib/python3.12/site-packages/oslo_concurrency/processutils.py:468}}
Aug 14 06:52:30.365532 np0000007334 devstack@n-api.service[84329]: DEBUG nova.api.openstack.wsgi_app [None req-154dbcdb-7d48-4ae9-9083-13470f768bf7 None None] ******************************************************************************** {{(pid=84329) log_opt_values /opt/stack/data/venv/lib/python3.12/site-packages/oslo_config/cfg.py:3533}}
Aug 14 06:52:30.365961 np0000007334 devstack@n-api.service[84329]: DEBUG nova.api.openstack.wsgi_app [None req-154dbcdb-7d48-4ae9-9083-13470f768bf7 None None] Configuration options gathered from: {{(pid=84329) log_opt_values /opt/stack/data/venv/lib/python3.12/site-packages/oslo_config/cfg.py:3534}}
Aug 14 06:52:30.366044 np0000007334 devstack@n-api.service[84329]: DEBUG nova.api.openstack.wsgi_app [None req-154dbcdb-7d48-4ae9-9083-13470f768bf7 None None] command line args: [] {{(pid=84329) log_opt_values /opt/stack/data/venv/lib/python3.12/site-packages/oslo_config/cfg.py:3535}}
Aug 14 06:52:30.366146 np0000007334 devstack@n-api.service[84329]: DEBUG nova.api.openstack.wsgi_app [None req-154dbcdb-7d48-4ae9-9083-13470f768bf7 None None] config files: ['/etc/nova/api-paste.ini', '/etc/nova/nova.conf'] {{(pid=84329) log_opt_values /opt/stack/data/venv/lib/python3.12/site-packages/oslo_config/cfg.py:3536}}
Aug 14 06:52:30.366363 np0000007334 devstack@n-api.service[84329]: DEBUG nova.api.openstack.wsgi_app [None req-154dbcdb-7d48-4ae9-9083-13470f768bf7 None None] ================================================================================ {{(pid=84329) log_opt_values /opt/stack/data/venv/lib/python3.12/site-packages/oslo_config/cfg.py:3541}}
Aug 14 06:52:30.366608 np0000007334 devstack@n-api.service[84329]: DEBUG nova.api.openstack.wsgi_app [None req-154dbcdb-7d48-4ae9-9083-13470f768bf7 None None] allow_resize_to_same_host = True {{(pid=84329) log_opt_values /opt/stack/data/venv/lib/python3.12/site-packages/oslo_config/cfg.py:3549}}
Aug 14 06:52:30.366845 np0000007334 devstack@n-api.service[84329]: DEBUG nova.api.openstack.wsgi_app [None req-154dbcdb-7d48-4ae9-9083-13470f768bf7 None None] arq_binding_timeout = 300 {{(pid=84329) log_opt_values /opt/stack/data/venv/lib/python3.12/site-packages/oslo_config/cfg.py:3549}}
Aug 14 06:52:30.367050 np0000007334 devstack@n-api.service[84329]: DEBUG nova.api.openstack.wsgi_app [None req-154dbcdb-7d48-4ae9-9083-13470f768bf7 None None] block_device_allocate_retries = 60 {{(pid=84329) log_opt_values /opt/stack/data/venv/lib/python3.12/site-packages/oslo_config/cfg.py:3549}}
Aug 14 06:52:30.367244 np0000007334 devstack@n-api.service[84329]: DEBUG nova.api.openstack.wsgi_app [None req-154dbcdb-7d48-4ae9-9083-13470f768bf7 None None] block_device_allocate_retries_interval = 3 {{(pid=84329) log_opt_values /opt/stack/data/venv/lib/python3.12/site-packages/oslo_config/cfg.py:3549}}
Aug 14 06:52:30.367451 np0000007334 devstack@n-api.service[84329]: DEBUG nova.api.openstack.wsgi_app [None req-154dbcdb-7d48-4ae9-9083-13470f768bf7 None None] cell_worker_thread_pool_size = 5 {{(pid=84329) log_opt_values /opt/stack/data/venv/lib/python3.12/site-packages/oslo_config/cfg.py:3549}}
Aug 14 06:52:30.367672 np0000007334 devstack@n-api.service[84329]: DEBUG nova.api.openstack.wsgi_app [None req-154dbcdb-7d48-4ae9-9083-13470f768bf7 None None] cert = self.pem {{(pid=84329) log_opt_values /opt/stack/data/venv/lib/python3.12/site-packages/oslo_config/cfg.py:3549}}
Aug 14 06:52:30.367890 np0000007334 devstack@n-api.service[84329]: DEBUG nova.api.openstack.wsgi_app [None req-154dbcdb-7d48-4ae9-9083-13470f768bf7 None None] compute_driver = libvirt.LibvirtDriver {{(pid=84329) log_opt_values /opt/stack/data/venv/lib/python3.12/site-packages/oslo_config/cfg.py:3549}}
Aug 14 06:52:30.368094 np0000007334 devstack@n-api.service[84329]: DEBUG nova.api.openstack.wsgi_app [None req-154dbcdb-7d48-4ae9-9083-13470f768bf7 None None] compute_monitors = [] {{(pid=84329) log_opt_values /opt/stack/data/venv/lib/python3.12/site-packages/oslo_config/cfg.py:3549}}
Aug 14 06:52:30.368291 np0000007334 devstack@n-api.service[84329]: DEBUG nova.api.openstack.wsgi_app [None req-154dbcdb-7d48-4ae9-9083-13470f768bf7 None None] concurrency_backend = auto {{(pid=84329) log_opt_values /opt/stack/data/venv/lib/python3.12/site-packages/oslo_config/cfg.py:3549}}
Aug 14 06:52:30.368531 np0000007334 devstack@n-api.service[84329]: DEBUG nova.api.openstack.wsgi_app [None req-154dbcdb-7d48-4ae9-9083-13470f768bf7 None None] config_dir = [] {{(pid=84329) log_opt_values /opt/stack/data/venv/lib/python3.12/site-packages/oslo_config/cfg.py:3549}}
Aug 14 06:52:30.368763 np0000007334 devstack@n-api.service[84329]: DEBUG nova.api.openstack.wsgi_app [None req-154dbcdb-7d48-4ae9-9083-13470f768bf7 None None] config_drive_format = iso9660 {{(pid=84329) log_opt_values /opt/stack/data/venv/lib/python3.12/site-packages/oslo_config/cfg.py:3549}}
Aug 14 06:52:30.368948 np0000007334 devstack@n-api.service[84329]: DEBUG nova.api.openstack.wsgi_app [None req-154dbcdb-7d48-4ae9-9083-13470f768bf7 None None] config_file = ['/etc/nova/api-paste.ini', '/etc/nova/nova.conf'] {{(pid=84329) log_opt_values /opt/stack/data/venv/lib/python3.12/site-packages/oslo_config/cfg.py:3549}}
Aug 14 06:52:30.369169 np0000007334 devstack@n-api.service[84329]: DEBUG nova.api.openstack.wsgi_app [None req-154dbcdb-7d48-4ae9-9083-13470f768bf7 None None] config_source = [] {{(pid=84329) log_opt_values /opt/stack/data/venv/lib/python3.12/site-packages/oslo_config/cfg.py:3549}}
Aug 14 06:52:30.369412 np0000007334 devstack@n-api.service[84329]: DEBUG nova.api.openstack.wsgi_app [None req-154dbcdb-7d48-4ae9-9083-13470f768bf7 None None] console_host = np0000007334 {{(pid=84329) log_opt_values /opt/stack/data/venv/lib/python3.12/site-packages/oslo_config/cfg.py:3549}}
Aug 14 06:52:30.369657 np0000007334 devstack@n-api.service[84329]: DEBUG nova.api.openstack.wsgi_app [None req-154dbcdb-7d48-4ae9-9083-13470f768bf7 None None] control_exchange = nova {{(pid=84329) log_opt_values /opt/stack/data/venv/lib/python3.12/site-packages/oslo_config/cfg.py:3549}}
Aug 14 06:52:30.369917 np0000007334 devstack@n-api.service[84329]: DEBUG nova.api.openstack.wsgi_app [None req-154dbcdb-7d48-4ae9-9083-13470f768bf7 None None] cpu_allocation_ratio = None {{(pid=84329) log_opt_values /opt/stack/data/venv/lib/python3.12/site-packages/oslo_config/cfg.py:3549}}
Aug 14 06:52:30.370137 np0000007334 devstack@n-api.service[84329]: DEBUG nova.api.openstack.wsgi_app [None req-154dbcdb-7d48-4ae9-9083-13470f768bf7 None None] daemon = False {{(pid=84329) log_opt_values /opt/stack/data/venv/lib/python3.12/site-packages/oslo_config/cfg.py:3549}}
Aug 14 06:52:30.370365 np0000007334 devstack@n-api.service[84329]: DEBUG nova.api.openstack.wsgi_app [None req-154dbcdb-7d48-4ae9-9083-13470f768bf7 None None] debug = True {{(pid=84329) log_opt_values /opt/stack/data/venv/lib/python3.12/site-packages/oslo_config/cfg.py:3549}}
Aug 14 06:52:30.370580 np0000007334 devstack@n-api.service[84329]: DEBUG nova.api.openstack.wsgi_app [None req-154dbcdb-7d48-4ae9-9083-13470f768bf7 None None] default_access_ip_network_name = None {{(pid=84329) log_opt_values /opt/stack/data/venv/lib/python3.12/site-packages/oslo_config/cfg.py:3549}}
Aug 14 06:52:30.370822 np0000007334 devstack@n-api.service[84329]: DEBUG nova.api.openstack.wsgi_app [None req-154dbcdb-7d48-4ae9-9083-13470f768bf7 None None] default_availability_zone = nova {{(pid=84329) log_opt_values /opt/stack/data/venv/lib/python3.12/site-packages/oslo_config/cfg.py:3549}}
Aug 14 06:52:30.371029 np0000007334 devstack@n-api.service[84329]: DEBUG nova.api.openstack.wsgi_app [None req-154dbcdb-7d48-4ae9-9083-13470f768bf7 None None] default_ephemeral_format = ext4 {{(pid=84329) log_opt_values /opt/stack/data/venv/lib/python3.12/site-packages/oslo_config/cfg.py:3549}}
Aug 14 06:52:30.371275 np0000007334 devstack@n-api.service[84329]: DEBUG nova.api.openstack.wsgi_app [None req-154dbcdb-7d48-4ae9-9083-13470f768bf7 None None] default_green_pool_size = 1000 {{(pid=84329) log_opt_values /opt/stack/data/venv/lib/python3.12/site-packages/oslo_config/cfg.py:3549}}
Aug 14 06:52:30.373754 np0000007334 devstack@n-api.service[84329]: DEBUG nova.api.openstack.wsgi_app [None req-154dbcdb-7d48-4ae9-9083-13470f768bf7 None None] default_log_levels = ['amqp=WARN', 'boto=WARN', 'sqlalchemy=WARN', 'suds=INFO', 'oslo.messaging=INFO', 'oslo_messaging=INFO', 'iso8601=WARN', 'requests.packages.urllib3.connectionpool=WARN', 'urllib3.connectionpool=WARN', 'websocket=WARN', 'requests.packages.urllib3.util.retry=WARN', 'urllib3.util.retry=WARN', 'keystonemiddleware=WARN', 'routes.middleware=WARN', 'stevedore=WARN', 'taskflow=WARN', 'keystoneauth=WARN', 'oslo.cache=INFO', 'oslo_policy=INFO', 'dogpile.core.dogpile=INFO', 'glanceclient=WARN', 'oslo.privsep.daemon=INFO'] {{(pid=84329) log_opt_values /opt/stack/data/venv/lib/python3.12/site-packages/oslo_config/cfg.py:3549}}
Aug 14 06:52:30.373754 np0000007334 devstack@n-api.service[84329]: DEBUG nova.api.openstack.wsgi_app [None req-154dbcdb-7d48-4ae9-9083-13470f768bf7 None None] default_schedule_zone = None {{(pid=84329) log_opt_values /opt/stack/data/venv/lib/python3.12/site-packages/oslo_config/cfg.py:3549}}
Aug 14 06:52:30.373754 np0000007334 devstack@n-api.service[84329]: DEBUG nova.api.openstack.wsgi_app [None req-154dbcdb-7d48-4ae9-9083-13470f768bf7 None None] default_thread_pool_size = 10 {{(pid=84329) log_opt_values /opt/stack/data/venv/lib/python3.12/site-packages/oslo_config/cfg.py:3549}}
Aug 14 06:52:30.373754 np0000007334 devstack@n-api.service[84329]: DEBUG nova.api.openstack.wsgi_app [None req-154dbcdb-7d48-4ae9-9083-13470f768bf7 None None] disk_allocation_ratio = None {{(pid=84329) log_opt_values /opt/stack/data/venv/lib/python3.12/site-packages/oslo_config/cfg.py:3549}}
Aug 14 06:52:30.373754 np0000007334 devstack@n-api.service[84329]: DEBUG nova.api.openstack.wsgi_app [None req-154dbcdb-7d48-4ae9-9083-13470f768bf7 None None] enable_new_services = True {{(pid=84329) log_opt_values /opt/stack/data/venv/lib/python3.12/site-packages/oslo_config/cfg.py:3549}}
Aug 14 06:52:30.373932 np0000007334 devstack@n-api.service[84329]: DEBUG nova.api.openstack.wsgi_app [None req-154dbcdb-7d48-4ae9-9083-13470f768bf7 None None] flat_injected = False {{(pid=84329) log_opt_values /opt/stack/data/venv/lib/python3.12/site-packages/oslo_config/cfg.py:3549}}
Aug 14 06:52:30.373932 np0000007334 devstack@n-api.service[84329]: DEBUG nova.api.openstack.wsgi_app [None req-154dbcdb-7d48-4ae9-9083-13470f768bf7 None None] force_config_drive = True {{(pid=84329) log_opt_values /opt/stack/data/venv/lib/python3.12/site-packages/oslo_config/cfg.py:3549}}
Aug 14 06:52:30.373932 np0000007334 devstack@n-api.service[84329]: DEBUG nova.api.openstack.wsgi_app [None req-154dbcdb-7d48-4ae9-9083-13470f768bf7 None None] force_raw_images = True {{(pid=84329) log_opt_values /opt/stack/data/venv/lib/python3.12/site-packages/oslo_config/cfg.py:3549}}
Aug 14 06:52:30.373932 np0000007334 devstack@n-api.service[84329]: DEBUG nova.api.openstack.wsgi_app [None req-154dbcdb-7d48-4ae9-9083-13470f768bf7 None None] graceful_shutdown_timeout = 5 {{(pid=84329) log_opt_values /opt/stack/data/venv/lib/python3.12/site-packages/oslo_config/cfg.py:3549}}
Aug 14 06:52:30.373932 np0000007334 devstack@n-api.service[84329]: DEBUG nova.api.openstack.wsgi_app [None req-154dbcdb-7d48-4ae9-9083-13470f768bf7 None None] heal_instance_info_cache_interval = -1 {{(pid=84329) log_opt_values /opt/stack/data/venv/lib/python3.12/site-packages/oslo_config/cfg.py:3549}}
Aug 14 06:52:30.373932 np0000007334 devstack@n-api.service[84329]: DEBUG nova.api.openstack.wsgi_app [None req-154dbcdb-7d48-4ae9-9083-13470f768bf7 None None] host = np0000007334 {{(pid=84329) log_opt_values /opt/stack/data/venv/lib/python3.12/site-packages/oslo_config/cfg.py:3549}}
Aug 14 06:52:30.373932 np0000007334 devstack@n-api.service[84329]: DEBUG nova.api.openstack.wsgi_app [None req-154dbcdb-7d48-4ae9-9083-13470f768bf7 None None] initial_cpu_allocation_ratio = 4.0 {{(pid=84329) log_opt_values /opt/stack/data/venv/lib/python3.12/site-packages/oslo_config/cfg.py:3549}}
Aug 14 06:52:30.374079 np0000007334 devstack@n-api.service[84329]: DEBUG nova.api.openstack.wsgi_app [None req-154dbcdb-7d48-4ae9-9083-13470f768bf7 None None] initial_disk_allocation_ratio = 1.0 {{(pid=84329) log_opt_values /opt/stack/data/venv/lib/python3.12/site-packages/oslo_config/cfg.py:3549}}
Aug 14 06:52:30.374079 np0000007334 devstack@n-api.service[84329]: DEBUG nova.api.openstack.wsgi_app [None req-154dbcdb-7d48-4ae9-9083-13470f768bf7 None None] initial_ram_allocation_ratio = 1.0 {{(pid=84329) log_opt_values /opt/stack/data/venv/lib/python3.12/site-packages/oslo_config/cfg.py:3549}}
Aug 14 06:52:30.374079 np0000007334 devstack@n-api.service[84329]: DEBUG nova.api.openstack.wsgi_app [None req-154dbcdb-7d48-4ae9-9083-13470f768bf7 None None] injected_network_template = /opt/stack/nova/nova/virt/interfaces.template {{(pid=84329) log_opt_values /opt/stack/data/venv/lib/python3.12/site-packages/oslo_config/cfg.py:3549}}
Aug 14 06:52:30.374079 np0000007334 devstack@n-api.service[84329]: DEBUG nova.api.openstack.wsgi_app [None req-154dbcdb-7d48-4ae9-9083-13470f768bf7 None None] instance_build_timeout = 0 {{(pid=84329) log_opt_values /opt/stack/data/venv/lib/python3.12/site-packages/oslo_config/cfg.py:3549}}
Aug 14 06:52:30.374079 np0000007334 devstack@n-api.service[84329]: DEBUG nova.api.openstack.wsgi_app [None req-154dbcdb-7d48-4ae9-9083-13470f768bf7 None None] instance_delete_interval = 300 {{(pid=84329) log_opt_values /opt/stack/data/venv/lib/python3.12/site-packages/oslo_config/cfg.py:3549}}
Aug 14 06:52:30.374214 np0000007334 devstack@n-api.service[84329]: DEBUG nova.api.openstack.wsgi_app [None req-154dbcdb-7d48-4ae9-9083-13470f768bf7 None None] instance_format = [instance: %(uuid)s] {{(pid=84329) log_opt_values /opt/stack/data/venv/lib/python3.12/site-packages/oslo_config/cfg.py:3549}}
Aug 14 06:52:30.374416 np0000007334 devstack@n-api.service[84329]: DEBUG nova.api.openstack.wsgi_app [None req-154dbcdb-7d48-4ae9-9083-13470f768bf7 None None] instance_name_template = instance-%08x {{(pid=84329) log_opt_values /opt/stack/data/venv/lib/python3.12/site-packages/oslo_config/cfg.py:3549}}
Aug 14 06:52:30.374621 np0000007334 devstack@n-api.service[84329]: DEBUG nova.api.openstack.wsgi_app [None req-154dbcdb-7d48-4ae9-9083-13470f768bf7 None None] instance_usage_audit = False {{(pid=84329) log_opt_values /opt/stack/data/venv/lib/python3.12/site-packages/oslo_config/cfg.py:3549}}
Aug 14 06:52:30.374861 np0000007334 devstack@n-api.service[84329]: DEBUG nova.api.openstack.wsgi_app [None req-154dbcdb-7d48-4ae9-9083-13470f768bf7 None None] instance_usage_audit_period = month {{(pid=84329) log_opt_values /opt/stack/data/venv/lib/python3.12/site-packages/oslo_config/cfg.py:3549}}
Aug 14 06:52:30.375067 np0000007334 devstack@n-api.service[84329]: DEBUG nova.api.openstack.wsgi_app [None req-154dbcdb-7d48-4ae9-9083-13470f768bf7 None None] instance_uuid_format = [instance: %(uuid)s] {{(pid=84329) log_opt_values /opt/stack/data/venv/lib/python3.12/site-packages/oslo_config/cfg.py:3549}}
Aug 14 06:52:30.375254 np0000007334 devstack@n-api.service[84329]: DEBUG nova.api.openstack.wsgi_app [None req-154dbcdb-7d48-4ae9-9083-13470f768bf7 None None] instances_path = /opt/stack/data/nova/instances {{(pid=84329) log_opt_values /opt/stack/data/venv/lib/python3.12/site-packages/oslo_config/cfg.py:3549}}
Aug 14 06:52:30.375439 np0000007334 devstack@n-api.service[84329]: DEBUG nova.api.openstack.wsgi_app [None req-154dbcdb-7d48-4ae9-9083-13470f768bf7 None None] internal_service_availability_zone = internal {{(pid=84329) log_opt_values /opt/stack/data/venv/lib/python3.12/site-packages/oslo_config/cfg.py:3549}}
Aug 14 06:52:30.375630 np0000007334 devstack@n-api.service[84329]: DEBUG nova.api.openstack.wsgi_app [None req-154dbcdb-7d48-4ae9-9083-13470f768bf7 None None] key = None {{(pid=84329) log_opt_values /opt/stack/data/venv/lib/python3.12/site-packages/oslo_config/cfg.py:3549}}
Aug 14 06:52:30.375881 np0000007334 devstack@n-api.service[84329]: DEBUG nova.api.openstack.wsgi_app [None req-154dbcdb-7d48-4ae9-9083-13470f768bf7 None None] live_migration_retry_count = 30 {{(pid=84329) log_opt_values /opt/stack/data/venv/lib/python3.12/site-packages/oslo_config/cfg.py:3549}}
Aug 14 06:52:30.376075 np0000007334 devstack@n-api.service[84329]: DEBUG nova.api.openstack.wsgi_app [None req-154dbcdb-7d48-4ae9-9083-13470f768bf7 None None] log_color = False {{(pid=84329) log_opt_values /opt/stack/data/venv/lib/python3.12/site-packages/oslo_config/cfg.py:3549}}
Aug 14 06:52:30.376258 np0000007334 devstack@n-api.service[84329]: DEBUG nova.api.openstack.wsgi_app [None req-154dbcdb-7d48-4ae9-9083-13470f768bf7 None None] log_config_append = None {{(pid=84329) log_opt_values /opt/stack/data/venv/lib/python3.12/site-packages/oslo_config/cfg.py:3549}}
Aug 14 06:52:30.376441 np0000007334 devstack@n-api.service[84329]: DEBUG nova.api.openstack.wsgi_app [None req-154dbcdb-7d48-4ae9-9083-13470f768bf7 None None] log_date_format = %Y-%m-%d %H:%M:%S {{(pid=84329) log_opt_values /opt/stack/data/venv/lib/python3.12/site-packages/oslo_config/cfg.py:3549}}
Aug 14 06:52:30.376656 np0000007334 devstack@n-api.service[84329]: DEBUG nova.api.openstack.wsgi_app [None req-154dbcdb-7d48-4ae9-9083-13470f768bf7 None None] log_dir = None {{(pid=84329) log_opt_values /opt/stack/data/venv/lib/python3.12/site-packages/oslo_config/cfg.py:3549}}
Aug 14 06:52:30.376865 np0000007334 devstack@n-api.service[84329]: DEBUG nova.api.openstack.wsgi_app [None req-154dbcdb-7d48-4ae9-9083-13470f768bf7 None None] log_file = None {{(pid=84329) log_opt_values /opt/stack/data/venv/lib/python3.12/site-packages/oslo_config/cfg.py:3549}}
Aug 14 06:52:30.377039 np0000007334 devstack@n-api.service[84329]: DEBUG nova.api.openstack.wsgi_app [None req-154dbcdb-7d48-4ae9-9083-13470f768bf7 None None] log_options = True {{(pid=84329) log_opt_values /opt/stack/data/venv/lib/python3.12/site-packages/oslo_config/cfg.py:3549}}
Aug 14 06:52:30.377226 np0000007334 devstack@n-api.service[84329]: DEBUG nova.api.openstack.wsgi_app [None req-154dbcdb-7d48-4ae9-9083-13470f768bf7 None None] log_rotate_interval = 1 {{(pid=84329) log_opt_values /opt/stack/data/venv/lib/python3.12/site-packages/oslo_config/cfg.py:3549}}
Aug 14 06:52:30.377421 np0000007334 devstack@n-api.service[84329]: DEBUG nova.api.openstack.wsgi_app [None req-154dbcdb-7d48-4ae9-9083-13470f768bf7 None None] log_rotate_interval_type = days {{(pid=84329) log_opt_values /opt/stack/data/venv/lib/python3.12/site-packages/oslo_config/cfg.py:3549}}
Aug 14 06:52:30.377612 np0000007334 devstack@n-api.service[84329]: DEBUG nova.api.openstack.wsgi_app [None req-154dbcdb-7d48-4ae9-9083-13470f768bf7 None None] log_rotation_type = none {{(pid=84329) log_opt_values /opt/stack/data/venv/lib/python3.12/site-packages/oslo_config/cfg.py:3549}}
Aug 14 06:52:30.377813 np0000007334 devstack@n-api.service[84329]: DEBUG nova.api.openstack.wsgi_app [None req-154dbcdb-7d48-4ae9-9083-13470f768bf7 None None] logging_context_format_string = %(color)s%(levelname)s %(name)s [%(global_request_id)s %(request_id)s %(project_name)s %(user_name)s%(color)s] %(instance)s%(color)s%(message)s {{(pid=84329) log_opt_values /opt/stack/data/venv/lib/python3.12/site-packages/oslo_config/cfg.py:3549}}
Aug 14 06:52:30.377983 np0000007334 devstack@n-api.service[84329]: DEBUG nova.api.openstack.wsgi_app [None req-154dbcdb-7d48-4ae9-9083-13470f768bf7 None None] logging_debug_format_suffix = {{(pid=%(process)d) %(funcName)s %(pathname)s:%(lineno)d}} {{(pid=84329) log_opt_values /opt/stack/data/venv/lib/python3.12/site-packages/oslo_config/cfg.py:3549}}
Aug 14 06:52:30.378194 np0000007334 devstack@n-api.service[84329]: DEBUG nova.api.openstack.wsgi_app [None req-154dbcdb-7d48-4ae9-9083-13470f768bf7 None None] logging_default_format_string = %(color)s%(levelname)s %(name)s [-%(color)s] %(instance)s%(color)s%(message)s {{(pid=84329) log_opt_values /opt/stack/data/venv/lib/python3.12/site-packages/oslo_config/cfg.py:3549}}
Aug 14 06:52:30.378383 np0000007334 devstack@n-api.service[84329]: DEBUG nova.api.openstack.wsgi_app [None req-154dbcdb-7d48-4ae9-9083-13470f768bf7 None None] logging_exception_prefix = ERROR %(name)s %(instance)s {{(pid=84329) log_opt_values /opt/stack/data/venv/lib/python3.12/site-packages/oslo_config/cfg.py:3549}}
Aug 14 06:52:30.378543 np0000007334 devstack@n-api.service[84329]: DEBUG nova.api.openstack.wsgi_app [None req-154dbcdb-7d48-4ae9-9083-13470f768bf7 None None] logging_user_identity_format = %(user)s %(project)s %(domain)s %(system_scope)s %(user_domain)s %(project_domain)s {{(pid=84329) log_opt_values /opt/stack/data/venv/lib/python3.12/site-packages/oslo_config/cfg.py:3549}}
Aug 14 06:52:30.378779 np0000007334 devstack@n-api.service[84329]: DEBUG nova.api.openstack.wsgi_app [None req-154dbcdb-7d48-4ae9-9083-13470f768bf7 None None] long_rpc_timeout = 1800 {{(pid=84329) log_opt_values /opt/stack/data/venv/lib/python3.12/site-packages/oslo_config/cfg.py:3549}}
Aug 14 06:52:30.378967 np0000007334 devstack@n-api.service[84329]: DEBUG nova.api.openstack.wsgi_app [None req-154dbcdb-7d48-4ae9-9083-13470f768bf7 None None] manager_shutdown_timeout = 160 {{(pid=84329) log_opt_values /opt/stack/data/venv/lib/python3.12/site-packages/oslo_config/cfg.py:3549}}
Aug 14 06:52:30.379162 np0000007334 devstack@n-api.service[84329]: DEBUG nova.api.openstack.wsgi_app [None req-154dbcdb-7d48-4ae9-9083-13470f768bf7 None None] max_concurrent_builds = 10 {{(pid=84329) log_opt_values /opt/stack/data/venv/lib/python3.12/site-packages/oslo_config/cfg.py:3549}}
Aug 14 06:52:30.379342 np0000007334 devstack@n-api.service[84329]: DEBUG nova.api.openstack.wsgi_app [None req-154dbcdb-7d48-4ae9-9083-13470f768bf7 None None] max_concurrent_live_migrations = 1 {{(pid=84329) log_opt_values /opt/stack/data/venv/lib/python3.12/site-packages/oslo_config/cfg.py:3549}}
Aug 14 06:52:30.379528 np0000007334 devstack@n-api.service[84329]: DEBUG nova.api.openstack.wsgi_app [None req-154dbcdb-7d48-4ae9-9083-13470f768bf7 None None] max_concurrent_snapshots = 5 {{(pid=84329) log_opt_values /opt/stack/data/venv/lib/python3.12/site-packages/oslo_config/cfg.py:3549}}
Aug 14 06:52:30.379747 np0000007334 devstack@n-api.service[84329]: DEBUG nova.api.openstack.wsgi_app [None req-154dbcdb-7d48-4ae9-9083-13470f768bf7 None None] max_local_block_devices = 3 {{(pid=84329) log_opt_values /opt/stack/data/venv/lib/python3.12/site-packages/oslo_config/cfg.py:3549}}
Aug 14 06:52:30.379948 np0000007334 devstack@n-api.service[84329]: DEBUG nova.api.openstack.wsgi_app [None req-154dbcdb-7d48-4ae9-9083-13470f768bf7 None None] max_logfile_count = 30 {{(pid=84329) log_opt_values /opt/stack/data/venv/lib/python3.12/site-packages/oslo_config/cfg.py:3549}}
Aug 14 06:52:30.380127 np0000007334 devstack@n-api.service[84329]: DEBUG nova.api.openstack.wsgi_app [None req-154dbcdb-7d48-4ae9-9083-13470f768bf7 None None] max_logfile_size_mb = 200 {{(pid=84329) log_opt_values /opt/stack/data/venv/lib/python3.12/site-packages/oslo_config/cfg.py:3549}}
Aug 14 06:52:30.380304 np0000007334 devstack@n-api.service[84329]: DEBUG nova.api.openstack.wsgi_app [None req-154dbcdb-7d48-4ae9-9083-13470f768bf7 None None] maximum_instance_delete_attempts = 5 {{(pid=84329) log_opt_values /opt/stack/data/venv/lib/python3.12/site-packages/oslo_config/cfg.py:3549}}
Aug 14 06:52:30.380497 np0000007334 devstack@n-api.service[84329]: DEBUG nova.api.openstack.wsgi_app [None req-154dbcdb-7d48-4ae9-9083-13470f768bf7 None None] migrate_max_retries = -1 {{(pid=84329) log_opt_values /opt/stack/data/venv/lib/python3.12/site-packages/oslo_config/cfg.py:3549}}
Aug 14 06:52:30.381771 np0000007334 devstack@n-api.service[84330]: DEBUG nova.api.openstack.wsgi_app [None req-ff46f93f-26bc-4ad2-9236-1ff37ef180bc None None] ******************************************************************************** {{(pid=84330) log_opt_values /opt/stack/data/venv/lib/python3.12/site-packages/oslo_config/cfg.py:3533}}
Aug 14 06:52:30.381771 np0000007334 devstack@n-api.service[84330]: DEBUG nova.api.openstack.wsgi_app [None req-ff46f93f-26bc-4ad2-9236-1ff37ef180bc None None] Configuration options gathered from: {{(pid=84330) log_opt_values /opt/stack/data/venv/lib/python3.12/site-packages/oslo_config/cfg.py:3534}}
Aug 14 06:52:30.382195 np0000007334 devstack@n-api.service[84329]: DEBUG nova.api.openstack.wsgi_app [None req-154dbcdb-7d48-4ae9-9083-13470f768bf7 None None] mkisofs_cmd = genisoimage {{(pid=84329) log_opt_values /opt/stack/data/venv/lib/python3.12/site-packages/oslo_config/cfg.py:3549}}
Aug 14 06:52:30.382195 np0000007334 devstack@n-api.service[84329]: DEBUG nova.api.openstack.wsgi_app [None req-154dbcdb-7d48-4ae9-9083-13470f768bf7 None None] my_block_storage_ip = 10.4.3.13 {{(pid=84329) log_opt_values /opt/stack/data/venv/lib/python3.12/site-packages/oslo_config/cfg.py:3549}}
Aug 14 06:52:30.382195 np0000007334 devstack@n-api.service[84329]: DEBUG nova.api.openstack.wsgi_app [None req-154dbcdb-7d48-4ae9-9083-13470f768bf7 None None] my_ip = 10.4.3.13 {{(pid=84329) log_opt_values /opt/stack/data/venv/lib/python3.12/site-packages/oslo_config/cfg.py:3549}}
