May 27 02:54:30.552377 np0000001472 neutron-periodic-workers[88953]: DEBUG cotyledon.oslo_config_glue [-] database.use_db_reconnect = False {{(pid=88953) log_opt_values /opt/stack/data/venv/lib/python3.12/site-packages/oslo_config/cfg.py:3256}}
May 27 02:54:30.552439 np0000001472 neutron-periodic-workers[88953]: DEBUG cotyledon.oslo_config_glue [-] ovn.bfd_min_rx = 1000 {{(pid=88953) log_opt_values /opt/stack/data/venv/lib/python3.12/site-packages/oslo_config/cfg.py:3256}}
May 27 02:54:30.552474 np0000001472 neutron-periodic-workers[88953]: DEBUG cotyledon.oslo_config_glue [-] ovn.bfd_min_tx = 100 {{(pid=88953) log_opt_values /opt/stack/data/venv/lib/python3.12/site-packages/oslo_config/cfg.py:3256}}
May 27 02:54:30.552518 np0000001472 neutron-periodic-workers[88953]: DEBUG cotyledon.oslo_config_glue [-] ovn.bfd_mult = 3 {{(pid=88953) log_opt_values /opt/stack/data/venv/lib/python3.12/site-packages/oslo_config/cfg.py:3256}}
May 27 02:54:30.552558 np0000001472 neutron-periodic-workers[88953]: DEBUG cotyledon.oslo_config_glue [-] ovn.broadcast_arps_to_all_routers = True {{(pid=88953) log_opt_values /opt/stack/data/venv/lib/python3.12/site-packages/oslo_config/cfg.py:3256}}
May 27 02:54:30.552596 np0000001472 neutron-periodic-workers[88953]: DEBUG cotyledon.oslo_config_glue [-] ovn.dhcp_default_lease_time = 43200 {{(pid=88953) log_opt_values /opt/stack/data/venv/lib/python3.12/site-packages/oslo_config/cfg.py:3256}}
May 27 02:54:30.552645 np0000001472 neutron-periodic-workers[88953]: DEBUG cotyledon.oslo_config_glue [-] ovn.disable_ovn_dhcp_for_baremetal_ports = False {{(pid=88953) log_opt_values /opt/stack/data/venv/lib/python3.12/site-packages/oslo_config/cfg.py:3256}}
May 27 02:54:30.552682 np0000001472 neutron-periodic-workers[88953]: DEBUG cotyledon.oslo_config_glue [-] ovn.dns_records_ovn_owned = False {{(pid=88953) log_opt_values /opt/stack/data/venv/lib/python3.12/site-packages/oslo_config/cfg.py:3256}}
May 27 02:54:30.552709 np0000001472 neutron-periodic-workers[88953]: DEBUG cotyledon.oslo_config_glue [-] ovn.dns_servers = [] {{(pid=88953) log_opt_values /opt/stack/data/venv/lib/python3.12/site-packages/oslo_config/cfg.py:3256}}
May 27 02:54:30.552741 np0000001472 neutron-periodic-workers[88953]: DEBUG cotyledon.oslo_config_glue [-] ovn.enable_distributed_floating_ip = False {{(pid=88953) log_opt_values /opt/stack/data/venv/lib/python3.12/site-packages/oslo_config/cfg.py:3256}}
May 27 02:54:30.552767 np0000001472 neutron-periodic-workers[88953]: DEBUG cotyledon.oslo_config_glue [-] ovn.fdb_age_threshold = 300 {{(pid=88953) log_opt_values /opt/stack/data/venv/lib/python3.12/site-packages/oslo_config/cfg.py:3256}}
May 27 02:54:30.552819 np0000001472 neutron-periodic-workers[88953]: DEBUG cotyledon.oslo_config_glue [-] ovn.ha_failover_strategy = normal {{(pid=88953) log_opt_values /opt/stack/data/venv/lib/python3.12/site-packages/oslo_config/cfg.py:3256}}
May 27 02:54:30.552847 np0000001472 neutron-periodic-workers[88953]: DEBUG cotyledon.oslo_config_glue [-] ovn.live_migration_activation_strategy = rarp {{(pid=88953) log_opt_values /opt/stack/data/venv/lib/python3.12/site-packages/oslo_config/cfg.py:3256}}
May 27 02:54:30.552890 np0000001472 neutron-periodic-workers[88953]: DEBUG cotyledon.oslo_config_glue [-] ovn.localnet_learn_fdb = False {{(pid=88953) log_opt_values /opt/stack/data/venv/lib/python3.12/site-packages/oslo_config/cfg.py:3256}}
May 27 02:54:30.552935 np0000001472 neutron-periodic-workers[88953]: DEBUG cotyledon.oslo_config_glue [-] ovn.mac_binding_age_threshold = 300 {{(pid=88953) log_opt_values /opt/stack/data/venv/lib/python3.12/site-packages/oslo_config/cfg.py:3256}}
May 27 02:54:30.552984 np0000001472 neutron-periodic-workers[88953]: DEBUG cotyledon.oslo_config_glue [-] ovn.neutron_sync_mode = log {{(pid=88953) log_opt_values /opt/stack/data/venv/lib/python3.12/site-packages/oslo_config/cfg.py:3256}}
May 27 02:54:30.553026 np0000001472 neutron-periodic-workers[88953]: DEBUG cotyledon.oslo_config_glue [-] ovn.ovn_dhcp4_global_options = {} {{(pid=88953) log_opt_values /opt/stack/data/venv/lib/python3.12/site-packages/oslo_config/cfg.py:3256}}
May 27 02:54:30.553055 np0000001472 neutron-periodic-workers[88953]: DEBUG cotyledon.oslo_config_glue [-] ovn.ovn_dhcp6_global_options = {} {{(pid=88953) log_opt_values /opt/stack/data/venv/lib/python3.12/site-packages/oslo_config/cfg.py:3256}}
May 27 02:54:30.553100 np0000001472 neutron-periodic-workers[88953]: DEBUG cotyledon.oslo_config_glue [-] ovn.ovn_l3_scheduler = leastloaded {{(pid=88953) log_opt_values /opt/stack/data/venv/lib/python3.12/site-packages/oslo_config/cfg.py:3256}}
May 27 02:54:30.553138 np0000001472 neutron-periodic-workers[88953]: DEBUG cotyledon.oslo_config_glue [-] ovn.ovn_metadata_enabled = True {{(pid=88953) log_opt_values /opt/stack/data/venv/lib/python3.12/site-packages/oslo_config/cfg.py:3256}}
May 27 02:54:30.553181 np0000001472 neutron-periodic-workers[88953]: DEBUG cotyledon.oslo_config_glue [-] ovn.ovn_nb_ca_cert = /opt/stack/data/CA/int-ca/ca-chain.pem {{(pid=88953) log_opt_values /opt/stack/data/venv/lib/python3.12/site-packages/oslo_config/cfg.py:3256}}
May 27 02:54:30.553236 np0000001472 neutron-periodic-workers[88953]: DEBUG cotyledon.oslo_config_glue [-] ovn.ovn_nb_certificate = /opt/stack/data/CA/int-ca/devstack-cert.crt {{(pid=88953) log_opt_values /opt/stack/data/venv/lib/python3.12/site-packages/oslo_config/cfg.py:3256}}
May 27 02:54:30.553305 np0000001472 neutron-periodic-workers[88953]: DEBUG cotyledon.oslo_config_glue [-] ovn.ovn_nb_connection = ['ssl:10.4.3.26:6641'] {{(pid=88953) log_opt_values /opt/stack/data/venv/lib/python3.12/site-packages/oslo_config/cfg.py:3256}}
May 27 02:54:30.553347 np0000001472 neutron-periodic-workers[88953]: DEBUG cotyledon.oslo_config_glue [-] ovn.ovn_nb_private_key = /opt/stack/data/CA/int-ca/private/devstack-cert.key {{(pid=88953) log_opt_values /opt/stack/data/venv/lib/python3.12/site-packages/oslo_config/cfg.py:3256}}
May 27 02:54:30.553387 np0000001472 neutron-periodic-workers[88953]: DEBUG cotyledon.oslo_config_glue [-] ovn.ovn_router_indirect_snat = False {{(pid=88953) log_opt_values /opt/stack/data/venv/lib/python3.12/site-packages/oslo_config/cfg.py:3256}}
May 27 02:54:30.553426 np0000001472 neutron-periodic-workers[88953]: DEBUG cotyledon.oslo_config_glue [-] ovn.ovn_sb_ca_cert = /opt/stack/data/CA/int-ca/ca-chain.pem {{(pid=88953) log_opt_values /opt/stack/data/venv/lib/python3.12/site-packages/oslo_config/cfg.py:3256}}
May 27 02:54:30.553465 np0000001472 neutron-periodic-workers[88953]: DEBUG cotyledon.oslo_config_glue [-] ovn.ovn_sb_certificate = /opt/stack/data/CA/int-ca/devstack-cert.crt {{(pid=88953) log_opt_values /opt/stack/data/venv/lib/python3.12/site-packages/oslo_config/cfg.py:3256}}
May 27 02:54:30.553499 np0000001472 neutron-periodic-workers[88953]: DEBUG cotyledon.oslo_config_glue [-] ovn.ovn_sb_connection = ['ssl:10.4.3.26:6642'] {{(pid=88953) log_opt_values /opt/stack/data/venv/lib/python3.12/site-packages/oslo_config/cfg.py:3256}}
May 27 02:54:30.553528 np0000001472 neutron-periodic-workers[88953]: DEBUG cotyledon.oslo_config_glue [-] ovn.ovn_sb_private_key = /opt/stack/data/CA/int-ca/private/devstack-cert.key {{(pid=88953) log_opt_values /opt/stack/data/venv/lib/python3.12/site-packages/oslo_config/cfg.py:3256}}
May 27 02:54:30.553561 np0000001472 neutron-periodic-workers[88953]: DEBUG cotyledon.oslo_config_glue [-] ovn.ovs_create_tap = False {{(pid=88953) log_opt_values /opt/stack/data/venv/lib/python3.12/site-packages/oslo_config/cfg.py:3256}}
May 27 02:54:30.553598 np0000001472 neutron-periodic-workers[88953]: DEBUG cotyledon.oslo_config_glue [-] ovn.ovsdb_connection_timeout = 180 {{(pid=88953) log_opt_values /opt/stack/data/venv/lib/python3.12/site-packages/oslo_config/cfg.py:3256}}
May 27 02:54:30.553626 np0000001472 neutron-periodic-workers[88953]: DEBUG cotyledon.oslo_config_glue [-] ovn.ovsdb_log_level = INFO {{(pid=88953) log_opt_values /opt/stack/data/venv/lib/python3.12/site-packages/oslo_config/cfg.py:3256}}
May 27 02:54:30.553657 np0000001472 neutron-periodic-workers[88953]: DEBUG cotyledon.oslo_config_glue [-] ovn.ovsdb_probe_interval = 60000 {{(pid=88953) log_opt_values /opt/stack/data/venv/lib/python3.12/site-packages/oslo_config/cfg.py:3256}}
May 27 02:54:30.553697 np0000001472 neutron-periodic-workers[88953]: DEBUG cotyledon.oslo_config_glue [-] ovn.ovsdb_retry_max_interval = 180 {{(pid=88953) log_opt_values /opt/stack/data/venv/lib/python3.12/site-packages/oslo_config/cfg.py:3256}}
May 27 02:54:30.553724 np0000001472 neutron-periodic-workers[88953]: DEBUG cotyledon.oslo_config_glue [-] ovn.stateless_nat_enabled = False {{(pid=88953) log_opt_values /opt/stack/data/venv/lib/python3.12/site-packages/oslo_config/cfg.py:3256}}
May 27 02:54:30.553778 np0000001472 neutron-periodic-workers[88953]: DEBUG cotyledon.oslo_config_glue [-] ovn.vhost_sock_dir = /var/run/openvswitch {{(pid=88953) log_opt_values /opt/stack/data/venv/lib/python3.12/site-packages/oslo_config/cfg.py:3256}}
May 27 02:54:30.553854 np0000001472 neutron-periodic-workers[88953]: DEBUG cotyledon.oslo_config_glue [-] OVS.bridge_mac_table_size = 50000 {{(pid=88953) log_opt_values /opt/stack/data/venv/lib/python3.12/site-packages/oslo_config/cfg.py:3256}}
May 27 02:54:30.553898 np0000001472 neutron-periodic-workers[88953]: DEBUG cotyledon.oslo_config_glue [-] OVS.igmp_flood = False {{(pid=88953) log_opt_values /opt/stack/data/venv/lib/python3.12/site-packages/oslo_config/cfg.py:3256}}
May 27 02:54:30.553953 np0000001472 neutron-periodic-workers[88953]: DEBUG cotyledon.oslo_config_glue [-] OVS.igmp_flood_reports = True {{(pid=88953) log_opt_values /opt/stack/data/venv/lib/python3.12/site-packages/oslo_config/cfg.py:3256}}
May 27 02:54:30.554013 np0000001472 neutron-periodic-workers[88953]: DEBUG cotyledon.oslo_config_glue [-] OVS.igmp_flood_unregistered = False {{(pid=88953) log_opt_values /opt/stack/data/venv/lib/python3.12/site-packages/oslo_config/cfg.py:3256}}
May 27 02:54:30.554062 np0000001472 neutron-periodic-workers[88953]: DEBUG cotyledon.oslo_config_glue [-] OVS.igmp_snooping_enable = False {{(pid=88953) log_opt_values /opt/stack/data/venv/lib/python3.12/site-packages/oslo_config/cfg.py:3256}}
May 27 02:54:30.554117 np0000001472 neutron-periodic-workers[88953]: DEBUG cotyledon.oslo_config_glue [-] OVS.ovsdb_timeout = 10 {{(pid=88953) log_opt_values /opt/stack/data/venv/lib/python3.12/site-packages/oslo_config/cfg.py:3256}}
May 27 02:54:30.554149 np0000001472 neutron-periodic-workers[88953]: DEBUG cotyledon.oslo_config_glue [-] ovn_nb_global.fdb_removal_limit = 0 {{(pid=88953) log_opt_values /opt/stack/data/venv/lib/python3.12/site-packages/oslo_config/cfg.py:3256}}
May 27 02:54:30.554199 np0000001472 neutron-periodic-workers[88953]: DEBUG cotyledon.oslo_config_glue [-] ovn_nb_global.ignore_lsp_down = False {{(pid=88953) log_opt_values /opt/stack/data/venv/lib/python3.12/site-packages/oslo_config/cfg.py:3256}}
May 27 02:54:30.554256 np0000001472 neutron-periodic-workers[88953]: DEBUG cotyledon.oslo_config_glue [-] ovn_nb_global.mac_binding_removal_limit = 0 {{(pid=88953) log_opt_values /opt/stack/data/venv/lib/python3.12/site-packages/oslo_config/cfg.py:3256}}
May 27 02:54:30.554302 np0000001472 neutron-periodic-workers[88953]: DEBUG cotyledon.oslo_config_glue [-] ******************************************************************************** {{(pid=88953) log_opt_values /opt/stack/data/venv/lib/python3.12/site-packages/oslo_config/cfg.py:3263}}
May 27 02:54:30.554691 np0000001472 neutron-periodic-workers[88953]: DEBUG cotyledon._service_worker [-] Run service ServiceWrapper(0) [88953] {{(pid=88953) wait_forever /opt/stack/data/venv/lib/python3.12/site-packages/cotyledon/_service_worker.py:218}}
May 27 02:54:40.207770 np0000001472 neutron-periodic-workers[88066]: DEBUG dbcounter [-] [88066] Writing DB stats neutron:SELECT=4 {{(pid=88066) stat_writer /opt/stack/data/venv/lib/python3.12/site-packages/dbcounter.py:115}}
May 27 02:55:13.534389 np0000001472 neutron-periodic-workers[88937]: DEBUG oslo_db.sqlalchemy.engines [None req-19616f14-6c9c-4d44-9bed-4d5b599f94d5 None None] Parent process 88066 forked (88937) with an open database connection, which is being discarded and recreated. {{(pid=88937) checkout /opt/stack/data/venv/lib/python3.12/site-packages/oslo_db/sqlalchemy/engines.py:402}}
May 27 02:55:13.578563 np0000001472 neutron-periodic-workers[88937]: DEBUG dbcounter [-] [88937] Writer thread running {{(pid=88937) stat_writer /opt/stack/data/venv/lib/python3.12/site-packages/dbcounter.py:102}}
May 27 02:55:13.587136 np0000001472 neutron-periodic-workers[88937]: DEBUG oslo.service.backend._threading.loopingcall [None req-19616f14-6c9c-4d44-9bed-4d5b599f94d5 None None] Fixed interval looping call 'neutron.plugins.ml2.plugin.DhcpAgentSchedulerDbMixin.remove_networks_from_down_agents' sleeping for 36.94 seconds {{(pid=88937) _run_loop /opt/stack/data/venv/lib/python3.12/site-packages/oslo_service/backend/_threading/loopingcall.py:125}}
May 27 02:55:17.609367 np0000001472 neutron-periodic-workers[88923]: DEBUG dbcounter [-] [88923] Writer thread running {{(pid=88923) stat_writer /opt/stack/data/venv/lib/python3.12/site-packages/dbcounter.py:102}}
May 27 02:55:17.618402 np0000001472 neutron-periodic-workers[88923]: DEBUG oslo.service.backend._threading.loopingcall [None req-764734d8-82d2-4f93-bc3d-015a63b0fc5d None None] Fixed interval looping call 'neutron.services.ovn_l3.plugin.L3_NAT_dbonly_mixin._clean_garbage' sleeping for 299.93 seconds {{(pid=88923) _run_loop /opt/stack/data/venv/lib/python3.12/site-packages/oslo_service/backend/_threading/loopingcall.py:125}}
May 27 02:55:20.583920 np0000001472 neutron-periodic-workers[88947]: DEBUG dbcounter [-] [88947] Writer thread running {{(pid=88947) stat_writer /opt/stack/data/venv/lib/python3.12/site-packages/dbcounter.py:102}}
May 27 02:55:20.587047 np0000001472 neutron-periodic-workers[88947]: DEBUG neutron.db.agents_db [None req-8bf83cf0-be94-404a-8438-25fa4eab29d7 None None] Agent healthcheck: found 0 active agents {{(pid=88947) agent_health_check /opt/stack/neutron/neutron/db/agents_db.py:322}}
May 27 02:55:20.587248 np0000001472 neutron-periodic-workers[88947]: DEBUG oslo.service.backend._threading.loopingcall [None req-8bf83cf0-be94-404a-8438-25fa4eab29d7 None None] Fixed interval looping call 'neutron.plugins.ml2.plugin.AgentDbMixin.agent_health_check' sleeping for 36.95 seconds {{(pid=88947) _run_loop /opt/stack/data/venv/lib/python3.12/site-packages/oslo_service/backend/_threading/loopingcall.py:125}}
May 27 02:55:23.586077 np0000001472 neutron-periodic-workers[88937]: DEBUG dbcounter [-] [88937] Writing DB stats neutron:SELECT=3 {{(pid=88937) stat_writer /opt/stack/data/venv/lib/python3.12/site-packages/dbcounter.py:115}}
May 27 02:55:30.584324 np0000001472 neutron-periodic-workers[88947]: DEBUG dbcounter [-] [88947] Writing DB stats neutron:SELECT=1 {{(pid=88947) stat_writer /opt/stack/data/venv/lib/python3.12/site-packages/dbcounter.py:115}}
May 27 02:55:37.609803 np0000001472 neutron-periodic-workers[88923]: DEBUG dbcounter [-] [88923] Writing DB stats neutron:SELECT=1 {{(pid=88923) stat_writer /opt/stack/data/venv/lib/python3.12/site-packages/dbcounter.py:115}}
May 27 02:55:50.533638 np0000001472 neutron-periodic-workers[88937]: DEBUG oslo.service.backend._threading.loopingcall [None req-19616f14-6c9c-4d44-9bed-4d5b599f94d5 None None] Fixed interval looping call 'neutron.plugins.ml2.plugin.DhcpAgentSchedulerDbMixin.remove_networks_from_down_agents' sleeping for 36.99 seconds {{(pid=88937) _run_loop /opt/stack/data/venv/lib/python3.12/site-packages/oslo_service/backend/_threading/loopingcall.py:125}}
May 27 02:55:57.540688 np0000001472 neutron-periodic-workers[88947]: DEBUG neutron.db.agents_db [None req-8bf83cf0-be94-404a-8438-25fa4eab29d7 None None] Agent healthcheck: found 0 active agents {{(pid=88947) agent_health_check /opt/stack/neutron/neutron/db/agents_db.py:322}}
May 27 02:55:57.541295 np0000001472 neutron-periodic-workers[88947]: DEBUG oslo.service.backend._threading.loopingcall [None req-8bf83cf0-be94-404a-8438-25fa4eab29d7 None None] Fixed interval looping call 'neutron.plugins.ml2.plugin.AgentDbMixin.agent_health_check' sleeping for 37.00 seconds {{(pid=88947) _run_loop /opt/stack/data/venv/lib/python3.12/site-packages/oslo_service/backend/_threading/loopingcall.py:125}}
May 27 02:56:00.533045 np0000001472 neutron-periodic-workers[88937]: DEBUG dbcounter [-] [88937] Writing DB stats neutron:SELECT=3 {{(pid=88937) stat_writer /opt/stack/data/venv/lib/python3.12/site-packages/dbcounter.py:115}}
May 27 02:56:07.539867 np0000001472 neutron-periodic-workers[88947]: DEBUG dbcounter [-] [88947] Writing DB stats neutron:SELECT=1 {{(pid=88947) stat_writer /opt/stack/data/venv/lib/python3.12/site-packages/dbcounter.py:115}}
May 27 02:56:27.532045 np0000001472 neutron-periodic-workers[88937]: DEBUG oslo.service.backend._threading.loopingcall [None req-19616f14-6c9c-4d44-9bed-4d5b599f94d5 None None] Fixed interval looping call 'neutron.plugins.ml2.plugin.DhcpAgentSchedulerDbMixin.remove_networks_from_down_agents' sleeping for 36.99 seconds {{(pid=88937) _run_loop /opt/stack/data/venv/lib/python3.12/site-packages/oslo_service/backend/_threading/loopingcall.py:125}}
May 27 02:56:30.595028 np0000001472 neutron-periodic-workers[88953]: DEBUG dbcounter [-] [88953] Writer thread running {{(pid=88953) stat_writer /opt/stack/data/venv/lib/python3.12/site-packages/dbcounter.py:102}}
May 27 02:56:30.596678 np0000001472 neutron-periodic-workers[88953]: DEBUG oslo.service.backend._threading.loopingcall [None req-54a3bc4e-21ce-4a7e-98a4-849c091507dd None None] Fixed interval looping call 'neutron.db.quota.driver_nolock.DbQuotaNoLockDriver._remove_expired_reservations' sleeping for 119.96 seconds {{(pid=88953) _run_loop /opt/stack/data/venv/lib/python3.12/site-packages/oslo_service/backend/_threading/loopingcall.py:125}}
May 27 02:56:34.544573 np0000001472 neutron-periodic-workers[88947]: DEBUG neutron.db.agents_db [None req-8bf83cf0-be94-404a-8438-25fa4eab29d7 None None] Agent healthcheck: found 0 active agents {{(pid=88947) agent_health_check /opt/stack/neutron/neutron/db/agents_db.py:322}}
May 27 02:56:34.545101 np0000001472 neutron-periodic-workers[88947]: DEBUG oslo.service.backend._threading.loopingcall [None req-8bf83cf0-be94-404a-8438-25fa4eab29d7 None None] Fixed interval looping call 'neutron.plugins.ml2.plugin.AgentDbMixin.agent_health_check' sleeping for 37.00 seconds {{(pid=88947) _run_loop /opt/stack/data/venv/lib/python3.12/site-packages/oslo_service/backend/_threading/loopingcall.py:125}}
May 27 02:56:37.531342 np0000001472 neutron-periodic-workers[88937]: DEBUG dbcounter [-] [88937] Writing DB stats neutron:SELECT=3 {{(pid=88937) stat_writer /opt/stack/data/venv/lib/python3.12/site-packages/dbcounter.py:115}}
May 27 02:56:40.595466 np0000001472 neutron-periodic-workers[88953]: DEBUG dbcounter [-] [88953] Writing DB stats neutron:DELETE=1 {{(pid=88953) stat_writer /opt/stack/data/venv/lib/python3.12/site-packages/dbcounter.py:115}}
May 27 02:56:44.543548 np0000001472 neutron-periodic-workers[88947]: DEBUG dbcounter [-] [88947] Writing DB stats neutron:SELECT=1 {{(pid=88947) stat_writer /opt/stack/data/venv/lib/python3.12/site-packages/dbcounter.py:115}}
May 27 02:57:04.528771 np0000001472 neutron-periodic-workers[88937]: DEBUG oslo.service.backend._threading.loopingcall [None req-19616f14-6c9c-4d44-9bed-4d5b599f94d5 None None] Fixed interval looping call 'neutron.plugins.ml2.plugin.DhcpAgentSchedulerDbMixin.remove_networks_from_down_agents' sleeping for 36.99 seconds {{(pid=88937) _run_loop /opt/stack/data/venv/lib/python3.12/site-packages/oslo_service/backend/_threading/loopingcall.py:125}}
May 27 02:57:11.548705 np0000001472 neutron-periodic-workers[88947]: DEBUG neutron.db.agents_db [None req-8bf83cf0-be94-404a-8438-25fa4eab29d7 None None] Agent healthcheck: found 0 active agents {{(pid=88947) agent_health_check /opt/stack/neutron/neutron/db/agents_db.py:322}}
May 27 02:57:11.548705 np0000001472 neutron-periodic-workers[88947]: DEBUG oslo.service.backend._threading.loopingcall [None req-8bf83cf0-be94-404a-8438-25fa4eab29d7 None None] Fixed interval looping call 'neutron.plugins.ml2.plugin.AgentDbMixin.agent_health_check' sleeping for 37.00 seconds {{(pid=88947) _run_loop /opt/stack/data/venv/lib/python3.12/site-packages/oslo_service/backend/_threading/loopingcall.py:125}}
May 27 02:57:14.527803 np0000001472 neutron-periodic-workers[88937]: DEBUG dbcounter [-] [88937] Writing DB stats neutron:SELECT=3 {{(pid=88937) stat_writer /opt/stack/data/venv/lib/python3.12/site-packages/dbcounter.py:115}}
May 27 02:57:21.549015 np0000001472 neutron-periodic-workers[88947]: DEBUG dbcounter [-] [88947] Writing DB stats neutron:SELECT=1 {{(pid=88947) stat_writer /opt/stack/data/venv/lib/python3.12/site-packages/dbcounter.py:115}}
May 27 02:57:41.531926 np0000001472 neutron-periodic-workers[88937]: DEBUG oslo.service.backend._threading.loopingcall [None req-19616f14-6c9c-4d44-9bed-4d5b599f94d5 None None] Fixed interval looping call 'neutron.plugins.ml2.plugin.DhcpAgentSchedulerDbMixin.remove_networks_from_down_agents' sleeping for 36.99 seconds {{(pid=88937) _run_loop /opt/stack/data/venv/lib/python3.12/site-packages/oslo_service/backend/_threading/loopingcall.py:125}}
May 27 02:57:48.552039 np0000001472 neutron-periodic-workers[88947]: DEBUG neutron.db.agents_db [None req-8bf83cf0-be94-404a-8438-25fa4eab29d7 None None] Agent healthcheck: found 0 active agents {{(pid=88947) agent_health_check /opt/stack/neutron/neutron/db/agents_db.py:322}}
May 27 02:57:48.552517 np0000001472 neutron-periodic-workers[88947]: DEBUG oslo.service.backend._threading.loopingcall [None req-8bf83cf0-be94-404a-8438-25fa4eab29d7 None None] Fixed interval looping call 'neutron.plugins.ml2.plugin.AgentDbMixin.agent_health_check' sleeping for 37.00 seconds {{(pid=88947) _run_loop /opt/stack/data/venv/lib/python3.12/site-packages/oslo_service/backend/_threading/loopingcall.py:125}}
May 27 02:57:51.531341 np0000001472 neutron-periodic-workers[88937]: DEBUG dbcounter [-] [88937] Writing DB stats neutron:SELECT=3 {{(pid=88937) stat_writer /opt/stack/data/venv/lib/python3.12/site-packages/dbcounter.py:115}}
May 27 02:57:58.551103 np0000001472 neutron-periodic-workers[88947]: DEBUG dbcounter [-] [88947] Writing DB stats neutron:SELECT=1 {{(pid=88947) stat_writer /opt/stack/data/venv/lib/python3.12/site-packages/dbcounter.py:115}}
May 27 02:58:18.528461 np0000001472 neutron-periodic-workers[88937]: DEBUG oslo.service.backend._threading.loopingcall [None req-19616f14-6c9c-4d44-9bed-4d5b599f94d5 None None] Fixed interval looping call 'neutron.plugins.ml2.plugin.DhcpAgentSchedulerDbMixin.remove_networks_from_down_agents' sleeping for 36.99 seconds {{(pid=88937) _run_loop /opt/stack/data/venv/lib/python3.12/site-packages/oslo_service/backend/_threading/loopingcall.py:125}}
May 27 02:58:25.556991 np0000001472 neutron-periodic-workers[88947]: DEBUG neutron.db.agents_db [None req-8bf83cf0-be94-404a-8438-25fa4eab29d7 None None] Agent healthcheck: found 0 active agents {{(pid=88947) agent_health_check /opt/stack/neutron/neutron/db/agents_db.py:322}}
May 27 02:58:25.558140 np0000001472 neutron-periodic-workers[88947]: DEBUG oslo.service.backend._threading.loopingcall [None req-8bf83cf0-be94-404a-8438-25fa4eab29d7 None None] Fixed interval looping call 'neutron.plugins.ml2.plugin.AgentDbMixin.agent_health_check' sleeping for 37.00 seconds {{(pid=88947) _run_loop /opt/stack/data/venv/lib/python3.12/site-packages/oslo_service/backend/_threading/loopingcall.py:125}}
May 27 02:58:28.528003 np0000001472 neutron-periodic-workers[88937]: DEBUG dbcounter [-] [88937] Writing DB stats neutron:SELECT=3 {{(pid=88937) stat_writer /opt/stack/data/venv/lib/python3.12/site-packages/dbcounter.py:115}}
May 27 02:58:30.572692 np0000001472 neutron-periodic-workers[88953]: DEBUG oslo.service.backend._threading.loopingcall [None req-54a3bc4e-21ce-4a7e-98a4-849c091507dd None None] Fixed interval looping call 'neutron.db.quota.driver_nolock.DbQuotaNoLockDriver._remove_expired_reservations' sleeping for 119.98 seconds {{(pid=88953) _run_loop /opt/stack/data/venv/lib/python3.12/site-packages/oslo_service/backend/_threading/loopingcall.py:125}}
May 27 02:58:35.555497 np0000001472 neutron-periodic-workers[88947]: DEBUG dbcounter [-] [88947] Writing DB stats neutron:SELECT=1 {{(pid=88947) stat_writer /opt/stack/data/venv/lib/python3.12/site-packages/dbcounter.py:115}}
May 27 02:58:40.572328 np0000001472 neutron-periodic-workers[88953]: DEBUG dbcounter [-] [88953] Writing DB stats neutron:DELETE=1 {{(pid=88953) stat_writer /opt/stack/data/venv/lib/python3.12/site-packages/dbcounter.py:115}}
May 27 02:58:55.533987 np0000001472 neutron-periodic-workers[88937]: DEBUG oslo.service.backend._threading.loopingcall [None req-19616f14-6c9c-4d44-9bed-4d5b599f94d5 None None] Fixed interval looping call 'neutron.plugins.ml2.plugin.DhcpAgentSchedulerDbMixin.remove_networks_from_down_agents' sleeping for 36.98 seconds {{(pid=88937) _run_loop /opt/stack/data/venv/lib/python3.12/site-packages/oslo_service/backend/_threading/loopingcall.py:125}}
May 27 02:59:02.560700 np0000001472 neutron-periodic-workers[88947]: DEBUG neutron.db.agents_db [None req-8bf83cf0-be94-404a-8438-25fa4eab29d7 None None] Agent healthcheck: found 0 active agents {{(pid=88947) agent_health_check /opt/stack/neutron/neutron/db/agents_db.py:322}}
May 27 02:59:02.561275 np0000001472 neutron-periodic-workers[88947]: DEBUG oslo.service.backend._threading.loopingcall [None req-8bf83cf0-be94-404a-8438-25fa4eab29d7 None None] Fixed interval looping call 'neutron.plugins.ml2.plugin.AgentDbMixin.agent_health_check' sleeping for 37.00 seconds {{(pid=88947) _run_loop /opt/stack/data/venv/lib/python3.12/site-packages/oslo_service/backend/_threading/loopingcall.py:125}}
May 27 02:59:05.533536 np0000001472 neutron-periodic-workers[88937]: DEBUG dbcounter [-] [88937] Writing DB stats neutron:SELECT=3 {{(pid=88937) stat_writer /opt/stack/data/venv/lib/python3.12/site-packages/dbcounter.py:115}}
May 27 02:59:12.559896 np0000001472 neutron-periodic-workers[88947]: DEBUG dbcounter [-] [88947] Writing DB stats neutron:SELECT=1 {{(pid=88947) stat_writer /opt/stack/data/venv/lib/python3.12/site-packages/dbcounter.py:115}}
May 27 02:59:32.529607 np0000001472 neutron-periodic-workers[88937]: DEBUG oslo.service.backend._threading.loopingcall [None req-19616f14-6c9c-4d44-9bed-4d5b599f94d5 None None] Fixed interval looping call 'neutron.plugins.ml2.plugin.DhcpAgentSchedulerDbMixin.remove_networks_from_down_agents' sleeping for 36.98 seconds {{(pid=88937) _run_loop /opt/stack/data/venv/lib/python3.12/site-packages/oslo_service/backend/_threading/loopingcall.py:125}}
May 27 02:59:39.569944 np0000001472 neutron-periodic-workers[88947]: DEBUG neutron.db.agents_db [None req-8bf83cf0-be94-404a-8438-25fa4eab29d7 None None] Agent healthcheck: found 0 active agents {{(pid=88947) agent_health_check /opt/stack/neutron/neutron/db/agents_db.py:322}}
May 27 02:59:39.570617 np0000001472 neutron-periodic-workers[88947]: DEBUG oslo.service.backend._threading.loopingcall [None req-8bf83cf0-be94-404a-8438-25fa4eab29d7 None None] Fixed interval looping call 'neutron.plugins.ml2.plugin.AgentDbMixin.agent_health_check' sleeping for 36.99 seconds {{(pid=88947) _run_loop /opt/stack/data/venv/lib/python3.12/site-packages/oslo_service/backend/_threading/loopingcall.py:125}}
May 27 02:59:42.530761 np0000001472 neutron-periodic-workers[88937]: DEBUG dbcounter [-] [88937] Writing DB stats neutron:SELECT=3 {{(pid=88937) stat_writer /opt/stack/data/venv/lib/python3.12/site-packages/dbcounter.py:115}}
May 27 02:59:49.566103 np0000001472 neutron-periodic-workers[88947]: DEBUG dbcounter [-] [88947] Writing DB stats neutron:SELECT=1 {{(pid=88947) stat_writer /opt/stack/data/venv/lib/python3.12/site-packages/dbcounter.py:115}}
May 27 03:00:09.526287 np0000001472 neutron-periodic-workers[88937]: DEBUG oslo.service.backend._threading.loopingcall [None req-19616f14-6c9c-4d44-9bed-4d5b599f94d5 None None] Fixed interval looping call 'neutron.plugins.ml2.plugin.DhcpAgentSchedulerDbMixin.remove_networks_from_down_agents' sleeping for 36.98 seconds {{(pid=88937) _run_loop /opt/stack/data/venv/lib/python3.12/site-packages/oslo_service/backend/_threading/loopingcall.py:125}}
May 27 03:00:16.565558 np0000001472 neutron-periodic-workers[88947]: DEBUG neutron.db.agents_db [None req-8bf83cf0-be94-404a-8438-25fa4eab29d7 None None] Agent healthcheck: found 0 active agents {{(pid=88947) agent_health_check /opt/stack/neutron/neutron/db/agents_db.py:322}}
May 27 03:00:16.565558 np0000001472 neutron-periodic-workers[88947]: DEBUG oslo.service.backend._threading.loopingcall [None req-8bf83cf0-be94-404a-8438-25fa4eab29d7 None None] Fixed interval looping call 'neutron.plugins.ml2.plugin.AgentDbMixin.agent_health_check' sleeping for 37.00 seconds {{(pid=88947) _run_loop /opt/stack/data/venv/lib/python3.12/site-packages/oslo_service/backend/_threading/loopingcall.py:125}}
May 27 03:00:17.568941 np0000001472 neutron-periodic-workers[88923]: DEBUG oslo.service.backend._threading.loopingcall [None req-764734d8-82d2-4f93-bc3d-015a63b0fc5d None None] Fixed interval looping call 'neutron.services.ovn_l3.plugin.L3_NAT_dbonly_mixin._clean_garbage' sleeping for 299.98 seconds {{(pid=88923) _run_loop /opt/stack/data/venv/lib/python3.12/site-packages/oslo_service/backend/_threading/loopingcall.py:125}}
May 27 03:00:19.523403 np0000001472 neutron-periodic-workers[88937]: DEBUG dbcounter [-] [88937] Writing DB stats neutron:SELECT=3 {{(pid=88937) stat_writer /opt/stack/data/venv/lib/python3.12/site-packages/dbcounter.py:115}}
May 27 03:00:26.563753 np0000001472 neutron-periodic-workers[88947]: DEBUG dbcounter [-] [88947] Writing DB stats neutron:SELECT=1 {{(pid=88947) stat_writer /opt/stack/data/venv/lib/python3.12/site-packages/dbcounter.py:115}}
May 27 03:00:27.553970 np0000001472 neutron-periodic-workers[88923]: DEBUG dbcounter [-] [88923] Writing DB stats neutron:SELECT=1 {{(pid=88923) stat_writer /opt/stack/data/venv/lib/python3.12/site-packages/dbcounter.py:115}}
May 27 03:00:30.559218 np0000001472 neutron-periodic-workers[88953]: DEBUG oslo.service.backend._threading.loopingcall [None req-54a3bc4e-21ce-4a7e-98a4-849c091507dd None None] Fixed interval looping call 'neutron.db.quota.driver_nolock.DbQuotaNoLockDriver._remove_expired_reservations' sleeping for 120.00 seconds {{(pid=88953) _run_loop /opt/stack/data/venv/lib/python3.12/site-packages/oslo_service/backend/_threading/loopingcall.py:125}}
May 27 03:00:40.562246 np0000001472 neutron-periodic-workers[88953]: DEBUG dbcounter [-] [88953] Writing DB stats neutron:DELETE=1 {{(pid=88953) stat_writer /opt/stack/data/venv/lib/python3.12/site-packages/dbcounter.py:115}}
May 27 03:00:46.521777 np0000001472 neutron-periodic-workers[88937]: DEBUG oslo.service.backend._threading.loopingcall [None req-19616f14-6c9c-4d44-9bed-4d5b599f94d5 None None] Fixed interval looping call 'neutron.plugins.ml2.plugin.DhcpAgentSchedulerDbMixin.remove_networks_from_down_agents' sleeping for 36.99 seconds {{(pid=88937) _run_loop /opt/stack/data/venv/lib/python3.12/site-packages/oslo_service/backend/_threading/loopingcall.py:125}}
May 27 03:00:53.569921 np0000001472 neutron-periodic-workers[88947]: DEBUG neutron.db.agents_db [None req-8bf83cf0-be94-404a-8438-25fa4eab29d7 None None] Agent healthcheck: found 0 active agents {{(pid=88947) agent_health_check /opt/stack/neutron/neutron/db/agents_db.py:322}}
May 27 03:00:53.569921 np0000001472 neutron-periodic-workers[88947]: DEBUG oslo.service.backend._threading.loopingcall [None req-8bf83cf0-be94-404a-8438-25fa4eab29d7 None None] Fixed interval looping call 'neutron.plugins.ml2.plugin.AgentDbMixin.agent_health_check' sleeping for 37.00 seconds {{(pid=88947) _run_loop /opt/stack/data/venv/lib/python3.12/site-packages/oslo_service/backend/_threading/loopingcall.py:125}}
May 27 03:00:56.519335 np0000001472 neutron-periodic-workers[88937]: DEBUG dbcounter [-] [88937] Writing DB stats neutron:SELECT=3 {{(pid=88937) stat_writer /opt/stack/data/venv/lib/python3.12/site-packages/dbcounter.py:115}}
May 27 03:01:03.568329 np0000001472 neutron-periodic-workers[88947]: DEBUG dbcounter [-] [88947] Writing DB stats neutron:SELECT=1 {{(pid=88947) stat_writer /opt/stack/data/venv/lib/python3.12/site-packages/dbcounter.py:115}}
May 27 03:01:23.528614 np0000001472 neutron-periodic-workers[88937]: DEBUG oslo.service.backend._threading.loopingcall [None req-19616f14-6c9c-4d44-9bed-4d5b599f94d5 None None] Fixed interval looping call 'neutron.plugins.ml2.plugin.DhcpAgentSchedulerDbMixin.remove_networks_from_down_agents' sleeping for 36.98 seconds {{(pid=88937) _run_loop /opt/stack/data/venv/lib/python3.12/site-packages/oslo_service/backend/_threading/loopingcall.py:125}}
May 27 03:01:30.579213 np0000001472 neutron-periodic-workers[88947]: DEBUG neutron.db.agents_db [None req-8bf83cf0-be94-404a-8438-25fa4eab29d7 None None] Agent healthcheck: found 0 active agents {{(pid=88947) agent_health_check /opt/stack/neutron/neutron/db/agents_db.py:322}}
May 27 03:01:30.579694 np0000001472 neutron-periodic-workers[88947]: DEBUG oslo.service.backend._threading.loopingcall [None req-8bf83cf0-be94-404a-8438-25fa4eab29d7 None None] Fixed interval looping call 'neutron.plugins.ml2.plugin.AgentDbMixin.agent_health_check' sleeping for 36.99 seconds {{(pid=88947) _run_loop /opt/stack/data/venv/lib/python3.12/site-packages/oslo_service/backend/_threading/loopingcall.py:125}}
May 27 03:01:33.527088 np0000001472 neutron-periodic-workers[88937]: DEBUG dbcounter [-] [88937] Writing DB stats neutron:SELECT=3 {{(pid=88937) stat_writer /opt/stack/data/venv/lib/python3.12/site-packages/dbcounter.py:115}}
May 27 03:01:40.574837 np0000001472 neutron-periodic-workers[88947]: DEBUG dbcounter [-] [88947] Writing DB stats neutron:SELECT=1 {{(pid=88947) stat_writer /opt/stack/data/venv/lib/python3.12/site-packages/dbcounter.py:115}}
May 27 03:02:00.519163 np0000001472 neutron-periodic-workers[88937]: DEBUG oslo.service.backend._threading.loopingcall [None req-19616f14-6c9c-4d44-9bed-4d5b599f94d5 None None] Fixed interval looping call 'neutron.plugins.ml2.plugin.DhcpAgentSchedulerDbMixin.remove_networks_from_down_agents' sleeping for 36.99 seconds {{(pid=88937) _run_loop /opt/stack/data/venv/lib/python3.12/site-packages/oslo_service/backend/_threading/loopingcall.py:125}}
May 27 03:02:07.587568 np0000001472 neutron-periodic-workers[88947]: DEBUG neutron.db.agents_db [None req-8bf83cf0-be94-404a-8438-25fa4eab29d7 None None] Agent healthcheck: found 0 active agents {{(pid=88947) agent_health_check /opt/stack/neutron/neutron/db/agents_db.py:322}}
May 27 03:02:07.588141 np0000001472 neutron-periodic-workers[88947]: DEBUG oslo.service.backend._threading.loopingcall [None req-8bf83cf0-be94-404a-8438-25fa4eab29d7 None None] Fixed interval looping call 'neutron.plugins.ml2.plugin.AgentDbMixin.agent_health_check' sleeping for 36.98 seconds {{(pid=88947) _run_loop /opt/stack/data/venv/lib/python3.12/site-packages/oslo_service/backend/_threading/loopingcall.py:125}}
May 27 03:02:10.517912 np0000001472 neutron-periodic-workers[88937]: DEBUG dbcounter [-] [88937] Writing DB stats neutron:SELECT=3 {{(pid=88937) stat_writer /opt/stack/data/venv/lib/python3.12/site-packages/dbcounter.py:115}}
May 27 03:02:17.577386 np0000001472 neutron-periodic-workers[88947]: DEBUG dbcounter [-] [88947] Writing DB stats neutron:SELECT=1 {{(pid=88947) stat_writer /opt/stack/data/venv/lib/python3.12/site-packages/dbcounter.py:115}}
May 27 03:02:30.566963 np0000001472 neutron-periodic-workers[88953]: DEBUG oslo.service.backend._threading.loopingcall [None req-54a3bc4e-21ce-4a7e-98a4-849c091507dd None None] Fixed interval looping call 'neutron.db.quota.driver_nolock.DbQuotaNoLockDriver._remove_expired_reservations' sleeping for 119.99 seconds {{(pid=88953) _run_loop /opt/stack/data/venv/lib/python3.12/site-packages/oslo_service/backend/_threading/loopingcall.py:125}}
May 27 03:02:37.522590 np0000001472 neutron-periodic-workers[88937]: DEBUG oslo.service.backend._threading.loopingcall [None req-19616f14-6c9c-4d44-9bed-4d5b599f94d5 None None] Fixed interval looping call 'neutron.plugins.ml2.plugin.DhcpAgentSchedulerDbMixin.remove_networks_from_down_agents' sleeping for 36.99 seconds {{(pid=88937) _run_loop /opt/stack/data/venv/lib/python3.12/site-packages/oslo_service/backend/_threading/loopingcall.py:125}}
May 27 03:02:40.566526 np0000001472 neutron-periodic-workers[88953]: DEBUG dbcounter [-] [88953] Writing DB stats neutron:DELETE=1 {{(pid=88953) stat_writer /opt/stack/data/venv/lib/python3.12/site-packages/dbcounter.py:115}}
May 27 03:02:44.578988 np0000001472 neutron-periodic-workers[88947]: DEBUG neutron.db.agents_db [None req-8bf83cf0-be94-404a-8438-25fa4eab29d7 None None] Agent healthcheck: found 0 active agents {{(pid=88947) agent_health_check /opt/stack/neutron/neutron/db/agents_db.py:322}}
May 27 03:02:44.579439 np0000001472 neutron-periodic-workers[88947]: DEBUG oslo.service.backend._threading.loopingcall [None req-8bf83cf0-be94-404a-8438-25fa4eab29d7 None None] Fixed interval looping call 'neutron.plugins.ml2.plugin.AgentDbMixin.agent_health_check' sleeping for 36.99 seconds {{(pid=88947) _run_loop /opt/stack/data/venv/lib/python3.12/site-packages/oslo_service/backend/_threading/loopingcall.py:125}}
May 27 03:02:47.520948 np0000001472 neutron-periodic-workers[88937]: DEBUG dbcounter [-] [88937] Writing DB stats neutron:SELECT=3 {{(pid=88937) stat_writer /opt/stack/data/venv/lib/python3.12/site-packages/dbcounter.py:115}}
May 27 03:02:54.573893 np0000001472 neutron-periodic-workers[88947]: DEBUG dbcounter [-] [88947] Writing DB stats neutron:SELECT=1 {{(pid=88947) stat_writer /opt/stack/data/venv/lib/python3.12/site-packages/dbcounter.py:115}}
May 27 03:03:14.523010 np0000001472 neutron-periodic-workers[88937]: DEBUG oslo.service.backend._threading.loopingcall [None req-19616f14-6c9c-4d44-9bed-4d5b599f94d5 None None] Fixed interval looping call 'neutron.plugins.ml2.plugin.DhcpAgentSchedulerDbMixin.remove_networks_from_down_agents' sleeping for 36.99 seconds {{(pid=88937) _run_loop /opt/stack/data/venv/lib/python3.12/site-packages/oslo_service/backend/_threading/loopingcall.py:125}}
May 27 03:03:21.575257 np0000001472 neutron-periodic-workers[88947]: DEBUG neutron.db.agents_db [None req-8bf83cf0-be94-404a-8438-25fa4eab29d7 None None] Agent healthcheck: found 0 active agents {{(pid=88947) agent_health_check /opt/stack/neutron/neutron/db/agents_db.py:322}}
May 27 03:03:21.576608 np0000001472 neutron-periodic-workers[88947]: DEBUG oslo.service.backend._threading.loopingcall [None req-8bf83cf0-be94-404a-8438-25fa4eab29d7 None None] Fixed interval looping call 'neutron.plugins.ml2.plugin.AgentDbMixin.agent_health_check' sleeping for 37.00 seconds {{(pid=88947) _run_loop /opt/stack/data/venv/lib/python3.12/site-packages/oslo_service/backend/_threading/loopingcall.py:125}}
May 27 03:03:24.521121 np0000001472 neutron-periodic-workers[88937]: DEBUG dbcounter [-] [88937] Writing DB stats neutron:SELECT=3 {{(pid=88937) stat_writer /opt/stack/data/venv/lib/python3.12/site-packages/dbcounter.py:115}}
May 27 03:03:31.573457 np0000001472 neutron-periodic-workers[88947]: DEBUG dbcounter [-] [88947] Writing DB stats neutron:SELECT=1 {{(pid=88947) stat_writer /opt/stack/data/venv/lib/python3.12/site-packages/dbcounter.py:115}}
May 27 03:03:51.523902 np0000001472 neutron-periodic-workers[88937]: DEBUG oslo.service.backend._threading.loopingcall [None req-19616f14-6c9c-4d44-9bed-4d5b599f94d5 None None] Fixed interval looping call 'neutron.plugins.ml2.plugin.DhcpAgentSchedulerDbMixin.remove_networks_from_down_agents' sleeping for 36.99 seconds {{(pid=88937) _run_loop /opt/stack/data/venv/lib/python3.12/site-packages/oslo_service/backend/_threading/loopingcall.py:125}}
May 27 03:03:58.582036 np0000001472 neutron-periodic-workers[88947]: DEBUG neutron.db.agents_db [None req-8bf83cf0-be94-404a-8438-25fa4eab29d7 None None] Agent healthcheck: found 0 active agents {{(pid=88947) agent_health_check /opt/stack/neutron/neutron/db/agents_db.py:322}}
May 27 03:03:58.582831 np0000001472 neutron-periodic-workers[88947]: DEBUG oslo.service.backend._threading.loopingcall [None req-8bf83cf0-be94-404a-8438-25fa4eab29d7 None None] Fixed interval looping call 'neutron.plugins.ml2.plugin.AgentDbMixin.agent_health_check' sleeping for 36.99 seconds {{(pid=88947) _run_loop /opt/stack/data/venv/lib/python3.12/site-packages/oslo_service/backend/_threading/loopingcall.py:125}}
May 27 03:04:01.521235 np0000001472 neutron-periodic-workers[88937]: DEBUG dbcounter [-] [88937] Writing DB stats neutron:SELECT=3 {{(pid=88937) stat_writer /opt/stack/data/venv/lib/python3.12/site-packages/dbcounter.py:115}}
May 27 03:04:08.583731 np0000001472 neutron-periodic-workers[88947]: DEBUG dbcounter [-] [88947] Writing DB stats neutron:SELECT=1 {{(pid=88947) stat_writer /opt/stack/data/venv/lib/python3.12/site-packages/dbcounter.py:115}}
May 27 03:04:28.521702 np0000001472 neutron-periodic-workers[88937]: DEBUG oslo.service.backend._threading.loopingcall [None req-19616f14-6c9c-4d44-9bed-4d5b599f94d5 None None] Fixed interval looping call 'neutron.plugins.ml2.plugin.DhcpAgentSchedulerDbMixin.remove_networks_from_down_agents' sleeping for 36.99 seconds {{(pid=88937) _run_loop /opt/stack/data/venv/lib/python3.12/site-packages/oslo_service/backend/_threading/loopingcall.py:125}}
May 27 03:04:30.562176 np0000001472 neutron-periodic-workers[88953]: DEBUG oslo.service.backend._threading.loopingcall [None req-54a3bc4e-21ce-4a7e-98a4-849c091507dd None None] Fixed interval looping call 'neutron.db.quota.driver_nolock.DbQuotaNoLockDriver._remove_expired_reservations' sleeping for 120.00 seconds {{(pid=88953) _run_loop /opt/stack/data/venv/lib/python3.12/site-packages/oslo_service/backend/_threading/loopingcall.py:125}}
May 27 03:04:35.581892 np0000001472 neutron-periodic-workers[88947]: DEBUG neutron.db.agents_db [None req-8bf83cf0-be94-404a-8438-25fa4eab29d7 None None] Agent healthcheck: found 0 active agents {{(pid=88947) agent_health_check /opt/stack/neutron/neutron/db/agents_db.py:322}}
May 27 03:04:35.582312 np0000001472 neutron-periodic-workers[88947]: DEBUG oslo.service.backend._threading.loopingcall [None req-8bf83cf0-be94-404a-8438-25fa4eab29d7 None None] Fixed interval looping call 'neutron.plugins.ml2.plugin.AgentDbMixin.agent_health_check' sleeping for 36.99 seconds {{(pid=88947) _run_loop /opt/stack/data/venv/lib/python3.12/site-packages/oslo_service/backend/_threading/loopingcall.py:125}}
May 27 03:04:38.522334 np0000001472 neutron-periodic-workers[88937]: DEBUG dbcounter [-] [88937] Writing DB stats neutron:SELECT=3 {{(pid=88937) stat_writer /opt/stack/data/venv/lib/python3.12/site-packages/dbcounter.py:115}}
May 27 03:04:40.560802 np0000001472 neutron-periodic-workers[88953]: DEBUG dbcounter [-] [88953] Writing DB stats neutron:DELETE=1 {{(pid=88953) stat_writer /opt/stack/data/venv/lib/python3.12/site-packages/dbcounter.py:115}}
May 27 03:04:45.579276 np0000001472 neutron-periodic-workers[88947]: DEBUG dbcounter [-] [88947] Writing DB stats neutron:SELECT=1 {{(pid=88947) stat_writer /opt/stack/data/venv/lib/python3.12/site-packages/dbcounter.py:115}}
May 27 03:05:05.527938 np0000001472 neutron-periodic-workers[88937]: DEBUG oslo.service.backend._threading.loopingcall [None req-19616f14-6c9c-4d44-9bed-4d5b599f94d5 None None] Fixed interval looping call 'neutron.plugins.ml2.plugin.DhcpAgentSchedulerDbMixin.remove_networks_from_down_agents' sleeping for 36.99 seconds {{(pid=88937) _run_loop /opt/stack/data/venv/lib/python3.12/site-packages/oslo_service/backend/_threading/loopingcall.py:125}}
May 27 03:05:12.579593 np0000001472 neutron-periodic-workers[88947]: DEBUG neutron.db.agents_db [None req-8bf83cf0-be94-404a-8438-25fa4eab29d7 None None] Agent healthcheck: found 0 active agents {{(pid=88947) agent_health_check /opt/stack/neutron/neutron/db/agents_db.py:322}}
May 27 03:05:12.580245 np0000001472 neutron-periodic-workers[88947]: DEBUG oslo.service.backend._threading.loopingcall [None req-8bf83cf0-be94-404a-8438-25fa4eab29d7 None None] Fixed interval looping call 'neutron.plugins.ml2.plugin.AgentDbMixin.agent_health_check' sleeping for 37.00 seconds {{(pid=88947) _run_loop /opt/stack/data/venv/lib/python3.12/site-packages/oslo_service/backend/_threading/loopingcall.py:125}}
May 27 03:05:15.526084 np0000001472 neutron-periodic-workers[88937]: DEBUG dbcounter [-] [88937] Writing DB stats neutron:SELECT=3 {{(pid=88937) stat_writer /opt/stack/data/venv/lib/python3.12/site-packages/dbcounter.py:115}}
May 27 03:05:17.594414 np0000001472 neutron-periodic-workers[88923]: DEBUG oslo.service.backend._threading.loopingcall [None req-764734d8-82d2-4f93-bc3d-015a63b0fc5d None None] Fixed interval looping call 'neutron.services.ovn_l3.plugin.L3_NAT_dbonly_mixin._clean_garbage' sleeping for 299.96 seconds {{(pid=88923) _run_loop /opt/stack/data/venv/lib/python3.12/site-packages/oslo_service/backend/_threading/loopingcall.py:125}}
May 27 03:05:22.577739 np0000001472 neutron-periodic-workers[88947]: DEBUG dbcounter [-] [88947] Writing DB stats neutron:SELECT=1 {{(pid=88947) stat_writer /opt/stack/data/venv/lib/python3.12/site-packages/dbcounter.py:115}}
May 27 03:05:27.561136 np0000001472 neutron-periodic-workers[88923]: DEBUG dbcounter [-] [88923] Writing DB stats neutron:SELECT=1 {{(pid=88923) stat_writer /opt/stack/data/venv/lib/python3.12/site-packages/dbcounter.py:115}}
May 27 03:05:42.538491 np0000001472 neutron-periodic-workers[88937]: DEBUG oslo.service.backend._threading.loopingcall [None req-19616f14-6c9c-4d44-9bed-4d5b599f94d5 None None] Fixed interval looping call 'neutron.plugins.ml2.plugin.DhcpAgentSchedulerDbMixin.remove_networks_from_down_agents' sleeping for 36.98 seconds {{(pid=88937) _run_loop /opt/stack/data/venv/lib/python3.12/site-packages/oslo_service/backend/_threading/loopingcall.py:125}}
May 27 03:05:49.587728 np0000001472 neutron-periodic-workers[88947]: DEBUG neutron.db.agents_db [None req-8bf83cf0-be94-404a-8438-25fa4eab29d7 None None] Agent healthcheck: found 0 active agents {{(pid=88947) agent_health_check /opt/stack/neutron/neutron/db/agents_db.py:322}}
May 27 03:05:49.587728 np0000001472 neutron-periodic-workers[88947]: DEBUG oslo.service.backend._threading.loopingcall [None req-8bf83cf0-be94-404a-8438-25fa4eab29d7 None None] Fixed interval looping call 'neutron.plugins.ml2.plugin.AgentDbMixin.agent_health_check' sleeping for 37.00 seconds {{(pid=88947) _run_loop /opt/stack/data/venv/lib/python3.12/site-packages/oslo_service/backend/_threading/loopingcall.py:125}}
May 27 03:05:52.534145 np0000001472 neutron-periodic-workers[88937]: DEBUG dbcounter [-] [88937] Writing DB stats neutron:SELECT=3 {{(pid=88937) stat_writer /opt/stack/data/venv/lib/python3.12/site-packages/dbcounter.py:115}}
May 27 03:05:59.583985 np0000001472 neutron-periodic-workers[88947]: DEBUG dbcounter [-] [88947] Writing DB stats neutron:SELECT=1 {{(pid=88947) stat_writer /opt/stack/data/venv/lib/python3.12/site-packages/dbcounter.py:115}}
May 27 03:06:19.528492 np0000001472 neutron-periodic-workers[88937]: DEBUG oslo.service.backend._threading.loopingcall [None req-19616f14-6c9c-4d44-9bed-4d5b599f94d5 None None] Fixed interval looping call 'neutron.plugins.ml2.plugin.DhcpAgentSchedulerDbMixin.remove_networks_from_down_agents' sleeping for 36.99 seconds {{(pid=88937) _run_loop /opt/stack/data/venv/lib/python3.12/site-packages/oslo_service/backend/_threading/loopingcall.py:125}}
May 27 03:06:26.596211 np0000001472 neutron-periodic-workers[88947]: DEBUG neutron.db.agents_db [None req-8bf83cf0-be94-404a-8438-25fa4eab29d7 None None] Agent healthcheck: found 0 active agents {{(pid=88947) agent_health_check /opt/stack/neutron/neutron/db/agents_db.py:322}}
May 27 03:06:26.597549 np0000001472 neutron-periodic-workers[88947]: DEBUG oslo.service.backend._threading.loopingcall [None req-8bf83cf0-be94-404a-8438-25fa4eab29d7 None None] Fixed interval looping call 'neutron.plugins.ml2.plugin.AgentDbMixin.agent_health_check' sleeping for 36.99 seconds {{(pid=88947) _run_loop /opt/stack/data/venv/lib/python3.12/site-packages/oslo_service/backend/_threading/loopingcall.py:125}}
May 27 03:06:29.534884 np0000001472 neutron-periodic-workers[88937]: DEBUG dbcounter [-] [88937] Writing DB stats neutron:SELECT=3 {{(pid=88937) stat_writer /opt/stack/data/venv/lib/python3.12/site-packages/dbcounter.py:115}}
May 27 03:06:30.580603 np0000001472 neutron-periodic-workers[88953]: DEBUG oslo.service.backend._threading.loopingcall [None req-54a3bc4e-21ce-4a7e-98a4-849c091507dd None None] Fixed interval looping call 'neutron.db.quota.driver_nolock.DbQuotaNoLockDriver._remove_expired_reservations' sleeping for 119.98 seconds {{(pid=88953) _run_loop /opt/stack/data/venv/lib/python3.12/site-packages/oslo_service/backend/_threading/loopingcall.py:125}}
May 27 03:06:36.594254 np0000001472 neutron-periodic-workers[88947]: DEBUG dbcounter [-] [88947] Writing DB stats neutron:SELECT=1 {{(pid=88947) stat_writer /opt/stack/data/venv/lib/python3.12/site-packages/dbcounter.py:115}}
May 27 03:06:42.383390 np0000001472 neutron-periodic-workers[88953]: DEBUG dbcounter [-] [88953] Writing DB stats neutron:DELETE=1 {{(pid=88953) stat_writer /opt/stack/data/venv/lib/python3.12/site-packages/dbcounter.py:115}}
May 27 03:06:56.527729 np0000001472 neutron-periodic-workers[88937]: DEBUG oslo.service.backend._threading.loopingcall [None req-19616f14-6c9c-4d44-9bed-4d5b599f94d5 None None] Fixed interval looping call 'neutron.plugins.ml2.plugin.DhcpAgentSchedulerDbMixin.remove_networks_from_down_agents' sleeping for 36.99 seconds {{(pid=88937) _run_loop /opt/stack/data/venv/lib/python3.12/site-packages/oslo_service/backend/_threading/loopingcall.py:125}}
