May 27 03:00:10.483706 np0000001472 devstack@placement-api.service[89363]: INFO placement.requestlog [req-c340071a-2fe8-4218-84af-a6e3e4871a4d req-8df5ee96-bed7-41f5-ba43-e3bfd6bc3db1 service nova] 10.4.3.26 "GET /placement/resource_providers/154cfef0-9f7d-478a-8f69-7ac0dd159c7a/allocations" status: 200 len: 725 microversion: 1.0
May 27 03:00:10.484019 np0000001472 devstack@placement-api.service[89363]: [pid: 89363|app: 0|req: 131/259] 10.4.3.26 () {66 vars in 1505 bytes} [Wed May 27 03:00:10 2026] GET /placement/resource_providers/154cfef0-9f7d-478a-8f69-7ac0dd159c7a/allocations => generated 725 bytes in 15 msecs (HTTP/1.1 200) 6 headers in 224 bytes (1 switches on core 0)
May 27 03:00:10.521635 np0000001472 devstack@placement-api.service[89364]: DEBUG placement.requestlog [req-c340071a-2fe8-4218-84af-a6e3e4871a4d req-5018ead1-b900-4ef7-8ba5-546e799c41d8 None None] Starting request: 10.4.3.26 "GET /placement/allocations/c13847d3-aebb-4e9c-ac2b-f4491d2a2113" {{(pid=89364) __call__ /opt/stack/placement/placement/requestlog.py:55}}
May 27 03:00:10.537580 np0000001472 devstack@placement-api.service[89364]: INFO placement.requestlog [req-c340071a-2fe8-4218-84af-a6e3e4871a4d req-5018ead1-b900-4ef7-8ba5-546e799c41d8 service nova] 10.4.3.26 "GET /placement/allocations/c13847d3-aebb-4e9c-ac2b-f4491d2a2113" status: 200 len: 258 microversion: 1.28
May 27 03:00:10.538261 np0000001472 devstack@placement-api.service[89364]: [pid: 89364|app: 0|req: 129/260] 10.4.3.26 () {68 vars in 1492 bytes} [Wed May 27 03:00:10 2026] GET /placement/allocations/c13847d3-aebb-4e9c-ac2b-f4491d2a2113 => generated 258 bytes in 16 msecs (HTTP/1.1 200) 8 headers in 296 bytes (1 switches on core 0)
May 27 03:00:10.578775 np0000001472 devstack@placement-api.service[89363]: DEBUG placement.requestlog [req-c340071a-2fe8-4218-84af-a6e3e4871a4d req-3e61f3d6-5637-4352-96fd-fff37c83b821 None None] Starting request: 10.4.3.26 "GET /placement/allocations/a622b241-42c1-4b0e-b1cb-7aba285cbcb1" {{(pid=89363) __call__ /opt/stack/placement/placement/requestlog.py:55}}
May 27 03:00:10.590169 np0000001472 devstack@placement-api.service[89363]: INFO placement.requestlog [req-c340071a-2fe8-4218-84af-a6e3e4871a4d req-3e61f3d6-5637-4352-96fd-fff37c83b821 service nova] 10.4.3.26 "GET /placement/allocations/a622b241-42c1-4b0e-b1cb-7aba285cbcb1" status: 200 len: 258 microversion: 1.28
May 27 03:00:10.590444 np0000001472 devstack@placement-api.service[89363]: [pid: 89363|app: 0|req: 132/261] 10.4.3.26 () {68 vars in 1492 bytes} [Wed May 27 03:00:10 2026] GET /placement/allocations/a622b241-42c1-4b0e-b1cb-7aba285cbcb1 => generated 258 bytes in 12 msecs (HTTP/1.1 200) 8 headers in 296 bytes (1 switches on core 0)
May 27 03:00:10.637878 np0000001472 devstack@placement-api.service[89364]: DEBUG placement.requestlog [req-c340071a-2fe8-4218-84af-a6e3e4871a4d req-799065f7-c60b-4c13-9484-41972c9434fa None None] Starting request: 10.4.3.26 "GET /placement/allocations/44a02c4e-c90c-4355-b7b5-4f4683a4883f" {{(pid=89364) __call__ /opt/stack/placement/placement/requestlog.py:55}}
May 27 03:00:10.651796 np0000001472 devstack@placement-api.service[89364]: INFO placement.requestlog [req-c340071a-2fe8-4218-84af-a6e3e4871a4d req-799065f7-c60b-4c13-9484-41972c9434fa service nova] 10.4.3.26 "GET /placement/allocations/44a02c4e-c90c-4355-b7b5-4f4683a4883f" status: 200 len: 258 microversion: 1.28
May 27 03:00:10.652232 np0000001472 devstack@placement-api.service[89364]: [pid: 89364|app: 0|req: 130/262] 10.4.3.26 () {68 vars in 1492 bytes} [Wed May 27 03:00:10 2026] GET /placement/allocations/44a02c4e-c90c-4355-b7b5-4f4683a4883f => generated 258 bytes in 14 msecs (HTTP/1.1 200) 8 headers in 296 bytes (1 switches on core 0)
May 27 03:00:10.702561 np0000001472 devstack@placement-api.service[89363]: DEBUG placement.requestlog [req-c340071a-2fe8-4218-84af-a6e3e4871a4d req-81ab47b7-5dce-45e3-bcb9-4ebfec84dec8 None None] Starting request: 10.4.3.26 "GET /placement/allocations/fe023a4f-2b25-4df5-be2e-005fe1014d74" {{(pid=89363) __call__ /opt/stack/placement/placement/requestlog.py:55}}
May 27 03:00:10.713803 np0000001472 devstack@placement-api.service[89363]: INFO placement.requestlog [req-c340071a-2fe8-4218-84af-a6e3e4871a4d req-81ab47b7-5dce-45e3-bcb9-4ebfec84dec8 service nova] 10.4.3.26 "GET /placement/allocations/fe023a4f-2b25-4df5-be2e-005fe1014d74" status: 200 len: 258 microversion: 1.28
May 27 03:00:10.714087 np0000001472 devstack@placement-api.service[89363]: [pid: 89363|app: 0|req: 133/263] 10.4.3.26 () {68 vars in 1492 bytes} [Wed May 27 03:00:10 2026] GET /placement/allocations/fe023a4f-2b25-4df5-be2e-005fe1014d74 => generated 258 bytes in 12 msecs (HTTP/1.1 200) 8 headers in 296 bytes (1 switches on core 0)
May 27 03:00:10.767534 np0000001472 devstack@placement-api.service[89364]: DEBUG placement.requestlog [req-c340071a-2fe8-4218-84af-a6e3e4871a4d req-9146ea1d-0efb-4ec2-8566-dd3e5c9029fd None None] Starting request: 10.4.3.26 "GET /placement/allocations/e04b61b6-4b80-49ab-ba97-055c3ec56aba" {{(pid=89364) __call__ /opt/stack/placement/placement/requestlog.py:55}}
May 27 03:00:10.788823 np0000001472 devstack@placement-api.service[89364]: INFO placement.requestlog [req-c340071a-2fe8-4218-84af-a6e3e4871a4d req-9146ea1d-0efb-4ec2-8566-dd3e5c9029fd service nova] 10.4.3.26 "GET /placement/allocations/e04b61b6-4b80-49ab-ba97-055c3ec56aba" status: 200 len: 258 microversion: 1.28
May 27 03:00:10.789068 np0000001472 devstack@placement-api.service[89364]: [pid: 89364|app: 0|req: 131/264] 10.4.3.26 () {68 vars in 1492 bytes} [Wed May 27 03:00:10 2026] GET /placement/allocations/e04b61b6-4b80-49ab-ba97-055c3ec56aba => generated 258 bytes in 22 msecs (HTTP/1.1 200) 8 headers in 296 bytes (1 switches on core 0)
May 27 03:00:10.833664 np0000001472 devstack@placement-api.service[89363]: DEBUG placement.requestlog [req-c340071a-2fe8-4218-84af-a6e3e4871a4d req-aa934c7d-0c2e-4857-a6fe-7e8ac0772fbf None None] Starting request: 10.4.3.26 "GET /placement/allocations/e98aa150-40e9-4372-bbfa-2a8cbeee93df" {{(pid=89363) __call__ /opt/stack/placement/placement/requestlog.py:55}}
May 27 03:00:10.844050 np0000001472 devstack@placement-api.service[89363]: INFO placement.requestlog [req-c340071a-2fe8-4218-84af-a6e3e4871a4d req-aa934c7d-0c2e-4857-a6fe-7e8ac0772fbf service nova] 10.4.3.26 "GET /placement/allocations/e98aa150-40e9-4372-bbfa-2a8cbeee93df" status: 200 len: 244 microversion: 1.28
May 27 03:00:10.844325 np0000001472 devstack@placement-api.service[89363]: [pid: 89363|app: 0|req: 134/265] 10.4.3.26 () {68 vars in 1492 bytes} [Wed May 27 03:00:10 2026] GET /placement/allocations/e98aa150-40e9-4372-bbfa-2a8cbeee93df => generated 244 bytes in 11 msecs (HTTP/1.1 200) 8 headers in 296 bytes (1 switches on core 0)
May 27 03:00:10.886379 np0000001472 devstack@placement-api.service[89364]: DEBUG placement.requestlog [req-c340071a-2fe8-4218-84af-a6e3e4871a4d req-553bdfe4-1963-41f1-854a-c78eb69dfdbf None None] Starting request: 10.4.3.26 "GET /placement/allocations/12e946ac-3a06-4190-9b83-37137579498e" {{(pid=89364) __call__ /opt/stack/placement/placement/requestlog.py:55}}
May 27 03:00:10.902157 np0000001472 devstack@placement-api.service[89364]: INFO placement.requestlog [req-c340071a-2fe8-4218-84af-a6e3e4871a4d req-553bdfe4-1963-41f1-854a-c78eb69dfdbf service nova] 10.4.3.26 "GET /placement/allocations/12e946ac-3a06-4190-9b83-37137579498e" status: 200 len: 244 microversion: 1.28
May 27 03:00:10.902157 np0000001472 devstack@placement-api.service[89364]: [pid: 89364|app: 0|req: 132/266] 10.4.3.26 () {68 vars in 1492 bytes} [Wed May 27 03:00:10 2026] GET /placement/allocations/12e946ac-3a06-4190-9b83-37137579498e => generated 244 bytes in 16 msecs (HTTP/1.1 200) 8 headers in 296 bytes (1 switches on core 0)
May 27 03:00:13.487157 np0000001472 devstack@placement-api.service[89363]: DEBUG placement.requestlog [req-550a00a6-290a-4e1f-a4e2-900398cc6557 req-50d61fa9-1468-424e-8369-e5219853f080 None None] Starting request: 10.4.3.26 "GET /placement/resource_providers/154cfef0-9f7d-478a-8f69-7ac0dd159c7a/allocations" {{(pid=89363) __call__ /opt/stack/placement/placement/requestlog.py:55}}
May 27 03:00:13.502992 np0000001472 devstack@placement-api.service[89363]: INFO placement.requestlog [req-550a00a6-290a-4e1f-a4e2-900398cc6557 req-50d61fa9-1468-424e-8369-e5219853f080 service nova] 10.4.3.26 "GET /placement/resource_providers/154cfef0-9f7d-478a-8f69-7ac0dd159c7a/allocations" status: 200 len: 725 microversion: 1.0
May 27 03:00:13.503559 np0000001472 devstack@placement-api.service[89363]: [pid: 89363|app: 0|req: 135/267] 10.4.3.26 () {66 vars in 1505 bytes} [Wed May 27 03:00:13 2026] GET /placement/resource_providers/154cfef0-9f7d-478a-8f69-7ac0dd159c7a/allocations => generated 725 bytes in 16 msecs (HTTP/1.1 200) 6 headers in 224 bytes (1 switches on core 0)
May 27 03:00:13.525421 np0000001472 devstack@placement-api.service[89364]: DEBUG placement.requestlog [req-3ccb07d1-1196-4acf-b176-f7a5491aec2d req-1953553b-f6be-4943-82d4-ac269bf0107d None None] Starting request: 10.4.3.26 "GET /placement/allocation_candidates?limit=1000&resources=DISK_GB%3A1%2CMEMORY_MB%3A192%2CVCPU%3A1&root_required=%21COMPUTE_STATUS_DISABLED" {{(pid=89364) __call__ /opt/stack/placement/placement/requestlog.py:55}}
May 27 03:00:13.539044 np0000001472 devstack@placement-api.service[89363]: DEBUG placement.requestlog [req-550a00a6-290a-4e1f-a4e2-900398cc6557 req-af02cecb-54b3-484c-a859-e827fd9c6c2f None None] Starting request: 10.4.3.26 "GET /placement/allocations/c13847d3-aebb-4e9c-ac2b-f4491d2a2113" {{(pid=89363) __call__ /opt/stack/placement/placement/requestlog.py:55}}
May 27 03:00:13.556641 np0000001472 devstack@placement-api.service[89364]: DEBUG placement.objects.research_context [req-3ccb07d1-1196-4acf-b176-f7a5491aec2d req-1953553b-f6be-4943-82d4-ac269bf0107d service nova] getting providers with 1 DISK_GB {{(pid=89364) __init__ /opt/stack/placement/placement/objects/research_context.py:137}}
May 27 03:00:13.556800 np0000001472 devstack@placement-api.service[89363]: INFO placement.requestlog [req-550a00a6-290a-4e1f-a4e2-900398cc6557 req-af02cecb-54b3-484c-a859-e827fd9c6c2f service nova] 10.4.3.26 "GET /placement/allocations/c13847d3-aebb-4e9c-ac2b-f4491d2a2113" status: 200 len: 258 microversion: 1.28
May 27 03:00:13.556843 np0000001472 devstack@placement-api.service[89363]: [pid: 89363|app: 0|req: 136/268] 10.4.3.26 () {68 vars in 1492 bytes} [Wed May 27 03:00:13 2026] GET /placement/allocations/c13847d3-aebb-4e9c-ac2b-f4491d2a2113 => generated 258 bytes in 18 msecs (HTTP/1.1 200) 8 headers in 296 bytes (1 switches on core 0)
May 27 03:00:13.562109 np0000001472 devstack@placement-api.service[89364]: DEBUG placement.objects.research_context [req-3ccb07d1-1196-4acf-b176-f7a5491aec2d req-1953553b-f6be-4943-82d4-ac269bf0107d service nova] getting providers with 192 MEMORY_MB {{(pid=89364) __init__ /opt/stack/placement/placement/objects/research_context.py:137}}
May 27 03:00:13.564974 np0000001472 devstack@placement-api.service[89364]: DEBUG placement.objects.research_context [req-3ccb07d1-1196-4acf-b176-f7a5491aec2d req-1953553b-f6be-4943-82d4-ac269bf0107d service nova] getting providers with 1 VCPU {{(pid=89364) __init__ /opt/stack/placement/placement/objects/research_context.py:137}}
May 27 03:00:13.568478 np0000001472 devstack@placement-api.service[89364]: DEBUG placement.objects.research_context [req-3ccb07d1-1196-4acf-b176-f7a5491aec2d req-1953553b-f6be-4943-82d4-ac269bf0107d service nova] found 1 providers with available 1 DISK_GB {{(pid=89364) get_provider_ids_matching /opt/stack/placement/placement/objects/research_context.py:563}}
May 27 03:00:13.568710 np0000001472 devstack@placement-api.service[89364]: DEBUG placement.objects.research_context [req-3ccb07d1-1196-4acf-b176-f7a5491aec2d req-1953553b-f6be-4943-82d4-ac269bf0107d service nova] found 1 providers with available 192 MEMORY_MB {{(pid=89364) get_provider_ids_matching /opt/stack/placement/placement/objects/research_context.py:563}}
May 27 03:00:13.568963 np0000001472 devstack@placement-api.service[89364]: DEBUG placement.objects.research_context [req-3ccb07d1-1196-4acf-b176-f7a5491aec2d req-1953553b-f6be-4943-82d4-ac269bf0107d service nova] found 1 providers after filtering by previous result {{(pid=89364) get_provider_ids_matching /opt/stack/placement/placement/objects/research_context.py:594}}
May 27 03:00:13.569171 np0000001472 devstack@placement-api.service[89364]: DEBUG placement.objects.research_context [req-3ccb07d1-1196-4acf-b176-f7a5491aec2d req-1953553b-f6be-4943-82d4-ac269bf0107d service nova] found 1 providers with available 1 VCPU {{(pid=89364) get_provider_ids_matching /opt/stack/placement/placement/objects/research_context.py:563}}
May 27 03:00:13.569373 np0000001472 devstack@placement-api.service[89364]: DEBUG placement.objects.research_context [req-3ccb07d1-1196-4acf-b176-f7a5491aec2d req-1953553b-f6be-4943-82d4-ac269bf0107d service nova] found 1 providers after filtering by previous result {{(pid=89364) get_provider_ids_matching /opt/stack/placement/placement/objects/research_context.py:594}}
May 27 03:00:13.578413 np0000001472 devstack@placement-api.service[89364]: DEBUG placement.objects.allocation_candidate [req-3ccb07d1-1196-4acf-b176-f7a5491aec2d req-1953553b-f6be-4943-82d4-ac269bf0107d service nova] RequestGroup(use_same_provider=False, resources={DISK_GB:1, MEMORY_MB:192, VCPU:1}, traits=(), aggregates=[]) (suffix '') returned 1 matches {{(pid=89364) _get_by_requests /opt/stack/placement/placement/objects/allocation_candidate.py:158}}
May 27 03:00:13.578715 np0000001472 devstack@placement-api.service[89364]: DEBUG placement.objects.allocation_candidate [req-3ccb07d1-1196-4acf-b176-f7a5491aec2d req-1953553b-f6be-4943-82d4-ac269bf0107d service nova] Merging candidates yields 1 allocation requests and 1 provider summaries {{(pid=89364) _merge_candidates /opt/stack/placement/placement/objects/allocation_candidate.py:908}}
May 27 03:00:13.579864 np0000001472 devstack@placement-api.service[89364]: INFO placement.requestlog [req-3ccb07d1-1196-4acf-b176-f7a5491aec2d req-1953553b-f6be-4943-82d4-ac269bf0107d service nova] 10.4.3.26 "GET /placement/allocation_candidates?limit=1000&resources=DISK_GB%3A1%2CMEMORY_MB%3A192%2CVCPU%3A1&root_required=%21COMPUTE_STATUS_DISABLED" status: 200 len: 2493 microversion: 1.36
May 27 03:00:13.580623 np0000001472 devstack@placement-api.service[89364]: [pid: 89364|app: 0|req: 133/269] 10.4.3.26 () {68 vars in 1618 bytes} [Wed May 27 03:00:13 2026] GET /placement/allocation_candidates?limit=1000&resources=DISK_GB%3A1%2CMEMORY_MB%3A192%2CVCPU%3A1&root_required=%21COMPUTE_STATUS_DISABLED => generated 2493 bytes in 55 msecs (HTTP/1.1 200) 8 headers in 297 bytes (1 switches on core 0)
May 27 03:00:13.595837 np0000001472 devstack@placement-api.service[89363]: DEBUG placement.requestlog [req-550a00a6-290a-4e1f-a4e2-900398cc6557 req-336618e7-a4ac-41e1-bf71-94a79d95340c None None] Starting request: 10.4.3.26 "GET /placement/allocations/a622b241-42c1-4b0e-b1cb-7aba285cbcb1" {{(pid=89363) __call__ /opt/stack/placement/placement/requestlog.py:55}}
May 27 03:00:13.608006 np0000001472 devstack@placement-api.service[89363]: INFO placement.requestlog [req-550a00a6-290a-4e1f-a4e2-900398cc6557 req-336618e7-a4ac-41e1-bf71-94a79d95340c service nova] 10.4.3.26 "GET /placement/allocations/a622b241-42c1-4b0e-b1cb-7aba285cbcb1" status: 200 len: 258 microversion: 1.28
May 27 03:00:13.608364 np0000001472 devstack@placement-api.service[89363]: [pid: 89363|app: 0|req: 137/270] 10.4.3.26 () {68 vars in 1492 bytes} [Wed May 27 03:00:13 2026] GET /placement/allocations/a622b241-42c1-4b0e-b1cb-7aba285cbcb1 => generated 258 bytes in 13 msecs (HTTP/1.1 200) 8 headers in 296 bytes (1 switches on core 0)
May 27 03:00:13.646735 np0000001472 devstack@placement-api.service[89364]: DEBUG placement.requestlog [req-3ccb07d1-1196-4acf-b176-f7a5491aec2d req-4bb637e6-d3c8-422d-98bb-8d2447dbd031 None None] Starting request: 10.4.3.26 "GET /placement/allocations/cfac84e4-e0e2-4f16-97c1-24facddcbfe6" {{(pid=89364) __call__ /opt/stack/placement/placement/requestlog.py:55}}
May 27 03:00:13.656563 np0000001472 devstack@placement-api.service[89364]: INFO placement.requestlog [req-3ccb07d1-1196-4acf-b176-f7a5491aec2d req-4bb637e6-d3c8-422d-98bb-8d2447dbd031 service nova] 10.4.3.26 "GET /placement/allocations/cfac84e4-e0e2-4f16-97c1-24facddcbfe6" status: 200 len: 19 microversion: 1.28
May 27 03:00:13.657076 np0000001472 devstack@placement-api.service[89364]: [pid: 89364|app: 0|req: 134/271] 10.4.3.26 () {68 vars in 1494 bytes} [Wed May 27 03:00:13 2026] GET /placement/allocations/cfac84e4-e0e2-4f16-97c1-24facddcbfe6 => generated 19 bytes in 10 msecs (HTTP/1.1 200) 8 headers in 295 bytes (1 switches on core 0)
May 27 03:00:13.672997 np0000001472 devstack@placement-api.service[89363]: DEBUG placement.requestlog [req-550a00a6-290a-4e1f-a4e2-900398cc6557 req-73bc0f2e-8c72-49cc-b091-a4df9ba0c54c None None] Starting request: 10.4.3.26 "GET /placement/allocations/44a02c4e-c90c-4355-b7b5-4f4683a4883f" {{(pid=89363) __call__ /opt/stack/placement/placement/requestlog.py:55}}
May 27 03:00:13.691440 np0000001472 devstack@placement-api.service[89363]: INFO placement.requestlog [req-550a00a6-290a-4e1f-a4e2-900398cc6557 req-73bc0f2e-8c72-49cc-b091-a4df9ba0c54c service nova] 10.4.3.26 "GET /placement/allocations/44a02c4e-c90c-4355-b7b5-4f4683a4883f" status: 200 len: 258 microversion: 1.28
May 27 03:00:13.691725 np0000001472 devstack@placement-api.service[89363]: [pid: 89363|app: 0|req: 138/272] 10.4.3.26 () {68 vars in 1492 bytes} [Wed May 27 03:00:13 2026] GET /placement/allocations/44a02c4e-c90c-4355-b7b5-4f4683a4883f => generated 258 bytes in 19 msecs (HTTP/1.1 200) 8 headers in 296 bytes (1 switches on core 0)
May 27 03:00:13.700621 np0000001472 devstack@placement-api.service[89364]: DEBUG placement.requestlog [req-3ccb07d1-1196-4acf-b176-f7a5491aec2d req-f6f10078-c1b4-4bc2-8eb6-b233718a49cf None None] Starting request: 10.4.3.26 "PUT /placement/allocations/cfac84e4-e0e2-4f16-97c1-24facddcbfe6" {{(pid=89364) __call__ /opt/stack/placement/placement/requestlog.py:55}}
May 27 03:00:13.754963 np0000001472 devstack@placement-api.service[89363]: DEBUG placement.requestlog [req-550a00a6-290a-4e1f-a4e2-900398cc6557 req-f3d973dd-f106-4082-befd-b62f360dd727 None None] Starting request: 10.4.3.26 "GET /placement/allocations/fe023a4f-2b25-4df5-be2e-005fe1014d74" {{(pid=89363) __call__ /opt/stack/placement/placement/requestlog.py:55}}
May 27 03:00:13.768699 np0000001472 devstack@placement-api.service[89364]: DEBUG placement.handlers.allocation [req-3ccb07d1-1196-4acf-b176-f7a5491aec2d req-f6f10078-c1b4-4bc2-8eb6-b233718a49cf service nova] Successfully wrote allocations [, , ] {{(pid=89364) _update_consumers_and_create_allocations /opt/stack/placement/placement/handlers/allocation.py:462}}
May 27 03:00:13.769256 np0000001472 devstack@placement-api.service[89363]: INFO placement.requestlog [req-550a00a6-290a-4e1f-a4e2-900398cc6557 req-f3d973dd-f106-4082-befd-b62f360dd727 service nova] 10.4.3.26 "GET /placement/allocations/fe023a4f-2b25-4df5-be2e-005fe1014d74" status: 200 len: 258 microversion: 1.28
May 27 03:00:13.769403 np0000001472 devstack@placement-api.service[89363]: [pid: 89363|app: 0|req: 139/273] 10.4.3.26 () {68 vars in 1492 bytes} [Wed May 27 03:00:13 2026] GET /placement/allocations/fe023a4f-2b25-4df5-be2e-005fe1014d74 => generated 258 bytes in 14 msecs (HTTP/1.1 200) 8 headers in 296 bytes (1 switches on core 0)
May 27 03:00:13.776743 np0000001472 devstack@placement-api.service[89364]: INFO placement.requestlog [req-3ccb07d1-1196-4acf-b176-f7a5491aec2d req-f6f10078-c1b4-4bc2-8eb6-b233718a49cf service nova] 10.4.3.26 "PUT /placement/allocations/cfac84e4-e0e2-4f16-97c1-24facddcbfe6" status: 204 len: 0 microversion: 1.36
May 27 03:00:13.777071 np0000001472 devstack@placement-api.service[89364]: [pid: 89364|app: 0|req: 135/274] 10.4.3.26 () {72 vars in 1547 bytes} [Wed May 27 03:00:13 2026] PUT /placement/allocations/cfac84e4-e0e2-4f16-97c1-24facddcbfe6 => generated 0 bytes in 77 msecs (HTTP/1.1 204) 5 headers in 199 bytes (1 switches on core 0)
May 27 03:00:13.809373 np0000001472 devstack@placement-api.service[89363]: DEBUG placement.requestlog [req-550a00a6-290a-4e1f-a4e2-900398cc6557 req-1fe6487b-6fee-49d3-9b6a-b768645599ce None None] Starting request: 10.4.3.26 "GET /placement/allocations/e04b61b6-4b80-49ab-ba97-055c3ec56aba" {{(pid=89363) __call__ /opt/stack/placement/placement/requestlog.py:55}}
May 27 03:00:13.829596 np0000001472 devstack@placement-api.service[89363]: INFO placement.requestlog [req-550a00a6-290a-4e1f-a4e2-900398cc6557 req-1fe6487b-6fee-49d3-9b6a-b768645599ce service nova] 10.4.3.26 "GET /placement/allocations/e04b61b6-4b80-49ab-ba97-055c3ec56aba" status: 200 len: 258 microversion: 1.28
May 27 03:00:13.829864 np0000001472 devstack@placement-api.service[89363]: [pid: 89363|app: 0|req: 140/275] 10.4.3.26 () {68 vars in 1492 bytes} [Wed May 27 03:00:13 2026] GET /placement/allocations/e04b61b6-4b80-49ab-ba97-055c3ec56aba => generated 258 bytes in 21 msecs (HTTP/1.1 200) 8 headers in 296 bytes (1 switches on core 0)
May 27 03:00:13.886492 np0000001472 devstack@placement-api.service[89364]: DEBUG placement.requestlog [req-550a00a6-290a-4e1f-a4e2-900398cc6557 req-ff16ed6b-f4e1-4c59-9cf4-063172ffc6e6 None None] Starting request: 10.4.3.26 "GET /placement/allocations/e98aa150-40e9-4372-bbfa-2a8cbeee93df" {{(pid=89364) __call__ /opt/stack/placement/placement/requestlog.py:55}}
May 27 03:00:13.898930 np0000001472 devstack@placement-api.service[89364]: INFO placement.requestlog [req-550a00a6-290a-4e1f-a4e2-900398cc6557 req-ff16ed6b-f4e1-4c59-9cf4-063172ffc6e6 service nova] 10.4.3.26 "GET /placement/allocations/e98aa150-40e9-4372-bbfa-2a8cbeee93df" status: 200 len: 244 microversion: 1.28
May 27 03:00:13.898930 np0000001472 devstack@placement-api.service[89364]: [pid: 89364|app: 0|req: 136/276] 10.4.3.26 () {68 vars in 1492 bytes} [Wed May 27 03:00:13 2026] GET /placement/allocations/e98aa150-40e9-4372-bbfa-2a8cbeee93df => generated 244 bytes in 12 msecs (HTTP/1.1 200) 8 headers in 296 bytes (1 switches on core 0)
May 27 03:00:13.958974 np0000001472 devstack@placement-api.service[89363]: DEBUG placement.requestlog [req-550a00a6-290a-4e1f-a4e2-900398cc6557 req-e3d39d63-28d1-4061-935a-60296a7bccec None None] Starting request: 10.4.3.26 "GET /placement/allocations/12e946ac-3a06-4190-9b83-37137579498e" {{(pid=89363) __call__ /opt/stack/placement/placement/requestlog.py:55}}
May 27 03:00:13.980259 np0000001472 devstack@placement-api.service[89363]: INFO placement.requestlog [req-550a00a6-290a-4e1f-a4e2-900398cc6557 req-e3d39d63-28d1-4061-935a-60296a7bccec service nova] 10.4.3.26 "GET /placement/allocations/12e946ac-3a06-4190-9b83-37137579498e" status: 200 len: 244 microversion: 1.28
May 27 03:00:13.980577 np0000001472 devstack@placement-api.service[89363]: [pid: 89363|app: 0|req: 141/277] 10.4.3.26 () {68 vars in 1492 bytes} [Wed May 27 03:00:13 2026] GET /placement/allocations/12e946ac-3a06-4190-9b83-37137579498e => generated 244 bytes in 22 msecs (HTTP/1.1 200) 8 headers in 296 bytes (1 switches on core 0)
May 27 03:00:15.062855 np0000001472 devstack@placement-api.service[89364]: DEBUG placement.requestlog [req-550a00a6-290a-4e1f-a4e2-900398cc6557 req-a17a2cba-f786-4127-bc81-ff550719c59b None None] Starting request: 10.4.3.26 "DELETE /placement/allocations/12e946ac-3a06-4190-9b83-37137579498e" {{(pid=89364) __call__ /opt/stack/placement/placement/requestlog.py:55}}
May 27 03:00:15.083896 np0000001472 devstack@placement-api.service[89364]: DEBUG placement.handlers.allocation [req-550a00a6-290a-4e1f-a4e2-900398cc6557 req-a17a2cba-f786-4127-bc81-ff550719c59b service nova] Successfully deleted allocations [, ] {{(pid=89364) delete_allocations /opt/stack/placement/placement/handlers/allocation.py:627}}
May 27 03:00:15.084110 np0000001472 devstack@placement-api.service[89364]: INFO placement.requestlog [req-550a00a6-290a-4e1f-a4e2-900398cc6557 req-a17a2cba-f786-4127-bc81-ff550719c59b service nova] 10.4.3.26 "DELETE /placement/allocations/12e946ac-3a06-4190-9b83-37137579498e" status: 204 len: 0 microversion: 1.0
May 27 03:00:15.084481 np0000001472 devstack@placement-api.service[89364]: [pid: 89364|app: 0|req: 137/278] 10.4.3.26 () {68 vars in 1470 bytes} [Wed May 27 03:00:15 2026] DELETE /placement/allocations/12e946ac-3a06-4190-9b83-37137579498e => generated 0 bytes in 22 msecs (HTTP/1.1 204) 5 headers in 198 bytes (1 switches on core 0)
May 27 03:00:15.445417 np0000001472 devstack@placement-api.service[89363]: DEBUG placement.requestlog [req-3ccb07d1-1196-4acf-b176-f7a5491aec2d req-c7c39299-6ba0-4be7-9217-e68b5391e37d None None] Starting request: 10.4.3.26 "GET /placement/allocations/cfac84e4-e0e2-4f16-97c1-24facddcbfe6" {{(pid=89363) __call__ /opt/stack/placement/placement/requestlog.py:55}}
May 27 03:00:15.452529 np0000001472 devstack@placement-api.service[89363]: INFO placement.requestlog [req-3ccb07d1-1196-4acf-b176-f7a5491aec2d req-c7c39299-6ba0-4be7-9217-e68b5391e37d service nova] 10.4.3.26 "GET /placement/allocations/cfac84e4-e0e2-4f16-97c1-24facddcbfe6" status: 200 len: 258 microversion: 1.28
May 27 03:00:15.452739 np0000001472 devstack@placement-api.service[89363]: [pid: 89363|app: 0|req: 142/279] 10.4.3.26 () {68 vars in 1492 bytes} [Wed May 27 03:00:15 2026] GET /placement/allocations/cfac84e4-e0e2-4f16-97c1-24facddcbfe6 => generated 258 bytes in 7 msecs (HTTP/1.1 200) 8 headers in 296 bytes (1 switches on core 0)
May 27 03:00:16.522267 np0000001472 devstack@placement-api.service[89364]: DEBUG placement.requestlog [req-3ccb07d1-1196-4acf-b176-f7a5491aec2d req-7bf427ad-8c33-4362-a521-beb62dcf0a31 None None] Starting request: 10.4.3.26 "GET /placement/resource_providers/154cfef0-9f7d-478a-8f69-7ac0dd159c7a/allocations" {{(pid=89364) __call__ /opt/stack/placement/placement/requestlog.py:55}}
May 27 03:00:16.558860 np0000001472 devstack@placement-api.service[89364]: INFO placement.requestlog [req-3ccb07d1-1196-4acf-b176-f7a5491aec2d req-7bf427ad-8c33-4362-a521-beb62dcf0a31 service nova] 10.4.3.26 "GET /placement/resource_providers/154cfef0-9f7d-478a-8f69-7ac0dd159c7a/allocations" status: 200 len: 739 microversion: 1.0
May 27 03:00:16.558860 np0000001472 devstack@placement-api.service[89364]: [pid: 89364|app: 0|req: 138/280] 10.4.3.26 () {66 vars in 1505 bytes} [Wed May 27 03:00:16 2026] GET /placement/resource_providers/154cfef0-9f7d-478a-8f69-7ac0dd159c7a/allocations => generated 739 bytes in 36 msecs (HTTP/1.1 200) 6 headers in 224 bytes (1 switches on core 0)
May 27 03:00:16.598988 np0000001472 devstack@placement-api.service[89363]: DEBUG placement.requestlog [req-3ccb07d1-1196-4acf-b176-f7a5491aec2d req-ab890a74-4a58-47d9-9b8a-4824d92c0276 None None] Starting request: 10.4.3.26 "GET /placement/allocations/c13847d3-aebb-4e9c-ac2b-f4491d2a2113" {{(pid=89363) __call__ /opt/stack/placement/placement/requestlog.py:55}}
May 27 03:00:16.632866 np0000001472 devstack@placement-api.service[89363]: INFO placement.requestlog [req-3ccb07d1-1196-4acf-b176-f7a5491aec2d req-ab890a74-4a58-47d9-9b8a-4824d92c0276 service nova] 10.4.3.26 "GET /placement/allocations/c13847d3-aebb-4e9c-ac2b-f4491d2a2113" status: 200 len: 258 microversion: 1.28
May 27 03:00:16.633217 np0000001472 devstack@placement-api.service[89363]: [pid: 89363|app: 0|req: 143/281] 10.4.3.26 () {68 vars in 1492 bytes} [Wed May 27 03:00:16 2026] GET /placement/allocations/c13847d3-aebb-4e9c-ac2b-f4491d2a2113 => generated 258 bytes in 34 msecs (HTTP/1.1 200) 8 headers in 296 bytes (1 switches on core 0)
May 27 03:00:16.689169 np0000001472 devstack@placement-api.service[89364]: DEBUG placement.requestlog [req-3ccb07d1-1196-4acf-b176-f7a5491aec2d req-d162d036-ea16-406e-aa51-cce8b6cbe784 None None] Starting request: 10.4.3.26 "GET /placement/allocations/a622b241-42c1-4b0e-b1cb-7aba285cbcb1" {{(pid=89364) __call__ /opt/stack/placement/placement/requestlog.py:55}}
May 27 03:00:16.705612 np0000001472 devstack@placement-api.service[89364]: INFO placement.requestlog [req-3ccb07d1-1196-4acf-b176-f7a5491aec2d req-d162d036-ea16-406e-aa51-cce8b6cbe784 service nova] 10.4.3.26 "GET /placement/allocations/a622b241-42c1-4b0e-b1cb-7aba285cbcb1" status: 200 len: 258 microversion: 1.28
May 27 03:00:16.705888 np0000001472 devstack@placement-api.service[89364]: [pid: 89364|app: 0|req: 139/282] 10.4.3.26 () {68 vars in 1492 bytes} [Wed May 27 03:00:16 2026] GET /placement/allocations/a622b241-42c1-4b0e-b1cb-7aba285cbcb1 => generated 258 bytes in 17 msecs (HTTP/1.1 200) 8 headers in 296 bytes (1 switches on core 0)
May 27 03:00:16.775990 np0000001472 devstack@placement-api.service[89363]: DEBUG placement.requestlog [req-3ccb07d1-1196-4acf-b176-f7a5491aec2d req-530795a9-2837-4d01-884d-f8431652f767 None None] Starting request: 10.4.3.26 "GET /placement/allocations/44a02c4e-c90c-4355-b7b5-4f4683a4883f" {{(pid=89363) __call__ /opt/stack/placement/placement/requestlog.py:55}}
May 27 03:00:16.798422 np0000001472 devstack@placement-api.service[89363]: INFO placement.requestlog [req-3ccb07d1-1196-4acf-b176-f7a5491aec2d req-530795a9-2837-4d01-884d-f8431652f767 service nova] 10.4.3.26 "GET /placement/allocations/44a02c4e-c90c-4355-b7b5-4f4683a4883f" status: 200 len: 258 microversion: 1.28
May 27 03:00:16.798685 np0000001472 devstack@placement-api.service[89363]: [pid: 89363|app: 0|req: 144/283] 10.4.3.26 () {68 vars in 1492 bytes} [Wed May 27 03:00:16 2026] GET /placement/allocations/44a02c4e-c90c-4355-b7b5-4f4683a4883f => generated 258 bytes in 23 msecs (HTTP/1.1 200) 8 headers in 296 bytes (1 switches on core 0)
May 27 03:00:16.832802 np0000001472 devstack@placement-api.service[89364]: DEBUG placement.requestlog [req-3ccb07d1-1196-4acf-b176-f7a5491aec2d req-98828ac8-7cfa-4dd1-a245-5a3de4244040 None None] Starting request: 10.4.3.26 "GET /placement/allocations/cfac84e4-e0e2-4f16-97c1-24facddcbfe6" {{(pid=89364) __call__ /opt/stack/placement/placement/requestlog.py:55}}
May 27 03:00:16.844002 np0000001472 devstack@placement-api.service[89364]: INFO placement.requestlog [req-3ccb07d1-1196-4acf-b176-f7a5491aec2d req-98828ac8-7cfa-4dd1-a245-5a3de4244040 service nova] 10.4.3.26 "GET /placement/allocations/cfac84e4-e0e2-4f16-97c1-24facddcbfe6" status: 200 len: 258 microversion: 1.28
May 27 03:00:16.844240 np0000001472 devstack@placement-api.service[89364]: [pid: 89364|app: 0|req: 140/284] 10.4.3.26 () {68 vars in 1492 bytes} [Wed May 27 03:00:16 2026] GET /placement/allocations/cfac84e4-e0e2-4f16-97c1-24facddcbfe6 => generated 258 bytes in 11 msecs (HTTP/1.1 200) 8 headers in 296 bytes (1 switches on core 0)
May 27 03:00:16.878441 np0000001472 devstack@placement-api.service[89363]: DEBUG placement.requestlog [req-3ccb07d1-1196-4acf-b176-f7a5491aec2d req-008b9109-68d0-4a67-9d1a-c42b69c6d460 None None] Starting request: 10.4.3.26 "GET /placement/allocations/fe023a4f-2b25-4df5-be2e-005fe1014d74" {{(pid=89363) __call__ /opt/stack/placement/placement/requestlog.py:55}}
May 27 03:00:16.889419 np0000001472 devstack@placement-api.service[89363]: INFO placement.requestlog [req-3ccb07d1-1196-4acf-b176-f7a5491aec2d req-008b9109-68d0-4a67-9d1a-c42b69c6d460 service nova] 10.4.3.26 "GET /placement/allocations/fe023a4f-2b25-4df5-be2e-005fe1014d74" status: 200 len: 258 microversion: 1.28
May 27 03:00:16.889419 np0000001472 devstack@placement-api.service[89363]: [pid: 89363|app: 0|req: 145/285] 10.4.3.26 () {68 vars in 1492 bytes} [Wed May 27 03:00:16 2026] GET /placement/allocations/fe023a4f-2b25-4df5-be2e-005fe1014d74 => generated 258 bytes in 10 msecs (HTTP/1.1 200) 8 headers in 296 bytes (1 switches on core 0)
May 27 03:00:16.929348 np0000001472 devstack@placement-api.service[89364]: DEBUG placement.requestlog [req-3ccb07d1-1196-4acf-b176-f7a5491aec2d req-1d6fbc01-0cfd-4300-b629-27fcd40d74fa None None] Starting request: 10.4.3.26 "GET /placement/allocations/e04b61b6-4b80-49ab-ba97-055c3ec56aba" {{(pid=89364) __call__ /opt/stack/placement/placement/requestlog.py:55}}
May 27 03:00:16.942987 np0000001472 devstack@placement-api.service[89364]: INFO placement.requestlog [req-3ccb07d1-1196-4acf-b176-f7a5491aec2d req-1d6fbc01-0cfd-4300-b629-27fcd40d74fa service nova] 10.4.3.26 "GET /placement/allocations/e04b61b6-4b80-49ab-ba97-055c3ec56aba" status: 200 len: 258 microversion: 1.28
May 27 03:00:16.943507 np0000001472 devstack@placement-api.service[89364]: [pid: 89364|app: 0|req: 141/286] 10.4.3.26 () {68 vars in 1492 bytes} [Wed May 27 03:00:16 2026] GET /placement/allocations/e04b61b6-4b80-49ab-ba97-055c3ec56aba => generated 258 bytes in 14 msecs (HTTP/1.1 200) 8 headers in 296 bytes (1 switches on core 0)
May 27 03:00:16.979811 np0000001472 devstack@placement-api.service[89363]: DEBUG placement.requestlog [req-3ccb07d1-1196-4acf-b176-f7a5491aec2d req-da2b1948-0818-44a5-b4c9-792c93cfcce1 None None] Starting request: 10.4.3.26 "GET /placement/allocations/e98aa150-40e9-4372-bbfa-2a8cbeee93df" {{(pid=89363) __call__ /opt/stack/placement/placement/requestlog.py:55}}
May 27 03:00:16.993806 np0000001472 devstack@placement-api.service[89363]: INFO placement.requestlog [req-3ccb07d1-1196-4acf-b176-f7a5491aec2d req-da2b1948-0818-44a5-b4c9-792c93cfcce1 service nova] 10.4.3.26 "GET /placement/allocations/e98aa150-40e9-4372-bbfa-2a8cbeee93df" status: 200 len: 244 microversion: 1.28
May 27 03:00:16.994341 np0000001472 devstack@placement-api.service[89363]: [pid: 89363|app: 0|req: 146/287] 10.4.3.26 () {68 vars in 1492 bytes} [Wed May 27 03:00:16 2026] GET /placement/allocations/e98aa150-40e9-4372-bbfa-2a8cbeee93df => generated 244 bytes in 15 msecs (HTTP/1.1 200) 8 headers in 296 bytes (1 switches on core 0)
May 27 03:00:18.071371 np0000001472 devstack@placement-api.service[89364]: DEBUG placement.requestlog [req-7debbf22-1c30-48c9-8646-015eea64f28e req-eb5a33c2-7805-4f4f-8168-be6672212046 None None] Starting request: 10.4.3.26 "GET /placement/resource_providers/154cfef0-9f7d-478a-8f69-7ac0dd159c7a/allocations" {{(pid=89364) __call__ /opt/stack/placement/placement/requestlog.py:55}}
May 27 03:00:18.119678 np0000001472 devstack@placement-api.service[89364]: INFO placement.requestlog [req-7debbf22-1c30-48c9-8646-015eea64f28e req-eb5a33c2-7805-4f4f-8168-be6672212046 service nova] 10.4.3.26 "GET /placement/resource_providers/154cfef0-9f7d-478a-8f69-7ac0dd159c7a/allocations" status: 200 len: 739 microversion: 1.0
May 27 03:00:18.121272 np0000001472 devstack@placement-api.service[89364]: [pid: 89364|app: 0|req: 142/288] 10.4.3.26 () {66 vars in 1505 bytes} [Wed May 27 03:00:18 2026] GET /placement/resource_providers/154cfef0-9f7d-478a-8f69-7ac0dd159c7a/allocations => generated 739 bytes in 50 msecs (HTTP/1.1 200) 6 headers in 224 bytes (1 switches on core 0)
May 27 03:00:18.176817 np0000001472 devstack@placement-api.service[89363]: DEBUG placement.requestlog [req-7debbf22-1c30-48c9-8646-015eea64f28e req-012ebfce-6553-4ada-89d7-d3cc9a644c67 None None] Starting request: 10.4.3.26 "GET /placement/allocations/c13847d3-aebb-4e9c-ac2b-f4491d2a2113" {{(pid=89363) __call__ /opt/stack/placement/placement/requestlog.py:55}}
May 27 03:00:18.195483 np0000001472 devstack@placement-api.service[89363]: INFO placement.requestlog [req-7debbf22-1c30-48c9-8646-015eea64f28e req-012ebfce-6553-4ada-89d7-d3cc9a644c67 service nova] 10.4.3.26 "GET /placement/allocations/c13847d3-aebb-4e9c-ac2b-f4491d2a2113" status: 200 len: 258 microversion: 1.28
May 27 03:00:18.195865 np0000001472 devstack@placement-api.service[89363]: [pid: 89363|app: 0|req: 147/289] 10.4.3.26 () {68 vars in 1492 bytes} [Wed May 27 03:00:18 2026] GET /placement/allocations/c13847d3-aebb-4e9c-ac2b-f4491d2a2113 => generated 258 bytes in 22 msecs (HTTP/1.1 200) 8 headers in 296 bytes (1 switches on core 0)
May 27 03:00:18.244362 np0000001472 devstack@placement-api.service[89364]: DEBUG placement.requestlog [req-7debbf22-1c30-48c9-8646-015eea64f28e req-03f52ca6-9ddf-42f3-bd1a-7e0981be0b15 None None] Starting request: 10.4.3.26 "GET /placement/allocations/a622b241-42c1-4b0e-b1cb-7aba285cbcb1" {{(pid=89364) __call__ /opt/stack/placement/placement/requestlog.py:55}}
May 27 03:00:18.263327 np0000001472 devstack@placement-api.service[89364]: INFO placement.requestlog [req-7debbf22-1c30-48c9-8646-015eea64f28e req-03f52ca6-9ddf-42f3-bd1a-7e0981be0b15 service nova] 10.4.3.26 "GET /placement/allocations/a622b241-42c1-4b0e-b1cb-7aba285cbcb1" status: 200 len: 258 microversion: 1.28
May 27 03:00:18.263582 np0000001472 devstack@placement-api.service[89364]: [pid: 89364|app: 0|req: 143/290] 10.4.3.26 () {68 vars in 1492 bytes} [Wed May 27 03:00:18 2026] GET /placement/allocations/a622b241-42c1-4b0e-b1cb-7aba285cbcb1 => generated 258 bytes in 20 msecs (HTTP/1.1 200) 8 headers in 296 bytes (1 switches on core 0)
May 27 03:00:18.310855 np0000001472 devstack@placement-api.service[89363]: DEBUG placement.requestlog [req-7debbf22-1c30-48c9-8646-015eea64f28e req-8ccdff3d-3a50-4c20-ac7a-5da191f0a828 None None] Starting request: 10.4.3.26 "GET /placement/allocations/44a02c4e-c90c-4355-b7b5-4f4683a4883f" {{(pid=89363) __call__ /opt/stack/placement/placement/requestlog.py:55}}
May 27 03:00:18.326668 np0000001472 devstack@placement-api.service[89363]: INFO placement.requestlog [req-7debbf22-1c30-48c9-8646-015eea64f28e req-8ccdff3d-3a50-4c20-ac7a-5da191f0a828 service nova] 10.4.3.26 "GET /placement/allocations/44a02c4e-c90c-4355-b7b5-4f4683a4883f" status: 200 len: 258 microversion: 1.28
May 27 03:00:18.327544 np0000001472 devstack@placement-api.service[89363]: [pid: 89363|app: 0|req: 148/291] 10.4.3.26 () {68 vars in 1492 bytes} [Wed May 27 03:00:18 2026] GET /placement/allocations/44a02c4e-c90c-4355-b7b5-4f4683a4883f => generated 258 bytes in 18 msecs (HTTP/1.1 200) 8 headers in 296 bytes (1 switches on core 0)
May 27 03:00:18.393357 np0000001472 devstack@placement-api.service[89364]: DEBUG placement.requestlog [req-7debbf22-1c30-48c9-8646-015eea64f28e req-e871b91c-8e5d-4383-99b7-ce5e2be69202 None None] Starting request: 10.4.3.26 "GET /placement/allocations/cfac84e4-e0e2-4f16-97c1-24facddcbfe6" {{(pid=89364) __call__ /opt/stack/placement/placement/requestlog.py:55}}
May 27 03:00:18.401692 np0000001472 devstack@placement-api.service[89364]: INFO placement.requestlog [req-7debbf22-1c30-48c9-8646-015eea64f28e req-e871b91c-8e5d-4383-99b7-ce5e2be69202 service nova] 10.4.3.26 "GET /placement/allocations/cfac84e4-e0e2-4f16-97c1-24facddcbfe6" status: 200 len: 258 microversion: 1.28
May 27 03:00:18.402018 np0000001472 devstack@placement-api.service[89364]: [pid: 89364|app: 0|req: 144/292] 10.4.3.26 () {68 vars in 1492 bytes} [Wed May 27 03:00:18 2026] GET /placement/allocations/cfac84e4-e0e2-4f16-97c1-24facddcbfe6 => generated 258 bytes in 12 msecs (HTTP/1.1 200) 8 headers in 296 bytes (1 switches on core 0)
May 27 03:00:18.454983 np0000001472 devstack@placement-api.service[89363]: DEBUG placement.requestlog [req-7debbf22-1c30-48c9-8646-015eea64f28e req-0a74e3e0-bfeb-4211-a33a-da7fce83dd14 None None] Starting request: 10.4.3.26 "GET /placement/allocations/fe023a4f-2b25-4df5-be2e-005fe1014d74" {{(pid=89363) __call__ /opt/stack/placement/placement/requestlog.py:55}}
May 27 03:00:18.470971 np0000001472 devstack@placement-api.service[89363]: INFO placement.requestlog [req-7debbf22-1c30-48c9-8646-015eea64f28e req-0a74e3e0-bfeb-4211-a33a-da7fce83dd14 service nova] 10.4.3.26 "GET /placement/allocations/fe023a4f-2b25-4df5-be2e-005fe1014d74" status: 200 len: 258 microversion: 1.28
May 27 03:00:18.472463 np0000001472 devstack@placement-api.service[89363]: [pid: 89363|app: 0|req: 149/293] 10.4.3.26 () {68 vars in 1492 bytes} [Wed May 27 03:00:18 2026] GET /placement/allocations/fe023a4f-2b25-4df5-be2e-005fe1014d74 => generated 258 bytes in 16 msecs (HTTP/1.1 200) 8 headers in 296 bytes (1 switches on core 0)
May 27 03:00:18.517266 np0000001472 devstack@placement-api.service[89364]: DEBUG placement.requestlog [None req-087d73ea-4547-4437-a534-e3cc81c5e061 None None] Starting request: 10.4.3.26 "GET /placement/resource_providers/4d6d0bee-5bfb-49fe-a117-bb38c40f7a6d/aggregates" {{(pid=89364) __call__ /opt/stack/placement/placement/requestlog.py:55}}
May 27 03:00:18.525868 np0000001472 devstack@placement-api.service[89363]: DEBUG placement.requestlog [req-7debbf22-1c30-48c9-8646-015eea64f28e req-26f382d8-2ca4-4a1e-8699-945c91b858f6 None None] Starting request: 10.4.3.26 "GET /placement/allocations/e04b61b6-4b80-49ab-ba97-055c3ec56aba" {{(pid=89363) __call__ /opt/stack/placement/placement/requestlog.py:55}}
May 27 03:00:18.526528 np0000001472 devstack@placement-api.service[89364]: INFO placement.requestlog [None req-087d73ea-4547-4437-a534-e3cc81c5e061 service placement] 10.4.3.26 "GET /placement/resource_providers/4d6d0bee-5bfb-49fe-a117-bb38c40f7a6d/aggregates" status: 404 len: 235 microversion: 1.1
May 27 03:00:18.529553 np0000001472 devstack@placement-api.service[89364]: [pid: 89364|app: 0|req: 145/294] 10.4.3.26 () {66 vars in 1467 bytes} [Wed May 27 03:00:18 2026] GET /placement/resource_providers/4d6d0bee-5bfb-49fe-a117-bb38c40f7a6d/aggregates => generated 235 bytes in 10 msecs (HTTP/1.1 404) 5 headers in 202 bytes (1 switches on core 0)
May 27 03:00:18.537297 np0000001472 devstack@placement-api.service[89363]: INFO placement.requestlog [req-7debbf22-1c30-48c9-8646-015eea64f28e req-26f382d8-2ca4-4a1e-8699-945c91b858f6 service nova] 10.4.3.26 "GET /placement/allocations/e04b61b6-4b80-49ab-ba97-055c3ec56aba" status: 200 len: 258 microversion: 1.28
May 27 03:00:18.537667 np0000001472 devstack@placement-api.service[89363]: [pid: 89363|app: 0|req: 150/295] 10.4.3.26 () {68 vars in 1492 bytes} [Wed May 27 03:00:18 2026] GET /placement/allocations/e04b61b6-4b80-49ab-ba97-055c3ec56aba => generated 258 bytes in 12 msecs (HTTP/1.1 200) 8 headers in 296 bytes (1 switches on core 0)
May 27 03:00:18.585264 np0000001472 devstack@placement-api.service[89364]: DEBUG placement.requestlog [None req-86ff61a3-d2e6-4d79-9292-0a0c038dd716 None None] Starting request: 10.4.3.26 "DELETE /placement/resource_providers/4d6d0bee-5bfb-49fe-a117-bb38c40f7a6d" {{(pid=89364) __call__ /opt/stack/placement/placement/requestlog.py:55}}
May 27 03:00:18.593230 np0000001472 devstack@placement-api.service[89364]: DEBUG placement.wsgi_wrapper [None req-86ff61a3-d2e6-4d79-9292-0a0c038dd716 service placement] Placement API returning an error response: No resource provider with uuid 4d6d0bee-5bfb-49fe-a117-bb38c40f7a6d found for delete {{(pid=89364) call_func /opt/stack/placement/placement/wsgi_wrapper.py:31}}
May 27 03:00:18.593863 np0000001472 devstack@placement-api.service[89364]: INFO placement.requestlog [None req-86ff61a3-d2e6-4d79-9292-0a0c038dd716 service placement] 10.4.3.26 "DELETE /placement/resource_providers/4d6d0bee-5bfb-49fe-a117-bb38c40f7a6d" status: 404 len: 246 microversion: 1.1
May 27 03:00:18.594213 np0000001472 devstack@placement-api.service[89364]: [pid: 89364|app: 0|req: 146/296] 10.4.3.26 () {68 vars in 1456 bytes} [Wed May 27 03:00:18 2026] DELETE /placement/resource_providers/4d6d0bee-5bfb-49fe-a117-bb38c40f7a6d => generated 246 bytes in 9 msecs (HTTP/1.1 404) 6 headers in 231 bytes (1 switches on core 0)
May 27 03:00:18.609546 np0000001472 devstack@placement-api.service[89363]: DEBUG placement.requestlog [req-7debbf22-1c30-48c9-8646-015eea64f28e req-34311b47-c74e-4957-8a53-c78ba68850b2 None None] Starting request: 10.4.3.26 "GET /placement/allocations/e98aa150-40e9-4372-bbfa-2a8cbeee93df" {{(pid=89363) __call__ /opt/stack/placement/placement/requestlog.py:55}}
May 27 03:00:18.632734 np0000001472 devstack@placement-api.service[89363]: INFO placement.requestlog [req-7debbf22-1c30-48c9-8646-015eea64f28e req-34311b47-c74e-4957-8a53-c78ba68850b2 service nova] 10.4.3.26 "GET /placement/allocations/e98aa150-40e9-4372-bbfa-2a8cbeee93df" status: 200 len: 244 microversion: 1.28
May 27 03:00:18.632951 np0000001472 devstack@placement-api.service[89363]: [pid: 89363|app: 0|req: 151/297] 10.4.3.26 () {68 vars in 1492 bytes} [Wed May 27 03:00:18 2026] GET /placement/allocations/e98aa150-40e9-4372-bbfa-2a8cbeee93df => generated 244 bytes in 23 msecs (HTTP/1.1 200) 8 headers in 296 bytes (1 switches on core 0)
May 27 03:00:19.715280 np0000001472 devstack@placement-api.service[89364]: DEBUG placement.requestlog [req-7debbf22-1c30-48c9-8646-015eea64f28e req-48fb3e29-76e2-43b4-b20d-58e9767f1fa9 None None] Starting request: 10.4.3.26 "DELETE /placement/allocations/e98aa150-40e9-4372-bbfa-2a8cbeee93df" {{(pid=89364) __call__ /opt/stack/placement/placement/requestlog.py:55}}
May 27 03:00:19.753654 np0000001472 devstack@placement-api.service[89364]: DEBUG placement.handlers.allocation [req-7debbf22-1c30-48c9-8646-015eea64f28e req-48fb3e29-76e2-43b4-b20d-58e9767f1fa9 service nova] Successfully deleted allocations [, ] {{(pid=89364) delete_allocations /opt/stack/placement/placement/handlers/allocation.py:627}}
May 27 03:00:19.754357 np0000001472 devstack@placement-api.service[89364]: INFO placement.requestlog [req-7debbf22-1c30-48c9-8646-015eea64f28e req-48fb3e29-76e2-43b4-b20d-58e9767f1fa9 service nova] 10.4.3.26 "DELETE /placement/allocations/e98aa150-40e9-4372-bbfa-2a8cbeee93df" status: 204 len: 0 microversion: 1.0
May 27 03:00:19.754797 np0000001472 devstack@placement-api.service[89364]: [pid: 89364|app: 0|req: 147/298] 10.4.3.26 () {68 vars in 1470 bytes} [Wed May 27 03:00:19 2026] DELETE /placement/allocations/e98aa150-40e9-4372-bbfa-2a8cbeee93df => generated 0 bytes in 40 msecs (HTTP/1.1 204) 5 headers in 198 bytes (1 switches on core 0)
May 27 03:00:23.693314 np0000001472 devstack@placement-api.service[89363]: DEBUG placement.requestlog [None req-8b41fb69-1044-428d-8cfd-27b3e5ceaa87 None None] Starting request: 10.4.3.26 "GET /placement/resource_providers/81339555-1e64-4d73-bf3b-1943f9ac9751/aggregates" {{(pid=89363) __call__ /opt/stack/placement/placement/requestlog.py:55}}
May 27 03:00:23.699601 np0000001472 devstack@placement-api.service[89363]: INFO placement.requestlog [None req-8b41fb69-1044-428d-8cfd-27b3e5ceaa87 service placement] 10.4.3.26 "GET /placement/resource_providers/81339555-1e64-4d73-bf3b-1943f9ac9751/aggregates" status: 404 len: 235 microversion: 1.1
May 27 03:00:23.699837 np0000001472 devstack@placement-api.service[89363]: [pid: 89363|app: 0|req: 152/299] 10.4.3.26 () {66 vars in 1467 bytes} [Wed May 27 03:00:23 2026] GET /placement/resource_providers/81339555-1e64-4d73-bf3b-1943f9ac9751/aggregates => generated 235 bytes in 6 msecs (HTTP/1.1 404) 5 headers in 202 bytes (1 switches on core 0)
May 27 03:00:23.757304 np0000001472 devstack@placement-api.service[89364]: DEBUG placement.requestlog [None req-3fd4b983-f77e-4e90-9cfd-494c83131003 None None] Starting request: 10.4.3.26 "DELETE /placement/resource_providers/81339555-1e64-4d73-bf3b-1943f9ac9751" {{(pid=89364) __call__ /opt/stack/placement/placement/requestlog.py:55}}
May 27 03:00:23.777412 np0000001472 devstack@placement-api.service[89364]: DEBUG placement.wsgi_wrapper [None req-3fd4b983-f77e-4e90-9cfd-494c83131003 service placement] Placement API returning an error response: No resource provider with uuid 81339555-1e64-4d73-bf3b-1943f9ac9751 found for delete {{(pid=89364) call_func /opt/stack/placement/placement/wsgi_wrapper.py:31}}
May 27 03:00:23.777903 np0000001472 devstack@placement-api.service[89364]: INFO placement.requestlog [None req-3fd4b983-f77e-4e90-9cfd-494c83131003 service placement] 10.4.3.26 "DELETE /placement/resource_providers/81339555-1e64-4d73-bf3b-1943f9ac9751" status: 404 len: 246 microversion: 1.1
May 27 03:00:23.778471 np0000001472 devstack@placement-api.service[89364]: [pid: 89364|app: 0|req: 148/300] 10.4.3.26 () {68 vars in 1456 bytes} [Wed May 27 03:00:23 2026] DELETE /placement/resource_providers/81339555-1e64-4d73-bf3b-1943f9ac9751 => generated 246 bytes in 21 msecs (HTTP/1.1 404) 6 headers in 231 bytes (1 switches on core 0)
May 27 03:00:24.109039 np0000001472 devstack@placement-api.service[89363]: DEBUG placement.requestlog [req-2a861384-0702-4e22-aca6-a4f13806d32f req-9326077c-5162-4528-9a48-c468443eed57 None None] Starting request: 10.4.3.26 "GET /placement/allocation_candidates?limit=1000&resources=DISK_GB%3A1%2CMEMORY_MB%3A192%2CVCPU%3A1&root_required=%21COMPUTE_STATUS_DISABLED" {{(pid=89363) __call__ /opt/stack/placement/placement/requestlog.py:55}}
May 27 03:00:24.129513 np0000001472 devstack@placement-api.service[89363]: DEBUG placement.objects.research_context [req-2a861384-0702-4e22-aca6-a4f13806d32f req-9326077c-5162-4528-9a48-c468443eed57 service nova] getting providers with 1 DISK_GB {{(pid=89363) __init__ /opt/stack/placement/placement/objects/research_context.py:137}}
May 27 03:00:24.133846 np0000001472 devstack@placement-api.service[89363]: DEBUG placement.objects.research_context [req-2a861384-0702-4e22-aca6-a4f13806d32f req-9326077c-5162-4528-9a48-c468443eed57 service nova] getting providers with 192 MEMORY_MB {{(pid=89363) __init__ /opt/stack/placement/placement/objects/research_context.py:137}}
May 27 03:00:24.136899 np0000001472 devstack@placement-api.service[89363]: DEBUG placement.objects.research_context [req-2a861384-0702-4e22-aca6-a4f13806d32f req-9326077c-5162-4528-9a48-c468443eed57 service nova] getting providers with 1 VCPU {{(pid=89363) __init__ /opt/stack/placement/placement/objects/research_context.py:137}}
May 27 03:00:24.140929 np0000001472 devstack@placement-api.service[89363]: DEBUG placement.objects.research_context [req-2a861384-0702-4e22-aca6-a4f13806d32f req-9326077c-5162-4528-9a48-c468443eed57 service nova] found 1 providers with available 1 DISK_GB {{(pid=89363) get_provider_ids_matching /opt/stack/placement/placement/objects/research_context.py:563}}
May 27 03:00:24.141165 np0000001472 devstack@placement-api.service[89363]: DEBUG placement.objects.research_context [req-2a861384-0702-4e22-aca6-a4f13806d32f req-9326077c-5162-4528-9a48-c468443eed57 service nova] found 1 providers with available 192 MEMORY_MB {{(pid=89363) get_provider_ids_matching /opt/stack/placement/placement/objects/research_context.py:563}}
