May 27 03:02:12.778537 np0000001472 devstack@placement-api.service[89363]: [pid: 89363|app: 0|req: 279/549] 10.4.3.26 () {68 vars in 1492 bytes} [Wed May 27 03:02:12 2026] GET /placement/allocations/bf4c1178-8b18-46ee-903e-6098b86f89fb => generated 244 bytes in 10 msecs (HTTP/1.1 200) 8 headers in 296 bytes (1 switches on core 0)
May 27 03:02:12.820042 np0000001472 devstack@placement-api.service[89364]: DEBUG placement.requestlog [req-16a23daa-17b1-4bc7-b9c1-f85edeafb8ec req-deeac5e5-677a-40dd-a924-5c28976ab0f7 None None] Starting request: 10.4.3.26 "GET /placement/allocations/9de55d79-d6b8-4d7d-be63-479c7db7a1d1" {{(pid=89364) __call__ /opt/stack/placement/placement/requestlog.py:55}}
May 27 03:02:12.829288 np0000001472 devstack@placement-api.service[89364]: INFO placement.requestlog [req-16a23daa-17b1-4bc7-b9c1-f85edeafb8ec req-deeac5e5-677a-40dd-a924-5c28976ab0f7 service nova] 10.4.3.26 "GET /placement/allocations/9de55d79-d6b8-4d7d-be63-479c7db7a1d1" status: 200 len: 244 microversion: 1.28
May 27 03:02:12.829727 np0000001472 devstack@placement-api.service[89364]: [pid: 89364|app: 0|req: 271/550] 10.4.3.26 () {68 vars in 1492 bytes} [Wed May 27 03:02:12 2026] GET /placement/allocations/9de55d79-d6b8-4d7d-be63-479c7db7a1d1 => generated 244 bytes in 10 msecs (HTTP/1.1 200) 8 headers in 296 bytes (1 switches on core 0)
May 27 03:02:12.862848 np0000001472 devstack@placement-api.service[89363]: DEBUG placement.requestlog [req-16a23daa-17b1-4bc7-b9c1-f85edeafb8ec req-b6140001-85e3-4715-8a9d-5bba32af0c0c None None] Starting request: 10.4.3.26 "GET /placement/allocations/1cb03fbc-a64d-4a06-b03f-03d7360a1ecb" {{(pid=89363) __call__ /opt/stack/placement/placement/requestlog.py:55}}
May 27 03:02:12.872966 np0000001472 devstack@placement-api.service[89363]: INFO placement.requestlog [req-16a23daa-17b1-4bc7-b9c1-f85edeafb8ec req-b6140001-85e3-4715-8a9d-5bba32af0c0c service nova] 10.4.3.26 "GET /placement/allocations/1cb03fbc-a64d-4a06-b03f-03d7360a1ecb" status: 200 len: 258 microversion: 1.28
May 27 03:02:12.873455 np0000001472 devstack@placement-api.service[89363]: [pid: 89363|app: 0|req: 280/551] 10.4.3.26 () {68 vars in 1492 bytes} [Wed May 27 03:02:12 2026] GET /placement/allocations/1cb03fbc-a64d-4a06-b03f-03d7360a1ecb => generated 258 bytes in 10 msecs (HTTP/1.1 200) 8 headers in 296 bytes (1 switches on core 0)
May 27 03:02:12.909445 np0000001472 devstack@placement-api.service[89364]: DEBUG placement.requestlog [req-16a23daa-17b1-4bc7-b9c1-f85edeafb8ec req-00716b7d-860e-4f2a-b119-6223c9bf3ba4 None None] Starting request: 10.4.3.26 "GET /placement/allocations/dbcc99c0-1795-4cf6-8786-7cf5552f9db1" {{(pid=89364) __call__ /opt/stack/placement/placement/requestlog.py:55}}
May 27 03:02:12.918753 np0000001472 devstack@placement-api.service[89364]: INFO placement.requestlog [req-16a23daa-17b1-4bc7-b9c1-f85edeafb8ec req-00716b7d-860e-4f2a-b119-6223c9bf3ba4 service nova] 10.4.3.26 "GET /placement/allocations/dbcc99c0-1795-4cf6-8786-7cf5552f9db1" status: 200 len: 258 microversion: 1.28
May 27 03:02:12.918753 np0000001472 devstack@placement-api.service[89364]: [pid: 89364|app: 0|req: 272/552] 10.4.3.26 () {68 vars in 1492 bytes} [Wed May 27 03:02:12 2026] GET /placement/allocations/dbcc99c0-1795-4cf6-8786-7cf5552f9db1 => generated 258 bytes in 10 msecs (HTTP/1.1 200) 8 headers in 296 bytes (1 switches on core 0)
May 27 03:02:14.392266 np0000001472 devstack@placement-api.service[89363]: DEBUG placement.requestlog [req-494df9ab-0d01-48c2-913e-48ed4219d7b8 req-9c99a436-2147-4414-ab5a-89efb0a0a2c9 None None] Starting request: 10.4.3.26 "GET /placement/allocations/c8c55b71-97f3-403a-94d5-464913c12535" {{(pid=89363) __call__ /opt/stack/placement/placement/requestlog.py:55}}
May 27 03:02:14.400063 np0000001472 devstack@placement-api.service[89363]: INFO placement.requestlog [req-494df9ab-0d01-48c2-913e-48ed4219d7b8 req-9c99a436-2147-4414-ab5a-89efb0a0a2c9 service nova] 10.4.3.26 "GET /placement/allocations/c8c55b71-97f3-403a-94d5-464913c12535" status: 200 len: 258 microversion: 1.28
May 27 03:02:14.400299 np0000001472 devstack@placement-api.service[89363]: [pid: 89363|app: 0|req: 281/553] 10.4.3.26 () {68 vars in 1492 bytes} [Wed May 27 03:02:14 2026] GET /placement/allocations/c8c55b71-97f3-403a-94d5-464913c12535 => generated 258 bytes in 8 msecs (HTTP/1.1 200) 8 headers in 296 bytes (1 switches on core 0)
May 27 03:02:16.223731 np0000001472 devstack@placement-api.service[89364]: DEBUG placement.requestlog [req-fdaebaef-3c38-416c-ab79-a0b0fb9ae414 req-507124b8-0ce8-4637-86ae-413021a4ef3f None None] Starting request: 10.4.3.26 "GET /placement/resource_providers/154cfef0-9f7d-478a-8f69-7ac0dd159c7a/allocations" {{(pid=89364) __call__ /opt/stack/placement/placement/requestlog.py:55}}
May 27 03:02:16.239918 np0000001472 devstack@placement-api.service[89364]: INFO placement.requestlog [req-fdaebaef-3c38-416c-ab79-a0b0fb9ae414 req-507124b8-0ce8-4637-86ae-413021a4ef3f service nova] 10.4.3.26 "GET /placement/resource_providers/154cfef0-9f7d-478a-8f69-7ac0dd159c7a/allocations" status: 200 len: 1211 microversion: 1.0
May 27 03:02:16.240333 np0000001472 devstack@placement-api.service[89364]: [pid: 89364|app: 0|req: 273/554] 10.4.3.26 () {66 vars in 1505 bytes} [Wed May 27 03:02:16 2026] GET /placement/resource_providers/154cfef0-9f7d-478a-8f69-7ac0dd159c7a/allocations => generated 1211 bytes in 17 msecs (HTTP/1.1 200) 6 headers in 225 bytes (1 switches on core 0)
May 27 03:02:16.274828 np0000001472 devstack@placement-api.service[89363]: DEBUG placement.requestlog [req-fdaebaef-3c38-416c-ab79-a0b0fb9ae414 req-dbd1c934-0cdc-4a2b-9492-2e637a894cf6 None None] Starting request: 10.4.3.26 "GET /placement/allocations/c8c55b71-97f3-403a-94d5-464913c12535" {{(pid=89363) __call__ /opt/stack/placement/placement/requestlog.py:55}}
May 27 03:02:16.282205 np0000001472 devstack@placement-api.service[89363]: INFO placement.requestlog [req-fdaebaef-3c38-416c-ab79-a0b0fb9ae414 req-dbd1c934-0cdc-4a2b-9492-2e637a894cf6 service nova] 10.4.3.26 "GET /placement/allocations/c8c55b71-97f3-403a-94d5-464913c12535" status: 200 len: 258 microversion: 1.28
May 27 03:02:16.282483 np0000001472 devstack@placement-api.service[89363]: [pid: 89363|app: 0|req: 282/555] 10.4.3.26 () {68 vars in 1492 bytes} [Wed May 27 03:02:16 2026] GET /placement/allocations/c8c55b71-97f3-403a-94d5-464913c12535 => generated 258 bytes in 9 msecs (HTTP/1.1 200) 8 headers in 296 bytes (1 switches on core 0)
May 27 03:02:16.315811 np0000001472 devstack@placement-api.service[89364]: DEBUG placement.requestlog [req-fdaebaef-3c38-416c-ab79-a0b0fb9ae414 req-4e2a6b07-7067-493d-a5e4-9be7a29e932a None None] Starting request: 10.4.3.26 "GET /placement/allocations/a622b241-42c1-4b0e-b1cb-7aba285cbcb1" {{(pid=89364) __call__ /opt/stack/placement/placement/requestlog.py:55}}
May 27 03:02:16.335356 np0000001472 devstack@placement-api.service[89364]: INFO placement.requestlog [req-fdaebaef-3c38-416c-ab79-a0b0fb9ae414 req-4e2a6b07-7067-493d-a5e4-9be7a29e932a service nova] 10.4.3.26 "GET /placement/allocations/a622b241-42c1-4b0e-b1cb-7aba285cbcb1" status: 200 len: 258 microversion: 1.28
May 27 03:02:16.336813 np0000001472 devstack@placement-api.service[89364]: [pid: 89364|app: 0|req: 274/556] 10.4.3.26 () {68 vars in 1492 bytes} [Wed May 27 03:02:16 2026] GET /placement/allocations/a622b241-42c1-4b0e-b1cb-7aba285cbcb1 => generated 258 bytes in 21 msecs (HTTP/1.1 200) 8 headers in 296 bytes (1 switches on core 0)
May 27 03:02:16.373135 np0000001472 devstack@placement-api.service[89363]: DEBUG placement.requestlog [req-fdaebaef-3c38-416c-ab79-a0b0fb9ae414 req-7411d6b0-8498-4b7c-bd8a-30eee8d3f1a0 None None] Starting request: 10.4.3.26 "GET /placement/allocations/44a02c4e-c90c-4355-b7b5-4f4683a4883f" {{(pid=89363) __call__ /opt/stack/placement/placement/requestlog.py:55}}
May 27 03:02:16.380838 np0000001472 devstack@placement-api.service[89363]: INFO placement.requestlog [req-fdaebaef-3c38-416c-ab79-a0b0fb9ae414 req-7411d6b0-8498-4b7c-bd8a-30eee8d3f1a0 service nova] 10.4.3.26 "GET /placement/allocations/44a02c4e-c90c-4355-b7b5-4f4683a4883f" status: 200 len: 258 microversion: 1.28
May 27 03:02:16.381247 np0000001472 devstack@placement-api.service[89363]: [pid: 89363|app: 0|req: 283/557] 10.4.3.26 () {68 vars in 1492 bytes} [Wed May 27 03:02:16 2026] GET /placement/allocations/44a02c4e-c90c-4355-b7b5-4f4683a4883f => generated 258 bytes in 8 msecs (HTTP/1.1 200) 8 headers in 296 bytes (1 switches on core 0)
May 27 03:02:16.415244 np0000001472 devstack@placement-api.service[89364]: DEBUG placement.requestlog [req-fdaebaef-3c38-416c-ab79-a0b0fb9ae414 req-6ec46ed1-7a65-47e2-904b-6fe838572c46 None None] Starting request: 10.4.3.26 "GET /placement/allocations/cfac84e4-e0e2-4f16-97c1-24facddcbfe6" {{(pid=89364) __call__ /opt/stack/placement/placement/requestlog.py:55}}
May 27 03:02:16.423778 np0000001472 devstack@placement-api.service[89364]: INFO placement.requestlog [req-fdaebaef-3c38-416c-ab79-a0b0fb9ae414 req-6ec46ed1-7a65-47e2-904b-6fe838572c46 service nova] 10.4.3.26 "GET /placement/allocations/cfac84e4-e0e2-4f16-97c1-24facddcbfe6" status: 200 len: 258 microversion: 1.28
May 27 03:02:16.424405 np0000001472 devstack@placement-api.service[89364]: [pid: 89364|app: 0|req: 275/558] 10.4.3.26 () {68 vars in 1492 bytes} [Wed May 27 03:02:16 2026] GET /placement/allocations/cfac84e4-e0e2-4f16-97c1-24facddcbfe6 => generated 258 bytes in 9 msecs (HTTP/1.1 200) 8 headers in 296 bytes (1 switches on core 0)
May 27 03:02:16.458821 np0000001472 devstack@placement-api.service[89363]: DEBUG placement.requestlog [req-fdaebaef-3c38-416c-ab79-a0b0fb9ae414 req-33234420-d787-4c03-9a5f-af19c7bdbeda None None] Starting request: 10.4.3.26 "GET /placement/allocations/ec8a30ca-a909-4742-9f66-e30fa4cb15d0" {{(pid=89363) __call__ /opt/stack/placement/placement/requestlog.py:55}}
May 27 03:02:16.466652 np0000001472 devstack@placement-api.service[89363]: INFO placement.requestlog [req-fdaebaef-3c38-416c-ab79-a0b0fb9ae414 req-33234420-d787-4c03-9a5f-af19c7bdbeda service nova] 10.4.3.26 "GET /placement/allocations/ec8a30ca-a909-4742-9f66-e30fa4cb15d0" status: 200 len: 258 microversion: 1.28
May 27 03:02:16.466824 np0000001472 devstack@placement-api.service[89363]: [pid: 89363|app: 0|req: 284/559] 10.4.3.26 () {68 vars in 1492 bytes} [Wed May 27 03:02:16 2026] GET /placement/allocations/ec8a30ca-a909-4742-9f66-e30fa4cb15d0 => generated 258 bytes in 8 msecs (HTTP/1.1 200) 8 headers in 296 bytes (1 switches on core 0)
May 27 03:02:16.516089 np0000001472 devstack@placement-api.service[89364]: DEBUG placement.requestlog [req-fdaebaef-3c38-416c-ab79-a0b0fb9ae414 req-261a589e-576a-4e3d-973c-39e8148a3c22 None None] Starting request: 10.4.3.26 "GET /placement/allocations/52f4340b-99a5-48ae-b812-8ab97712aeff" {{(pid=89364) __call__ /opt/stack/placement/placement/requestlog.py:55}}
May 27 03:02:16.524435 np0000001472 devstack@placement-api.service[89364]: INFO placement.requestlog [req-fdaebaef-3c38-416c-ab79-a0b0fb9ae414 req-261a589e-576a-4e3d-973c-39e8148a3c22 service nova] 10.4.3.26 "GET /placement/allocations/52f4340b-99a5-48ae-b812-8ab97712aeff" status: 200 len: 244 microversion: 1.28
May 27 03:02:16.525692 np0000001472 devstack@placement-api.service[89364]: [pid: 89364|app: 0|req: 276/560] 10.4.3.26 () {68 vars in 1492 bytes} [Wed May 27 03:02:16 2026] GET /placement/allocations/52f4340b-99a5-48ae-b812-8ab97712aeff => generated 244 bytes in 10 msecs (HTTP/1.1 200) 8 headers in 296 bytes (1 switches on core 0)
May 27 03:02:16.574223 np0000001472 devstack@placement-api.service[89363]: DEBUG placement.requestlog [req-fdaebaef-3c38-416c-ab79-a0b0fb9ae414 req-2ee97586-1243-49ad-87b1-fd57f579483b None None] Starting request: 10.4.3.26 "GET /placement/allocations/6718093c-1bd7-42e3-90ec-e34c3261ff7e" {{(pid=89363) __call__ /opt/stack/placement/placement/requestlog.py:55}}
May 27 03:02:16.584557 np0000001472 devstack@placement-api.service[89363]: INFO placement.requestlog [req-fdaebaef-3c38-416c-ab79-a0b0fb9ae414 req-2ee97586-1243-49ad-87b1-fd57f579483b service nova] 10.4.3.26 "GET /placement/allocations/6718093c-1bd7-42e3-90ec-e34c3261ff7e" status: 200 len: 258 microversion: 1.28
May 27 03:02:16.585441 np0000001472 devstack@placement-api.service[89363]: [pid: 89363|app: 0|req: 285/561] 10.4.3.26 () {68 vars in 1492 bytes} [Wed May 27 03:02:16 2026] GET /placement/allocations/6718093c-1bd7-42e3-90ec-e34c3261ff7e => generated 258 bytes in 11 msecs (HTTP/1.1 200) 8 headers in 296 bytes (1 switches on core 0)
May 27 03:02:16.626036 np0000001472 devstack@placement-api.service[89364]: DEBUG placement.requestlog [req-fdaebaef-3c38-416c-ab79-a0b0fb9ae414 req-1431caae-2974-4305-aad4-7034671299fd None None] Starting request: 10.4.3.26 "GET /placement/allocations/c98321fd-0324-47c4-95ab-d17dc05f1fc4" {{(pid=89364) __call__ /opt/stack/placement/placement/requestlog.py:55}}
May 27 03:02:16.636958 np0000001472 devstack@placement-api.service[89364]: INFO placement.requestlog [req-fdaebaef-3c38-416c-ab79-a0b0fb9ae414 req-1431caae-2974-4305-aad4-7034671299fd service nova] 10.4.3.26 "GET /placement/allocations/c98321fd-0324-47c4-95ab-d17dc05f1fc4" status: 200 len: 258 microversion: 1.28
May 27 03:02:16.637438 np0000001472 devstack@placement-api.service[89364]: [pid: 89364|app: 0|req: 277/562] 10.4.3.26 () {68 vars in 1492 bytes} [Wed May 27 03:02:16 2026] GET /placement/allocations/c98321fd-0324-47c4-95ab-d17dc05f1fc4 => generated 258 bytes in 12 msecs (HTTP/1.1 200) 8 headers in 296 bytes (1 switches on core 0)
May 27 03:02:16.677664 np0000001472 devstack@placement-api.service[89363]: DEBUG placement.requestlog [req-fdaebaef-3c38-416c-ab79-a0b0fb9ae414 req-92087e1a-8bbc-474a-bbfc-b9a9d272d78e None None] Starting request: 10.4.3.26 "GET /placement/allocations/bf4c1178-8b18-46ee-903e-6098b86f89fb" {{(pid=89363) __call__ /opt/stack/placement/placement/requestlog.py:55}}
May 27 03:02:16.685660 np0000001472 devstack@placement-api.service[89363]: INFO placement.requestlog [req-fdaebaef-3c38-416c-ab79-a0b0fb9ae414 req-92087e1a-8bbc-474a-bbfc-b9a9d272d78e service nova] 10.4.3.26 "GET /placement/allocations/bf4c1178-8b18-46ee-903e-6098b86f89fb" status: 200 len: 244 microversion: 1.28
May 27 03:02:16.686062 np0000001472 devstack@placement-api.service[89363]: [pid: 89363|app: 0|req: 286/563] 10.4.3.26 () {68 vars in 1492 bytes} [Wed May 27 03:02:16 2026] GET /placement/allocations/bf4c1178-8b18-46ee-903e-6098b86f89fb => generated 244 bytes in 8 msecs (HTTP/1.1 200) 8 headers in 296 bytes (1 switches on core 0)
May 27 03:02:16.730831 np0000001472 devstack@placement-api.service[89364]: DEBUG placement.requestlog [req-fdaebaef-3c38-416c-ab79-a0b0fb9ae414 req-2d466dee-b48a-4415-aa32-e1b6bb17a467 None None] Starting request: 10.4.3.26 "GET /placement/allocations/9de55d79-d6b8-4d7d-be63-479c7db7a1d1" {{(pid=89364) __call__ /opt/stack/placement/placement/requestlog.py:55}}
May 27 03:02:16.739614 np0000001472 devstack@placement-api.service[89364]: INFO placement.requestlog [req-fdaebaef-3c38-416c-ab79-a0b0fb9ae414 req-2d466dee-b48a-4415-aa32-e1b6bb17a467 service nova] 10.4.3.26 "GET /placement/allocations/9de55d79-d6b8-4d7d-be63-479c7db7a1d1" status: 200 len: 244 microversion: 1.28
May 27 03:02:16.739970 np0000001472 devstack@placement-api.service[89364]: [pid: 89364|app: 0|req: 278/564] 10.4.3.26 () {68 vars in 1492 bytes} [Wed May 27 03:02:16 2026] GET /placement/allocations/9de55d79-d6b8-4d7d-be63-479c7db7a1d1 => generated 244 bytes in 10 msecs (HTTP/1.1 200) 8 headers in 296 bytes (1 switches on core 0)
May 27 03:02:16.792327 np0000001472 devstack@placement-api.service[89363]: DEBUG placement.requestlog [req-fdaebaef-3c38-416c-ab79-a0b0fb9ae414 req-e971aabd-2304-48c1-aa62-28c915bb486a None None] Starting request: 10.4.3.26 "GET /placement/allocations/1cb03fbc-a64d-4a06-b03f-03d7360a1ecb" {{(pid=89363) __call__ /opt/stack/placement/placement/requestlog.py:55}}
May 27 03:02:16.803568 np0000001472 devstack@placement-api.service[89363]: INFO placement.requestlog [req-fdaebaef-3c38-416c-ab79-a0b0fb9ae414 req-e971aabd-2304-48c1-aa62-28c915bb486a service nova] 10.4.3.26 "GET /placement/allocations/1cb03fbc-a64d-4a06-b03f-03d7360a1ecb" status: 200 len: 258 microversion: 1.28
May 27 03:02:16.803852 np0000001472 devstack@placement-api.service[89363]: [pid: 89363|app: 0|req: 287/565] 10.4.3.26 () {68 vars in 1492 bytes} [Wed May 27 03:02:16 2026] GET /placement/allocations/1cb03fbc-a64d-4a06-b03f-03d7360a1ecb => generated 258 bytes in 12 msecs (HTTP/1.1 200) 8 headers in 296 bytes (1 switches on core 0)
May 27 03:02:16.843456 np0000001472 devstack@placement-api.service[89364]: DEBUG placement.requestlog [req-fdaebaef-3c38-416c-ab79-a0b0fb9ae414 req-dd9e1c47-c3f8-4f8f-9909-a2ce782ee348 None None] Starting request: 10.4.3.26 "GET /placement/allocations/dbcc99c0-1795-4cf6-8786-7cf5552f9db1" {{(pid=89364) __call__ /opt/stack/placement/placement/requestlog.py:55}}
May 27 03:02:16.857817 np0000001472 devstack@placement-api.service[89364]: INFO placement.requestlog [req-fdaebaef-3c38-416c-ab79-a0b0fb9ae414 req-dd9e1c47-c3f8-4f8f-9909-a2ce782ee348 service nova] 10.4.3.26 "GET /placement/allocations/dbcc99c0-1795-4cf6-8786-7cf5552f9db1" status: 200 len: 258 microversion: 1.28
May 27 03:02:16.857817 np0000001472 devstack@placement-api.service[89364]: [pid: 89364|app: 0|req: 279/566] 10.4.3.26 () {68 vars in 1492 bytes} [Wed May 27 03:02:16 2026] GET /placement/allocations/dbcc99c0-1795-4cf6-8786-7cf5552f9db1 => generated 258 bytes in 14 msecs (HTTP/1.1 200) 8 headers in 296 bytes (2 switches on core 0)
May 27 03:02:26.801894 np0000001472 devstack@placement-api.service[89363]: DEBUG dbcounter [-] [89363] Writing DB stats placement:SELECT=132,placement:INSERT=8,placement:DELETE=5,placement:UPDATE=5 {{(pid=89363) stat_writer /opt/stack/data/venv/lib/python3.12/site-packages/dbcounter.py:115}}
May 27 03:02:26.854872 np0000001472 devstack@placement-api.service[89364]: DEBUG dbcounter [-] [89364] Writing DB stats placement:SELECT=123,placement:INSERT=7,placement:DELETE=8,placement:UPDATE=4 {{(pid=89364) stat_writer /opt/stack/data/venv/lib/python3.12/site-packages/dbcounter.py:115}}
May 27 03:02:31.434774 np0000001472 devstack@placement-api.service[89363]: DEBUG placement.requestlog [None req-3d8a2888-dbc1-4eb7-bb40-72e9f734ca9b None None] Starting request: 10.4.3.26 "GET /placement/" {{(pid=89363) __call__ /opt/stack/placement/placement/requestlog.py:55}}
May 27 03:02:31.435244 np0000001472 devstack@placement-api.service[89363]: INFO placement.requestlog [None req-3d8a2888-dbc1-4eb7-bb40-72e9f734ca9b None None] 10.4.3.26 "GET /placement/" status: 200 len: 136 microversion: 1.0
May 27 03:02:31.435500 np0000001472 devstack@placement-api.service[89363]: [pid: 89363|app: 0|req: 288/567] 10.4.3.26 () {62 vars in 1021 bytes} [Wed May 27 03:02:31 2026] GET /placement => generated 136 bytes in 1 msecs (HTTP/1.1 200) 6 headers in 224 bytes (1 switches on core 0)
May 27 03:02:31.485364 np0000001472 devstack@placement-api.service[89364]: DEBUG placement.requestlog [req-3078f7e4-00a3-4e07-b820-67e41ee9e1a9 req-3c04e983-373e-43ed-9f2c-43e84352e56e None None] Starting request: 10.4.3.26 "GET /placement/resource_providers/154cfef0-9f7d-478a-8f69-7ac0dd159c7a/traits" {{(pid=89364) __call__ /opt/stack/placement/placement/requestlog.py:55}}
May 27 03:02:31.625622 np0000001472 devstack@placement-api.service[89364]: INFO placement.requestlog [req-3078f7e4-00a3-4e07-b820-67e41ee9e1a9 req-3c04e983-373e-43ed-9f2c-43e84352e56e service nova] 10.4.3.26 "GET /placement/resource_providers/154cfef0-9f7d-478a-8f69-7ac0dd159c7a/traits" status: 200 len: 2027 microversion: 1.6
May 27 03:02:31.625778 np0000001472 devstack@placement-api.service[89364]: [pid: 89364|app: 0|req: 280/568] 10.4.3.26 () {68 vars in 1526 bytes} [Wed May 27 03:02:31 2026] GET /placement/resource_providers/154cfef0-9f7d-478a-8f69-7ac0dd159c7a/traits => generated 2027 bytes in 140 msecs (HTTP/1.1 200) 6 headers in 225 bytes (1 switches on core 0)
May 27 03:02:34.152253 np0000001472 devstack@placement-api.service[89363]: DEBUG placement.requestlog [req-d8da3aeb-382c-4dcd-9d2b-1246fb699749 req-b31e5e55-20fe-49bc-af2c-16b407c6e5eb None None] Starting request: 10.4.3.26 "GET /placement/allocation_candidates?limit=1000&resources=DISK_GB%3A1%2CMEMORY_MB%3A192%2CVCPU%3A1&root_required=%21COMPUTE_STATUS_DISABLED" {{(pid=89363) __call__ /opt/stack/placement/placement/requestlog.py:55}}
May 27 03:02:34.233147 np0000001472 devstack@placement-api.service[89363]: DEBUG placement.objects.research_context [req-d8da3aeb-382c-4dcd-9d2b-1246fb699749 req-b31e5e55-20fe-49bc-af2c-16b407c6e5eb service nova] getting providers with 1 DISK_GB {{(pid=89363) __init__ /opt/stack/placement/placement/objects/research_context.py:137}}
May 27 03:02:34.238899 np0000001472 devstack@placement-api.service[89363]: DEBUG placement.objects.research_context [req-d8da3aeb-382c-4dcd-9d2b-1246fb699749 req-b31e5e55-20fe-49bc-af2c-16b407c6e5eb service nova] getting providers with 192 MEMORY_MB {{(pid=89363) __init__ /opt/stack/placement/placement/objects/research_context.py:137}}
May 27 03:02:34.242528 np0000001472 devstack@placement-api.service[89363]: DEBUG placement.objects.research_context [req-d8da3aeb-382c-4dcd-9d2b-1246fb699749 req-b31e5e55-20fe-49bc-af2c-16b407c6e5eb service nova] getting providers with 1 VCPU {{(pid=89363) __init__ /opt/stack/placement/placement/objects/research_context.py:137}}
May 27 03:02:34.249893 np0000001472 devstack@placement-api.service[89363]: DEBUG placement.objects.research_context [req-d8da3aeb-382c-4dcd-9d2b-1246fb699749 req-b31e5e55-20fe-49bc-af2c-16b407c6e5eb service nova] found 1 providers with available 1 DISK_GB {{(pid=89363) get_provider_ids_matching /opt/stack/placement/placement/objects/research_context.py:563}}
May 27 03:02:34.250040 np0000001472 devstack@placement-api.service[89363]: DEBUG placement.objects.research_context [req-d8da3aeb-382c-4dcd-9d2b-1246fb699749 req-b31e5e55-20fe-49bc-af2c-16b407c6e5eb service nova] found 1 providers with available 192 MEMORY_MB {{(pid=89363) get_provider_ids_matching /opt/stack/placement/placement/objects/research_context.py:563}}
May 27 03:02:34.250208 np0000001472 devstack@placement-api.service[89363]: DEBUG placement.objects.research_context [req-d8da3aeb-382c-4dcd-9d2b-1246fb699749 req-b31e5e55-20fe-49bc-af2c-16b407c6e5eb service nova] found 1 providers after filtering by previous result {{(pid=89363) get_provider_ids_matching /opt/stack/placement/placement/objects/research_context.py:594}}
May 27 03:02:34.250338 np0000001472 devstack@placement-api.service[89363]: DEBUG placement.objects.research_context [req-d8da3aeb-382c-4dcd-9d2b-1246fb699749 req-b31e5e55-20fe-49bc-af2c-16b407c6e5eb service nova] found 1 providers with available 1 VCPU {{(pid=89363) get_provider_ids_matching /opt/stack/placement/placement/objects/research_context.py:563}}
May 27 03:02:34.250477 np0000001472 devstack@placement-api.service[89363]: DEBUG placement.objects.research_context [req-d8da3aeb-382c-4dcd-9d2b-1246fb699749 req-b31e5e55-20fe-49bc-af2c-16b407c6e5eb service nova] found 1 providers after filtering by previous result {{(pid=89363) get_provider_ids_matching /opt/stack/placement/placement/objects/research_context.py:594}}
May 27 03:02:34.261722 np0000001472 devstack@placement-api.service[89363]: DEBUG placement.objects.allocation_candidate [req-d8da3aeb-382c-4dcd-9d2b-1246fb699749 req-b31e5e55-20fe-49bc-af2c-16b407c6e5eb service nova] RequestGroup(use_same_provider=False, resources={DISK_GB:1, MEMORY_MB:192, VCPU:1}, traits=(), aggregates=[]) (suffix '') returned 1 matches {{(pid=89363) _get_by_requests /opt/stack/placement/placement/objects/allocation_candidate.py:158}}
May 27 03:02:34.262010 np0000001472 devstack@placement-api.service[89363]: DEBUG placement.objects.allocation_candidate [req-d8da3aeb-382c-4dcd-9d2b-1246fb699749 req-b31e5e55-20fe-49bc-af2c-16b407c6e5eb service nova] Merging candidates yields 1 allocation requests and 1 provider summaries {{(pid=89363) _merge_candidates /opt/stack/placement/placement/objects/allocation_candidate.py:908}}
May 27 03:02:34.263428 np0000001472 devstack@placement-api.service[89363]: INFO placement.requestlog [req-d8da3aeb-382c-4dcd-9d2b-1246fb699749 req-b31e5e55-20fe-49bc-af2c-16b407c6e5eb service nova] 10.4.3.26 "GET /placement/allocation_candidates?limit=1000&resources=DISK_GB%3A1%2CMEMORY_MB%3A192%2CVCPU%3A1&root_required=%21COMPUTE_STATUS_DISABLED" status: 200 len: 2494 microversion: 1.36
May 27 03:02:34.263661 np0000001472 devstack@placement-api.service[89363]: [pid: 89363|app: 0|req: 289/569] 10.4.3.26 () {68 vars in 1618 bytes} [Wed May 27 03:02:34 2026] GET /placement/allocation_candidates?limit=1000&resources=DISK_GB%3A1%2CMEMORY_MB%3A192%2CVCPU%3A1&root_required=%21COMPUTE_STATUS_DISABLED => generated 2494 bytes in 111 msecs (HTTP/1.1 200) 8 headers in 297 bytes (1 switches on core 0)
May 27 03:02:34.272317 np0000001472 devstack@placement-api.service[89364]: DEBUG placement.requestlog [req-12002831-13cb-495f-963d-dfc8d12c1b2a req-e7efdc94-7bc9-4d93-a39d-d9c898ecec4d None None] Starting request: 10.4.3.26 "GET /placement/resource_providers/154cfef0-9f7d-478a-8f69-7ac0dd159c7a/allocations" {{(pid=89364) __call__ /opt/stack/placement/placement/requestlog.py:55}}
May 27 03:02:34.296686 np0000001472 devstack@placement-api.service[89364]: INFO placement.requestlog [req-12002831-13cb-495f-963d-dfc8d12c1b2a req-e7efdc94-7bc9-4d93-a39d-d9c898ecec4d service nova] 10.4.3.26 "GET /placement/resource_providers/154cfef0-9f7d-478a-8f69-7ac0dd159c7a/allocations" status: 200 len: 1211 microversion: 1.0
May 27 03:02:34.298094 np0000001472 devstack@placement-api.service[89364]: [pid: 89364|app: 0|req: 281/570] 10.4.3.26 () {66 vars in 1505 bytes} [Wed May 27 03:02:34 2026] GET /placement/resource_providers/154cfef0-9f7d-478a-8f69-7ac0dd159c7a/allocations => generated 1211 bytes in 26 msecs (HTTP/1.1 200) 6 headers in 225 bytes (1 switches on core 0)
May 27 03:02:34.337416 np0000001472 devstack@placement-api.service[89363]: DEBUG placement.requestlog [req-d8da3aeb-382c-4dcd-9d2b-1246fb699749 req-9229ae77-91a7-4e61-b355-831ce3ec4e88 None None] Starting request: 10.4.3.26 "GET /placement/allocations/6f66b1d6-15af-4e30-84e8-5f3d50729a68" {{(pid=89363) __call__ /opt/stack/placement/placement/requestlog.py:55}}
May 27 03:02:34.349459 np0000001472 devstack@placement-api.service[89363]: INFO placement.requestlog [req-d8da3aeb-382c-4dcd-9d2b-1246fb699749 req-9229ae77-91a7-4e61-b355-831ce3ec4e88 service nova] 10.4.3.26 "GET /placement/allocations/6f66b1d6-15af-4e30-84e8-5f3d50729a68" status: 200 len: 19 microversion: 1.28
May 27 03:02:34.349734 np0000001472 devstack@placement-api.service[89363]: [pid: 89363|app: 0|req: 290/571] 10.4.3.26 () {68 vars in 1494 bytes} [Wed May 27 03:02:34 2026] GET /placement/allocations/6f66b1d6-15af-4e30-84e8-5f3d50729a68 => generated 19 bytes in 12 msecs (HTTP/1.1 200) 8 headers in 295 bytes (1 switches on core 0)
May 27 03:02:34.371598 np0000001472 devstack@placement-api.service[89364]: DEBUG placement.requestlog [req-12002831-13cb-495f-963d-dfc8d12c1b2a req-f4035190-b3f5-4d93-9c7e-29bf0288895e None None] Starting request: 10.4.3.26 "GET /placement/allocations/c8c55b71-97f3-403a-94d5-464913c12535" {{(pid=89364) __call__ /opt/stack/placement/placement/requestlog.py:55}}
May 27 03:02:34.397701 np0000001472 devstack@placement-api.service[89364]: INFO placement.requestlog [req-12002831-13cb-495f-963d-dfc8d12c1b2a req-f4035190-b3f5-4d93-9c7e-29bf0288895e service nova] 10.4.3.26 "GET /placement/allocations/c8c55b71-97f3-403a-94d5-464913c12535" status: 200 len: 258 microversion: 1.28
May 27 03:02:34.397701 np0000001472 devstack@placement-api.service[89364]: [pid: 89364|app: 0|req: 282/572] 10.4.3.26 () {68 vars in 1492 bytes} [Wed May 27 03:02:34 2026] GET /placement/allocations/c8c55b71-97f3-403a-94d5-464913c12535 => generated 258 bytes in 26 msecs (HTTP/1.1 200) 8 headers in 296 bytes (1 switches on core 0)
May 27 03:02:34.399331 np0000001472 devstack@placement-api.service[89363]: DEBUG placement.requestlog [req-d8da3aeb-382c-4dcd-9d2b-1246fb699749 req-86993958-aa13-4824-8306-bbbdcda5dbc3 None None] Starting request: 10.4.3.26 "PUT /placement/allocations/6f66b1d6-15af-4e30-84e8-5f3d50729a68" {{(pid=89363) __call__ /opt/stack/placement/placement/requestlog.py:55}}
May 27 03:02:34.453013 np0000001472 devstack@placement-api.service[89364]: DEBUG placement.requestlog [req-12002831-13cb-495f-963d-dfc8d12c1b2a req-0d30d778-987e-4f59-ae23-a88889ad6537 None None] Starting request: 10.4.3.26 "GET /placement/allocations/a622b241-42c1-4b0e-b1cb-7aba285cbcb1" {{(pid=89364) __call__ /opt/stack/placement/placement/requestlog.py:55}}
May 27 03:02:34.458049 np0000001472 devstack@placement-api.service[89363]: DEBUG placement.handlers.allocation [req-d8da3aeb-382c-4dcd-9d2b-1246fb699749 req-86993958-aa13-4824-8306-bbbdcda5dbc3 service nova] Successfully wrote allocations [, , ] {{(pid=89363) _update_consumers_and_create_allocations /opt/stack/placement/placement/handlers/allocation.py:462}}
May 27 03:02:34.462363 np0000001472 devstack@placement-api.service[89363]: INFO placement.requestlog [req-d8da3aeb-382c-4dcd-9d2b-1246fb699749 req-86993958-aa13-4824-8306-bbbdcda5dbc3 service nova] 10.4.3.26 "PUT /placement/allocations/6f66b1d6-15af-4e30-84e8-5f3d50729a68" status: 204 len: 0 microversion: 1.36
May 27 03:02:34.462734 np0000001472 devstack@placement-api.service[89363]: [pid: 89363|app: 0|req: 291/573] 10.4.3.26 () {72 vars in 1547 bytes} [Wed May 27 03:02:34 2026] PUT /placement/allocations/6f66b1d6-15af-4e30-84e8-5f3d50729a68 => generated 0 bytes in 65 msecs (HTTP/1.1 204) 5 headers in 199 bytes (1 switches on core 0)
May 27 03:02:34.464883 np0000001472 devstack@placement-api.service[89364]: INFO placement.requestlog [req-12002831-13cb-495f-963d-dfc8d12c1b2a req-0d30d778-987e-4f59-ae23-a88889ad6537 service nova] 10.4.3.26 "GET /placement/allocations/a622b241-42c1-4b0e-b1cb-7aba285cbcb1" status: 200 len: 258 microversion: 1.28
May 27 03:02:34.466877 np0000001472 devstack@placement-api.service[89364]: [pid: 89364|app: 0|req: 283/574] 10.4.3.26 () {68 vars in 1492 bytes} [Wed May 27 03:02:34 2026] GET /placement/allocations/a622b241-42c1-4b0e-b1cb-7aba285cbcb1 => generated 258 bytes in 12 msecs (HTTP/1.1 200) 8 headers in 296 bytes (1 switches on core 0)
May 27 03:02:34.512879 np0000001472 devstack@placement-api.service[89363]: DEBUG placement.requestlog [req-12002831-13cb-495f-963d-dfc8d12c1b2a req-958d53d3-e0a7-4697-937b-d2ae5e4f291b None None] Starting request: 10.4.3.26 "GET /placement/allocations/44a02c4e-c90c-4355-b7b5-4f4683a4883f" {{(pid=89363) __call__ /opt/stack/placement/placement/requestlog.py:55}}
May 27 03:02:34.520811 np0000001472 devstack@placement-api.service[89363]: INFO placement.requestlog [req-12002831-13cb-495f-963d-dfc8d12c1b2a req-958d53d3-e0a7-4697-937b-d2ae5e4f291b service nova] 10.4.3.26 "GET /placement/allocations/44a02c4e-c90c-4355-b7b5-4f4683a4883f" status: 200 len: 258 microversion: 1.28
May 27 03:02:34.521086 np0000001472 devstack@placement-api.service[89363]: [pid: 89363|app: 0|req: 292/575] 10.4.3.26 () {68 vars in 1492 bytes} [Wed May 27 03:02:34 2026] GET /placement/allocations/44a02c4e-c90c-4355-b7b5-4f4683a4883f => generated 258 bytes in 8 msecs (HTTP/1.1 200) 8 headers in 296 bytes (1 switches on core 0)
May 27 03:02:34.565402 np0000001472 devstack@placement-api.service[89364]: DEBUG placement.requestlog [req-12002831-13cb-495f-963d-dfc8d12c1b2a req-60373605-4177-4803-905d-041398814b53 None None] Starting request: 10.4.3.26 "GET /placement/allocations/cfac84e4-e0e2-4f16-97c1-24facddcbfe6" {{(pid=89364) __call__ /opt/stack/placement/placement/requestlog.py:55}}
May 27 03:02:34.575433 np0000001472 devstack@placement-api.service[89364]: INFO placement.requestlog [req-12002831-13cb-495f-963d-dfc8d12c1b2a req-60373605-4177-4803-905d-041398814b53 service nova] 10.4.3.26 "GET /placement/allocations/cfac84e4-e0e2-4f16-97c1-24facddcbfe6" status: 200 len: 258 microversion: 1.28
May 27 03:02:34.575707 np0000001472 devstack@placement-api.service[89364]: [pid: 89364|app: 0|req: 284/576] 10.4.3.26 () {68 vars in 1492 bytes} [Wed May 27 03:02:34 2026] GET /placement/allocations/cfac84e4-e0e2-4f16-97c1-24facddcbfe6 => generated 258 bytes in 10 msecs (HTTP/1.1 200) 8 headers in 296 bytes (1 switches on core 0)
May 27 03:02:34.617075 np0000001472 devstack@placement-api.service[89363]: DEBUG placement.requestlog [req-12002831-13cb-495f-963d-dfc8d12c1b2a req-bd335b20-68f7-4ed3-9c0f-6ef50376835f None None] Starting request: 10.4.3.26 "GET /placement/allocations/ec8a30ca-a909-4742-9f66-e30fa4cb15d0" {{(pid=89363) __call__ /opt/stack/placement/placement/requestlog.py:55}}
May 27 03:02:34.626193 np0000001472 devstack@placement-api.service[89363]: INFO placement.requestlog [req-12002831-13cb-495f-963d-dfc8d12c1b2a req-bd335b20-68f7-4ed3-9c0f-6ef50376835f service nova] 10.4.3.26 "GET /placement/allocations/ec8a30ca-a909-4742-9f66-e30fa4cb15d0" status: 200 len: 258 microversion: 1.28
May 27 03:02:34.626346 np0000001472 devstack@placement-api.service[89363]: [pid: 89363|app: 0|req: 293/577] 10.4.3.26 () {68 vars in 1492 bytes} [Wed May 27 03:02:34 2026] GET /placement/allocations/ec8a30ca-a909-4742-9f66-e30fa4cb15d0 => generated 258 bytes in 9 msecs (HTTP/1.1 200) 8 headers in 296 bytes (1 switches on core 0)
May 27 03:02:34.698372 np0000001472 devstack@placement-api.service[89364]: DEBUG placement.requestlog [req-12002831-13cb-495f-963d-dfc8d12c1b2a req-00dfc2bd-3db6-4886-9b4a-0b3f61fd2d48 None None] Starting request: 10.4.3.26 "GET /placement/allocations/52f4340b-99a5-48ae-b812-8ab97712aeff" {{(pid=89364) __call__ /opt/stack/placement/placement/requestlog.py:55}}
May 27 03:02:34.709599 np0000001472 devstack@placement-api.service[89364]: INFO placement.requestlog [req-12002831-13cb-495f-963d-dfc8d12c1b2a req-00dfc2bd-3db6-4886-9b4a-0b3f61fd2d48 service nova] 10.4.3.26 "GET /placement/allocations/52f4340b-99a5-48ae-b812-8ab97712aeff" status: 200 len: 244 microversion: 1.28
May 27 03:02:34.710476 np0000001472 devstack@placement-api.service[89364]: [pid: 89364|app: 0|req: 285/578] 10.4.3.26 () {68 vars in 1492 bytes} [Wed May 27 03:02:34 2026] GET /placement/allocations/52f4340b-99a5-48ae-b812-8ab97712aeff => generated 244 bytes in 12 msecs (HTTP/1.1 200) 8 headers in 296 bytes (1 switches on core 0)
May 27 03:02:34.722200 np0000001472 devstack@placement-api.service[89363]: DEBUG placement.requestlog [req-506eebc1-8f4d-487f-84c5-77f1560d45bc req-6ecce9c7-d03f-4f05-992a-47e4ccd6b86f None None] Starting request: 10.4.3.26 "GET /placement/allocation_candidates?limit=1000&resources=DISK_GB%3A1%2CMEMORY_MB%3A192%2CVCPU%3A1&root_required=%21COMPUTE_STATUS_DISABLED" {{(pid=89363) __call__ /opt/stack/placement/placement/requestlog.py:55}}
May 27 03:02:34.751829 np0000001472 devstack@placement-api.service[89363]: DEBUG placement.objects.research_context [req-506eebc1-8f4d-487f-84c5-77f1560d45bc req-6ecce9c7-d03f-4f05-992a-47e4ccd6b86f service nova] getting providers with 1 DISK_GB {{(pid=89363) __init__ /opt/stack/placement/placement/objects/research_context.py:137}}
May 27 03:02:34.757463 np0000001472 devstack@placement-api.service[89363]: DEBUG placement.objects.research_context [req-506eebc1-8f4d-487f-84c5-77f1560d45bc req-6ecce9c7-d03f-4f05-992a-47e4ccd6b86f service nova] getting providers with 192 MEMORY_MB {{(pid=89363) __init__ /opt/stack/placement/placement/objects/research_context.py:137}}
May 27 03:02:34.758261 np0000001472 devstack@placement-api.service[89364]: DEBUG placement.requestlog [req-12002831-13cb-495f-963d-dfc8d12c1b2a req-20769433-704e-41b6-a1e5-b0bc805516c2 None None] Starting request: 10.4.3.26 "GET /placement/allocations/6718093c-1bd7-42e3-90ec-e34c3261ff7e" {{(pid=89364) __call__ /opt/stack/placement/placement/requestlog.py:55}}
May 27 03:02:34.761837 np0000001472 devstack@placement-api.service[89363]: DEBUG placement.objects.research_context [req-506eebc1-8f4d-487f-84c5-77f1560d45bc req-6ecce9c7-d03f-4f05-992a-47e4ccd6b86f service nova] getting providers with 1 VCPU {{(pid=89363) __init__ /opt/stack/placement/placement/objects/research_context.py:137}}
May 27 03:02:34.766205 np0000001472 devstack@placement-api.service[89363]: DEBUG placement.objects.research_context [req-506eebc1-8f4d-487f-84c5-77f1560d45bc req-6ecce9c7-d03f-4f05-992a-47e4ccd6b86f service nova] found 1 providers with available 1 DISK_GB {{(pid=89363) get_provider_ids_matching /opt/stack/placement/placement/objects/research_context.py:563}}
May 27 03:02:34.766420 np0000001472 devstack@placement-api.service[89363]: DEBUG placement.objects.research_context [req-506eebc1-8f4d-487f-84c5-77f1560d45bc req-6ecce9c7-d03f-4f05-992a-47e4ccd6b86f service nova] found 1 providers with available 192 MEMORY_MB {{(pid=89363) get_provider_ids_matching /opt/stack/placement/placement/objects/research_context.py:563}}
May 27 03:02:34.766731 np0000001472 devstack@placement-api.service[89363]: DEBUG placement.objects.research_context [req-506eebc1-8f4d-487f-84c5-77f1560d45bc req-6ecce9c7-d03f-4f05-992a-47e4ccd6b86f service nova] found 1 providers after filtering by previous result {{(pid=89363) get_provider_ids_matching /opt/stack/placement/placement/objects/research_context.py:594}}
May 27 03:02:34.766731 np0000001472 devstack@placement-api.service[89363]: DEBUG placement.objects.research_context [req-506eebc1-8f4d-487f-84c5-77f1560d45bc req-6ecce9c7-d03f-4f05-992a-47e4ccd6b86f service nova] found 1 providers with available 1 VCPU {{(pid=89363) get_provider_ids_matching /opt/stack/placement/placement/objects/research_context.py:563}}
May 27 03:02:34.767337 np0000001472 devstack@placement-api.service[89363]: DEBUG placement.objects.research_context [req-506eebc1-8f4d-487f-84c5-77f1560d45bc req-6ecce9c7-d03f-4f05-992a-47e4ccd6b86f service nova] found 1 providers after filtering by previous result {{(pid=89363) get_provider_ids_matching /opt/stack/placement/placement/objects/research_context.py:594}}
May 27 03:02:34.769650 np0000001472 devstack@placement-api.service[89364]: INFO placement.requestlog [req-12002831-13cb-495f-963d-dfc8d12c1b2a req-20769433-704e-41b6-a1e5-b0bc805516c2 service nova] 10.4.3.26 "GET /placement/allocations/6718093c-1bd7-42e3-90ec-e34c3261ff7e" status: 200 len: 258 microversion: 1.28
May 27 03:02:34.771368 np0000001472 devstack@placement-api.service[89364]: [pid: 89364|app: 0|req: 286/579] 10.4.3.26 () {68 vars in 1492 bytes} [Wed May 27 03:02:34 2026] GET /placement/allocations/6718093c-1bd7-42e3-90ec-e34c3261ff7e => generated 258 bytes in 13 msecs (HTTP/1.1 200) 8 headers in 296 bytes (1 switches on core 0)
May 27 03:02:34.781408 np0000001472 devstack@placement-api.service[89363]: DEBUG placement.objects.allocation_candidate [req-506eebc1-8f4d-487f-84c5-77f1560d45bc req-6ecce9c7-d03f-4f05-992a-47e4ccd6b86f service nova] RequestGroup(use_same_provider=False, resources={DISK_GB:1, MEMORY_MB:192, VCPU:1}, traits=(), aggregates=[]) (suffix '') returned 1 matches {{(pid=89363) _get_by_requests /opt/stack/placement/placement/objects/allocation_candidate.py:158}}
May 27 03:02:34.781778 np0000001472 devstack@placement-api.service[89363]: DEBUG placement.objects.allocation_candidate [req-506eebc1-8f4d-487f-84c5-77f1560d45bc req-6ecce9c7-d03f-4f05-992a-47e4ccd6b86f service nova] Merging candidates yields 1 allocation requests and 1 provider summaries {{(pid=89363) _merge_candidates /opt/stack/placement/placement/objects/allocation_candidate.py:908}}
May 27 03:02:34.783006 np0000001472 devstack@placement-api.service[89363]: INFO placement.requestlog [req-506eebc1-8f4d-487f-84c5-77f1560d45bc req-6ecce9c7-d03f-4f05-992a-47e4ccd6b86f service nova] 10.4.3.26 "GET /placement/allocation_candidates?limit=1000&resources=DISK_GB%3A1%2CMEMORY_MB%3A192%2CVCPU%3A1&root_required=%21COMPUTE_STATUS_DISABLED" status: 200 len: 2495 microversion: 1.36
May 27 03:02:34.783450 np0000001472 devstack@placement-api.service[89363]: [pid: 89363|app: 0|req: 294/580] 10.4.3.26 () {68 vars in 1618 bytes} [Wed May 27 03:02:34 2026] GET /placement/allocation_candidates?limit=1000&resources=DISK_GB%3A1%2CMEMORY_MB%3A192%2CVCPU%3A1&root_required=%21COMPUTE_STATUS_DISABLED => generated 2495 bytes in 61 msecs (HTTP/1.1 200) 8 headers in 297 bytes (1 switches on core 0)
May 27 03:02:34.808793 np0000001472 devstack@placement-api.service[89364]: DEBUG placement.requestlog [req-12002831-13cb-495f-963d-dfc8d12c1b2a req-ace64d76-6512-43f7-a08d-3a9fbba86d13 None None] Starting request: 10.4.3.26 "GET /placement/allocations/c98321fd-0324-47c4-95ab-d17dc05f1fc4" {{(pid=89364) __call__ /opt/stack/placement/placement/requestlog.py:55}}
May 27 03:02:34.833696 np0000001472 devstack@placement-api.service[89364]: INFO placement.requestlog [req-12002831-13cb-495f-963d-dfc8d12c1b2a req-ace64d76-6512-43f7-a08d-3a9fbba86d13 service nova] 10.4.3.26 "GET /placement/allocations/c98321fd-0324-47c4-95ab-d17dc05f1fc4" status: 200 len: 258 microversion: 1.28
May 27 03:02:34.833696 np0000001472 devstack@placement-api.service[89364]: [pid: 89364|app: 0|req: 287/581] 10.4.3.26 () {68 vars in 1492 bytes} [Wed May 27 03:02:34 2026] GET /placement/allocations/c98321fd-0324-47c4-95ab-d17dc05f1fc4 => generated 258 bytes in 22 msecs (HTTP/1.1 200) 8 headers in 296 bytes (1 switches on core 0)
May 27 03:02:34.866246 np0000001472 devstack@placement-api.service[89363]: DEBUG placement.requestlog [req-506eebc1-8f4d-487f-84c5-77f1560d45bc req-d9bcb9e0-01ea-4322-9d25-2ce640ef3e01 None None] Starting request: 10.4.3.26 "GET /placement/allocations/4a808365-8ea5-4ff0-89e6-e2176d30a842" {{(pid=89363) __call__ /opt/stack/placement/placement/requestlog.py:55}}
May 27 03:02:34.875767 np0000001472 devstack@placement-api.service[89363]: INFO placement.requestlog [req-506eebc1-8f4d-487f-84c5-77f1560d45bc req-d9bcb9e0-01ea-4322-9d25-2ce640ef3e01 service nova] 10.4.3.26 "GET /placement/allocations/4a808365-8ea5-4ff0-89e6-e2176d30a842" status: 200 len: 19 microversion: 1.28
May 27 03:02:34.875958 np0000001472 devstack@placement-api.service[89363]: [pid: 89363|app: 0|req: 295/582] 10.4.3.26 () {68 vars in 1494 bytes} [Wed May 27 03:02:34 2026] GET /placement/allocations/4a808365-8ea5-4ff0-89e6-e2176d30a842 => generated 19 bytes in 10 msecs (HTTP/1.1 200) 8 headers in 295 bytes (1 switches on core 0)
May 27 03:02:34.876578 np0000001472 devstack@placement-api.service[89364]: DEBUG placement.requestlog [req-12002831-13cb-495f-963d-dfc8d12c1b2a req-f831b2ce-adba-4498-bbb2-b5c91ba170ca None None] Starting request: 10.4.3.26 "GET /placement/allocations/bf4c1178-8b18-46ee-903e-6098b86f89fb" {{(pid=89364) __call__ /opt/stack/placement/placement/requestlog.py:55}}
May 27 03:02:34.888535 np0000001472 devstack@placement-api.service[89364]: INFO placement.requestlog [req-12002831-13cb-495f-963d-dfc8d12c1b2a req-f831b2ce-adba-4498-bbb2-b5c91ba170ca service nova] 10.4.3.26 "GET /placement/allocations/bf4c1178-8b18-46ee-903e-6098b86f89fb" status: 200 len: 244 microversion: 1.28
May 27 03:02:34.888946 np0000001472 devstack@placement-api.service[89364]: [pid: 89364|app: 0|req: 288/583] 10.4.3.26 () {68 vars in 1492 bytes} [Wed May 27 03:02:34 2026] GET /placement/allocations/bf4c1178-8b18-46ee-903e-6098b86f89fb => generated 244 bytes in 12 msecs (HTTP/1.1 200) 8 headers in 296 bytes (1 switches on core 0)
May 27 03:02:34.927017 np0000001472 devstack@placement-api.service[89363]: DEBUG placement.requestlog [req-506eebc1-8f4d-487f-84c5-77f1560d45bc req-2d69dab8-b1c4-47f0-b420-4bb6fb63e81f None None] Starting request: 10.4.3.26 "PUT /placement/allocations/4a808365-8ea5-4ff0-89e6-e2176d30a842" {{(pid=89363) __call__ /opt/stack/placement/placement/requestlog.py:55}}
May 27 03:02:34.936635 np0000001472 devstack@placement-api.service[89364]: DEBUG placement.requestlog [req-12002831-13cb-495f-963d-dfc8d12c1b2a req-eb306bb4-2192-461e-ac30-435156266802 None None] Starting request: 10.4.3.26 "GET /placement/allocations/9de55d79-d6b8-4d7d-be63-479c7db7a1d1" {{(pid=89364) __call__ /opt/stack/placement/placement/requestlog.py:55}}
May 27 03:02:34.951973 np0000001472 devstack@placement-api.service[89364]: INFO placement.requestlog [req-12002831-13cb-495f-963d-dfc8d12c1b2a req-eb306bb4-2192-461e-ac30-435156266802 service nova] 10.4.3.26 "GET /placement/allocations/9de55d79-d6b8-4d7d-be63-479c7db7a1d1" status: 200 len: 244 microversion: 1.28
May 27 03:02:34.952253 np0000001472 devstack@placement-api.service[89364]: [pid: 89364|app: 0|req: 289/584] 10.4.3.26 () {68 vars in 1492 bytes} [Wed May 27 03:02:34 2026] GET /placement/allocations/9de55d79-d6b8-4d7d-be63-479c7db7a1d1 => generated 244 bytes in 16 msecs (HTTP/1.1 200) 8 headers in 296 bytes (1 switches on core 0)
May 27 03:02:34.970200 np0000001472 devstack@placement-api.service[89363]: DEBUG placement.handlers.allocation [req-506eebc1-8f4d-487f-84c5-77f1560d45bc req-2d69dab8-b1c4-47f0-b420-4bb6fb63e81f service nova] Successfully wrote allocations [, , ] {{(pid=89363) _update_consumers_and_create_allocations /opt/stack/placement/placement/handlers/allocation.py:462}}
May 27 03:02:34.973945 np0000001472 devstack@placement-api.service[89363]: INFO placement.requestlog [req-506eebc1-8f4d-487f-84c5-77f1560d45bc req-2d69dab8-b1c4-47f0-b420-4bb6fb63e81f service nova] 10.4.3.26 "PUT /placement/allocations/4a808365-8ea5-4ff0-89e6-e2176d30a842" status: 204 len: 0 microversion: 1.36
May 27 03:02:34.974181 np0000001472 devstack@placement-api.service[89363]: [pid: 89363|app: 0|req: 296/585] 10.4.3.26 () {72 vars in 1547 bytes} [Wed May 27 03:02:34 2026] PUT /placement/allocations/4a808365-8ea5-4ff0-89e6-e2176d30a842 => generated 0 bytes in 47 msecs (HTTP/1.1 204) 5 headers in 199 bytes (1 switches on core 0)
May 27 03:02:35.005915 np0000001472 devstack@placement-api.service[89364]: DEBUG placement.requestlog [req-12002831-13cb-495f-963d-dfc8d12c1b2a req-5fd5b371-957c-424c-92e4-e73a10ff1071 None None] Starting request: 10.4.3.26 "GET /placement/allocations/1cb03fbc-a64d-4a06-b03f-03d7360a1ecb" {{(pid=89364) __call__ /opt/stack/placement/placement/requestlog.py:55}}
May 27 03:02:35.019373 np0000001472 devstack@placement-api.service[89364]: INFO placement.requestlog [req-12002831-13cb-495f-963d-dfc8d12c1b2a req-5fd5b371-957c-424c-92e4-e73a10ff1071 service nova] 10.4.3.26 "GET /placement/allocations/1cb03fbc-a64d-4a06-b03f-03d7360a1ecb" status: 200 len: 258 microversion: 1.28
May 27 03:02:35.020377 np0000001472 devstack@placement-api.service[89364]: [pid: 89364|app: 0|req: 290/586] 10.4.3.26 () {68 vars in 1492 bytes} [Wed May 27 03:02:35 2026] GET /placement/allocations/1cb03fbc-a64d-4a06-b03f-03d7360a1ecb => generated 258 bytes in 14 msecs (HTTP/1.1 200) 8 headers in 296 bytes (1 switches on core 0)
May 27 03:02:35.077599 np0000001472 devstack@placement-api.service[89363]: DEBUG placement.requestlog [req-12002831-13cb-495f-963d-dfc8d12c1b2a req-64f43c2e-9f95-4dea-a6bd-8b96de5b47b2 None None] Starting request: 10.4.3.26 "GET /placement/allocations/dbcc99c0-1795-4cf6-8786-7cf5552f9db1" {{(pid=89363) __call__ /opt/stack/placement/placement/requestlog.py:55}}
May 27 03:02:35.087003 np0000001472 devstack@placement-api.service[89363]: INFO placement.requestlog [req-12002831-13cb-495f-963d-dfc8d12c1b2a req-64f43c2e-9f95-4dea-a6bd-8b96de5b47b2 service nova] 10.4.3.26 "GET /placement/allocations/dbcc99c0-1795-4cf6-8786-7cf5552f9db1" status: 200 len: 258 microversion: 1.28
May 27 03:02:35.087296 np0000001472 devstack@placement-api.service[89363]: [pid: 89363|app: 0|req: 297/587] 10.4.3.26 () {68 vars in 1492 bytes} [Wed May 27 03:02:35 2026] GET /placement/allocations/dbcc99c0-1795-4cf6-8786-7cf5552f9db1 => generated 258 bytes in 10 msecs (HTTP/1.1 200) 8 headers in 296 bytes (1 switches on core 0)
May 27 03:02:35.820197 np0000001472 devstack@placement-api.service[89364]: DEBUG placement.requestlog [req-d8da3aeb-382c-4dcd-9d2b-1246fb699749 req-b9a57573-9bcf-4949-8ccc-793f582decba None None] Starting request: 10.4.3.26 "GET /placement/allocations/6f66b1d6-15af-4e30-84e8-5f3d50729a68" {{(pid=89364) __call__ /opt/stack/placement/placement/requestlog.py:55}}
May 27 03:02:35.841550 np0000001472 devstack@placement-api.service[89364]: INFO placement.requestlog [req-d8da3aeb-382c-4dcd-9d2b-1246fb699749 req-b9a57573-9bcf-4949-8ccc-793f582decba service nova] 10.4.3.26 "GET /placement/allocations/6f66b1d6-15af-4e30-84e8-5f3d50729a68" status: 200 len: 258 microversion: 1.28
May 27 03:02:35.841829 np0000001472 devstack@placement-api.service[89364]: [pid: 89364|app: 0|req: 291/588] 10.4.3.26 () {68 vars in 1492 bytes} [Wed May 27 03:02:35 2026] GET /placement/allocations/6f66b1d6-15af-4e30-84e8-5f3d50729a68 => generated 258 bytes in 22 msecs (HTTP/1.1 200) 8 headers in 296 bytes (1 switches on core 0)
May 27 03:02:36.161594 np0000001472 devstack@placement-api.service[89363]: DEBUG placement.requestlog [req-12002831-13cb-495f-963d-dfc8d12c1b2a req-d740efca-b17b-471b-ab3c-3d27dba70b4e None None] Starting request: 10.4.3.26 "DELETE /placement/allocations/bf4c1178-8b18-46ee-903e-6098b86f89fb" {{(pid=89363) __call__ /opt/stack/placement/placement/requestlog.py:55}}
May 27 03:02:36.181801 np0000001472 devstack@placement-api.service[89363]: DEBUG placement.handlers.allocation [req-12002831-13cb-495f-963d-dfc8d12c1b2a req-d740efca-b17b-471b-ab3c-3d27dba70b4e service nova] Successfully deleted allocations [, ] {{(pid=89363) delete_allocations /opt/stack/placement/placement/handlers/allocation.py:627}}
May 27 03:02:36.182048 np0000001472 devstack@placement-api.service[89363]: INFO placement.requestlog [req-12002831-13cb-495f-963d-dfc8d12c1b2a req-d740efca-b17b-471b-ab3c-3d27dba70b4e service nova] 10.4.3.26 "DELETE /placement/allocations/bf4c1178-8b18-46ee-903e-6098b86f89fb" status: 204 len: 0 microversion: 1.0
