Jun 26 00:09:45.016433 np0000003668 nova-scheduler[93450]: DEBUG cotyledon.oslo_config_glue [-] oslo_messaging_notifications.transport_url = **** {{(pid=93450) log_opt_values /opt/stack/data/venv/lib/python3.12/site-packages/oslo_config/cfg.py:3253}}
Jun 26 00:09:45.016494 np0000003668 nova-scheduler[93450]: DEBUG cotyledon.oslo_config_glue [-] oslo_limit.auth_section = None {{(pid=93450) log_opt_values /opt/stack/data/venv/lib/python3.12/site-packages/oslo_config/cfg.py:3253}}
Jun 26 00:09:45.016539 np0000003668 nova-scheduler[93450]: DEBUG cotyledon.oslo_config_glue [-] oslo_limit.auth_type = None {{(pid=93450) log_opt_values /opt/stack/data/venv/lib/python3.12/site-packages/oslo_config/cfg.py:3253}}
Jun 26 00:09:45.016578 np0000003668 nova-scheduler[93450]: DEBUG cotyledon.oslo_config_glue [-] oslo_limit.cafile = None {{(pid=93450) log_opt_values /opt/stack/data/venv/lib/python3.12/site-packages/oslo_config/cfg.py:3253}}
Jun 26 00:09:45.016614 np0000003668 nova-scheduler[93450]: DEBUG cotyledon.oslo_config_glue [-] oslo_limit.certfile = None {{(pid=93450) log_opt_values /opt/stack/data/venv/lib/python3.12/site-packages/oslo_config/cfg.py:3253}}
Jun 26 00:09:45.016643 np0000003668 nova-scheduler[93450]: DEBUG cotyledon.oslo_config_glue [-] oslo_limit.collect_timing = False {{(pid=93450) log_opt_values /opt/stack/data/venv/lib/python3.12/site-packages/oslo_config/cfg.py:3253}}
Jun 26 00:09:45.016688 np0000003668 nova-scheduler[93450]: DEBUG cotyledon.oslo_config_glue [-] oslo_limit.connect_retries = None {{(pid=93450) log_opt_values /opt/stack/data/venv/lib/python3.12/site-packages/oslo_config/cfg.py:3253}}
Jun 26 00:09:45.016728 np0000003668 nova-scheduler[93450]: DEBUG cotyledon.oslo_config_glue [-] oslo_limit.connect_retry_delay = None {{(pid=93450) log_opt_values /opt/stack/data/venv/lib/python3.12/site-packages/oslo_config/cfg.py:3253}}
Jun 26 00:09:45.016766 np0000003668 nova-scheduler[93450]: DEBUG cotyledon.oslo_config_glue [-] oslo_limit.endpoint_id = None {{(pid=93450) log_opt_values /opt/stack/data/venv/lib/python3.12/site-packages/oslo_config/cfg.py:3253}}
Jun 26 00:09:45.016804 np0000003668 nova-scheduler[93450]: DEBUG cotyledon.oslo_config_glue [-] oslo_limit.endpoint_interface = public {{(pid=93450) log_opt_values /opt/stack/data/venv/lib/python3.12/site-packages/oslo_config/cfg.py:3253}}
Jun 26 00:09:45.016850 np0000003668 nova-scheduler[93450]: DEBUG cotyledon.oslo_config_glue [-] oslo_limit.endpoint_override = None {{(pid=93450) log_opt_values /opt/stack/data/venv/lib/python3.12/site-packages/oslo_config/cfg.py:3253}}
Jun 26 00:09:45.016897 np0000003668 nova-scheduler[93450]: DEBUG cotyledon.oslo_config_glue [-] oslo_limit.endpoint_region_name = None {{(pid=93450) log_opt_values /opt/stack/data/venv/lib/python3.12/site-packages/oslo_config/cfg.py:3253}}
Jun 26 00:09:45.016938 np0000003668 nova-scheduler[93450]: DEBUG cotyledon.oslo_config_glue [-] oslo_limit.endpoint_service_name = None {{(pid=93450) log_opt_values /opt/stack/data/venv/lib/python3.12/site-packages/oslo_config/cfg.py:3253}}
Jun 26 00:09:45.016978 np0000003668 nova-scheduler[93450]: DEBUG cotyledon.oslo_config_glue [-] oslo_limit.endpoint_service_type = None {{(pid=93450) log_opt_values /opt/stack/data/venv/lib/python3.12/site-packages/oslo_config/cfg.py:3253}}
Jun 26 00:09:45.017013 np0000003668 nova-scheduler[93450]: DEBUG cotyledon.oslo_config_glue [-] oslo_limit.insecure = False {{(pid=93450) log_opt_values /opt/stack/data/venv/lib/python3.12/site-packages/oslo_config/cfg.py:3253}}
Jun 26 00:09:45.017042 np0000003668 nova-scheduler[93450]: DEBUG cotyledon.oslo_config_glue [-] oslo_limit.keyfile = None {{(pid=93450) log_opt_values /opt/stack/data/venv/lib/python3.12/site-packages/oslo_config/cfg.py:3253}}
Jun 26 00:09:45.017067 np0000003668 nova-scheduler[93450]: DEBUG cotyledon.oslo_config_glue [-] oslo_limit.max_version = None {{(pid=93450) log_opt_values /opt/stack/data/venv/lib/python3.12/site-packages/oslo_config/cfg.py:3253}}
Jun 26 00:09:45.017105 np0000003668 nova-scheduler[93450]: DEBUG cotyledon.oslo_config_glue [-] oslo_limit.min_version = None {{(pid=93450) log_opt_values /opt/stack/data/venv/lib/python3.12/site-packages/oslo_config/cfg.py:3253}}
Jun 26 00:09:45.017907 np0000003668 nova-scheduler[93450]: DEBUG cotyledon.oslo_config_glue [-] oslo_limit.region_name = None {{(pid=93450) log_opt_values /opt/stack/data/venv/lib/python3.12/site-packages/oslo_config/cfg.py:3253}}
Jun 26 00:09:45.017973 np0000003668 nova-scheduler[93450]: DEBUG cotyledon.oslo_config_glue [-] oslo_limit.retriable_status_codes = None {{(pid=93450) log_opt_values /opt/stack/data/venv/lib/python3.12/site-packages/oslo_config/cfg.py:3253}}
Jun 26 00:09:45.018012 np0000003668 nova-scheduler[93450]: DEBUG cotyledon.oslo_config_glue [-] oslo_limit.service_name = None {{(pid=93450) log_opt_values /opt/stack/data/venv/lib/python3.12/site-packages/oslo_config/cfg.py:3253}}
Jun 26 00:09:45.018046 np0000003668 nova-scheduler[93450]: DEBUG cotyledon.oslo_config_glue [-] oslo_limit.service_type = None {{(pid=93450) log_opt_values /opt/stack/data/venv/lib/python3.12/site-packages/oslo_config/cfg.py:3253}}
Jun 26 00:09:45.018069 np0000003668 nova-scheduler[93450]: DEBUG cotyledon.oslo_config_glue [-] oslo_limit.split_loggers = False {{(pid=93450) log_opt_values /opt/stack/data/venv/lib/python3.12/site-packages/oslo_config/cfg.py:3253}}
Jun 26 00:09:45.018159 np0000003668 nova-scheduler[93450]: DEBUG cotyledon.oslo_config_glue [-] oslo_limit.status_code_retries = None {{(pid=93450) log_opt_values /opt/stack/data/venv/lib/python3.12/site-packages/oslo_config/cfg.py:3253}}
Jun 26 00:09:45.018213 np0000003668 nova-scheduler[93450]: DEBUG cotyledon.oslo_config_glue [-] oslo_limit.status_code_retry_delay = None {{(pid=93450) log_opt_values /opt/stack/data/venv/lib/python3.12/site-packages/oslo_config/cfg.py:3253}}
Jun 26 00:09:45.018272 np0000003668 nova-scheduler[93450]: DEBUG cotyledon.oslo_config_glue [-] oslo_limit.timeout = None {{(pid=93450) log_opt_values /opt/stack/data/venv/lib/python3.12/site-packages/oslo_config/cfg.py:3253}}
Jun 26 00:09:45.018313 np0000003668 nova-scheduler[93450]: DEBUG cotyledon.oslo_config_glue [-] oslo_limit.valid_interfaces = None {{(pid=93450) log_opt_values /opt/stack/data/venv/lib/python3.12/site-packages/oslo_config/cfg.py:3253}}
Jun 26 00:09:45.018350 np0000003668 nova-scheduler[93450]: DEBUG cotyledon.oslo_config_glue [-] oslo_limit.version = None {{(pid=93450) log_opt_values /opt/stack/data/venv/lib/python3.12/site-packages/oslo_config/cfg.py:3253}}
Jun 26 00:09:45.018428 np0000003668 nova-scheduler[93450]: DEBUG cotyledon.oslo_config_glue [-] oslo_reports.file_event_handler = None {{(pid=93450) log_opt_values /opt/stack/data/venv/lib/python3.12/site-packages/oslo_config/cfg.py:3253}}
Jun 26 00:09:45.018454 np0000003668 nova-scheduler[93450]: DEBUG cotyledon.oslo_config_glue [-] oslo_reports.file_event_handler_interval = 1 {{(pid=93450) log_opt_values /opt/stack/data/venv/lib/python3.12/site-packages/oslo_config/cfg.py:3253}}
Jun 26 00:09:45.018494 np0000003668 nova-scheduler[93450]: DEBUG cotyledon.oslo_config_glue [-] oslo_reports.log_dir = None {{(pid=93450) log_opt_values /opt/stack/data/venv/lib/python3.12/site-packages/oslo_config/cfg.py:3253}}
Jun 26 00:09:45.018535 np0000003668 nova-scheduler[93450]: DEBUG cotyledon.oslo_config_glue [-] ******************************************************************************** {{(pid=93450) log_opt_values /opt/stack/data/venv/lib/python3.12/site-packages/oslo_config/cfg.py:3260}}
Jun 26 00:09:45.018698 np0000003668 nova-scheduler[93450]: DEBUG cotyledon._service_worker [-] Run service ServiceWrapper(2) [93450] {{(pid=93450) wait_forever /opt/stack/data/venv/lib/python3.12/site-packages/cotyledon/_service_worker.py:218}}
Jun 26 00:09:45.019304 np0000003668 nova-scheduler[93444]: INFO dbcounter [None req-63d88476-f153-4967-a744-0e8005fefab1 None None] Registered counter for database nova_cell0
Jun 26 00:09:45.020123 np0000003668 nova-scheduler[93450]: INFO nova.service [-] Starting scheduler node (version 33.1.0)
Jun 26 00:09:45.024393 np0000003668 nova-scheduler[93450]: INFO dbcounter [None req-822edbe3-d0ea-4b8d-bd75-6dac46852f80 None None] Registered counter for database nova_cell0
Jun 26 00:09:45.047878 np0000003668 nova-scheduler[93442]: DEBUG nova.service [None req-9de2cbf2-84f9-406e-ae59-c186b86527a6 None None] Creating RPC server for service: nova-scheduler on topic: scheduler {{(pid=93442) start /opt/stack/nova/nova/service.py:196}}
Jun 26 00:09:45.061111 np0000003668 nova-scheduler[93444]: DEBUG oslo_db.sqlalchemy.engines [None req-63d88476-f153-4967-a744-0e8005fefab1 None None] MySQL server mode set to STRICT_TRANS_TABLES,STRICT_ALL_TABLES,NO_ZERO_IN_DATE,NO_ZERO_DATE,ERROR_FOR_DIVISION_BY_ZERO,TRADITIONAL,NO_ENGINE_SUBSTITUTION {{(pid=93444) _check_effective_sql_mode /opt/stack/data/venv/lib/python3.12/site-packages/oslo_db/sqlalchemy/engines.py:325}}
Jun 26 00:09:45.063782 np0000003668 nova-scheduler[93450]: DEBUG oslo_db.sqlalchemy.engines [None req-822edbe3-d0ea-4b8d-bd75-6dac46852f80 None None] MySQL server mode set to STRICT_TRANS_TABLES,STRICT_ALL_TABLES,NO_ZERO_IN_DATE,NO_ZERO_DATE,ERROR_FOR_DIVISION_BY_ZERO,TRADITIONAL,NO_ENGINE_SUBSTITUTION {{(pid=93450) _check_effective_sql_mode /opt/stack/data/venv/lib/python3.12/site-packages/oslo_db/sqlalchemy/engines.py:325}}
Jun 26 00:09:45.071514 np0000003668 nova-scheduler[93442]: DEBUG nova.service [None req-9de2cbf2-84f9-406e-ae59-c186b86527a6 None None] Join ServiceGroup membership for this service scheduler {{(pid=93442) start /opt/stack/nova/nova/service.py:222}}
Jun 26 00:09:45.071709 np0000003668 nova-scheduler[93442]: DEBUG nova.servicegroup.drivers.db [None req-9de2cbf2-84f9-406e-ae59-c186b86527a6 None None] DB_Driver: join new ServiceGroup member np0000003668 to the scheduler group, service = {{(pid=93442) join /opt/stack/nova/nova/servicegroup/drivers/db.py:44}}
Jun 26 00:09:45.072443 np0000003668 nova-scheduler[93444]: DEBUG dbcounter [-] [93444] Writer thread running {{(pid=93444) stat_writer /opt/stack/data/venv/lib/python3.12/site-packages/dbcounter.py:102}}
Jun 26 00:09:45.074165 np0000003668 nova-scheduler[93450]: DEBUG dbcounter [-] [93450] Writer thread running {{(pid=93450) stat_writer /opt/stack/data/venv/lib/python3.12/site-packages/dbcounter.py:102}}
Jun 26 00:09:45.075244 np0000003668 nova-scheduler[93444]: DEBUG nova.service [None req-63d88476-f153-4967-a744-0e8005fefab1 None None] Creating RPC server for service: nova-scheduler on topic: scheduler {{(pid=93444) start /opt/stack/nova/nova/service.py:196}}
Jun 26 00:09:45.077103 np0000003668 nova-scheduler[93450]: DEBUG nova.service [None req-822edbe3-d0ea-4b8d-bd75-6dac46852f80 None None] Creating RPC server for service: nova-scheduler on topic: scheduler {{(pid=93450) start /opt/stack/nova/nova/service.py:196}}
Jun 26 00:09:45.096178 np0000003668 nova-scheduler[93450]: DEBUG nova.service [None req-822edbe3-d0ea-4b8d-bd75-6dac46852f80 None None] Join ServiceGroup membership for this service scheduler {{(pid=93450) start /opt/stack/nova/nova/service.py:222}}
Jun 26 00:09:45.096323 np0000003668 nova-scheduler[93444]: DEBUG nova.service [None req-63d88476-f153-4967-a744-0e8005fefab1 None None] Join ServiceGroup membership for this service scheduler {{(pid=93444) start /opt/stack/nova/nova/service.py:222}}
Jun 26 00:09:45.096430 np0000003668 nova-scheduler[93450]: DEBUG nova.servicegroup.drivers.db [None req-822edbe3-d0ea-4b8d-bd75-6dac46852f80 None None] DB_Driver: join new ServiceGroup member np0000003668 to the scheduler group, service = {{(pid=93450) join /opt/stack/nova/nova/servicegroup/drivers/db.py:44}}
Jun 26 00:09:45.096472 np0000003668 nova-scheduler[93444]: DEBUG nova.servicegroup.drivers.db [None req-63d88476-f153-4967-a744-0e8005fefab1 None None] DB_Driver: join new ServiceGroup member np0000003668 to the scheduler group, service = {{(pid=93444) join /opt/stack/nova/nova/servicegroup/drivers/db.py:44}}
Jun 26 00:09:47.074084 np0000003668 nova-scheduler[93442]: DEBUG oslo.service.backend._threading.loopingcall [None req-6a9ba35e-26db-42e1-aa02-b9eb4027580a None None] Dynamic interval looping call 'nova.service.Service.periodic_tasks' sleeping for 60.00 seconds {{(pid=93442) _run_loop /opt/stack/data/venv/lib/python3.12/site-packages/oslo_service/backend/_threading/loopingcall.py:125}}
Jun 26 00:09:50.093680 np0000003668 nova-scheduler[93442]: DEBUG oslo.service.backend._threading.loopingcall [-] Fixed interval looping call 'nova.servicegroup.drivers.db.DbDriver._report_state' sleeping for 119.98 seconds {{(pid=93442) _run_loop /opt/stack/data/venv/lib/python3.12/site-packages/oslo_service/backend/_threading/loopingcall.py:125}}
Jun 26 00:09:50.107401 np0000003668 nova-scheduler[93450]: DEBUG oslo.service.backend._threading.loopingcall [-] Fixed interval looping call 'nova.servicegroup.drivers.db.DbDriver._report_state' sleeping for 119.99 seconds {{(pid=93450) _run_loop /opt/stack/data/venv/lib/python3.12/site-packages/oslo_service/backend/_threading/loopingcall.py:125}}
Jun 26 00:09:50.109122 np0000003668 nova-scheduler[93444]: DEBUG oslo.service.backend._threading.loopingcall [-] Fixed interval looping call 'nova.servicegroup.drivers.db.DbDriver._report_state' sleeping for 119.99 seconds {{(pid=93444) _run_loop /opt/stack/data/venv/lib/python3.12/site-packages/oslo_service/backend/_threading/loopingcall.py:125}}
Jun 26 00:09:53.642306 np0000003668 nova-scheduler[92247]: DEBUG dbcounter [-] [92247] Writing DB stats nova_api:SELECT=3 {{(pid=92247) stat_writer /opt/stack/data/venv/lib/python3.12/site-packages/dbcounter.py:115}}
Jun 26 00:09:53.768226 np0000003668 nova-scheduler[92247]: DEBUG dbcounter [-] [92247] Writing DB stats nova_cell0:SELECT=1 {{(pid=92247) stat_writer /opt/stack/data/venv/lib/python3.12/site-packages/dbcounter.py:115}}
Jun 26 00:09:53.776164 np0000003668 nova-scheduler[92247]: DEBUG dbcounter [-] [92247] Writing DB stats nova_cell1:SELECT=1 {{(pid=92247) stat_writer /opt/stack/data/venv/lib/python3.12/site-packages/dbcounter.py:115}}
Jun 26 00:10:00.082463 np0000003668 nova-scheduler[93442]: DEBUG dbcounter [-] [93442] Writing DB stats nova_cell0:SELECT=4,nova_cell0:INSERT=1,nova_cell0:UPDATE=1 {{(pid=93442) stat_writer /opt/stack/data/venv/lib/python3.12/site-packages/dbcounter.py:115}}
Jun 26 00:10:00.105991 np0000003668 nova-scheduler[93444]: DEBUG dbcounter [-] [93444] Writing DB stats nova_cell0:SELECT=3 {{(pid=93444) stat_writer /opt/stack/data/venv/lib/python3.12/site-packages/dbcounter.py:115}}
Jun 26 00:10:00.107368 np0000003668 nova-scheduler[93450]: DEBUG dbcounter [-] [93450] Writing DB stats nova_cell0:SELECT=3 {{(pid=93450) stat_writer /opt/stack/data/venv/lib/python3.12/site-packages/dbcounter.py:115}}
Jun 26 00:10:33.098646 np0000003668 nova-scheduler[93450]: DEBUG oslo.service.backend._threading.loopingcall [None req-c0e55876-4efe-4192-8764-980988811436 None None] Dynamic interval looping call 'nova.service.Service.periodic_tasks' sleeping for 60.00 seconds {{(pid=93450) _run_loop /opt/stack/data/venv/lib/python3.12/site-packages/oslo_service/backend/_threading/loopingcall.py:125}}
Jun 26 00:10:41.099279 np0000003668 nova-scheduler[93444]: DEBUG oslo.service.backend._threading.loopingcall [None req-dd82c217-63dc-4d59-8646-feedb5c7c634 None None] Dynamic interval looping call 'nova.service.Service.periodic_tasks' sleeping for 60.00 seconds {{(pid=93444) _run_loop /opt/stack/data/venv/lib/python3.12/site-packages/oslo_service/backend/_threading/loopingcall.py:125}}
Jun 26 00:10:47.075077 np0000003668 nova-scheduler[93442]: DEBUG oslo.service.backend._threading.loopingcall [None req-6a9ba35e-26db-42e1-aa02-b9eb4027580a None None] Dynamic interval looping call 'nova.service.Service.periodic_tasks' sleeping for 60.00 seconds {{(pid=93442) _run_loop /opt/stack/data/venv/lib/python3.12/site-packages/oslo_service/backend/_threading/loopingcall.py:125}}
Jun 26 00:11:33.099058 np0000003668 nova-scheduler[93450]: DEBUG oslo.service.backend._threading.loopingcall [None req-c0e55876-4efe-4192-8764-980988811436 None None] Dynamic interval looping call 'nova.service.Service.periodic_tasks' sleeping for 60.00 seconds {{(pid=93450) _run_loop /opt/stack/data/venv/lib/python3.12/site-packages/oslo_service/backend/_threading/loopingcall.py:125}}
Jun 26 00:11:41.099535 np0000003668 nova-scheduler[93444]: DEBUG oslo.service.backend._threading.loopingcall [None req-dd82c217-63dc-4d59-8646-feedb5c7c634 None None] Dynamic interval looping call 'nova.service.Service.periodic_tasks' sleeping for 60.00 seconds {{(pid=93444) _run_loop /opt/stack/data/venv/lib/python3.12/site-packages/oslo_service/backend/_threading/loopingcall.py:125}}
Jun 26 00:11:47.075549 np0000003668 nova-scheduler[93442]: DEBUG oslo.service.backend._threading.loopingcall [None req-6a9ba35e-26db-42e1-aa02-b9eb4027580a None None] Dynamic interval looping call 'nova.service.Service.periodic_tasks' sleeping for 60.00 seconds {{(pid=93442) _run_loop /opt/stack/data/venv/lib/python3.12/site-packages/oslo_service/backend/_threading/loopingcall.py:125}}
Jun 26 00:11:50.095384 np0000003668 nova-scheduler[93442]: DEBUG oslo.service.backend._threading.loopingcall [-] Fixed interval looping call 'nova.servicegroup.drivers.db.DbDriver._report_state' sleeping for 119.98 seconds {{(pid=93442) _run_loop /opt/stack/data/venv/lib/python3.12/site-packages/oslo_service/backend/_threading/loopingcall.py:125}}
Jun 26 00:11:50.101028 np0000003668 nova-scheduler[93450]: DEBUG oslo.service.backend._threading.loopingcall [-] Fixed interval looping call 'nova.servicegroup.drivers.db.DbDriver._report_state' sleeping for 120.00 seconds {{(pid=93450) _run_loop /opt/stack/data/venv/lib/python3.12/site-packages/oslo_service/backend/_threading/loopingcall.py:125}}
Jun 26 00:11:50.102784 np0000003668 nova-scheduler[93444]: DEBUG oslo.service.backend._threading.loopingcall [-] Fixed interval looping call 'nova.servicegroup.drivers.db.DbDriver._report_state' sleeping for 120.00 seconds {{(pid=93444) _run_loop /opt/stack/data/venv/lib/python3.12/site-packages/oslo_service/backend/_threading/loopingcall.py:125}}
Jun 26 00:12:00.077057 np0000003668 nova-scheduler[93442]: DEBUG dbcounter [-] [93442] Writing DB stats nova_cell0:SELECT=1,nova_cell0:UPDATE=1 {{(pid=93442) stat_writer /opt/stack/data/venv/lib/python3.12/site-packages/dbcounter.py:115}}
Jun 26 00:12:00.099319 np0000003668 nova-scheduler[93450]: DEBUG dbcounter [-] [93450] Writing DB stats nova_cell0:SELECT=1 {{(pid=93450) stat_writer /opt/stack/data/venv/lib/python3.12/site-packages/dbcounter.py:115}}
Jun 26 00:12:00.100811 np0000003668 nova-scheduler[93444]: DEBUG dbcounter [-] [93444] Writing DB stats nova_cell0:SELECT=1 {{(pid=93444) stat_writer /opt/stack/data/venv/lib/python3.12/site-packages/dbcounter.py:115}}
Jun 26 00:12:30.838641 np0000003668 nova-scheduler[93442]: DEBUG nova.scheduler.manager [None req-b2953b48-3a4a-4bac-a174-23c8800461f2 tempest-DeleteServersTestJSON-873280610 tempest-DeleteServersTestJSON-873280610-project-member] Starting to schedule for instances: ['e38da710-bd83-4b55-8934-d83c518df228'] {{(pid=93442) select_destinations /opt/stack/nova/nova/scheduler/manager.py:210}}
Jun 26 00:12:30.839280 np0000003668 nova-scheduler[93442]: DEBUG nova.scheduler.request_filter [None req-b2953b48-3a4a-4bac-a174-23c8800461f2 tempest-DeleteServersTestJSON-873280610 tempest-DeleteServersTestJSON-873280610-project-member] compute_status_filter request filter added forbidden trait COMPUTE_STATUS_DISABLED {{(pid=93442) compute_status_filter /opt/stack/nova/nova/scheduler/request_filter.py:253}}
Jun 26 00:12:30.839404 np0000003668 nova-scheduler[93442]: DEBUG nova.scheduler.request_filter [None req-b2953b48-3a4a-4bac-a174-23c8800461f2 tempest-DeleteServersTestJSON-873280610 tempest-DeleteServersTestJSON-873280610-project-member] Request filter 'compute_status_filter' took 0.0 seconds {{(pid=93442) wrapper /opt/stack/nova/nova/scheduler/request_filter.py:46}}
Jun 26 00:12:30.839603 np0000003668 nova-scheduler[93442]: DEBUG nova.scheduler.request_filter [None req-b2953b48-3a4a-4bac-a174-23c8800461f2 tempest-DeleteServersTestJSON-873280610 tempest-DeleteServersTestJSON-873280610-project-member] Request filter 'accelerators_filter' took 0.0 seconds {{(pid=93442) wrapper /opt/stack/nova/nova/scheduler/request_filter.py:46}}
Jun 26 00:12:30.839865 np0000003668 nova-scheduler[93442]: DEBUG nova.scheduler.request_filter [None req-b2953b48-3a4a-4bac-a174-23c8800461f2 tempest-DeleteServersTestJSON-873280610 tempest-DeleteServersTestJSON-873280610-project-member] Request filter 'packed_virtqueue_filter' took 0.0 seconds {{(pid=93442) wrapper /opt/stack/nova/nova/scheduler/request_filter.py:46}}
Jun 26 00:12:30.840171 np0000003668 nova-scheduler[93442]: DEBUG nova.scheduler.request_filter [None req-b2953b48-3a4a-4bac-a174-23c8800461f2 tempest-DeleteServersTestJSON-873280610 tempest-DeleteServersTestJSON-873280610-project-member] Request filter 'remote_managed_ports_filter' took 0.0 seconds {{(pid=93442) wrapper /opt/stack/nova/nova/scheduler/request_filter.py:46}}
Jun 26 00:12:30.840389 np0000003668 nova-scheduler[93442]: DEBUG nova.scheduler.request_filter [None req-b2953b48-3a4a-4bac-a174-23c8800461f2 tempest-DeleteServersTestJSON-873280610 tempest-DeleteServersTestJSON-873280610-project-member] ephemeral_encryption_filter skipped {{(pid=93442) ephemeral_encryption_filter /opt/stack/nova/nova/scheduler/request_filter.py:426}}
Jun 26 00:12:30.840516 np0000003668 nova-scheduler[93442]: DEBUG nova.scheduler.request_filter [None req-b2953b48-3a4a-4bac-a174-23c8800461f2 tempest-DeleteServersTestJSON-873280610 tempest-DeleteServersTestJSON-873280610-project-member] virtio_sound_filter skipped {{(pid=93442) virtio_sound_filter /opt/stack/nova/nova/scheduler/request_filter.py:460}}
Jun 26 00:12:30.840727 np0000003668 nova-scheduler[93442]: DEBUG nova.scheduler.request_filter [None req-b2953b48-3a4a-4bac-a174-23c8800461f2 tempest-DeleteServersTestJSON-873280610 tempest-DeleteServersTestJSON-873280610-project-member] tpm_secret_security_filter skipped {{(pid=93442) tpm_secret_security_filter /opt/stack/nova/nova/scheduler/request_filter.py:477}}
Jun 26 00:12:31.527501 np0000003668 nova-scheduler[93442]: INFO nova.utils [None req-b2953b48-3a4a-4bac-a174-23c8800461f2 tempest-DeleteServersTestJSON-873280610 tempest-DeleteServersTestJSON-873280610-project-member] The cell worker thread pool ForkProcess-1.cell_worker is initialized
Jun 26 00:12:31.527873 np0000003668 nova-scheduler[93442]: DEBUG oslo_concurrency.lockutils [None req-b2953b48-3a4a-4bac-a174-23c8800461f2 tempest-DeleteServersTestJSON-873280610 tempest-DeleteServersTestJSON-873280610-project-member] Acquiring lock "8c0f1f83-d2da-4fb3-96cd-7aebdd60b9e2" by "nova.context.set_target_cell..get_or_set_cached_cell_and_set_connections" {{(pid=93442) inner /opt/stack/data/venv/lib/python3.12/site-packages/oslo_concurrency/lockutils.py:511}}
Jun 26 00:12:31.528080 np0000003668 nova-scheduler[93442]: DEBUG oslo_concurrency.lockutils [None req-b2953b48-3a4a-4bac-a174-23c8800461f2 tempest-DeleteServersTestJSON-873280610 tempest-DeleteServersTestJSON-873280610-project-member] Lock "8c0f1f83-d2da-4fb3-96cd-7aebdd60b9e2" acquired by "nova.context.set_target_cell..get_or_set_cached_cell_and_set_connections" :: waited 0.000s {{(pid=93442) inner /opt/stack/data/venv/lib/python3.12/site-packages/oslo_concurrency/lockutils.py:524}}
Jun 26 00:12:31.529399 np0000003668 nova-scheduler[93442]: DEBUG oslo_concurrency.lockutils [None req-b2953b48-3a4a-4bac-a174-23c8800461f2 tempest-DeleteServersTestJSON-873280610 tempest-DeleteServersTestJSON-873280610-project-member] Lock "8c0f1f83-d2da-4fb3-96cd-7aebdd60b9e2" "released" by "nova.context.set_target_cell..get_or_set_cached_cell_and_set_connections" :: held 0.001s {{(pid=93442) inner /opt/stack/data/venv/lib/python3.12/site-packages/oslo_concurrency/lockutils.py:543}}
Jun 26 00:12:31.531292 np0000003668 nova-scheduler[93442]: INFO dbcounter [None req-b2953b48-3a4a-4bac-a174-23c8800461f2 tempest-DeleteServersTestJSON-873280610 tempest-DeleteServersTestJSON-873280610-project-member] Registered counter for database nova_cell1
Jun 26 00:12:31.561419 np0000003668 nova-scheduler[93442]: DEBUG oslo_db.sqlalchemy.engines [None req-b2953b48-3a4a-4bac-a174-23c8800461f2 tempest-DeleteServersTestJSON-873280610 tempest-DeleteServersTestJSON-873280610-project-member] MySQL server mode set to STRICT_TRANS_TABLES,STRICT_ALL_TABLES,NO_ZERO_IN_DATE,NO_ZERO_DATE,ERROR_FOR_DIVISION_BY_ZERO,TRADITIONAL,NO_ENGINE_SUBSTITUTION {{(pid=93442) _check_effective_sql_mode /opt/stack/data/venv/lib/python3.12/site-packages/oslo_db/sqlalchemy/engines.py:325}}
Jun 26 00:12:31.566045 np0000003668 nova-scheduler[93442]: DEBUG dbcounter [-] [93442] Writer thread running {{(pid=93442) stat_writer /opt/stack/data/venv/lib/python3.12/site-packages/dbcounter.py:102}}
Jun 26 00:12:31.579321 np0000003668 nova-scheduler[93442]: DEBUG oslo_db.sqlalchemy.engines [None req-b2953b48-3a4a-4bac-a174-23c8800461f2 tempest-DeleteServersTestJSON-873280610 tempest-DeleteServersTestJSON-873280610-project-member] Parent process 92247 forked (93442) with an open database connection, which is being discarded and recreated. {{(pid=93442) checkout /opt/stack/data/venv/lib/python3.12/site-packages/oslo_db/sqlalchemy/engines.py:402}}
Jun 26 00:12:31.639724 np0000003668 nova-scheduler[93442]: DEBUG dbcounter [-] [93442] Writer thread running {{(pid=93442) stat_writer /opt/stack/data/venv/lib/python3.12/site-packages/dbcounter.py:102}}
Jun 26 00:12:31.645298 np0000003668 nova-scheduler[93442]: DEBUG oslo_concurrency.lockutils [None req-b2953b48-3a4a-4bac-a174-23c8800461f2 tempest-DeleteServersTestJSON-873280610 tempest-DeleteServersTestJSON-873280610-project-member] Acquiring lock "8c0f1f83-d2da-4fb3-96cd-7aebdd60b9e2" by "nova.context.set_target_cell..get_or_set_cached_cell_and_set_connections" {{(pid=93442) inner /opt/stack/data/venv/lib/python3.12/site-packages/oslo_concurrency/lockutils.py:511}}
Jun 26 00:12:31.645298 np0000003668 nova-scheduler[93442]: DEBUG oslo_concurrency.lockutils [None req-b2953b48-3a4a-4bac-a174-23c8800461f2 tempest-DeleteServersTestJSON-873280610 tempest-DeleteServersTestJSON-873280610-project-member] Lock "8c0f1f83-d2da-4fb3-96cd-7aebdd60b9e2" acquired by "nova.context.set_target_cell..get_or_set_cached_cell_and_set_connections" :: waited 0.002s {{(pid=93442) inner /opt/stack/data/venv/lib/python3.12/site-packages/oslo_concurrency/lockutils.py:524}}
Jun 26 00:12:31.645298 np0000003668 nova-scheduler[93442]: DEBUG oslo_concurrency.lockutils [None req-b2953b48-3a4a-4bac-a174-23c8800461f2 tempest-DeleteServersTestJSON-873280610 tempest-DeleteServersTestJSON-873280610-project-member] Lock "8c0f1f83-d2da-4fb3-96cd-7aebdd60b9e2" "released" by "nova.context.set_target_cell..get_or_set_cached_cell_and_set_connections" :: held 0.000s {{(pid=93442) inner /opt/stack/data/venv/lib/python3.12/site-packages/oslo_concurrency/lockutils.py:543}}
Jun 26 00:12:31.649491 np0000003668 nova-scheduler[93442]: DEBUG oslo_concurrency.lockutils [None req-b2953b48-3a4a-4bac-a174-23c8800461f2 tempest-DeleteServersTestJSON-873280610 tempest-DeleteServersTestJSON-873280610-project-member] Acquiring lock "('np0000003668', 'np0000003668')" by "nova.scheduler.host_manager.HostState.update.._locked_update" {{(pid=93442) inner /opt/stack/data/venv/lib/python3.12/site-packages/oslo_concurrency/lockutils.py:511}}
Jun 26 00:12:31.649653 np0000003668 nova-scheduler[93442]: DEBUG oslo_concurrency.lockutils [None req-b2953b48-3a4a-4bac-a174-23c8800461f2 tempest-DeleteServersTestJSON-873280610 tempest-DeleteServersTestJSON-873280610-project-member] Lock "('np0000003668', 'np0000003668')" acquired by "nova.scheduler.host_manager.HostState.update.._locked_update" :: waited 0.000s {{(pid=93442) inner /opt/stack/data/venv/lib/python3.12/site-packages/oslo_concurrency/lockutils.py:524}}
Jun 26 00:12:31.651042 np0000003668 nova-scheduler[93442]: DEBUG nova.scheduler.host_manager [None req-b2953b48-3a4a-4bac-a174-23c8800461f2 tempest-DeleteServersTestJSON-873280610 tempest-DeleteServersTestJSON-873280610-project-member] Update host state from compute node: ComputeNode(cpu_allocation_ratio=4.0,cpu_info='{"arch": "x86_64", "model": "EPYC-Milan", "vendor": "AMD", "topology": {"cells": 1, "sockets": 16, "cores": 1, "threads": 1}, "maxphysaddr": {"mode": "emulate", "bits": 40}, "features": ["osvw", "tsc-deadline", "amd-ssbd", "msr", "wbnoinvd", "pku", "pschange-mc-no", "tsc", "aes", "clflush", "sha-ni", "ibrs", "vpclmulqdq", "vaes", "lbrv", "rdrand", "gds-no", "fxsr_opt", "fpu", "skip-l1dfl-vmentry", "virt-ssbd", "syscall", "arat", "pclmuldq", "avx2", "movbe", "clzero", "sse2", "smep", "no-nested-data-bp", "fsgsbase", "xsaveerptr", "sse4a", "fxsr", "xsaveopt", "pae", "mce", "npt", "sep", "xsavec", "xsaves", "amd-stibp", "spec-ctrl", "fma", "cx16", "amd-psfd", "smap", "invpcid", "clflushopt", "apic", "pause-filter", "pcid", "clwb", "cmov", "ssbd", "pge", "rdctl-no", "v-vmsave-vmload", "nx", "pdpe1gb", "svme-addr-chk", "mmxext", "xgetbv1", "vmcb-clean", "mds-no", "misalignsse", "avx", "lfence-always-serializing", "tsc_adjust", "cx8", "rdpid", "pse", "flushbyasid", "sse", "abm", "stibp", "sse4.2", "f16c", "vgif", "pfthreshold", "vme", "de", "lahf_lm", "lm", "popcnt", "erms", "pse36", "3dnowprefetch", "bmi2", "adx", "mca", "ssse3", "fsrm", "tsc-scale", "cr8legacy", "hypervisor", "topoext", "umip", "nrip-save", "mmx", "null-sel-clr-base", "arch-capabilities", "perfctr_core", "sse4.1", "svm", "rdseed", "mtrr", "x2apic", "rdtscp", "cmp_legacy", "pni", "stibp-always-on", "bmi1", "ibpb", "pat", "xsave"]}',created_at=2026-06-26T00:10:11Z,current_workload=0,deleted=False,deleted_at=None,disk_allocation_ratio=1.0,disk_available_least=73,free_disk_gb=95,free_ram_mb=62765,host='np0000003668',host_ip=10.4.3.215,hypervisor_hostname='np0000003668',hypervisor_type='QEMU',hypervisor_version=8002002,id=1,local_gb=95,local_gb_used=0,mapped=1,memory_mb=63277,memory_mb_used=512,metrics='[]',numa_topology='{"nova_object.name": "NUMATopology", "nova_object.namespace": "nova", "nova_object.version": "1.2", "nova_object.data": {"cells": [{"nova_object.name": "NUMACell", "nova_object.namespace": "nova", "nova_object.version": "1.5", "nova_object.data": {"id": 0, "cpuset": [0, 1, 2, 3, 4, 5, 6, 7, 8, 9, 10, 11, 12, 13, 14, 15], "pcpuset": [0, 1, 2, 3, 4, 5, 6, 7, 8, 9, 10, 11, 12, 13, 14, 15], "memory": 63277, "cpu_usage": 0, "memory_usage": 0, "pinned_cpus": [], "siblings": [[6], [12], [2], [15], [5], [11], [8], [14], [4], [1], [7], [10], [0], [13], [3], [9]], "mempages": [{"nova_object.name": "NUMAPagesTopology", "nova_object.namespace": "nova", "nova_object.version": "1.1", "nova_object.data": {"size_kb": 4, "total": 16177930, "used": 0, "reserved": 0}, "nova_object.changes": ["reserved", "used", "size_kb", "total"]}, {"nova_object.name": "NUMAPagesTopology", "nova_object.namespace": "nova", "nova_object.version": "1.1", "nova_object.data": {"size_kb": 2048, "total": 41, "used": 0, "reserved": 0}, "nova_object.changes": ["reserved", "used", "size_kb", "total"]}, {"nova_object.name": "NUMAPagesTopology", "nova_object.namespace": "nova", "nova_object.version": "1.1", "nova_object.data": {"size_kb": 1048576, "total": 0, "used": 0, "reserved": 0}, "nova_object.changes": ["reserved", "used", "size_kb", "total"]}], "network_metadata": {"nova_object.name": "NetworkMetadata", "nova_object.namespace": "nova", "nova_object.version": "1.0", "nova_object.data": {"physnets": [], "tunneled": false}, "nova_object.changes": ["physnets", "tunneled"]}, "socket": null}, "nova_object.changes": ["cpuset", "memory_usage", "id", "siblings", "network_metadata", "memory", "socket", "pinned_cpus", "pcpuset", "mempages", "cpu_usage"]}]}, "nova_object.changes": ["cells"]}',pci_device_pools=PciDevicePoolList,ram_allocation_ratio=1.0,running_vms=0,service_id=3,stats={failed_builds='0',uptime=' 00:11:55 up 15 min, 2 users, load average: 1.32, 1.56, 0.93
Jun 26 00:12:31.651042 np0000003668 nova-scheduler[93442]: '},supported_hv_specs=[HVSpec,HVSpec,HVSpec,HVSpec,HVSpec,HVSpec,HVSpec,HVSpec,HVSpec,HVSpec,HVSpec,HVSpec,HVSpec,HVSpec,HVSpec,HVSpec,HVSpec,HVSpec,HVSpec,HVSpec,HVSpec,HVSpec,HVSpec,HVSpec,HVSpec],updated_at=2026-06-26T00:11:57Z,uuid=9267863f-6ada-4bc7-b1a7-f45b89b00f70,vcpus=16,vcpus_used=0) {{(pid=93442) _locked_update /opt/stack/nova/nova/scheduler/host_manager.py:168}}
Jun 26 00:12:31.652057 np0000003668 nova-scheduler[93442]: DEBUG nova.scheduler.host_manager [None req-b2953b48-3a4a-4bac-a174-23c8800461f2 tempest-DeleteServersTestJSON-873280610 tempest-DeleteServersTestJSON-873280610-project-member] Update host state with aggregates: [] {{(pid=93442) _locked_update /opt/stack/nova/nova/scheduler/host_manager.py:171}}
Jun 26 00:12:31.652190 np0000003668 nova-scheduler[93442]: DEBUG nova.scheduler.host_manager [None req-b2953b48-3a4a-4bac-a174-23c8800461f2 tempest-DeleteServersTestJSON-873280610 tempest-DeleteServersTestJSON-873280610-project-member] Update host state with service dict: {'id': 3, 'uuid': '3c987820-8177-44ba-a7f3-40aa22c80aff', 'host': 'np0000003668', 'binary': 'nova-compute', 'topic': 'compute', 'report_count': 2, 'disabled': False, 'disabled_reason': None, 'last_seen_up': datetime.datetime(2026, 6, 26, 0, 12, 20, tzinfo=datetime.timezone.utc), 'forced_down': False, 'version': 72, 'created_at': datetime.datetime(2026, 6, 26, 0, 10, 10, tzinfo=datetime.timezone.utc), 'updated_at': datetime.datetime(2026, 6, 26, 0, 12, 20, tzinfo=datetime.timezone.utc), 'deleted_at': None, 'deleted': False} {{(pid=93442) _locked_update /opt/stack/nova/nova/scheduler/host_manager.py:174}}
Jun 26 00:12:31.652342 np0000003668 nova-scheduler[93442]: DEBUG nova.scheduler.host_manager [None req-b2953b48-3a4a-4bac-a174-23c8800461f2 tempest-DeleteServersTestJSON-873280610 tempest-DeleteServersTestJSON-873280610-project-member] Update host state with instances: [] {{(pid=93442) _locked_update /opt/stack/nova/nova/scheduler/host_manager.py:177}}
Jun 26 00:12:31.652469 np0000003668 nova-scheduler[93442]: DEBUG oslo_concurrency.lockutils [None req-b2953b48-3a4a-4bac-a174-23c8800461f2 tempest-DeleteServersTestJSON-873280610 tempest-DeleteServersTestJSON-873280610-project-member] Lock "('np0000003668', 'np0000003668')" "released" by "nova.scheduler.host_manager.HostState.update.._locked_update" :: held 0.003s {{(pid=93442) inner /opt/stack/data/venv/lib/python3.12/site-packages/oslo_concurrency/lockutils.py:543}}
Jun 26 00:12:31.652998 np0000003668 nova-scheduler[93442]: DEBUG nova.filters [None req-b2953b48-3a4a-4bac-a174-23c8800461f2 tempest-DeleteServersTestJSON-873280610 tempest-DeleteServersTestJSON-873280610-project-member] Starting with 1 host(s) {{(pid=93442) get_filtered_objects /opt/stack/nova/nova/filters.py:70}}
Jun 26 00:12:31.653130 np0000003668 nova-scheduler[93442]: DEBUG nova.filters [None req-b2953b48-3a4a-4bac-a174-23c8800461f2 tempest-DeleteServersTestJSON-873280610 tempest-DeleteServersTestJSON-873280610-project-member] Filter ComputeFilter returned 1 host(s) {{(pid=93442) get_filtered_objects /opt/stack/nova/nova/filters.py:102}}
Jun 26 00:12:31.653308 np0000003668 nova-scheduler[93442]: DEBUG nova.filters [None req-b2953b48-3a4a-4bac-a174-23c8800461f2 tempest-DeleteServersTestJSON-873280610 tempest-DeleteServersTestJSON-873280610-project-member] Filter ComputeCapabilitiesFilter returned 1 host(s) {{(pid=93442) get_filtered_objects /opt/stack/nova/nova/filters.py:102}}
Jun 26 00:12:31.653526 np0000003668 nova-scheduler[93442]: DEBUG nova.filters [None req-b2953b48-3a4a-4bac-a174-23c8800461f2 tempest-DeleteServersTestJSON-873280610 tempest-DeleteServersTestJSON-873280610-project-member] Filter ImagePropertiesFilter returned 1 host(s) {{(pid=93442) get_filtered_objects /opt/stack/nova/nova/filters.py:102}}
Jun 26 00:12:31.653680 np0000003668 nova-scheduler[93442]: DEBUG nova.filters [None req-b2953b48-3a4a-4bac-a174-23c8800461f2 tempest-DeleteServersTestJSON-873280610 tempest-DeleteServersTestJSON-873280610-project-member] Filter ServerGroupAntiAffinityFilter returned 1 host(s) {{(pid=93442) get_filtered_objects /opt/stack/nova/nova/filters.py:102}}
Jun 26 00:12:31.653837 np0000003668 nova-scheduler[93442]: DEBUG nova.filters [None req-b2953b48-3a4a-4bac-a174-23c8800461f2 tempest-DeleteServersTestJSON-873280610 tempest-DeleteServersTestJSON-873280610-project-member] Filter ServerGroupAffinityFilter returned 1 host(s) {{(pid=93442) get_filtered_objects /opt/stack/nova/nova/filters.py:102}}
Jun 26 00:12:31.653994 np0000003668 nova-scheduler[93442]: DEBUG nova.filters [None req-b2953b48-3a4a-4bac-a174-23c8800461f2 tempest-DeleteServersTestJSON-873280610 tempest-DeleteServersTestJSON-873280610-project-member] Filter SameHostFilter returned 1 host(s) {{(pid=93442) get_filtered_objects /opt/stack/nova/nova/filters.py:102}}
Jun 26 00:12:31.654137 np0000003668 nova-scheduler[93442]: DEBUG nova.filters [None req-b2953b48-3a4a-4bac-a174-23c8800461f2 tempest-DeleteServersTestJSON-873280610 tempest-DeleteServersTestJSON-873280610-project-member] Filter DifferentHostFilter returned 1 host(s) {{(pid=93442) get_filtered_objects /opt/stack/nova/nova/filters.py:102}}
Jun 26 00:12:31.654402 np0000003668 nova-scheduler[93442]: DEBUG nova.scheduler.manager [None req-b2953b48-3a4a-4bac-a174-23c8800461f2 tempest-DeleteServersTestJSON-873280610 tempest-DeleteServersTestJSON-873280610-project-member] Filtered [(np0000003668, np0000003668) ram: 62765MB disk: 74752MB io_ops: 0 instances: 0, allocation_candidates: 1] {{(pid=93442) _get_sorted_hosts /opt/stack/nova/nova/scheduler/manager.py:743}}
Jun 26 00:12:31.654533 np0000003668 nova-scheduler[93442]: DEBUG nova.scheduler.manager [None req-b2953b48-3a4a-4bac-a174-23c8800461f2 tempest-DeleteServersTestJSON-873280610 tempest-DeleteServersTestJSON-873280610-project-member] Weighed [WeighedHost [host: (np0000003668, np0000003668) ram: 62765MB disk: 74752MB io_ops: 0 instances: 0, allocation_candidates: 1, weight: 0.0]] {{(pid=93442) _get_sorted_hosts /opt/stack/nova/nova/scheduler/manager.py:765}}
Jun 26 00:12:31.654694 np0000003668 nova-scheduler[93442]: DEBUG nova.scheduler.utils [None req-b2953b48-3a4a-4bac-a174-23c8800461f2 tempest-DeleteServersTestJSON-873280610 tempest-DeleteServersTestJSON-873280610-project-member] Attempting to claim resources in the placement API for instance e38da710-bd83-4b55-8934-d83c518df228 {{(pid=93442) claim_resources /opt/stack/nova/nova/scheduler/utils.py:1345}}
Jun 26 00:12:31.818418 np0000003668 nova-scheduler[93442]: DEBUG nova.scheduler.manager [None req-b2953b48-3a4a-4bac-a174-23c8800461f2 tempest-DeleteServersTestJSON-873280610 tempest-DeleteServersTestJSON-873280610-project-member] [instance: e38da710-bd83-4b55-8934-d83c518df228] Selected host: (np0000003668, np0000003668) ram: 62765MB disk: 74752MB io_ops: 0 instances: 0, allocation_candidates: 1 {{(pid=93442) _consume_selected_host /opt/stack/nova/nova/scheduler/manager.py:625}}
Jun 26 00:12:31.818763 np0000003668 nova-scheduler[93442]: DEBUG oslo_concurrency.lockutils [None req-b2953b48-3a4a-4bac-a174-23c8800461f2 tempest-DeleteServersTestJSON-873280610 tempest-DeleteServersTestJSON-873280610-project-member] Acquiring lock "('np0000003668', 'np0000003668')" by "nova.scheduler.host_manager.HostState.consume_from_request.._locked" {{(pid=93442) inner /opt/stack/data/venv/lib/python3.12/site-packages/oslo_concurrency/lockutils.py:511}}
Jun 26 00:12:31.818986 np0000003668 nova-scheduler[93442]: DEBUG oslo_concurrency.lockutils [None req-b2953b48-3a4a-4bac-a174-23c8800461f2 tempest-DeleteServersTestJSON-873280610 tempest-DeleteServersTestJSON-873280610-project-member] Lock "('np0000003668', 'np0000003668')" acquired by "nova.scheduler.host_manager.HostState.consume_from_request.._locked" :: waited 0.000s {{(pid=93442) inner /opt/stack/data/venv/lib/python3.12/site-packages/oslo_concurrency/lockutils.py:524}}
Jun 26 00:12:31.819247 np0000003668 nova-scheduler[93442]: DEBUG oslo_concurrency.lockutils [None req-b2953b48-3a4a-4bac-a174-23c8800461f2 tempest-DeleteServersTestJSON-873280610 tempest-DeleteServersTestJSON-873280610-project-member] Lock "('np0000003668', 'np0000003668')" "released" by "nova.scheduler.host_manager.HostState.consume_from_request.._locked" :: held 0.000s {{(pid=93442) inner /opt/stack/data/venv/lib/python3.12/site-packages/oslo_concurrency/lockutils.py:543}}
Jun 26 00:12:33.099557 np0000003668 nova-scheduler[93450]: DEBUG oslo.service.backend._threading.loopingcall [None req-c0e55876-4efe-4192-8764-980988811436 None None] Dynamic interval looping call 'nova.service.Service.periodic_tasks' sleeping for 60.00 seconds {{(pid=93450) _run_loop /opt/stack/data/venv/lib/python3.12/site-packages/oslo_service/backend/_threading/loopingcall.py:125}}
Jun 26 00:12:35.690971 np0000003668 nova-scheduler[93450]: DEBUG nova.scheduler.manager [None req-79a0c60f-7ef2-4221-9797-7abb1ff25c1f tempest-AttachSCSIVolumeTestJSON-1587980836 tempest-AttachSCSIVolumeTestJSON-1587980836-project-member] Starting to schedule for instances: ['0f8fbfe2-7472-430f-bdbf-8f515ead6895'] {{(pid=93450) select_destinations /opt/stack/nova/nova/scheduler/manager.py:210}}
Jun 26 00:12:35.692138 np0000003668 nova-scheduler[93450]: DEBUG nova.scheduler.request_filter [None req-79a0c60f-7ef2-4221-9797-7abb1ff25c1f tempest-AttachSCSIVolumeTestJSON-1587980836 tempest-AttachSCSIVolumeTestJSON-1587980836-project-member] compute_status_filter request filter added forbidden trait COMPUTE_STATUS_DISABLED {{(pid=93450) compute_status_filter /opt/stack/nova/nova/scheduler/request_filter.py:253}}
Jun 26 00:12:35.692296 np0000003668 nova-scheduler[93450]: DEBUG nova.scheduler.request_filter [None req-79a0c60f-7ef2-4221-9797-7abb1ff25c1f tempest-AttachSCSIVolumeTestJSON-1587980836 tempest-AttachSCSIVolumeTestJSON-1587980836-project-member] Request filter 'compute_status_filter' took 0.0 seconds {{(pid=93450) wrapper /opt/stack/nova/nova/scheduler/request_filter.py:46}}
Jun 26 00:12:35.692494 np0000003668 nova-scheduler[93450]: DEBUG nova.scheduler.request_filter [None req-79a0c60f-7ef2-4221-9797-7abb1ff25c1f tempest-AttachSCSIVolumeTestJSON-1587980836 tempest-AttachSCSIVolumeTestJSON-1587980836-project-member] Request filter 'accelerators_filter' took 0.0 seconds {{(pid=93450) wrapper /opt/stack/nova/nova/scheduler/request_filter.py:46}}
Jun 26 00:12:35.692669 np0000003668 nova-scheduler[93450]: DEBUG nova.scheduler.request_filter [None req-79a0c60f-7ef2-4221-9797-7abb1ff25c1f tempest-AttachSCSIVolumeTestJSON-1587980836 tempest-AttachSCSIVolumeTestJSON-1587980836-project-member] Request filter 'packed_virtqueue_filter' took 0.0 seconds {{(pid=93450) wrapper /opt/stack/nova/nova/scheduler/request_filter.py:46}}
Jun 26 00:12:35.692915 np0000003668 nova-scheduler[93450]: DEBUG nova.scheduler.request_filter [None req-79a0c60f-7ef2-4221-9797-7abb1ff25c1f tempest-AttachSCSIVolumeTestJSON-1587980836 tempest-AttachSCSIVolumeTestJSON-1587980836-project-member] Request filter 'remote_managed_ports_filter' took 0.0 seconds {{(pid=93450) wrapper /opt/stack/nova/nova/scheduler/request_filter.py:46}}
Jun 26 00:12:35.693184 np0000003668 nova-scheduler[93450]: DEBUG nova.scheduler.request_filter [None req-79a0c60f-7ef2-4221-9797-7abb1ff25c1f tempest-AttachSCSIVolumeTestJSON-1587980836 tempest-AttachSCSIVolumeTestJSON-1587980836-project-member] ephemeral_encryption_filter skipped {{(pid=93450) ephemeral_encryption_filter /opt/stack/nova/nova/scheduler/request_filter.py:426}}
Jun 26 00:12:35.693184 np0000003668 nova-scheduler[93450]: DEBUG nova.scheduler.request_filter [None req-79a0c60f-7ef2-4221-9797-7abb1ff25c1f tempest-AttachSCSIVolumeTestJSON-1587980836 tempest-AttachSCSIVolumeTestJSON-1587980836-project-member] virtio_sound_filter skipped {{(pid=93450) virtio_sound_filter /opt/stack/nova/nova/scheduler/request_filter.py:460}}
Jun 26 00:12:35.693330 np0000003668 nova-scheduler[93450]: DEBUG nova.scheduler.request_filter [None req-79a0c60f-7ef2-4221-9797-7abb1ff25c1f tempest-AttachSCSIVolumeTestJSON-1587980836 tempest-AttachSCSIVolumeTestJSON-1587980836-project-member] tpm_secret_security_filter skipped {{(pid=93450) tpm_secret_security_filter /opt/stack/nova/nova/scheduler/request_filter.py:477}}
Jun 26 00:12:35.800595 np0000003668 nova-scheduler[93450]: INFO nova.utils [None req-79a0c60f-7ef2-4221-9797-7abb1ff25c1f tempest-AttachSCSIVolumeTestJSON-1587980836 tempest-AttachSCSIVolumeTestJSON-1587980836-project-member] The cell worker thread pool ForkProcess-3.cell_worker is initialized
Jun 26 00:12:35.800595 np0000003668 nova-scheduler[93450]: DEBUG oslo_concurrency.lockutils [None req-79a0c60f-7ef2-4221-9797-7abb1ff25c1f tempest-AttachSCSIVolumeTestJSON-1587980836 tempest-AttachSCSIVolumeTestJSON-1587980836-project-member] Acquiring lock "8c0f1f83-d2da-4fb3-96cd-7aebdd60b9e2" by "nova.context.set_target_cell..get_or_set_cached_cell_and_set_connections" {{(pid=93450) inner /opt/stack/data/venv/lib/python3.12/site-packages/oslo_concurrency/lockutils.py:511}}
Jun 26 00:12:35.800813 np0000003668 nova-scheduler[93450]: DEBUG oslo_concurrency.lockutils [None req-79a0c60f-7ef2-4221-9797-7abb1ff25c1f tempest-AttachSCSIVolumeTestJSON-1587980836 tempest-AttachSCSIVolumeTestJSON-1587980836-project-member] Lock "8c0f1f83-d2da-4fb3-96cd-7aebdd60b9e2" acquired by "nova.context.set_target_cell..get_or_set_cached_cell_and_set_connections" :: waited 0.000s {{(pid=93450) inner /opt/stack/data/venv/lib/python3.12/site-packages/oslo_concurrency/lockutils.py:524}}
Jun 26 00:12:35.801990 np0000003668 nova-scheduler[93450]: DEBUG oslo_concurrency.lockutils [None req-79a0c60f-7ef2-4221-9797-7abb1ff25c1f tempest-AttachSCSIVolumeTestJSON-1587980836 tempest-AttachSCSIVolumeTestJSON-1587980836-project-member] Lock "8c0f1f83-d2da-4fb3-96cd-7aebdd60b9e2" "released" by "nova.context.set_target_cell..get_or_set_cached_cell_and_set_connections" :: held 0.001s {{(pid=93450) inner /opt/stack/data/venv/lib/python3.12/site-packages/oslo_concurrency/lockutils.py:543}}
Jun 26 00:12:35.805420 np0000003668 nova-scheduler[93450]: INFO dbcounter [None req-79a0c60f-7ef2-4221-9797-7abb1ff25c1f tempest-AttachSCSIVolumeTestJSON-1587980836 tempest-AttachSCSIVolumeTestJSON-1587980836-project-member] Registered counter for database nova_cell1
Jun 26 00:12:35.834790 np0000003668 nova-scheduler[93450]: DEBUG oslo_db.sqlalchemy.engines [None req-79a0c60f-7ef2-4221-9797-7abb1ff25c1f tempest-AttachSCSIVolumeTestJSON-1587980836 tempest-AttachSCSIVolumeTestJSON-1587980836-project-member] MySQL server mode set to STRICT_TRANS_TABLES,STRICT_ALL_TABLES,NO_ZERO_IN_DATE,NO_ZERO_DATE,ERROR_FOR_DIVISION_BY_ZERO,TRADITIONAL,NO_ENGINE_SUBSTITUTION {{(pid=93450) _check_effective_sql_mode /opt/stack/data/venv/lib/python3.12/site-packages/oslo_db/sqlalchemy/engines.py:325}}
Jun 26 00:12:35.839654 np0000003668 nova-scheduler[93450]: DEBUG dbcounter [-] [93450] Writer thread running {{(pid=93450) stat_writer /opt/stack/data/venv/lib/python3.12/site-packages/dbcounter.py:102}}
Jun 26 00:12:35.902915 np0000003668 nova-scheduler[93450]: DEBUG dbcounter [-] [93450] Writer thread running {{(pid=93450) stat_writer /opt/stack/data/venv/lib/python3.12/site-packages/dbcounter.py:102}}
Jun 26 00:12:35.907241 np0000003668 nova-scheduler[93450]: DEBUG oslo_concurrency.lockutils [None req-79a0c60f-7ef2-4221-9797-7abb1ff25c1f tempest-AttachSCSIVolumeTestJSON-1587980836 tempest-AttachSCSIVolumeTestJSON-1587980836-project-member] Acquiring lock "8c0f1f83-d2da-4fb3-96cd-7aebdd60b9e2" by "nova.context.set_target_cell..get_or_set_cached_cell_and_set_connections" {{(pid=93450) inner /opt/stack/data/venv/lib/python3.12/site-packages/oslo_concurrency/lockutils.py:511}}
Jun 26 00:12:35.907434 np0000003668 nova-scheduler[93450]: DEBUG oslo_concurrency.lockutils [None req-79a0c60f-7ef2-4221-9797-7abb1ff25c1f tempest-AttachSCSIVolumeTestJSON-1587980836 tempest-AttachSCSIVolumeTestJSON-1587980836-project-member] Lock "8c0f1f83-d2da-4fb3-96cd-7aebdd60b9e2" acquired by "nova.context.set_target_cell..get_or_set_cached_cell_and_set_connections" :: waited 0.000s {{(pid=93450) inner /opt/stack/data/venv/lib/python3.12/site-packages/oslo_concurrency/lockutils.py:524}}
Jun 26 00:12:35.907686 np0000003668 nova-scheduler[93450]: DEBUG oslo_concurrency.lockutils [None req-79a0c60f-7ef2-4221-9797-7abb1ff25c1f tempest-AttachSCSIVolumeTestJSON-1587980836 tempest-AttachSCSIVolumeTestJSON-1587980836-project-member] Lock "8c0f1f83-d2da-4fb3-96cd-7aebdd60b9e2" "released" by "nova.context.set_target_cell..get_or_set_cached_cell_and_set_connections" :: held 0.000s {{(pid=93450) inner /opt/stack/data/venv/lib/python3.12/site-packages/oslo_concurrency/lockutils.py:543}}
Jun 26 00:12:35.913770 np0000003668 nova-scheduler[93450]: DEBUG oslo_concurrency.lockutils [None req-79a0c60f-7ef2-4221-9797-7abb1ff25c1f tempest-AttachSCSIVolumeTestJSON-1587980836 tempest-AttachSCSIVolumeTestJSON-1587980836-project-member] Acquiring lock "('np0000003668', 'np0000003668')" by "nova.scheduler.host_manager.HostState.update.._locked_update" {{(pid=93450) inner /opt/stack/data/venv/lib/python3.12/site-packages/oslo_concurrency/lockutils.py:511}}
Jun 26 00:12:35.914023 np0000003668 nova-scheduler[93450]: DEBUG oslo_concurrency.lockutils [None req-79a0c60f-7ef2-4221-9797-7abb1ff25c1f tempest-AttachSCSIVolumeTestJSON-1587980836 tempest-AttachSCSIVolumeTestJSON-1587980836-project-member] Lock "('np0000003668', 'np0000003668')" acquired by "nova.scheduler.host_manager.HostState.update.._locked_update" :: waited 0.000s {{(pid=93450) inner /opt/stack/data/venv/lib/python3.12/site-packages/oslo_concurrency/lockutils.py:524}}
