Aug 08 16:34:56.889108 np0000006791 nova-scheduler[96673]: DEBUG cotyledon.oslo_config_glue [-] workarounds.qemu_monitor_announce_self_count = 3 {{(pid=96673) log_opt_values /opt/stack/data/venv/lib/python3.12/site-packages/oslo_config/cfg.py:3545}}
Aug 08 16:34:56.889108 np0000006791 nova-scheduler[96673]: DEBUG cotyledon.oslo_config_glue [-] workarounds.qemu_monitor_announce_self_interval = 1 {{(pid=96673) log_opt_values /opt/stack/data/venv/lib/python3.12/site-packages/oslo_config/cfg.py:3545}}
Aug 08 16:34:56.889108 np0000006791 nova-scheduler[96673]: DEBUG cotyledon.oslo_config_glue [-] workarounds.reserve_disk_resource_for_image_cache = False {{(pid=96673) log_opt_values /opt/stack/data/venv/lib/python3.12/site-packages/oslo_config/cfg.py:3545}}
Aug 08 16:34:56.889108 np0000006791 nova-scheduler[96673]: DEBUG cotyledon.oslo_config_glue [-] workarounds.skip_cpu_compare_at_startup = False {{(pid=96673) log_opt_values /opt/stack/data/venv/lib/python3.12/site-packages/oslo_config/cfg.py:3545}}
Aug 08 16:34:56.889108 np0000006791 nova-scheduler[96673]: DEBUG cotyledon.oslo_config_glue [-] workarounds.skip_cpu_compare_on_dest = False {{(pid=96673) log_opt_values /opt/stack/data/venv/lib/python3.12/site-packages/oslo_config/cfg.py:3545}}
Aug 08 16:34:56.889108 np0000006791 nova-scheduler[96673]: DEBUG cotyledon.oslo_config_glue [-] workarounds.skip_hypervisor_version_check_on_lm = False {{(pid=96673) log_opt_values /opt/stack/data/venv/lib/python3.12/site-packages/oslo_config/cfg.py:3545}}
Aug 08 16:34:56.889108 np0000006791 nova-scheduler[96673]: DEBUG cotyledon.oslo_config_glue [-] workarounds.skip_reserve_in_use_ironic_nodes = False {{(pid=96673) log_opt_values /opt/stack/data/venv/lib/python3.12/site-packages/oslo_config/cfg.py:3545}}
Aug 08 16:34:56.889108 np0000006791 nova-scheduler[96673]: DEBUG cotyledon.oslo_config_glue [-] workarounds.unified_limits_count_pcpu_as_vcpu = False {{(pid=96673) log_opt_values /opt/stack/data/venv/lib/python3.12/site-packages/oslo_config/cfg.py:3545}}
Aug 08 16:34:56.889465 np0000006791 nova-scheduler[96673]: DEBUG cotyledon.oslo_config_glue [-] workarounds.wait_for_vif_plugged_event_during_hard_reboot = [] {{(pid=96673) log_opt_values /opt/stack/data/venv/lib/python3.12/site-packages/oslo_config/cfg.py:3545}}
Aug 08 16:34:56.889465 np0000006791 nova-scheduler[96673]: DEBUG cotyledon.oslo_config_glue [-] wsgi.api_paste_config = /etc/nova/api-paste.ini {{(pid=96673) log_opt_values /opt/stack/data/venv/lib/python3.12/site-packages/oslo_config/cfg.py:3545}}
Aug 08 16:34:56.889465 np0000006791 nova-scheduler[96673]: DEBUG cotyledon.oslo_config_glue [-] wsgi.secure_proxy_ssl_header = None {{(pid=96673) log_opt_values /opt/stack/data/venv/lib/python3.12/site-packages/oslo_config/cfg.py:3545}}
Aug 08 16:34:56.889465 np0000006791 nova-scheduler[96673]: DEBUG cotyledon.oslo_config_glue [-] zvm.ca_file = None {{(pid=96673) log_opt_values /opt/stack/data/venv/lib/python3.12/site-packages/oslo_config/cfg.py:3545}}
Aug 08 16:34:56.889465 np0000006791 nova-scheduler[96673]: DEBUG cotyledon.oslo_config_glue [-] zvm.cloud_connector_url = None {{(pid=96673) log_opt_values /opt/stack/data/venv/lib/python3.12/site-packages/oslo_config/cfg.py:3545}}
Aug 08 16:34:56.889465 np0000006791 nova-scheduler[96673]: DEBUG cotyledon.oslo_config_glue [-] zvm.image_tmp_path = /opt/stack/data/nova/images {{(pid=96673) log_opt_values /opt/stack/data/venv/lib/python3.12/site-packages/oslo_config/cfg.py:3545}}
Aug 08 16:34:56.889465 np0000006791 nova-scheduler[96673]: DEBUG cotyledon.oslo_config_glue [-] zvm.reachable_timeout = 300 {{(pid=96673) log_opt_values /opt/stack/data/venv/lib/python3.12/site-packages/oslo_config/cfg.py:3545}}
Aug 08 16:34:56.889620 np0000006791 nova-scheduler[96643]: INFO nova.service [-] Starting scheduler node (version 33.1.0)
Aug 08 16:34:56.889653 np0000006791 nova-scheduler[96673]: DEBUG cotyledon.oslo_config_glue [-] oslo_versionedobjects.fatal_exception_format_errors = False {{(pid=96673) log_opt_values /opt/stack/data/venv/lib/python3.12/site-packages/oslo_config/cfg.py:3545}}
Aug 08 16:34:56.889653 np0000006791 nova-scheduler[96673]: DEBUG cotyledon.oslo_config_glue [-] oslo_middleware.http_basic_auth_user_file = /etc/htpasswd {{(pid=96673) log_opt_values /opt/stack/data/venv/lib/python3.12/site-packages/oslo_config/cfg.py:3545}}
Aug 08 16:34:56.889653 np0000006791 nova-scheduler[96673]: DEBUG cotyledon.oslo_config_glue [-] oslo_messaging_metrics.metrics_buffer_size = 1000 {{(pid=96673) log_opt_values /opt/stack/data/venv/lib/python3.12/site-packages/oslo_config/cfg.py:3545}}
Aug 08 16:34:56.889653 np0000006791 nova-scheduler[96673]: DEBUG cotyledon.oslo_config_glue [-] oslo_messaging_metrics.metrics_enabled = False {{(pid=96673) log_opt_values /opt/stack/data/venv/lib/python3.12/site-packages/oslo_config/cfg.py:3545}}
Aug 08 16:34:56.889653 np0000006791 nova-scheduler[96673]: DEBUG cotyledon.oslo_config_glue [-] oslo_messaging_metrics.metrics_process_name = {{(pid=96673) log_opt_values /opt/stack/data/venv/lib/python3.12/site-packages/oslo_config/cfg.py:3545}}
Aug 08 16:34:56.889653 np0000006791 nova-scheduler[96673]: DEBUG cotyledon.oslo_config_glue [-] oslo_messaging_metrics.metrics_socket_file = /var/tmp/metrics_collector.sock {{(pid=96673) log_opt_values /opt/stack/data/venv/lib/python3.12/site-packages/oslo_config/cfg.py:3545}}
Aug 08 16:34:56.889653 np0000006791 nova-scheduler[96673]: DEBUG cotyledon.oslo_config_glue [-] oslo_messaging_metrics.metrics_thread_stop_timeout = 10 {{(pid=96673) log_opt_values /opt/stack/data/venv/lib/python3.12/site-packages/oslo_config/cfg.py:3545}}
Aug 08 16:34:56.889653 np0000006791 nova-scheduler[96673]: DEBUG cotyledon.oslo_config_glue [-] profiler.connection_string = messaging:// {{(pid=96673) log_opt_values /opt/stack/data/venv/lib/python3.12/site-packages/oslo_config/cfg.py:3545}}
Aug 08 16:34:56.889806 np0000006791 nova-scheduler[96673]: DEBUG cotyledon.oslo_config_glue [-] profiler.enabled = False {{(pid=96673) log_opt_values /opt/stack/data/venv/lib/python3.12/site-packages/oslo_config/cfg.py:3545}}
Aug 08 16:34:56.889806 np0000006791 nova-scheduler[96673]: DEBUG cotyledon.oslo_config_glue [-] profiler.es_doc_type = notification {{(pid=96673) log_opt_values /opt/stack/data/venv/lib/python3.12/site-packages/oslo_config/cfg.py:3545}}
Aug 08 16:34:56.889806 np0000006791 nova-scheduler[96673]: DEBUG cotyledon.oslo_config_glue [-] profiler.es_scroll_size = 10000 {{(pid=96673) log_opt_values /opt/stack/data/venv/lib/python3.12/site-packages/oslo_config/cfg.py:3545}}
Aug 08 16:34:56.889806 np0000006791 nova-scheduler[96673]: DEBUG cotyledon.oslo_config_glue [-] profiler.es_scroll_time = 2m {{(pid=96673) log_opt_values /opt/stack/data/venv/lib/python3.12/site-packages/oslo_config/cfg.py:3545}}
Aug 08 16:34:56.889806 np0000006791 nova-scheduler[96673]: DEBUG cotyledon.oslo_config_glue [-] profiler.filter_error_trace = False {{(pid=96673) log_opt_values /opt/stack/data/venv/lib/python3.12/site-packages/oslo_config/cfg.py:3545}}
Aug 08 16:34:56.889806 np0000006791 nova-scheduler[96673]: DEBUG cotyledon.oslo_config_glue [-] profiler.hmac_keys = **** {{(pid=96673) log_opt_values /opt/stack/data/venv/lib/python3.12/site-packages/oslo_config/cfg.py:3545}}
Aug 08 16:34:56.889806 np0000006791 nova-scheduler[96673]: DEBUG cotyledon.oslo_config_glue [-] profiler.sentinel_service_name = mymaster {{(pid=96673) log_opt_values /opt/stack/data/venv/lib/python3.12/site-packages/oslo_config/cfg.py:3545}}
Aug 08 16:34:56.889806 np0000006791 nova-scheduler[96673]: DEBUG cotyledon.oslo_config_glue [-] profiler.socket_timeout = 0.1 {{(pid=96673) log_opt_values /opt/stack/data/venv/lib/python3.12/site-packages/oslo_config/cfg.py:3545}}
Aug 08 16:34:56.889806 np0000006791 nova-scheduler[96673]: DEBUG cotyledon.oslo_config_glue [-] profiler.trace_requests = False {{(pid=96673) log_opt_values /opt/stack/data/venv/lib/python3.12/site-packages/oslo_config/cfg.py:3545}}
Aug 08 16:34:56.889980 np0000006791 nova-scheduler[96673]: DEBUG cotyledon.oslo_config_glue [-] profiler.trace_sqlalchemy = False {{(pid=96673) log_opt_values /opt/stack/data/venv/lib/python3.12/site-packages/oslo_config/cfg.py:3545}}
Aug 08 16:34:56.889980 np0000006791 nova-scheduler[96673]: DEBUG cotyledon.oslo_config_glue [-] profiler_jaeger.process_tags = {} {{(pid=96673) log_opt_values /opt/stack/data/venv/lib/python3.12/site-packages/oslo_config/cfg.py:3545}}
Aug 08 16:34:56.889980 np0000006791 nova-scheduler[96673]: DEBUG cotyledon.oslo_config_glue [-] profiler_jaeger.service_name_prefix = None {{(pid=96673) log_opt_values /opt/stack/data/venv/lib/python3.12/site-packages/oslo_config/cfg.py:3545}}
Aug 08 16:34:56.889980 np0000006791 nova-scheduler[96673]: DEBUG cotyledon.oslo_config_glue [-] profiler_otlp.service_name_prefix = None {{(pid=96673) log_opt_values /opt/stack/data/venv/lib/python3.12/site-packages/oslo_config/cfg.py:3545}}
Aug 08 16:34:56.889980 np0000006791 nova-scheduler[96673]: DEBUG cotyledon.oslo_config_glue [-] oslo_messaging_rabbit.amqp_auto_delete = False {{(pid=96673) log_opt_values /opt/stack/data/venv/lib/python3.12/site-packages/oslo_config/cfg.py:3545}}
Aug 08 16:34:56.889980 np0000006791 nova-scheduler[96673]: DEBUG cotyledon.oslo_config_glue [-] oslo_messaging_rabbit.amqp_durable_queues = False {{(pid=96673) log_opt_values /opt/stack/data/venv/lib/python3.12/site-packages/oslo_config/cfg.py:3545}}
Aug 08 16:34:56.889980 np0000006791 nova-scheduler[96673]: DEBUG cotyledon.oslo_config_glue [-] oslo_messaging_rabbit.conn_pool_min_size = 2 {{(pid=96673) log_opt_values /opt/stack/data/venv/lib/python3.12/site-packages/oslo_config/cfg.py:3545}}
Aug 08 16:34:56.889980 np0000006791 nova-scheduler[96673]: DEBUG cotyledon.oslo_config_glue [-] oslo_messaging_rabbit.conn_pool_ttl = 1200 {{(pid=96673) log_opt_values /opt/stack/data/venv/lib/python3.12/site-packages/oslo_config/cfg.py:3545}}
Aug 08 16:34:56.889980 np0000006791 nova-scheduler[96673]: DEBUG cotyledon.oslo_config_glue [-] oslo_messaging_rabbit.direct_mandatory_flag = True {{(pid=96673) log_opt_values /opt/stack/data/venv/lib/python3.12/site-packages/oslo_config/cfg.py:3545}}
Aug 08 16:34:56.890205 np0000006791 nova-scheduler[96673]: DEBUG cotyledon.oslo_config_glue [-] oslo_messaging_rabbit.enable_cancel_on_failover = False {{(pid=96673) log_opt_values /opt/stack/data/venv/lib/python3.12/site-packages/oslo_config/cfg.py:3545}}
Aug 08 16:34:56.890205 np0000006791 nova-scheduler[96673]: DEBUG cotyledon.oslo_config_glue [-] oslo_messaging_rabbit.heartbeat_rate = 3 {{(pid=96673) log_opt_values /opt/stack/data/venv/lib/python3.12/site-packages/oslo_config/cfg.py:3545}}
Aug 08 16:34:56.890205 np0000006791 nova-scheduler[96673]: DEBUG cotyledon.oslo_config_glue [-] oslo_messaging_rabbit.heartbeat_timeout_threshold = 60 {{(pid=96673) log_opt_values /opt/stack/data/venv/lib/python3.12/site-packages/oslo_config/cfg.py:3545}}
Aug 08 16:34:56.890205 np0000006791 nova-scheduler[96673]: DEBUG cotyledon.oslo_config_glue [-] oslo_messaging_rabbit.hostname = np0000006791 {{(pid=96673) log_opt_values /opt/stack/data/venv/lib/python3.12/site-packages/oslo_config/cfg.py:3545}}
Aug 08 16:34:56.890205 np0000006791 nova-scheduler[96673]: DEBUG cotyledon.oslo_config_glue [-] oslo_messaging_rabbit.kombu_compression = None {{(pid=96673) log_opt_values /opt/stack/data/venv/lib/python3.12/site-packages/oslo_config/cfg.py:3545}}
Aug 08 16:34:56.890205 np0000006791 nova-scheduler[96673]: DEBUG cotyledon.oslo_config_glue [-] oslo_messaging_rabbit.kombu_failover_strategy = round-robin {{(pid=96673) log_opt_values /opt/stack/data/venv/lib/python3.12/site-packages/oslo_config/cfg.py:3545}}
Aug 08 16:34:56.890205 np0000006791 nova-scheduler[96673]: DEBUG cotyledon.oslo_config_glue [-] oslo_messaging_rabbit.kombu_missing_consumer_retry_timeout = 60 {{(pid=96673) log_opt_values /opt/stack/data/venv/lib/python3.12/site-packages/oslo_config/cfg.py:3545}}
Aug 08 16:34:56.890205 np0000006791 nova-scheduler[96673]: DEBUG cotyledon.oslo_config_glue [-] oslo_messaging_rabbit.kombu_reconnect_delay = 1.0 {{(pid=96673) log_opt_values /opt/stack/data/venv/lib/python3.12/site-packages/oslo_config/cfg.py:3545}}
Aug 08 16:34:56.890205 np0000006791 nova-scheduler[96673]: DEBUG cotyledon.oslo_config_glue [-] oslo_messaging_rabbit.kombu_reconnect_splay = 0.0 {{(pid=96673) log_opt_values /opt/stack/data/venv/lib/python3.12/site-packages/oslo_config/cfg.py:3545}}
Aug 08 16:34:56.890508 np0000006791 nova-scheduler[96673]: DEBUG cotyledon.oslo_config_glue [-] oslo_messaging_rabbit.processname = nova-scheduler {{(pid=96673) log_opt_values /opt/stack/data/venv/lib/python3.12/site-packages/oslo_config/cfg.py:3545}}
Aug 08 16:34:56.890508 np0000006791 nova-scheduler[96673]: DEBUG cotyledon.oslo_config_glue [-] oslo_messaging_rabbit.rabbit_ha_queues = False {{(pid=96673) log_opt_values /opt/stack/data/venv/lib/python3.12/site-packages/oslo_config/cfg.py:3545}}
Aug 08 16:34:56.890508 np0000006791 nova-scheduler[96673]: DEBUG cotyledon.oslo_config_glue [-] oslo_messaging_rabbit.rabbit_interval_max = 30 {{(pid=96673) log_opt_values /opt/stack/data/venv/lib/python3.12/site-packages/oslo_config/cfg.py:3545}}
Aug 08 16:34:56.890508 np0000006791 nova-scheduler[96673]: DEBUG cotyledon.oslo_config_glue [-] oslo_messaging_rabbit.rabbit_login_method = AMQPLAIN {{(pid=96673) log_opt_values /opt/stack/data/venv/lib/python3.12/site-packages/oslo_config/cfg.py:3545}}
Aug 08 16:34:56.890508 np0000006791 nova-scheduler[96673]: DEBUG cotyledon.oslo_config_glue [-] oslo_messaging_rabbit.rabbit_qos_prefetch_count = 0 {{(pid=96673) log_opt_values /opt/stack/data/venv/lib/python3.12/site-packages/oslo_config/cfg.py:3545}}
Aug 08 16:34:56.890508 np0000006791 nova-scheduler[96673]: DEBUG cotyledon.oslo_config_glue [-] oslo_messaging_rabbit.rabbit_quorum_delivery_limit = 0 {{(pid=96673) log_opt_values /opt/stack/data/venv/lib/python3.12/site-packages/oslo_config/cfg.py:3545}}
Aug 08 16:34:56.890508 np0000006791 nova-scheduler[96673]: DEBUG cotyledon.oslo_config_glue [-] oslo_messaging_rabbit.rabbit_quorum_max_memory_bytes = 0 {{(pid=96673) log_opt_values /opt/stack/data/venv/lib/python3.12/site-packages/oslo_config/cfg.py:3545}}
Aug 08 16:34:56.890508 np0000006791 nova-scheduler[96673]: DEBUG cotyledon.oslo_config_glue [-] oslo_messaging_rabbit.rabbit_quorum_max_memory_length = 0 {{(pid=96673) log_opt_values /opt/stack/data/venv/lib/python3.12/site-packages/oslo_config/cfg.py:3545}}
Aug 08 16:34:56.890508 np0000006791 nova-scheduler[96673]: DEBUG cotyledon.oslo_config_glue [-] oslo_messaging_rabbit.rabbit_quorum_queue = False {{(pid=96673) log_opt_values /opt/stack/data/venv/lib/python3.12/site-packages/oslo_config/cfg.py:3545}}
Aug 08 16:34:56.890775 np0000006791 nova-scheduler[96673]: DEBUG cotyledon.oslo_config_glue [-] oslo_messaging_rabbit.rabbit_retry_backoff = 2 {{(pid=96673) log_opt_values /opt/stack/data/venv/lib/python3.12/site-packages/oslo_config/cfg.py:3545}}
Aug 08 16:34:56.890775 np0000006791 nova-scheduler[96673]: DEBUG cotyledon.oslo_config_glue [-] oslo_messaging_rabbit.rabbit_retry_interval = 1 {{(pid=96673) log_opt_values /opt/stack/data/venv/lib/python3.12/site-packages/oslo_config/cfg.py:3545}}
Aug 08 16:34:56.890775 np0000006791 nova-scheduler[96673]: DEBUG cotyledon.oslo_config_glue [-] oslo_messaging_rabbit.rabbit_stream_fanout = False {{(pid=96673) log_opt_values /opt/stack/data/venv/lib/python3.12/site-packages/oslo_config/cfg.py:3545}}
Aug 08 16:34:56.890775 np0000006791 nova-scheduler[96673]: DEBUG cotyledon.oslo_config_glue [-] oslo_messaging_rabbit.rabbit_transient_queues_ttl = 1800 {{(pid=96673) log_opt_values /opt/stack/data/venv/lib/python3.12/site-packages/oslo_config/cfg.py:3545}}
Aug 08 16:34:56.890775 np0000006791 nova-scheduler[96673]: DEBUG cotyledon.oslo_config_glue [-] oslo_messaging_rabbit.rabbit_transient_quorum_queue = False {{(pid=96673) log_opt_values /opt/stack/data/venv/lib/python3.12/site-packages/oslo_config/cfg.py:3545}}
Aug 08 16:34:56.890775 np0000006791 nova-scheduler[96673]: DEBUG cotyledon.oslo_config_glue [-] oslo_messaging_rabbit.rpc_conn_pool_size = 30 {{(pid=96673) log_opt_values /opt/stack/data/venv/lib/python3.12/site-packages/oslo_config/cfg.py:3545}}
Aug 08 16:34:56.890775 np0000006791 nova-scheduler[96673]: DEBUG cotyledon.oslo_config_glue [-] oslo_messaging_rabbit.ssl = False {{(pid=96673) log_opt_values /opt/stack/data/venv/lib/python3.12/site-packages/oslo_config/cfg.py:3545}}
Aug 08 16:34:56.890775 np0000006791 nova-scheduler[96673]: DEBUG cotyledon.oslo_config_glue [-] oslo_messaging_rabbit.ssl_ca_file = {{(pid=96673) log_opt_values /opt/stack/data/venv/lib/python3.12/site-packages/oslo_config/cfg.py:3545}}
Aug 08 16:34:56.890775 np0000006791 nova-scheduler[96673]: DEBUG cotyledon.oslo_config_glue [-] oslo_messaging_rabbit.ssl_cert_file = {{(pid=96673) log_opt_values /opt/stack/data/venv/lib/python3.12/site-packages/oslo_config/cfg.py:3545}}
Aug 08 16:34:56.891041 np0000006791 nova-scheduler[96673]: DEBUG cotyledon.oslo_config_glue [-] oslo_messaging_rabbit.ssl_enforce_fips_mode = False {{(pid=96673) log_opt_values /opt/stack/data/venv/lib/python3.12/site-packages/oslo_config/cfg.py:3545}}
Aug 08 16:34:56.891041 np0000006791 nova-scheduler[96673]: DEBUG cotyledon.oslo_config_glue [-] oslo_messaging_rabbit.ssl_enforce_hostname_verification = True {{(pid=96673) log_opt_values /opt/stack/data/venv/lib/python3.12/site-packages/oslo_config/cfg.py:3545}}
Aug 08 16:34:56.891041 np0000006791 nova-scheduler[96673]: DEBUG cotyledon.oslo_config_glue [-] oslo_messaging_rabbit.ssl_key_file = {{(pid=96673) log_opt_values /opt/stack/data/venv/lib/python3.12/site-packages/oslo_config/cfg.py:3545}}
Aug 08 16:34:56.891041 np0000006791 nova-scheduler[96673]: DEBUG cotyledon.oslo_config_glue [-] oslo_messaging_rabbit.ssl_version = {{(pid=96673) log_opt_values /opt/stack/data/venv/lib/python3.12/site-packages/oslo_config/cfg.py:3545}}
Aug 08 16:34:56.891041 np0000006791 nova-scheduler[96673]: DEBUG cotyledon.oslo_config_glue [-] oslo_messaging_rabbit.use_queue_manager = False {{(pid=96673) log_opt_values /opt/stack/data/venv/lib/python3.12/site-packages/oslo_config/cfg.py:3545}}
Aug 08 16:34:56.891041 np0000006791 nova-scheduler[96673]: DEBUG cotyledon.oslo_config_glue [-] oslo_messaging_notifications.driver = ['messagingv2'] {{(pid=96673) log_opt_values /opt/stack/data/venv/lib/python3.12/site-packages/oslo_config/cfg.py:3545}}
Aug 08 16:34:56.891041 np0000006791 nova-scheduler[96673]: DEBUG cotyledon.oslo_config_glue [-] oslo_messaging_notifications.retry = -1 {{(pid=96673) log_opt_values /opt/stack/data/venv/lib/python3.12/site-packages/oslo_config/cfg.py:3545}}
Aug 08 16:34:56.891041 np0000006791 nova-scheduler[96673]: DEBUG cotyledon.oslo_config_glue [-] oslo_messaging_notifications.topics = ['notifications'] {{(pid=96673) log_opt_values /opt/stack/data/venv/lib/python3.12/site-packages/oslo_config/cfg.py:3545}}
Aug 08 16:34:56.891041 np0000006791 nova-scheduler[96673]: DEBUG cotyledon.oslo_config_glue [-] oslo_messaging_notifications.transport_url = **** {{(pid=96673) log_opt_values /opt/stack/data/venv/lib/python3.12/site-packages/oslo_config/cfg.py:3545}}
Aug 08 16:34:56.891312 np0000006791 nova-scheduler[96673]: DEBUG cotyledon.oslo_config_glue [-] oslo_limit.auth_section = None {{(pid=96673) log_opt_values /opt/stack/data/venv/lib/python3.12/site-packages/oslo_config/cfg.py:3545}}
Aug 08 16:34:56.891312 np0000006791 nova-scheduler[96673]: DEBUG cotyledon.oslo_config_glue [-] oslo_limit.auth_type = None {{(pid=96673) log_opt_values /opt/stack/data/venv/lib/python3.12/site-packages/oslo_config/cfg.py:3545}}
Aug 08 16:34:56.891312 np0000006791 nova-scheduler[96673]: DEBUG cotyledon.oslo_config_glue [-] oslo_limit.cafile = None {{(pid=96673) log_opt_values /opt/stack/data/venv/lib/python3.12/site-packages/oslo_config/cfg.py:3545}}
Aug 08 16:34:56.891312 np0000006791 nova-scheduler[96673]: DEBUG cotyledon.oslo_config_glue [-] oslo_limit.certfile = None {{(pid=96673) log_opt_values /opt/stack/data/venv/lib/python3.12/site-packages/oslo_config/cfg.py:3545}}
Aug 08 16:34:56.891312 np0000006791 nova-scheduler[96673]: DEBUG cotyledon.oslo_config_glue [-] oslo_limit.collect_timing = False {{(pid=96673) log_opt_values /opt/stack/data/venv/lib/python3.12/site-packages/oslo_config/cfg.py:3545}}
Aug 08 16:34:56.891312 np0000006791 nova-scheduler[96673]: DEBUG cotyledon.oslo_config_glue [-] oslo_limit.connect_retries = None {{(pid=96673) log_opt_values /opt/stack/data/venv/lib/python3.12/site-packages/oslo_config/cfg.py:3545}}
Aug 08 16:34:56.891312 np0000006791 nova-scheduler[96673]: DEBUG cotyledon.oslo_config_glue [-] oslo_limit.connect_retry_delay = None {{(pid=96673) log_opt_values /opt/stack/data/venv/lib/python3.12/site-packages/oslo_config/cfg.py:3545}}
Aug 08 16:34:56.891312 np0000006791 nova-scheduler[96673]: DEBUG cotyledon.oslo_config_glue [-] oslo_limit.endpoint_id = None {{(pid=96673) log_opt_values /opt/stack/data/venv/lib/python3.12/site-packages/oslo_config/cfg.py:3545}}
Aug 08 16:34:56.891312 np0000006791 nova-scheduler[96673]: DEBUG cotyledon.oslo_config_glue [-] oslo_limit.endpoint_interface = public {{(pid=96673) log_opt_values /opt/stack/data/venv/lib/python3.12/site-packages/oslo_config/cfg.py:3545}}
Aug 08 16:34:56.891609 np0000006791 nova-scheduler[96673]: DEBUG cotyledon.oslo_config_glue [-] oslo_limit.endpoint_override = None {{(pid=96673) log_opt_values /opt/stack/data/venv/lib/python3.12/site-packages/oslo_config/cfg.py:3545}}
Aug 08 16:34:56.891609 np0000006791 nova-scheduler[96673]: DEBUG cotyledon.oslo_config_glue [-] oslo_limit.endpoint_region_name = None {{(pid=96673) log_opt_values /opt/stack/data/venv/lib/python3.12/site-packages/oslo_config/cfg.py:3545}}
Aug 08 16:34:56.891609 np0000006791 nova-scheduler[96673]: DEBUG cotyledon.oslo_config_glue [-] oslo_limit.endpoint_service_name = None {{(pid=96673) log_opt_values /opt/stack/data/venv/lib/python3.12/site-packages/oslo_config/cfg.py:3545}}
Aug 08 16:34:56.891609 np0000006791 nova-scheduler[96673]: DEBUG cotyledon.oslo_config_glue [-] oslo_limit.endpoint_service_type = None {{(pid=96673) log_opt_values /opt/stack/data/venv/lib/python3.12/site-packages/oslo_config/cfg.py:3545}}
Aug 08 16:34:56.891609 np0000006791 nova-scheduler[96673]: DEBUG cotyledon.oslo_config_glue [-] oslo_limit.insecure = False {{(pid=96673) log_opt_values /opt/stack/data/venv/lib/python3.12/site-packages/oslo_config/cfg.py:3545}}
Aug 08 16:34:56.891609 np0000006791 nova-scheduler[96673]: DEBUG cotyledon.oslo_config_glue [-] oslo_limit.keyfile = None {{(pid=96673) log_opt_values /opt/stack/data/venv/lib/python3.12/site-packages/oslo_config/cfg.py:3545}}
Aug 08 16:34:56.891609 np0000006791 nova-scheduler[96673]: DEBUG cotyledon.oslo_config_glue [-] oslo_limit.max_version = None {{(pid=96673) log_opt_values /opt/stack/data/venv/lib/python3.12/site-packages/oslo_config/cfg.py:3545}}
Aug 08 16:34:56.891609 np0000006791 nova-scheduler[96673]: DEBUG cotyledon.oslo_config_glue [-] oslo_limit.min_version = None {{(pid=96673) log_opt_values /opt/stack/data/venv/lib/python3.12/site-packages/oslo_config/cfg.py:3545}}
Aug 08 16:34:56.891609 np0000006791 nova-scheduler[96673]: DEBUG cotyledon.oslo_config_glue [-] oslo_limit.region_name = None {{(pid=96673) log_opt_values /opt/stack/data/venv/lib/python3.12/site-packages/oslo_config/cfg.py:3545}}
Aug 08 16:34:56.891878 np0000006791 nova-scheduler[96673]: DEBUG cotyledon.oslo_config_glue [-] oslo_limit.retriable_status_codes = None {{(pid=96673) log_opt_values /opt/stack/data/venv/lib/python3.12/site-packages/oslo_config/cfg.py:3545}}
Aug 08 16:34:56.891878 np0000006791 nova-scheduler[96673]: DEBUG cotyledon.oslo_config_glue [-] oslo_limit.service_name = None {{(pid=96673) log_opt_values /opt/stack/data/venv/lib/python3.12/site-packages/oslo_config/cfg.py:3545}}
Aug 08 16:34:56.891878 np0000006791 nova-scheduler[96673]: DEBUG cotyledon.oslo_config_glue [-] oslo_limit.service_type = None {{(pid=96673) log_opt_values /opt/stack/data/venv/lib/python3.12/site-packages/oslo_config/cfg.py:3545}}
Aug 08 16:34:56.891878 np0000006791 nova-scheduler[96673]: DEBUG cotyledon.oslo_config_glue [-] oslo_limit.split_loggers = False {{(pid=96673) log_opt_values /opt/stack/data/venv/lib/python3.12/site-packages/oslo_config/cfg.py:3545}}
Aug 08 16:34:56.891993 np0000006791 nova-scheduler[96643]: INFO dbcounter [None req-16dcc7f4-459a-4775-b2a7-557367011b0f None None] Registered counter for database nova_cell0
Aug 08 16:34:56.892039 np0000006791 nova-scheduler[96673]: DEBUG cotyledon.oslo_config_glue [-] oslo_limit.status_code_retries = None {{(pid=96673) log_opt_values /opt/stack/data/venv/lib/python3.12/site-packages/oslo_config/cfg.py:3545}}
Aug 08 16:34:56.892039 np0000006791 nova-scheduler[96673]: DEBUG cotyledon.oslo_config_glue [-] oslo_limit.status_code_retry_delay = None {{(pid=96673) log_opt_values /opt/stack/data/venv/lib/python3.12/site-packages/oslo_config/cfg.py:3545}}
Aug 08 16:34:56.892039 np0000006791 nova-scheduler[96673]: DEBUG cotyledon.oslo_config_glue [-] oslo_limit.timeout = None {{(pid=96673) log_opt_values /opt/stack/data/venv/lib/python3.12/site-packages/oslo_config/cfg.py:3545}}
Aug 08 16:34:56.892039 np0000006791 nova-scheduler[96673]: DEBUG cotyledon.oslo_config_glue [-] oslo_limit.valid_interfaces = None {{(pid=96673) log_opt_values /opt/stack/data/venv/lib/python3.12/site-packages/oslo_config/cfg.py:3545}}
Aug 08 16:34:56.892039 np0000006791 nova-scheduler[96673]: DEBUG cotyledon.oslo_config_glue [-] oslo_limit.version = None {{(pid=96673) log_opt_values /opt/stack/data/venv/lib/python3.12/site-packages/oslo_config/cfg.py:3545}}
Aug 08 16:34:56.892039 np0000006791 nova-scheduler[96673]: DEBUG cotyledon.oslo_config_glue [-] oslo_reports.file_event_handler = None {{(pid=96673) log_opt_values /opt/stack/data/venv/lib/python3.12/site-packages/oslo_config/cfg.py:3545}}
Aug 08 16:34:56.892039 np0000006791 nova-scheduler[96673]: DEBUG cotyledon.oslo_config_glue [-] oslo_reports.file_event_handler_interval = 1 {{(pid=96673) log_opt_values /opt/stack/data/venv/lib/python3.12/site-packages/oslo_config/cfg.py:3545}}
Aug 08 16:34:56.892039 np0000006791 nova-scheduler[96673]: DEBUG cotyledon.oslo_config_glue [-] oslo_reports.log_dir = None {{(pid=96673) log_opt_values /opt/stack/data/venv/lib/python3.12/site-packages/oslo_config/cfg.py:3545}}
Aug 08 16:34:56.892039 np0000006791 nova-scheduler[96673]: DEBUG cotyledon.oslo_config_glue [-] ******************************************************************************** {{(pid=96673) log_opt_values /opt/stack/data/venv/lib/python3.12/site-packages/oslo_config/cfg.py:3552}}
Aug 08 16:34:56.892308 np0000006791 nova-scheduler[96673]: DEBUG cotyledon._service_worker [-] Run service ServiceWrapper(3) [96673] {{(pid=96673) wait_forever /opt/stack/data/venv/lib/python3.12/site-packages/cotyledon/_service_worker.py:218}}
Aug 08 16:34:56.892308 np0000006791 nova-scheduler[96673]: INFO nova.service [-] Starting scheduler node (version 33.1.0)
Aug 08 16:34:56.892308 np0000006791 nova-scheduler[96673]: INFO dbcounter [None req-c8ad000d-8771-411a-97b0-93cc85a0230e None None] Registered counter for database nova_cell0
Aug 08 16:34:56.892394 np0000006791 nova-scheduler[96627]: DEBUG oslo_db.sqlalchemy.engines [None req-7d8b590a-6805-4ebb-a61e-a0a3c1f822a9 None None] MySQL server mode set to STRICT_TRANS_TABLES,STRICT_ALL_TABLES,NO_ZERO_IN_DATE,NO_ZERO_DATE,ERROR_FOR_DIVISION_BY_ZERO,TRADITIONAL,NO_ENGINE_SUBSTITUTION {{(pid=96627) _check_effective_sql_mode /opt/stack/data/venv/lib/python3.12/site-packages/oslo_db/sqlalchemy/engines.py:325}}
Aug 08 16:34:56.892449 np0000006791 nova-scheduler[96625]: DEBUG oslo_db.sqlalchemy.engines [None req-4a5878fe-1fac-4dae-a41c-ed6267c0256a None None] MySQL server mode set to STRICT_TRANS_TABLES,STRICT_ALL_TABLES,NO_ZERO_IN_DATE,NO_ZERO_DATE,ERROR_FOR_DIVISION_BY_ZERO,TRADITIONAL,NO_ENGINE_SUBSTITUTION {{(pid=96625) _check_effective_sql_mode /opt/stack/data/venv/lib/python3.12/site-packages/oslo_db/sqlalchemy/engines.py:325}}
Aug 08 16:34:56.896248 np0000006791 nova-scheduler[96627]: DEBUG dbcounter [-] [96627] Writer thread running {{(pid=96627) stat_writer /opt/stack/data/venv/lib/python3.12/site-packages/dbcounter.py:102}}
Aug 08 16:34:56.897512 np0000006791 nova-scheduler[96625]: DEBUG dbcounter [-] [96625] Writer thread running {{(pid=96625) stat_writer /opt/stack/data/venv/lib/python3.12/site-packages/dbcounter.py:102}}
Aug 08 16:34:56.914747 np0000006791 nova-scheduler[96673]: DEBUG oslo_db.sqlalchemy.engines [None req-c8ad000d-8771-411a-97b0-93cc85a0230e None None] MySQL server mode set to STRICT_TRANS_TABLES,STRICT_ALL_TABLES,NO_ZERO_IN_DATE,NO_ZERO_DATE,ERROR_FOR_DIVISION_BY_ZERO,TRADITIONAL,NO_ENGINE_SUBSTITUTION {{(pid=96673) _check_effective_sql_mode /opt/stack/data/venv/lib/python3.12/site-packages/oslo_db/sqlalchemy/engines.py:325}}
Aug 08 16:34:56.917265 np0000006791 nova-scheduler[96627]: DEBUG nova.service [None req-7d8b590a-6805-4ebb-a61e-a0a3c1f822a9 None None] Creating RPC server for service: nova-scheduler on topic: scheduler {{(pid=96627) start /opt/stack/nova/nova/service.py:196}}
Aug 08 16:34:56.920353 np0000006791 nova-scheduler[96643]: DEBUG oslo_db.sqlalchemy.engines [None req-16dcc7f4-459a-4775-b2a7-557367011b0f None None] MySQL server mode set to STRICT_TRANS_TABLES,STRICT_ALL_TABLES,NO_ZERO_IN_DATE,NO_ZERO_DATE,ERROR_FOR_DIVISION_BY_ZERO,TRADITIONAL,NO_ENGINE_SUBSTITUTION {{(pid=96643) _check_effective_sql_mode /opt/stack/data/venv/lib/python3.12/site-packages/oslo_db/sqlalchemy/engines.py:325}}
Aug 08 16:34:56.922133 np0000006791 nova-scheduler[96625]: DEBUG nova.service [None req-4a5878fe-1fac-4dae-a41c-ed6267c0256a None None] Creating RPC server for service: nova-scheduler on topic: scheduler {{(pid=96625) start /opt/stack/nova/nova/service.py:196}}
Aug 08 16:34:56.925158 np0000006791 nova-scheduler[96673]: DEBUG dbcounter [-] [96673] Writer thread running {{(pid=96673) stat_writer /opt/stack/data/venv/lib/python3.12/site-packages/dbcounter.py:102}}
Aug 08 16:34:56.928155 np0000006791 nova-scheduler[96673]: DEBUG nova.service [None req-c8ad000d-8771-411a-97b0-93cc85a0230e None None] Creating RPC server for service: nova-scheduler on topic: scheduler {{(pid=96673) start /opt/stack/nova/nova/service.py:196}}
Aug 08 16:34:56.933238 np0000006791 nova-scheduler[96643]: DEBUG dbcounter [-] [96643] Writer thread running {{(pid=96643) stat_writer /opt/stack/data/venv/lib/python3.12/site-packages/dbcounter.py:102}}
Aug 08 16:34:56.937906 np0000006791 nova-scheduler[96643]: DEBUG nova.service [None req-16dcc7f4-459a-4775-b2a7-557367011b0f None None] Creating RPC server for service: nova-scheduler on topic: scheduler {{(pid=96643) start /opt/stack/nova/nova/service.py:196}}
Aug 08 16:34:56.946953 np0000006791 nova-scheduler[96673]: DEBUG nova.service [None req-c8ad000d-8771-411a-97b0-93cc85a0230e None None] Join ServiceGroup membership for this service scheduler {{(pid=96673) start /opt/stack/nova/nova/service.py:222}}
Aug 08 16:34:56.947251 np0000006791 nova-scheduler[96673]: DEBUG nova.servicegroup.drivers.db [None req-c8ad000d-8771-411a-97b0-93cc85a0230e None None] DB_Driver: join new ServiceGroup member np0000006791 to the scheduler group, service = {{(pid=96673) join /opt/stack/nova/nova/servicegroup/drivers/db.py:44}}
Aug 08 16:34:56.950874 np0000006791 nova-scheduler[96625]: DEBUG nova.service [None req-4a5878fe-1fac-4dae-a41c-ed6267c0256a None None] Join ServiceGroup membership for this service scheduler {{(pid=96625) start /opt/stack/nova/nova/service.py:222}}
Aug 08 16:34:56.951777 np0000006791 nova-scheduler[96625]: DEBUG nova.servicegroup.drivers.db [None req-4a5878fe-1fac-4dae-a41c-ed6267c0256a None None] DB_Driver: join new ServiceGroup member np0000006791 to the scheduler group, service = {{(pid=96625) join /opt/stack/nova/nova/servicegroup/drivers/db.py:44}}
Aug 08 16:34:56.955959 np0000006791 nova-scheduler[96627]: DEBUG nova.service [None req-7d8b590a-6805-4ebb-a61e-a0a3c1f822a9 None None] Join ServiceGroup membership for this service scheduler {{(pid=96627) start /opt/stack/nova/nova/service.py:222}}
Aug 08 16:34:56.956170 np0000006791 nova-scheduler[96627]: DEBUG nova.servicegroup.drivers.db [None req-7d8b590a-6805-4ebb-a61e-a0a3c1f822a9 None None] DB_Driver: join new ServiceGroup member np0000006791 to the scheduler group, service = {{(pid=96627) join /opt/stack/nova/nova/servicegroup/drivers/db.py:44}}
Aug 08 16:34:56.957687 np0000006791 nova-scheduler[96643]: DEBUG nova.service [None req-16dcc7f4-459a-4775-b2a7-557367011b0f None None] Join ServiceGroup membership for this service scheduler {{(pid=96643) start /opt/stack/nova/nova/service.py:222}}
Aug 08 16:34:56.958115 np0000006791 nova-scheduler[96643]: DEBUG nova.servicegroup.drivers.db [None req-16dcc7f4-459a-4775-b2a7-557367011b0f None None] DB_Driver: join new ServiceGroup member np0000006791 to the scheduler group, service = {{(pid=96643) join /opt/stack/nova/nova/servicegroup/drivers/db.py:44}}
Aug 08 16:35:01.967120 np0000006791 nova-scheduler[96673]: DEBUG oslo.service.backend._threading.loopingcall [-] Fixed interval looping call 'nova.servicegroup.drivers.db.DbDriver._report_state' sleeping for 119.98 seconds {{(pid=96673) _run_loop /opt/stack/data/venv/lib/python3.12/site-packages/oslo_service/backend/_threading/loopingcall.py:125}}
Aug 08 16:35:01.967989 np0000006791 nova-scheduler[96625]: DEBUG oslo.service.backend._threading.loopingcall [-] Fixed interval looping call 'nova.servicegroup.drivers.db.DbDriver._report_state' sleeping for 119.99 seconds {{(pid=96625) _run_loop /opt/stack/data/venv/lib/python3.12/site-packages/oslo_service/backend/_threading/loopingcall.py:125}}
Aug 08 16:35:01.970810 np0000006791 nova-scheduler[96627]: DEBUG oslo.service.backend._threading.loopingcall [-] Fixed interval looping call 'nova.servicegroup.drivers.db.DbDriver._report_state' sleeping for 119.99 seconds {{(pid=96627) _run_loop /opt/stack/data/venv/lib/python3.12/site-packages/oslo_service/backend/_threading/loopingcall.py:125}}
Aug 08 16:35:01.972395 np0000006791 nova-scheduler[96643]: DEBUG oslo.service.backend._threading.loopingcall [-] Fixed interval looping call 'nova.servicegroup.drivers.db.DbDriver._report_state' sleeping for 119.99 seconds {{(pid=96643) _run_loop /opt/stack/data/venv/lib/python3.12/site-packages/oslo_service/backend/_threading/loopingcall.py:125}}
Aug 08 16:35:05.405878 np0000006791 nova-scheduler[95364]: DEBUG dbcounter [-] [95364] Writing DB stats nova_api:SELECT=3 {{(pid=95364) stat_writer /opt/stack/data/venv/lib/python3.12/site-packages/dbcounter.py:115}}
Aug 08 16:35:05.538235 np0000006791 nova-scheduler[95364]: DEBUG dbcounter [-] [95364] Writing DB stats nova_cell0:SELECT=1 {{(pid=95364) stat_writer /opt/stack/data/venv/lib/python3.12/site-packages/dbcounter.py:115}}
Aug 08 16:35:05.542310 np0000006791 nova-scheduler[95364]: DEBUG dbcounter [-] [95364] Writing DB stats nova_cell1:SELECT=1 {{(pid=95364) stat_writer /opt/stack/data/venv/lib/python3.12/site-packages/dbcounter.py:115}}
Aug 08 16:35:10.953644 np0000006791 nova-scheduler[96625]: DEBUG oslo.service.backend._threading.loopingcall [None req-80f0c218-fb01-49c0-8ae2-23334bfab24a None None] Dynamic interval looping call 'nova.service.Service.periodic_tasks' sleeping for 60.00 seconds {{(pid=96625) _run_loop /opt/stack/data/venv/lib/python3.12/site-packages/oslo_service/backend/_threading/loopingcall.py:125}}
Aug 08 16:35:10.960387 np0000006791 nova-scheduler[96643]: DEBUG oslo.service.backend._threading.loopingcall [None req-fcf3d2c0-c8bd-4e27-9108-563f87265826 None None] Dynamic interval looping call 'nova.service.Service.periodic_tasks' sleeping for 60.00 seconds {{(pid=96643) _run_loop /opt/stack/data/venv/lib/python3.12/site-packages/oslo_service/backend/_threading/loopingcall.py:125}}
Aug 08 16:35:11.960933 np0000006791 nova-scheduler[96673]: DEBUG dbcounter [-] [96673] Writing DB stats nova_cell0:SELECT=3,nova_cell0:UPDATE=1 {{(pid=96673) stat_writer /opt/stack/data/venv/lib/python3.12/site-packages/dbcounter.py:115}}
Aug 08 16:35:11.964363 np0000006791 nova-scheduler[96625]: DEBUG dbcounter [-] [96625] Writing DB stats nova_cell0:SELECT=5,nova_cell0:INSERT=1,nova_cell0:UPDATE=1 {{(pid=96625) stat_writer /opt/stack/data/venv/lib/python3.12/site-packages/dbcounter.py:115}}
Aug 08 16:35:11.967931 np0000006791 nova-scheduler[96627]: DEBUG dbcounter [-] [96627] Writing DB stats nova_cell0:SELECT=4,nova_cell0:INSERT=1 {{(pid=96627) stat_writer /opt/stack/data/venv/lib/python3.12/site-packages/dbcounter.py:115}}
Aug 08 16:35:11.970720 np0000006791 nova-scheduler[96643]: DEBUG dbcounter [-] [96643] Writing DB stats nova_cell0:SELECT=3 {{(pid=96643) stat_writer /opt/stack/data/venv/lib/python3.12/site-packages/dbcounter.py:115}}
Aug 08 16:35:17.958591 np0000006791 nova-scheduler[96627]: DEBUG oslo.service.backend._threading.loopingcall [None req-74be4b12-a009-4359-ada0-e2efc8b19764 None None] Dynamic interval looping call 'nova.service.Service.periodic_tasks' sleeping for 60.00 seconds {{(pid=96627) _run_loop /opt/stack/data/venv/lib/python3.12/site-packages/oslo_service/backend/_threading/loopingcall.py:125}}
Aug 08 16:35:51.950493 np0000006791 nova-scheduler[96673]: DEBUG oslo.service.backend._threading.loopingcall [None req-adcc15c6-8f4d-42bd-9d13-ac04f856301d None None] Dynamic interval looping call 'nova.service.Service.periodic_tasks' sleeping for 60.00 seconds {{(pid=96673) _run_loop /opt/stack/data/venv/lib/python3.12/site-packages/oslo_service/backend/_threading/loopingcall.py:125}}
Aug 08 16:36:10.954260 np0000006791 nova-scheduler[96625]: DEBUG oslo.service.backend._threading.loopingcall [None req-80f0c218-fb01-49c0-8ae2-23334bfab24a None None] Dynamic interval looping call 'nova.service.Service.periodic_tasks' sleeping for 60.00 seconds {{(pid=96625) _run_loop /opt/stack/data/venv/lib/python3.12/site-packages/oslo_service/backend/_threading/loopingcall.py:125}}
Aug 08 16:36:10.960834 np0000006791 nova-scheduler[96643]: DEBUG oslo.service.backend._threading.loopingcall [None req-fcf3d2c0-c8bd-4e27-9108-563f87265826 None None] Dynamic interval looping call 'nova.service.Service.periodic_tasks' sleeping for 60.00 seconds {{(pid=96643) _run_loop /opt/stack/data/venv/lib/python3.12/site-packages/oslo_service/backend/_threading/loopingcall.py:125}}
Aug 08 16:36:17.959063 np0000006791 nova-scheduler[96627]: DEBUG oslo.service.backend._threading.loopingcall [None req-74be4b12-a009-4359-ada0-e2efc8b19764 None None] Dynamic interval looping call 'nova.service.Service.periodic_tasks' sleeping for 60.00 seconds {{(pid=96627) _run_loop /opt/stack/data/venv/lib/python3.12/site-packages/oslo_service/backend/_threading/loopingcall.py:125}}
Aug 08 16:36:51.950987 np0000006791 nova-scheduler[96673]: DEBUG oslo.service.backend._threading.loopingcall [None req-adcc15c6-8f4d-42bd-9d13-ac04f856301d None None] Dynamic interval looping call 'nova.service.Service.periodic_tasks' sleeping for 60.00 seconds {{(pid=96673) _run_loop /opt/stack/data/venv/lib/python3.12/site-packages/oslo_service/backend/_threading/loopingcall.py:125}}
Aug 08 16:37:01.953070 np0000006791 nova-scheduler[96673]: DEBUG oslo.service.backend._threading.loopingcall [-] Fixed interval looping call 'nova.servicegroup.drivers.db.DbDriver._report_state' sleeping for 119.99 seconds {{(pid=96673) _run_loop /opt/stack/data/venv/lib/python3.12/site-packages/oslo_service/backend/_threading/loopingcall.py:125}}
Aug 08 16:37:01.961918 np0000006791 nova-scheduler[96625]: DEBUG oslo.service.backend._threading.loopingcall [-] Fixed interval looping call 'nova.servicegroup.drivers.db.DbDriver._report_state' sleeping for 120.00 seconds {{(pid=96625) _run_loop /opt/stack/data/venv/lib/python3.12/site-packages/oslo_service/backend/_threading/loopingcall.py:125}}
Aug 08 16:37:01.964263 np0000006791 nova-scheduler[96627]: DEBUG oslo.service.backend._threading.loopingcall [-] Fixed interval looping call 'nova.servicegroup.drivers.db.DbDriver._report_state' sleeping for 120.00 seconds {{(pid=96627) _run_loop /opt/stack/data/venv/lib/python3.12/site-packages/oslo_service/backend/_threading/loopingcall.py:125}}
Aug 08 16:37:01.967290 np0000006791 nova-scheduler[96643]: DEBUG oslo.service.backend._threading.loopingcall [-] Fixed interval looping call 'nova.servicegroup.drivers.db.DbDriver._report_state' sleeping for 120.00 seconds {{(pid=96643) _run_loop /opt/stack/data/venv/lib/python3.12/site-packages/oslo_service/backend/_threading/loopingcall.py:125}}
Aug 08 16:37:10.954960 np0000006791 nova-scheduler[96625]: DEBUG oslo.service.backend._threading.loopingcall [None req-80f0c218-fb01-49c0-8ae2-23334bfab24a None None] Dynamic interval looping call 'nova.service.Service.periodic_tasks' sleeping for 60.00 seconds {{(pid=96625) _run_loop /opt/stack/data/venv/lib/python3.12/site-packages/oslo_service/backend/_threading/loopingcall.py:125}}
Aug 08 16:37:10.961453 np0000006791 nova-scheduler[96643]: DEBUG oslo.service.backend._threading.loopingcall [None req-fcf3d2c0-c8bd-4e27-9108-563f87265826 None None] Dynamic interval looping call 'nova.service.Service.periodic_tasks' sleeping for 60.00 seconds {{(pid=96643) _run_loop /opt/stack/data/venv/lib/python3.12/site-packages/oslo_service/backend/_threading/loopingcall.py:125}}
Aug 08 16:37:11.182916 np0000006791 nova-scheduler[96673]: DEBUG nova.scheduler.manager [None req-fca2fa6d-7dce-4f3f-9da1-041a570aa3e3 tempest-DeleteServersTestJSON-97990444 tempest-DeleteServersTestJSON-97990444-project-member] Starting to schedule for instances: ['cd8672ce-dab1-4d43-b990-be2680606a08'] {{(pid=96673) select_destinations /opt/stack/nova/nova/scheduler/manager.py:209}}
Aug 08 16:37:11.183355 np0000006791 nova-scheduler[96673]: DEBUG nova.scheduler.request_filter [None req-fca2fa6d-7dce-4f3f-9da1-041a570aa3e3 tempest-DeleteServersTestJSON-97990444 tempest-DeleteServersTestJSON-97990444-project-member] compute_status_filter request filter added forbidden trait COMPUTE_STATUS_DISABLED {{(pid=96673) compute_status_filter /opt/stack/nova/nova/scheduler/request_filter.py:253}}
Aug 08 16:37:11.183908 np0000006791 nova-scheduler[96673]: DEBUG nova.scheduler.request_filter [None req-fca2fa6d-7dce-4f3f-9da1-041a570aa3e3 tempest-DeleteServersTestJSON-97990444 tempest-DeleteServersTestJSON-97990444-project-member] Request filter 'compute_status_filter' took 0.0 seconds {{(pid=96673) wrapper /opt/stack/nova/nova/scheduler/request_filter.py:46}}
Aug 08 16:37:11.184241 np0000006791 nova-scheduler[96673]: DEBUG nova.scheduler.request_filter [None req-fca2fa6d-7dce-4f3f-9da1-041a570aa3e3 tempest-DeleteServersTestJSON-97990444 tempest-DeleteServersTestJSON-97990444-project-member] Request filter 'accelerators_filter' took 0.0 seconds {{(pid=96673) wrapper /opt/stack/nova/nova/scheduler/request_filter.py:46}}
Aug 08 16:37:11.184553 np0000006791 nova-scheduler[96673]: DEBUG nova.scheduler.request_filter [None req-fca2fa6d-7dce-4f3f-9da1-041a570aa3e3 tempest-DeleteServersTestJSON-97990444 tempest-DeleteServersTestJSON-97990444-project-member] Request filter 'packed_virtqueue_filter' took 0.0 seconds {{(pid=96673) wrapper /opt/stack/nova/nova/scheduler/request_filter.py:46}}
Aug 08 16:37:11.184824 np0000006791 nova-scheduler[96673]: DEBUG nova.scheduler.request_filter [None req-fca2fa6d-7dce-4f3f-9da1-041a570aa3e3 tempest-DeleteServersTestJSON-97990444 tempest-DeleteServersTestJSON-97990444-project-member] Request filter 'remote_managed_ports_filter' took 0.0 seconds {{(pid=96673) wrapper /opt/stack/nova/nova/scheduler/request_filter.py:46}}
Aug 08 16:37:11.184958 np0000006791 nova-scheduler[96673]: DEBUG nova.scheduler.request_filter [None req-fca2fa6d-7dce-4f3f-9da1-041a570aa3e3 tempest-DeleteServersTestJSON-97990444 tempest-DeleteServersTestJSON-97990444-project-member] ephemeral_encryption_filter skipped {{(pid=96673) ephemeral_encryption_filter /opt/stack/nova/nova/scheduler/request_filter.py:426}}
Aug 08 16:37:11.185089 np0000006791 nova-scheduler[96673]: DEBUG nova.scheduler.request_filter [None req-fca2fa6d-7dce-4f3f-9da1-041a570aa3e3 tempest-DeleteServersTestJSON-97990444 tempest-DeleteServersTestJSON-97990444-project-member] virtio_sound_filter skipped {{(pid=96673) virtio_sound_filter /opt/stack/nova/nova/scheduler/request_filter.py:460}}
Aug 08 16:37:11.185222 np0000006791 nova-scheduler[96673]: DEBUG nova.scheduler.request_filter [None req-fca2fa6d-7dce-4f3f-9da1-041a570aa3e3 tempest-DeleteServersTestJSON-97990444 tempest-DeleteServersTestJSON-97990444-project-member] tpm_secret_security_filter skipped {{(pid=96673) tpm_secret_security_filter /opt/stack/nova/nova/scheduler/request_filter.py:477}}
Aug 08 16:37:11.794641 np0000006791 nova-scheduler[96673]: INFO nova.utils [None req-fca2fa6d-7dce-4f3f-9da1-041a570aa3e3 tempest-DeleteServersTestJSON-97990444 tempest-DeleteServersTestJSON-97990444-project-member] The cell worker thread pool ForkProcess-4.cell_worker is initialized
Aug 08 16:37:11.795132 np0000006791 nova-scheduler[96673]: DEBUG oslo_concurrency.lockutils [None req-fca2fa6d-7dce-4f3f-9da1-041a570aa3e3 tempest-DeleteServersTestJSON-97990444 tempest-DeleteServersTestJSON-97990444-project-member] Acquiring lock "ddd2c636-71fa-42eb-8b81-4e3f8e9e0c42" by "nova.context.set_target_cell..get_or_set_cached_cell_and_set_connections" {{(pid=96673) inner /opt/stack/data/venv/lib/python3.12/site-packages/oslo_concurrency/lockutils.py:512}}
Aug 08 16:37:11.795250 np0000006791 nova-scheduler[96673]: DEBUG oslo_concurrency.lockutils [None req-fca2fa6d-7dce-4f3f-9da1-041a570aa3e3 tempest-DeleteServersTestJSON-97990444 tempest-DeleteServersTestJSON-97990444-project-member] Lock "ddd2c636-71fa-42eb-8b81-4e3f8e9e0c42" acquired by "nova.context.set_target_cell..get_or_set_cached_cell_and_set_connections" :: waited 0.000s {{(pid=96673) inner /opt/stack/data/venv/lib/python3.12/site-packages/oslo_concurrency/lockutils.py:525}}
Aug 08 16:37:11.796733 np0000006791 nova-scheduler[96673]: DEBUG oslo_concurrency.lockutils [None req-fca2fa6d-7dce-4f3f-9da1-041a570aa3e3 tempest-DeleteServersTestJSON-97990444 tempest-DeleteServersTestJSON-97990444-project-member] Lock "ddd2c636-71fa-42eb-8b81-4e3f8e9e0c42" "released" by "nova.context.set_target_cell..get_or_set_cached_cell_and_set_connections" :: held 0.001s {{(pid=96673) inner /opt/stack/data/venv/lib/python3.12/site-packages/oslo_concurrency/lockutils.py:544}}
Aug 08 16:37:11.798447 np0000006791 nova-scheduler[96673]: INFO dbcounter [None req-fca2fa6d-7dce-4f3f-9da1-041a570aa3e3 tempest-DeleteServersTestJSON-97990444 tempest-DeleteServersTestJSON-97990444-project-member] Registered counter for database nova_cell1
Aug 08 16:37:11.842714 np0000006791 nova-scheduler[96673]: DEBUG oslo_db.sqlalchemy.engines [None req-fca2fa6d-7dce-4f3f-9da1-041a570aa3e3 tempest-DeleteServersTestJSON-97990444 tempest-DeleteServersTestJSON-97990444-project-member] MySQL server mode set to STRICT_TRANS_TABLES,STRICT_ALL_TABLES,NO_ZERO_IN_DATE,NO_ZERO_DATE,ERROR_FOR_DIVISION_BY_ZERO,TRADITIONAL,NO_ENGINE_SUBSTITUTION {{(pid=96673) _check_effective_sql_mode /opt/stack/data/venv/lib/python3.12/site-packages/oslo_db/sqlalchemy/engines.py:325}}
Aug 08 16:37:11.847658 np0000006791 nova-scheduler[96673]: DEBUG dbcounter [-] [96673] Writer thread running {{(pid=96673) stat_writer /opt/stack/data/venv/lib/python3.12/site-packages/dbcounter.py:102}}
Aug 08 16:37:11.859261 np0000006791 nova-scheduler[96673]: DEBUG oslo_db.sqlalchemy.engines [None req-fca2fa6d-7dce-4f3f-9da1-041a570aa3e3 tempest-DeleteServersTestJSON-97990444 tempest-DeleteServersTestJSON-97990444-project-member] Parent process 95364 forked (96673) with an open database connection, which is being discarded and recreated. {{(pid=96673) checkout /opt/stack/data/venv/lib/python3.12/site-packages/oslo_db/sqlalchemy/engines.py:402}}
Aug 08 16:37:11.903604 np0000006791 nova-scheduler[96673]: DEBUG dbcounter [-] [96673] Writer thread running {{(pid=96673) stat_writer /opt/stack/data/venv/lib/python3.12/site-packages/dbcounter.py:102}}
Aug 08 16:37:11.909527 np0000006791 nova-scheduler[96673]: DEBUG oslo_concurrency.lockutils [None req-fca2fa6d-7dce-4f3f-9da1-041a570aa3e3 tempest-DeleteServersTestJSON-97990444 tempest-DeleteServersTestJSON-97990444-project-member] Acquiring lock "ddd2c636-71fa-42eb-8b81-4e3f8e9e0c42" by "nova.context.set_target_cell..get_or_set_cached_cell_and_set_connections" {{(pid=96673) inner /opt/stack/data/venv/lib/python3.12/site-packages/oslo_concurrency/lockutils.py:512}}
Aug 08 16:37:11.909527 np0000006791 nova-scheduler[96673]: DEBUG oslo_concurrency.lockutils [None req-fca2fa6d-7dce-4f3f-9da1-041a570aa3e3 tempest-DeleteServersTestJSON-97990444 tempest-DeleteServersTestJSON-97990444-project-member] Lock "ddd2c636-71fa-42eb-8b81-4e3f8e9e0c42" acquired by "nova.context.set_target_cell..get_or_set_cached_cell_and_set_connections" :: waited 0.000s {{(pid=96673) inner /opt/stack/data/venv/lib/python3.12/site-packages/oslo_concurrency/lockutils.py:525}}
Aug 08 16:37:11.909527 np0000006791 nova-scheduler[96673]: DEBUG oslo_concurrency.lockutils [None req-fca2fa6d-7dce-4f3f-9da1-041a570aa3e3 tempest-DeleteServersTestJSON-97990444 tempest-DeleteServersTestJSON-97990444-project-member] Lock "ddd2c636-71fa-42eb-8b81-4e3f8e9e0c42" "released" by "nova.context.set_target_cell..get_or_set_cached_cell_and_set_connections" :: held 0.000s {{(pid=96673) inner /opt/stack/data/venv/lib/python3.12/site-packages/oslo_concurrency/lockutils.py:544}}
Aug 08 16:37:11.909527 np0000006791 nova-scheduler[96673]: DEBUG oslo_concurrency.lockutils [None req-fca2fa6d-7dce-4f3f-9da1-041a570aa3e3 tempest-DeleteServersTestJSON-97990444 tempest-DeleteServersTestJSON-97990444-project-member] Acquiring lock "np0000006791-np0000006791" by "nova.scheduler.host_manager.HostState.update.._locked_update" {{(pid=96673) inner /opt/stack/data/venv/lib/python3.12/site-packages/oslo_concurrency/lockutils.py:512}}
