Jun 02 14:02:43.198324 np0000001934 nova-scheduler[95843]: DEBUG cotyledon.oslo_config_glue [-] oslo_limit.connect_retry_delay = None {{(pid=95843) log_opt_values /opt/stack/data/venv/lib/python3.12/site-packages/oslo_config/cfg.py:3256}}
Jun 02 14:02:43.198324 np0000001934 nova-scheduler[95843]: DEBUG cotyledon.oslo_config_glue [-] oslo_limit.endpoint_id = None {{(pid=95843) log_opt_values /opt/stack/data/venv/lib/python3.12/site-packages/oslo_config/cfg.py:3256}}
Jun 02 14:02:43.198324 np0000001934 nova-scheduler[95843]: DEBUG cotyledon.oslo_config_glue [-] oslo_limit.endpoint_interface = public {{(pid=95843) log_opt_values /opt/stack/data/venv/lib/python3.12/site-packages/oslo_config/cfg.py:3256}}
Jun 02 14:02:43.198324 np0000001934 nova-scheduler[95843]: DEBUG cotyledon.oslo_config_glue [-] oslo_limit.endpoint_override = None {{(pid=95843) log_opt_values /opt/stack/data/venv/lib/python3.12/site-packages/oslo_config/cfg.py:3256}}
Jun 02 14:02:43.198324 np0000001934 nova-scheduler[95843]: DEBUG cotyledon.oslo_config_glue [-] oslo_limit.endpoint_region_name = None {{(pid=95843) log_opt_values /opt/stack/data/venv/lib/python3.12/site-packages/oslo_config/cfg.py:3256}}
Jun 02 14:02:43.198324 np0000001934 nova-scheduler[95843]: DEBUG cotyledon.oslo_config_glue [-] oslo_limit.endpoint_service_name = None {{(pid=95843) log_opt_values /opt/stack/data/venv/lib/python3.12/site-packages/oslo_config/cfg.py:3256}}
Jun 02 14:02:43.198502 np0000001934 nova-scheduler[95843]: DEBUG cotyledon.oslo_config_glue [-] oslo_limit.endpoint_service_type = None {{(pid=95843) log_opt_values /opt/stack/data/venv/lib/python3.12/site-packages/oslo_config/cfg.py:3256}}
Jun 02 14:02:43.198502 np0000001934 nova-scheduler[95843]: DEBUG cotyledon.oslo_config_glue [-] oslo_limit.insecure = False {{(pid=95843) log_opt_values /opt/stack/data/venv/lib/python3.12/site-packages/oslo_config/cfg.py:3256}}
Jun 02 14:02:43.198502 np0000001934 nova-scheduler[95843]: DEBUG cotyledon.oslo_config_glue [-] oslo_limit.keyfile = None {{(pid=95843) log_opt_values /opt/stack/data/venv/lib/python3.12/site-packages/oslo_config/cfg.py:3256}}
Jun 02 14:02:43.198502 np0000001934 nova-scheduler[95843]: DEBUG cotyledon.oslo_config_glue [-] oslo_limit.max_version = None {{(pid=95843) log_opt_values /opt/stack/data/venv/lib/python3.12/site-packages/oslo_config/cfg.py:3256}}
Jun 02 14:02:43.198502 np0000001934 nova-scheduler[95843]: DEBUG cotyledon.oslo_config_glue [-] oslo_limit.min_version = None {{(pid=95843) log_opt_values /opt/stack/data/venv/lib/python3.12/site-packages/oslo_config/cfg.py:3256}}
Jun 02 14:02:43.198502 np0000001934 nova-scheduler[95843]: DEBUG cotyledon.oslo_config_glue [-] oslo_limit.region_name = None {{(pid=95843) log_opt_values /opt/stack/data/venv/lib/python3.12/site-packages/oslo_config/cfg.py:3256}}
Jun 02 14:02:43.198502 np0000001934 nova-scheduler[95843]: DEBUG cotyledon.oslo_config_glue [-] oslo_limit.retriable_status_codes = None {{(pid=95843) log_opt_values /opt/stack/data/venv/lib/python3.12/site-packages/oslo_config/cfg.py:3256}}
Jun 02 14:02:43.198502 np0000001934 nova-scheduler[95843]: DEBUG cotyledon.oslo_config_glue [-] oslo_limit.service_name = None {{(pid=95843) log_opt_values /opt/stack/data/venv/lib/python3.12/site-packages/oslo_config/cfg.py:3256}}
Jun 02 14:02:43.198502 np0000001934 nova-scheduler[95843]: DEBUG cotyledon.oslo_config_glue [-] oslo_limit.service_type = None {{(pid=95843) log_opt_values /opt/stack/data/venv/lib/python3.12/site-packages/oslo_config/cfg.py:3256}}
Jun 02 14:02:43.198673 np0000001934 nova-scheduler[95843]: DEBUG cotyledon.oslo_config_glue [-] oslo_limit.split_loggers = False {{(pid=95843) log_opt_values /opt/stack/data/venv/lib/python3.12/site-packages/oslo_config/cfg.py:3256}}
Jun 02 14:02:43.198673 np0000001934 nova-scheduler[95843]: DEBUG cotyledon.oslo_config_glue [-] oslo_limit.status_code_retries = None {{(pid=95843) log_opt_values /opt/stack/data/venv/lib/python3.12/site-packages/oslo_config/cfg.py:3256}}
Jun 02 14:02:43.198673 np0000001934 nova-scheduler[95843]: DEBUG cotyledon.oslo_config_glue [-] oslo_limit.status_code_retry_delay = None {{(pid=95843) log_opt_values /opt/stack/data/venv/lib/python3.12/site-packages/oslo_config/cfg.py:3256}}
Jun 02 14:02:43.198673 np0000001934 nova-scheduler[95843]: DEBUG cotyledon.oslo_config_glue [-] oslo_limit.timeout = None {{(pid=95843) log_opt_values /opt/stack/data/venv/lib/python3.12/site-packages/oslo_config/cfg.py:3256}}
Jun 02 14:02:43.198673 np0000001934 nova-scheduler[95843]: DEBUG cotyledon.oslo_config_glue [-] oslo_limit.valid_interfaces = None {{(pid=95843) log_opt_values /opt/stack/data/venv/lib/python3.12/site-packages/oslo_config/cfg.py:3256}}
Jun 02 14:02:43.198673 np0000001934 nova-scheduler[95843]: DEBUG cotyledon.oslo_config_glue [-] oslo_limit.version = None {{(pid=95843) log_opt_values /opt/stack/data/venv/lib/python3.12/site-packages/oslo_config/cfg.py:3256}}
Jun 02 14:02:43.198673 np0000001934 nova-scheduler[95843]: DEBUG cotyledon.oslo_config_glue [-] oslo_reports.file_event_handler = None {{(pid=95843) log_opt_values /opt/stack/data/venv/lib/python3.12/site-packages/oslo_config/cfg.py:3256}}
Jun 02 14:02:43.198673 np0000001934 nova-scheduler[95843]: DEBUG cotyledon.oslo_config_glue [-] oslo_reports.file_event_handler_interval = 1 {{(pid=95843) log_opt_values /opt/stack/data/venv/lib/python3.12/site-packages/oslo_config/cfg.py:3256}}
Jun 02 14:02:43.198673 np0000001934 nova-scheduler[95843]: DEBUG cotyledon.oslo_config_glue [-] oslo_reports.log_dir = None {{(pid=95843) log_opt_values /opt/stack/data/venv/lib/python3.12/site-packages/oslo_config/cfg.py:3256}}
Jun 02 14:02:43.198966 np0000001934 nova-scheduler[95843]: DEBUG cotyledon.oslo_config_glue [-] ******************************************************************************** {{(pid=95843) log_opt_values /opt/stack/data/venv/lib/python3.12/site-packages/oslo_config/cfg.py:3263}}
Jun 02 14:02:43.198966 np0000001934 nova-scheduler[95843]: DEBUG cotyledon._service_worker [-] Run service ServiceWrapper(2) [95843] {{(pid=95843) wait_forever /opt/stack/data/venv/lib/python3.12/site-packages/cotyledon/_service_worker.py:218}}
Jun 02 14:02:43.198966 np0000001934 nova-scheduler[95843]: INFO nova.service [-] Starting scheduler node (version 33.1.0)
Jun 02 14:02:43.199110 np0000001934 nova-scheduler[95843]: INFO dbcounter [None req-1a359b06-d012-4455-867a-3f303286da65 None None] Registered counter for database nova_cell0
Jun 02 14:02:43.215376 np0000001934 nova-scheduler[95839]: DEBUG oslo_db.sqlalchemy.engines [None req-6ae452f1-ab08-4fc7-bfc3-53cbf8dff2b5 None None] MySQL server mode set to STRICT_TRANS_TABLES,STRICT_ALL_TABLES,NO_ZERO_IN_DATE,NO_ZERO_DATE,ERROR_FOR_DIVISION_BY_ZERO,TRADITIONAL,NO_ENGINE_SUBSTITUTION {{(pid=95839) _check_effective_sql_mode /opt/stack/data/venv/lib/python3.12/site-packages/oslo_db/sqlalchemy/engines.py:325}}
Jun 02 14:02:43.224170 np0000001934 nova-scheduler[95839]: DEBUG dbcounter [-] [95839] Writer thread running {{(pid=95839) stat_writer /opt/stack/data/venv/lib/python3.12/site-packages/dbcounter.py:102}}
Jun 02 14:02:43.228080 np0000001934 nova-scheduler[95841]: DEBUG oslo_db.sqlalchemy.engines [None req-c7fd8a59-bc8a-4ea6-aa90-4dee5bd1c066 None None] MySQL server mode set to STRICT_TRANS_TABLES,STRICT_ALL_TABLES,NO_ZERO_IN_DATE,NO_ZERO_DATE,ERROR_FOR_DIVISION_BY_ZERO,TRADITIONAL,NO_ENGINE_SUBSTITUTION {{(pid=95841) _check_effective_sql_mode /opt/stack/data/venv/lib/python3.12/site-packages/oslo_db/sqlalchemy/engines.py:325}}
Jun 02 14:02:43.236518 np0000001934 nova-scheduler[95841]: DEBUG dbcounter [-] [95841] Writer thread running {{(pid=95841) stat_writer /opt/stack/data/venv/lib/python3.12/site-packages/dbcounter.py:102}}
Jun 02 14:02:43.238567 np0000001934 nova-scheduler[95839]: DEBUG nova.service [None req-6ae452f1-ab08-4fc7-bfc3-53cbf8dff2b5 None None] Creating RPC server for service: nova-scheduler on topic: scheduler {{(pid=95839) start /opt/stack/nova/nova/service.py:195}}
Jun 02 14:02:43.247107 np0000001934 nova-scheduler[95843]: DEBUG oslo_db.sqlalchemy.engines [None req-1a359b06-d012-4455-867a-3f303286da65 None None] MySQL server mode set to STRICT_TRANS_TABLES,STRICT_ALL_TABLES,NO_ZERO_IN_DATE,NO_ZERO_DATE,ERROR_FOR_DIVISION_BY_ZERO,TRADITIONAL,NO_ENGINE_SUBSTITUTION {{(pid=95843) _check_effective_sql_mode /opt/stack/data/venv/lib/python3.12/site-packages/oslo_db/sqlalchemy/engines.py:325}}
Jun 02 14:02:43.249702 np0000001934 nova-scheduler[95841]: DEBUG nova.service [None req-c7fd8a59-bc8a-4ea6-aa90-4dee5bd1c066 None None] Creating RPC server for service: nova-scheduler on topic: scheduler {{(pid=95841) start /opt/stack/nova/nova/service.py:195}}
Jun 02 14:02:43.256866 np0000001934 nova-scheduler[95843]: DEBUG dbcounter [-] [95843] Writer thread running {{(pid=95843) stat_writer /opt/stack/data/venv/lib/python3.12/site-packages/dbcounter.py:102}}
Jun 02 14:02:43.259573 np0000001934 nova-scheduler[95843]: DEBUG nova.service [None req-1a359b06-d012-4455-867a-3f303286da65 None None] Creating RPC server for service: nova-scheduler on topic: scheduler {{(pid=95843) start /opt/stack/nova/nova/service.py:195}}
Jun 02 14:02:43.271961 np0000001934 nova-scheduler[95841]: DEBUG nova.service [None req-c7fd8a59-bc8a-4ea6-aa90-4dee5bd1c066 None None] Join ServiceGroup membership for this service scheduler {{(pid=95841) start /opt/stack/nova/nova/service.py:221}}
Jun 02 14:02:43.271961 np0000001934 nova-scheduler[95841]: DEBUG nova.servicegroup.drivers.db [None req-c7fd8a59-bc8a-4ea6-aa90-4dee5bd1c066 None None] DB_Driver: join new ServiceGroup member np0000001934 to the scheduler group, service = {{(pid=95841) join /opt/stack/nova/nova/servicegroup/drivers/db.py:44}}
Jun 02 14:02:43.278528 np0000001934 nova-scheduler[95839]: DEBUG nova.service [None req-6ae452f1-ab08-4fc7-bfc3-53cbf8dff2b5 None None] Join ServiceGroup membership for this service scheduler {{(pid=95839) start /opt/stack/nova/nova/service.py:221}}
Jun 02 14:02:43.278738 np0000001934 nova-scheduler[95839]: DEBUG nova.servicegroup.drivers.db [None req-6ae452f1-ab08-4fc7-bfc3-53cbf8dff2b5 None None] DB_Driver: join new ServiceGroup member np0000001934 to the scheduler group, service = {{(pid=95839) join /opt/stack/nova/nova/servicegroup/drivers/db.py:44}}
Jun 02 14:02:43.288365 np0000001934 nova-scheduler[95843]: DEBUG nova.service [None req-1a359b06-d012-4455-867a-3f303286da65 None None] Join ServiceGroup membership for this service scheduler {{(pid=95843) start /opt/stack/nova/nova/service.py:221}}
Jun 02 14:02:43.288544 np0000001934 nova-scheduler[95843]: DEBUG nova.servicegroup.drivers.db [None req-1a359b06-d012-4455-867a-3f303286da65 None None] DB_Driver: join new ServiceGroup member np0000001934 to the scheduler group, service = {{(pid=95843) join /opt/stack/nova/nova/servicegroup/drivers/db.py:44}}
Jun 02 14:02:48.281598 np0000001934 nova-scheduler[95841]: DEBUG oslo.service.backend._threading.loopingcall [-] Fixed interval looping call 'nova.servicegroup.drivers.db.DbDriver._report_state' sleeping for 119.99 seconds {{(pid=95841) _run_loop /opt/stack/data/venv/lib/python3.12/site-packages/oslo_service/backend/_threading/loopingcall.py:125}}
Jun 02 14:02:48.289088 np0000001934 nova-scheduler[95839]: DEBUG oslo.service.backend._threading.loopingcall [-] Fixed interval looping call 'nova.servicegroup.drivers.db.DbDriver._report_state' sleeping for 119.99 seconds {{(pid=95839) _run_loop /opt/stack/data/venv/lib/python3.12/site-packages/oslo_service/backend/_threading/loopingcall.py:125}}
Jun 02 14:02:48.302003 np0000001934 nova-scheduler[95843]: DEBUG oslo.service.backend._threading.loopingcall [-] Fixed interval looping call 'nova.servicegroup.drivers.db.DbDriver._report_state' sleeping for 119.99 seconds {{(pid=95843) _run_loop /opt/stack/data/venv/lib/python3.12/site-packages/oslo_service/backend/_threading/loopingcall.py:125}}
Jun 02 14:02:51.812566 np0000001934 nova-scheduler[94570]: DEBUG dbcounter [-] [94570] Writing DB stats nova_api:SELECT=3 {{(pid=94570) stat_writer /opt/stack/data/venv/lib/python3.12/site-packages/dbcounter.py:115}}
Jun 02 14:02:51.981497 np0000001934 nova-scheduler[94570]: DEBUG dbcounter [-] [94570] Writing DB stats nova_cell0:SELECT=1 {{(pid=94570) stat_writer /opt/stack/data/venv/lib/python3.12/site-packages/dbcounter.py:115}}
Jun 02 14:02:51.985331 np0000001934 nova-scheduler[94570]: DEBUG dbcounter [-] [94570] Writing DB stats nova_cell1:SELECT=1 {{(pid=94570) stat_writer /opt/stack/data/venv/lib/python3.12/site-packages/dbcounter.py:115}}
Jun 02 14:02:58.278078 np0000001934 nova-scheduler[95841]: DEBUG dbcounter [-] [95841] Writing DB stats nova_cell0:SELECT=4,nova_cell0:INSERT=1,nova_cell0:UPDATE=1 {{(pid=95841) stat_writer /opt/stack/data/venv/lib/python3.12/site-packages/dbcounter.py:115}}
Jun 02 14:02:58.287196 np0000001934 nova-scheduler[95839]: DEBUG dbcounter [-] [95839] Writing DB stats nova_cell0:SELECT=4,nova_cell0:INSERT=1 {{(pid=95839) stat_writer /opt/stack/data/venv/lib/python3.12/site-packages/dbcounter.py:115}}
Jun 02 14:02:58.296579 np0000001934 nova-scheduler[95843]: DEBUG dbcounter [-] [95843] Writing DB stats nova_cell0:SELECT=3 {{(pid=95843) stat_writer /opt/stack/data/venv/lib/python3.12/site-packages/dbcounter.py:115}}
Jun 02 14:03:13.273593 np0000001934 nova-scheduler[95841]: DEBUG oslo.service.backend._threading.loopingcall [None req-9800c42e-bd42-4099-baaa-68568d1863b8 None None] Dynamic interval looping call 'nova.service.Service.periodic_tasks' sleeping for 60.00 seconds {{(pid=95841) _run_loop /opt/stack/data/venv/lib/python3.12/site-packages/oslo_service/backend/_threading/loopingcall.py:125}}
Jun 02 14:03:17.282155 np0000001934 nova-scheduler[95839]: DEBUG oslo.service.backend._threading.loopingcall [None req-507b3a47-3256-4e97-8bda-bb7e46c13de3 None None] Dynamic interval looping call 'nova.service.Service.periodic_tasks' sleeping for 60.00 seconds {{(pid=95839) _run_loop /opt/stack/data/venv/lib/python3.12/site-packages/oslo_service/backend/_threading/loopingcall.py:125}}
Jun 02 14:03:27.291570 np0000001934 nova-scheduler[95843]: DEBUG oslo.service.backend._threading.loopingcall [None req-79a32551-2d45-49c1-9859-75292f7c5d60 None None] Dynamic interval looping call 'nova.service.Service.periodic_tasks' sleeping for 60.00 seconds {{(pid=95843) _run_loop /opt/stack/data/venv/lib/python3.12/site-packages/oslo_service/backend/_threading/loopingcall.py:125}}
Jun 02 14:04:13.274146 np0000001934 nova-scheduler[95841]: DEBUG oslo.service.backend._threading.loopingcall [None req-9800c42e-bd42-4099-baaa-68568d1863b8 None None] Dynamic interval looping call 'nova.service.Service.periodic_tasks' sleeping for 60.00 seconds {{(pid=95841) _run_loop /opt/stack/data/venv/lib/python3.12/site-packages/oslo_service/backend/_threading/loopingcall.py:125}}
Jun 02 14:04:17.282682 np0000001934 nova-scheduler[95839]: DEBUG oslo.service.backend._threading.loopingcall [None req-507b3a47-3256-4e97-8bda-bb7e46c13de3 None None] Dynamic interval looping call 'nova.service.Service.periodic_tasks' sleeping for 60.00 seconds {{(pid=95839) _run_loop /opt/stack/data/venv/lib/python3.12/site-packages/oslo_service/backend/_threading/loopingcall.py:125}}
Jun 02 14:04:27.292191 np0000001934 nova-scheduler[95843]: DEBUG oslo.service.backend._threading.loopingcall [None req-79a32551-2d45-49c1-9859-75292f7c5d60 None None] Dynamic interval looping call 'nova.service.Service.periodic_tasks' sleeping for 60.00 seconds {{(pid=95843) _run_loop /opt/stack/data/venv/lib/python3.12/site-packages/oslo_service/backend/_threading/loopingcall.py:125}}
Jun 02 14:04:48.277950 np0000001934 nova-scheduler[95841]: DEBUG oslo.service.backend._threading.loopingcall [-] Fixed interval looping call 'nova.servicegroup.drivers.db.DbDriver._report_state' sleeping for 119.99 seconds {{(pid=95841) _run_loop /opt/stack/data/venv/lib/python3.12/site-packages/oslo_service/backend/_threading/loopingcall.py:125}}
Jun 02 14:04:48.283755 np0000001934 nova-scheduler[95839]: DEBUG oslo.service.backend._threading.loopingcall [-] Fixed interval looping call 'nova.servicegroup.drivers.db.DbDriver._report_state' sleeping for 120.00 seconds {{(pid=95839) _run_loop /opt/stack/data/venv/lib/python3.12/site-packages/oslo_service/backend/_threading/loopingcall.py:125}}
Jun 02 14:04:48.293751 np0000001934 nova-scheduler[95843]: DEBUG oslo.service.backend._threading.loopingcall [-] Fixed interval looping call 'nova.servicegroup.drivers.db.DbDriver._report_state' sleeping for 120.00 seconds {{(pid=95843) _run_loop /opt/stack/data/venv/lib/python3.12/site-packages/oslo_service/backend/_threading/loopingcall.py:125}}
Jun 02 14:04:58.275081 np0000001934 nova-scheduler[95841]: DEBUG dbcounter [-] [95841] Writing DB stats nova_cell0:SELECT=1,nova_cell0:UPDATE=1 {{(pid=95841) stat_writer /opt/stack/data/venv/lib/python3.12/site-packages/dbcounter.py:115}}
Jun 02 14:04:58.281473 np0000001934 nova-scheduler[95839]: DEBUG dbcounter [-] [95839] Writing DB stats nova_cell0:SELECT=1 {{(pid=95839) stat_writer /opt/stack/data/venv/lib/python3.12/site-packages/dbcounter.py:115}}
Jun 02 14:04:58.291506 np0000001934 nova-scheduler[95843]: DEBUG dbcounter [-] [95843] Writing DB stats nova_cell0:SELECT=1 {{(pid=95843) stat_writer /opt/stack/data/venv/lib/python3.12/site-packages/dbcounter.py:115}}
Jun 02 14:05:13.274660 np0000001934 nova-scheduler[95841]: DEBUG oslo.service.backend._threading.loopingcall [None req-9800c42e-bd42-4099-baaa-68568d1863b8 None None] Dynamic interval looping call 'nova.service.Service.periodic_tasks' sleeping for 60.00 seconds {{(pid=95841) _run_loop /opt/stack/data/venv/lib/python3.12/site-packages/oslo_service/backend/_threading/loopingcall.py:125}}
Jun 02 14:05:17.283108 np0000001934 nova-scheduler[95839]: DEBUG oslo.service.backend._threading.loopingcall [None req-507b3a47-3256-4e97-8bda-bb7e46c13de3 None None] Dynamic interval looping call 'nova.service.Service.periodic_tasks' sleeping for 60.00 seconds {{(pid=95839) _run_loop /opt/stack/data/venv/lib/python3.12/site-packages/oslo_service/backend/_threading/loopingcall.py:125}}
Jun 02 14:05:27.292690 np0000001934 nova-scheduler[95843]: DEBUG oslo.service.backend._threading.loopingcall [None req-79a32551-2d45-49c1-9859-75292f7c5d60 None None] Dynamic interval looping call 'nova.service.Service.periodic_tasks' sleeping for 60.00 seconds {{(pid=95843) _run_loop /opt/stack/data/venv/lib/python3.12/site-packages/oslo_service/backend/_threading/loopingcall.py:125}}
Jun 02 14:05:34.852091 np0000001934 nova-scheduler[95841]: DEBUG nova.scheduler.manager [None req-6d431822-47cc-45fc-949f-85992760308e tempest-DeleteServersTestJSON-829613108 tempest-DeleteServersTestJSON-829613108-project-member] Starting to schedule for instances: ['f3bcb063-c1b0-4f73-a238-19faf3b1fb9c'] {{(pid=95841) select_destinations /opt/stack/nova/nova/scheduler/manager.py:210}}
Jun 02 14:05:34.852856 np0000001934 nova-scheduler[95841]: DEBUG nova.scheduler.request_filter [None req-6d431822-47cc-45fc-949f-85992760308e tempest-DeleteServersTestJSON-829613108 tempest-DeleteServersTestJSON-829613108-project-member] compute_status_filter request filter added forbidden trait COMPUTE_STATUS_DISABLED {{(pid=95841) compute_status_filter /opt/stack/nova/nova/scheduler/request_filter.py:253}}
Jun 02 14:05:34.852991 np0000001934 nova-scheduler[95841]: DEBUG nova.scheduler.request_filter [None req-6d431822-47cc-45fc-949f-85992760308e tempest-DeleteServersTestJSON-829613108 tempest-DeleteServersTestJSON-829613108-project-member] Request filter 'compute_status_filter' took 0.0 seconds {{(pid=95841) wrapper /opt/stack/nova/nova/scheduler/request_filter.py:46}}
Jun 02 14:05:34.853186 np0000001934 nova-scheduler[95841]: DEBUG nova.scheduler.request_filter [None req-6d431822-47cc-45fc-949f-85992760308e tempest-DeleteServersTestJSON-829613108 tempest-DeleteServersTestJSON-829613108-project-member] Request filter 'accelerators_filter' took 0.0 seconds {{(pid=95841) wrapper /opt/stack/nova/nova/scheduler/request_filter.py:46}}
Jun 02 14:05:34.853363 np0000001934 nova-scheduler[95841]: DEBUG nova.scheduler.request_filter [None req-6d431822-47cc-45fc-949f-85992760308e tempest-DeleteServersTestJSON-829613108 tempest-DeleteServersTestJSON-829613108-project-member] Request filter 'packed_virtqueue_filter' took 0.0 seconds {{(pid=95841) wrapper /opt/stack/nova/nova/scheduler/request_filter.py:46}}
Jun 02 14:05:34.853597 np0000001934 nova-scheduler[95841]: DEBUG nova.scheduler.request_filter [None req-6d431822-47cc-45fc-949f-85992760308e tempest-DeleteServersTestJSON-829613108 tempest-DeleteServersTestJSON-829613108-project-member] Request filter 'remote_managed_ports_filter' took 0.0 seconds {{(pid=95841) wrapper /opt/stack/nova/nova/scheduler/request_filter.py:46}}
Jun 02 14:05:34.853730 np0000001934 nova-scheduler[95841]: DEBUG nova.scheduler.request_filter [None req-6d431822-47cc-45fc-949f-85992760308e tempest-DeleteServersTestJSON-829613108 tempest-DeleteServersTestJSON-829613108-project-member] ephemeral_encryption_filter skipped {{(pid=95841) ephemeral_encryption_filter /opt/stack/nova/nova/scheduler/request_filter.py:426}}
Jun 02 14:05:34.853889 np0000001934 nova-scheduler[95841]: DEBUG nova.scheduler.request_filter [None req-6d431822-47cc-45fc-949f-85992760308e tempest-DeleteServersTestJSON-829613108 tempest-DeleteServersTestJSON-829613108-project-member] virtio_sound_filter skipped {{(pid=95841) virtio_sound_filter /opt/stack/nova/nova/scheduler/request_filter.py:460}}
Jun 02 14:05:34.854033 np0000001934 nova-scheduler[95841]: DEBUG nova.scheduler.request_filter [None req-6d431822-47cc-45fc-949f-85992760308e tempest-DeleteServersTestJSON-829613108 tempest-DeleteServersTestJSON-829613108-project-member] tpm_secret_security_filter skipped {{(pid=95841) tpm_secret_security_filter /opt/stack/nova/nova/scheduler/request_filter.py:477}}
Jun 02 14:05:35.629635 np0000001934 nova-scheduler[95841]: INFO nova.utils [None req-6d431822-47cc-45fc-949f-85992760308e tempest-DeleteServersTestJSON-829613108 tempest-DeleteServersTestJSON-829613108-project-member] The cell worker thread pool ForkProcess-2.cell_worker is initialized
Jun 02 14:05:35.630145 np0000001934 nova-scheduler[95841]: DEBUG oslo_concurrency.lockutils [None req-6d431822-47cc-45fc-949f-85992760308e tempest-DeleteServersTestJSON-829613108 tempest-DeleteServersTestJSON-829613108-project-member] Acquiring lock "d1f55309-e2f4-476b-94a5-7d9ed0bc1e5e" by "nova.context.set_target_cell..get_or_set_cached_cell_and_set_connections" {{(pid=95841) inner /opt/stack/data/venv/lib/python3.12/site-packages/oslo_concurrency/lockutils.py:511}}
Jun 02 14:05:35.630666 np0000001934 nova-scheduler[95841]: DEBUG oslo_concurrency.lockutils [None req-6d431822-47cc-45fc-949f-85992760308e tempest-DeleteServersTestJSON-829613108 tempest-DeleteServersTestJSON-829613108-project-member] Lock "d1f55309-e2f4-476b-94a5-7d9ed0bc1e5e" acquired by "nova.context.set_target_cell..get_or_set_cached_cell_and_set_connections" :: waited 0.000s {{(pid=95841) inner /opt/stack/data/venv/lib/python3.12/site-packages/oslo_concurrency/lockutils.py:524}}
Jun 02 14:05:35.633443 np0000001934 nova-scheduler[95841]: DEBUG oslo_concurrency.lockutils [None req-6d431822-47cc-45fc-949f-85992760308e tempest-DeleteServersTestJSON-829613108 tempest-DeleteServersTestJSON-829613108-project-member] Lock "d1f55309-e2f4-476b-94a5-7d9ed0bc1e5e" "released" by "nova.context.set_target_cell..get_or_set_cached_cell_and_set_connections" :: held 0.002s {{(pid=95841) inner /opt/stack/data/venv/lib/python3.12/site-packages/oslo_concurrency/lockutils.py:543}}
Jun 02 14:05:35.634599 np0000001934 nova-scheduler[95841]: INFO dbcounter [None req-6d431822-47cc-45fc-949f-85992760308e tempest-DeleteServersTestJSON-829613108 tempest-DeleteServersTestJSON-829613108-project-member] Registered counter for database nova_cell1
Jun 02 14:05:35.697391 np0000001934 nova-scheduler[95841]: DEBUG oslo_db.sqlalchemy.engines [None req-6d431822-47cc-45fc-949f-85992760308e tempest-DeleteServersTestJSON-829613108 tempest-DeleteServersTestJSON-829613108-project-member] MySQL server mode set to STRICT_TRANS_TABLES,STRICT_ALL_TABLES,NO_ZERO_IN_DATE,NO_ZERO_DATE,ERROR_FOR_DIVISION_BY_ZERO,TRADITIONAL,NO_ENGINE_SUBSTITUTION {{(pid=95841) _check_effective_sql_mode /opt/stack/data/venv/lib/python3.12/site-packages/oslo_db/sqlalchemy/engines.py:325}}
Jun 02 14:05:35.703713 np0000001934 nova-scheduler[95841]: DEBUG dbcounter [-] [95841] Writer thread running {{(pid=95841) stat_writer /opt/stack/data/venv/lib/python3.12/site-packages/dbcounter.py:102}}
Jun 02 14:05:35.717924 np0000001934 nova-scheduler[95841]: DEBUG oslo_db.sqlalchemy.engines [None req-6d431822-47cc-45fc-949f-85992760308e tempest-DeleteServersTestJSON-829613108 tempest-DeleteServersTestJSON-829613108-project-member] Parent process 94570 forked (95841) with an open database connection, which is being discarded and recreated. {{(pid=95841) checkout /opt/stack/data/venv/lib/python3.12/site-packages/oslo_db/sqlalchemy/engines.py:402}}
Jun 02 14:05:35.767961 np0000001934 nova-scheduler[95841]: DEBUG dbcounter [-] [95841] Writer thread running {{(pid=95841) stat_writer /opt/stack/data/venv/lib/python3.12/site-packages/dbcounter.py:102}}
Jun 02 14:05:35.771066 np0000001934 nova-scheduler[95841]: DEBUG oslo_concurrency.lockutils [None req-6d431822-47cc-45fc-949f-85992760308e tempest-DeleteServersTestJSON-829613108 tempest-DeleteServersTestJSON-829613108-project-member] Acquiring lock "d1f55309-e2f4-476b-94a5-7d9ed0bc1e5e" by "nova.context.set_target_cell..get_or_set_cached_cell_and_set_connections" {{(pid=95841) inner /opt/stack/data/venv/lib/python3.12/site-packages/oslo_concurrency/lockutils.py:511}}
Jun 02 14:05:35.771338 np0000001934 nova-scheduler[95841]: DEBUG oslo_concurrency.lockutils [None req-6d431822-47cc-45fc-949f-85992760308e tempest-DeleteServersTestJSON-829613108 tempest-DeleteServersTestJSON-829613108-project-member] Lock "d1f55309-e2f4-476b-94a5-7d9ed0bc1e5e" acquired by "nova.context.set_target_cell..get_or_set_cached_cell_and_set_connections" :: waited 0.000s {{(pid=95841) inner /opt/stack/data/venv/lib/python3.12/site-packages/oslo_concurrency/lockutils.py:524}}
Jun 02 14:05:35.771494 np0000001934 nova-scheduler[95841]: DEBUG oslo_concurrency.lockutils [None req-6d431822-47cc-45fc-949f-85992760308e tempest-DeleteServersTestJSON-829613108 tempest-DeleteServersTestJSON-829613108-project-member] Lock "d1f55309-e2f4-476b-94a5-7d9ed0bc1e5e" "released" by "nova.context.set_target_cell..get_or_set_cached_cell_and_set_connections" :: held 0.000s {{(pid=95841) inner /opt/stack/data/venv/lib/python3.12/site-packages/oslo_concurrency/lockutils.py:543}}
Jun 02 14:05:35.775677 np0000001934 nova-scheduler[95841]: DEBUG oslo_concurrency.lockutils [None req-6d431822-47cc-45fc-949f-85992760308e tempest-DeleteServersTestJSON-829613108 tempest-DeleteServersTestJSON-829613108-project-member] Acquiring lock "('np0000001934', 'np0000001934')" by "nova.scheduler.host_manager.HostState.update.._locked_update" {{(pid=95841) inner /opt/stack/data/venv/lib/python3.12/site-packages/oslo_concurrency/lockutils.py:511}}
Jun 02 14:05:35.775677 np0000001934 nova-scheduler[95841]: DEBUG oslo_concurrency.lockutils [None req-6d431822-47cc-45fc-949f-85992760308e tempest-DeleteServersTestJSON-829613108 tempest-DeleteServersTestJSON-829613108-project-member] Lock "('np0000001934', 'np0000001934')" acquired by "nova.scheduler.host_manager.HostState.update.._locked_update" :: waited 0.000s {{(pid=95841) inner /opt/stack/data/venv/lib/python3.12/site-packages/oslo_concurrency/lockutils.py:524}}
Jun 02 14:05:35.777402 np0000001934 nova-scheduler[95841]: DEBUG nova.scheduler.host_manager [None req-6d431822-47cc-45fc-949f-85992760308e tempest-DeleteServersTestJSON-829613108 tempest-DeleteServersTestJSON-829613108-project-member] Update host state from compute node: ComputeNode(cpu_allocation_ratio=4.0,cpu_info='{"arch": "x86_64", "model": "EPYC-Milan", "vendor": "AMD", "topology": {"cells": 1, "sockets": 12, "cores": 1, "threads": 1}, "maxphysaddr": {"mode": "emulate", "bits": 40}, "features": ["xgetbv1", "pse36", "tsc-scale", "stibp-always-on", "npt", "x2apic", "svme-addr-chk", "amd-psfd", "sha-ni", "spec-ctrl", "mmxext", "clflush", "amd-stibp", "pause-filter", "de", "bmi1", "vme", "xsaveopt", "avx", "rdctl-no", "adx", "pat", "rdpid", "svm", "pclmuldq", "ibrs", "smap", "mmx", "lfence-always-serializing", "cmov", "rdseed", "popcnt", "ssse3", "sse", "msr", "xsaveerptr", "skip-l1dfl-vmentry", "fma", "lbrv", "sse4.2", "pcid", "pae", "xsaves", "nrip-save", "invpcid", "hypervisor", "ssbd", "f16c", "nx", "cr8legacy", "ibpb", "movbe", "smep", "rdrand", "clwb", "clflushopt", "sse4a", "sse4.1", "fxsr", "vpclmulqdq", "topoext", "v-vmsave-vmload", "misalignsse", "apic", "3dnowprefetch", "cx8", "arat", "cmp_legacy", "pschange-mc-no", "perfctr_core", "lm", "vmcb-clean", "xsavec", "abm", "pfthreshold", "virt-ssbd", "sse2", "pni", "mds-no", "pge", "pku", "gds-no", "wbnoinvd", "sep", "osvw", "mtrr", "tsc-deadline", "fsgsbase", "no-nested-data-bp", "tsc", "flushbyasid", "aes", "mca", "bmi2", "amd-ssbd", "fxsr_opt", "umip", "cx16", "null-sel-clr-base", "avx2", "lahf_lm", "fpu", "clzero", "vaes", "pdpe1gb", "tsc_adjust", "arch-capabilities", "vgif", "erms", "fsrm", "stibp", "mce", "xsave", "pse", "syscall", "rdtscp"]}',created_at=2026-06-02T14:03:09Z,current_workload=0,deleted=False,deleted_at=None,disk_allocation_ratio=1.0,disk_available_least=74,free_disk_gb=95,free_ram_mb=23518,host='np0000001934',host_ip=10.4.3.41,hypervisor_hostname='np0000001934',hypervisor_type='QEMU',hypervisor_version=8002002,id=1,local_gb=95,local_gb_used=0,mapped=1,memory_mb=24030,memory_mb_used=512,metrics='[]',numa_topology='{"nova_object.name": "NUMATopology", "nova_object.namespace": "nova", "nova_object.version": "1.2", "nova_object.data": {"cells": [{"nova_object.name": "NUMACell", "nova_object.namespace": "nova", "nova_object.version": "1.5", "nova_object.data": {"id": 0, "cpuset": [0, 1, 2, 3, 4, 5, 6, 7, 8, 9, 10, 11], "pcpuset": [0, 1, 2, 3, 4, 5, 6, 7, 8, 9, 10, 11], "memory": 24030, "cpu_usage": 0, "memory_usage": 0, "pinned_cpus": [], "siblings": [[6], [2], [5], [11], [8], [4], [1], [7], [10], [0], [3], [9]], "mempages": [{"nova_object.name": "NUMAPagesTopology", "nova_object.namespace": "nova", "nova_object.version": "1.1", "nova_object.data": {"size_kb": 4, "total": 6151798, "used": 0, "reserved": 0}, "nova_object.changes": ["used", "size_kb", "total", "reserved"]}, {"nova_object.name": "NUMAPagesTopology", "nova_object.namespace": "nova", "nova_object.version": "1.1", "nova_object.data": {"size_kb": 2048, "total": 0, "used": 0, "reserved": 0}, "nova_object.changes": ["used", "size_kb", "total", "reserved"]}, {"nova_object.name": "NUMAPagesTopology", "nova_object.namespace": "nova", "nova_object.version": "1.1", "nova_object.data": {"size_kb": 1048576, "total": 0, "used": 0, "reserved": 0}, "nova_object.changes": ["used", "size_kb", "total", "reserved"]}], "network_metadata": {"nova_object.name": "NetworkMetadata", "nova_object.namespace": "nova", "nova_object.version": "1.0", "nova_object.data": {"physnets": [], "tunneled": false}, "nova_object.changes": ["physnets", "tunneled"]}, "socket": null}, "nova_object.changes": ["cpu_usage", "mempages", "memory_usage", "memory", "pcpuset", "socket", "cpuset", "network_metadata", "siblings", "pinned_cpus", "id"]}]}, "nova_object.changes": ["cells"]}',pci_device_pools=PciDevicePoolList,ram_allocation_ratio=1.0,running_vms=0,service_id=3,stats={failed_builds='0',uptime=' 14:04:54 up 28 min, 2 users, load average: 1.25, 1.57, 0.91
Jun 02 14:05:35.777402 np0000001934 nova-scheduler[95841]: '},supported_hv_specs=[HVSpec,HVSpec,HVSpec,HVSpec,HVSpec,HVSpec,HVSpec,HVSpec,HVSpec,HVSpec,HVSpec,HVSpec,HVSpec,HVSpec,HVSpec,HVSpec,HVSpec,HVSpec,HVSpec,HVSpec,HVSpec,HVSpec,HVSpec,HVSpec,HVSpec],updated_at=2026-06-02T14:04:57Z,uuid=308a7775-3d03-4a98-9db4-1e617d796313,vcpus=12,vcpus_used=0) {{(pid=95841) _locked_update /opt/stack/nova/nova/scheduler/host_manager.py:168}}
Jun 02 14:05:35.777402 np0000001934 nova-scheduler[95841]: DEBUG nova.scheduler.host_manager [None req-6d431822-47cc-45fc-949f-85992760308e tempest-DeleteServersTestJSON-829613108 tempest-DeleteServersTestJSON-829613108-project-member] Update host state with aggregates: [] {{(pid=95841) _locked_update /opt/stack/nova/nova/scheduler/host_manager.py:171}}
Jun 02 14:05:35.777402 np0000001934 nova-scheduler[95841]: DEBUG nova.scheduler.host_manager [None req-6d431822-47cc-45fc-949f-85992760308e tempest-DeleteServersTestJSON-829613108 tempest-DeleteServersTestJSON-829613108-project-member] Update host state with service dict: {'id': 3, 'uuid': 'b87e90fe-a4f8-4cb1-aab6-8017e3f40c73', 'host': 'np0000001934', 'binary': 'nova-compute', 'topic': 'compute', 'report_count': 2, 'disabled': False, 'disabled_reason': None, 'last_seen_up': datetime.datetime(2026, 6, 2, 14, 5, 18, tzinfo=datetime.timezone.utc), 'forced_down': False, 'version': 72, 'created_at': datetime.datetime(2026, 6, 2, 14, 3, 7, tzinfo=datetime.timezone.utc), 'updated_at': datetime.datetime(2026, 6, 2, 14, 5, 18, tzinfo=datetime.timezone.utc), 'deleted_at': None, 'deleted': False} {{(pid=95841) _locked_update /opt/stack/nova/nova/scheduler/host_manager.py:174}}
Jun 02 14:05:35.777402 np0000001934 nova-scheduler[95841]: DEBUG nova.scheduler.host_manager [None req-6d431822-47cc-45fc-949f-85992760308e tempest-DeleteServersTestJSON-829613108 tempest-DeleteServersTestJSON-829613108-project-member] Update host state with instances: [] {{(pid=95841) _locked_update /opt/stack/nova/nova/scheduler/host_manager.py:177}}
Jun 02 14:05:35.777623 np0000001934 nova-scheduler[95841]: DEBUG oslo_concurrency.lockutils [None req-6d431822-47cc-45fc-949f-85992760308e tempest-DeleteServersTestJSON-829613108 tempest-DeleteServersTestJSON-829613108-project-member] Lock "('np0000001934', 'np0000001934')" "released" by "nova.scheduler.host_manager.HostState.update.._locked_update" :: held 0.002s {{(pid=95841) inner /opt/stack/data/venv/lib/python3.12/site-packages/oslo_concurrency/lockutils.py:543}}
Jun 02 14:05:35.777667 np0000001934 nova-scheduler[95841]: DEBUG nova.filters [None req-6d431822-47cc-45fc-949f-85992760308e tempest-DeleteServersTestJSON-829613108 tempest-DeleteServersTestJSON-829613108-project-member] Starting with 1 host(s) {{(pid=95841) get_filtered_objects /opt/stack/nova/nova/filters.py:70}}
Jun 02 14:05:35.777849 np0000001934 nova-scheduler[95841]: DEBUG nova.filters [None req-6d431822-47cc-45fc-949f-85992760308e tempest-DeleteServersTestJSON-829613108 tempest-DeleteServersTestJSON-829613108-project-member] Filter ComputeFilter returned 1 host(s) {{(pid=95841) get_filtered_objects /opt/stack/nova/nova/filters.py:102}}
Jun 02 14:05:35.778015 np0000001934 nova-scheduler[95841]: DEBUG nova.filters [None req-6d431822-47cc-45fc-949f-85992760308e tempest-DeleteServersTestJSON-829613108 tempest-DeleteServersTestJSON-829613108-project-member] Filter ComputeCapabilitiesFilter returned 1 host(s) {{(pid=95841) get_filtered_objects /opt/stack/nova/nova/filters.py:102}}
Jun 02 14:05:35.780778 np0000001934 nova-scheduler[95841]: DEBUG nova.filters [None req-6d431822-47cc-45fc-949f-85992760308e tempest-DeleteServersTestJSON-829613108 tempest-DeleteServersTestJSON-829613108-project-member] Filter ImagePropertiesFilter returned 1 host(s) {{(pid=95841) get_filtered_objects /opt/stack/nova/nova/filters.py:102}}
Jun 02 14:05:35.780778 np0000001934 nova-scheduler[95841]: DEBUG nova.filters [None req-6d431822-47cc-45fc-949f-85992760308e tempest-DeleteServersTestJSON-829613108 tempest-DeleteServersTestJSON-829613108-project-member] Filter ServerGroupAntiAffinityFilter returned 1 host(s) {{(pid=95841) get_filtered_objects /opt/stack/nova/nova/filters.py:102}}
Jun 02 14:05:35.780778 np0000001934 nova-scheduler[95841]: DEBUG nova.filters [None req-6d431822-47cc-45fc-949f-85992760308e tempest-DeleteServersTestJSON-829613108 tempest-DeleteServersTestJSON-829613108-project-member] Filter ServerGroupAffinityFilter returned 1 host(s) {{(pid=95841) get_filtered_objects /opt/stack/nova/nova/filters.py:102}}
Jun 02 14:05:35.780778 np0000001934 nova-scheduler[95841]: DEBUG nova.filters [None req-6d431822-47cc-45fc-949f-85992760308e tempest-DeleteServersTestJSON-829613108 tempest-DeleteServersTestJSON-829613108-project-member] Filter SameHostFilter returned 1 host(s) {{(pid=95841) get_filtered_objects /opt/stack/nova/nova/filters.py:102}}
Jun 02 14:05:35.780778 np0000001934 nova-scheduler[95841]: DEBUG nova.filters [None req-6d431822-47cc-45fc-949f-85992760308e tempest-DeleteServersTestJSON-829613108 tempest-DeleteServersTestJSON-829613108-project-member] Filter DifferentHostFilter returned 1 host(s) {{(pid=95841) get_filtered_objects /opt/stack/nova/nova/filters.py:102}}
Jun 02 14:05:35.781195 np0000001934 nova-scheduler[95841]: DEBUG nova.scheduler.manager [None req-6d431822-47cc-45fc-949f-85992760308e tempest-DeleteServersTestJSON-829613108 tempest-DeleteServersTestJSON-829613108-project-member] Filtered [(np0000001934, np0000001934) ram: 23518MB disk: 75776MB io_ops: 0 instances: 0, allocation_candidates: 1] {{(pid=95841) _get_sorted_hosts /opt/stack/nova/nova/scheduler/manager.py:743}}
Jun 02 14:05:35.781195 np0000001934 nova-scheduler[95841]: DEBUG nova.scheduler.manager [None req-6d431822-47cc-45fc-949f-85992760308e tempest-DeleteServersTestJSON-829613108 tempest-DeleteServersTestJSON-829613108-project-member] Weighed [WeighedHost [host: (np0000001934, np0000001934) ram: 23518MB disk: 75776MB io_ops: 0 instances: 0, allocation_candidates: 1, weight: 0.0]] {{(pid=95841) _get_sorted_hosts /opt/stack/nova/nova/scheduler/manager.py:765}}
Jun 02 14:05:35.781383 np0000001934 nova-scheduler[95841]: DEBUG nova.scheduler.utils [None req-6d431822-47cc-45fc-949f-85992760308e tempest-DeleteServersTestJSON-829613108 tempest-DeleteServersTestJSON-829613108-project-member] Attempting to claim resources in the placement API for instance f3bcb063-c1b0-4f73-a238-19faf3b1fb9c {{(pid=95841) claim_resources /opt/stack/nova/nova/scheduler/utils.py:1304}}
Jun 02 14:05:35.979081 np0000001934 nova-scheduler[95841]: DEBUG nova.scheduler.manager [None req-6d431822-47cc-45fc-949f-85992760308e tempest-DeleteServersTestJSON-829613108 tempest-DeleteServersTestJSON-829613108-project-member] [instance: f3bcb063-c1b0-4f73-a238-19faf3b1fb9c] Selected host: (np0000001934, np0000001934) ram: 23518MB disk: 75776MB io_ops: 0 instances: 0, allocation_candidates: 1 {{(pid=95841) _consume_selected_host /opt/stack/nova/nova/scheduler/manager.py:625}}
Jun 02 14:05:35.979740 np0000001934 nova-scheduler[95841]: DEBUG oslo_concurrency.lockutils [None req-6d431822-47cc-45fc-949f-85992760308e tempest-DeleteServersTestJSON-829613108 tempest-DeleteServersTestJSON-829613108-project-member] Acquiring lock "('np0000001934', 'np0000001934')" by "nova.scheduler.host_manager.HostState.consume_from_request.._locked" {{(pid=95841) inner /opt/stack/data/venv/lib/python3.12/site-packages/oslo_concurrency/lockutils.py:511}}
Jun 02 14:05:35.979740 np0000001934 nova-scheduler[95841]: DEBUG oslo_concurrency.lockutils [None req-6d431822-47cc-45fc-949f-85992760308e tempest-DeleteServersTestJSON-829613108 tempest-DeleteServersTestJSON-829613108-project-member] Lock "('np0000001934', 'np0000001934')" acquired by "nova.scheduler.host_manager.HostState.consume_from_request.._locked" :: waited 0.000s {{(pid=95841) inner /opt/stack/data/venv/lib/python3.12/site-packages/oslo_concurrency/lockutils.py:524}}
Jun 02 14:05:35.979852 np0000001934 nova-scheduler[95841]: DEBUG oslo_concurrency.lockutils [None req-6d431822-47cc-45fc-949f-85992760308e tempest-DeleteServersTestJSON-829613108 tempest-DeleteServersTestJSON-829613108-project-member] Lock "('np0000001934', 'np0000001934')" "released" by "nova.scheduler.host_manager.HostState.consume_from_request.._locked" :: held 0.000s {{(pid=95841) inner /opt/stack/data/venv/lib/python3.12/site-packages/oslo_concurrency/lockutils.py:543}}
Jun 02 14:05:45.773970 np0000001934 nova-scheduler[95841]: DEBUG dbcounter [-] [95841] Writing DB stats nova_cell1:SELECT=3 {{(pid=95841) stat_writer /opt/stack/data/venv/lib/python3.12/site-packages/dbcounter.py:115}}
Jun 02 14:05:46.284075 np0000001934 nova-scheduler[95839]: DEBUG nova.scheduler.manager [None req-97d07dfe-4797-42ab-b1dc-0bfc950c067e tempest-AttachVolumeTestJSON-2091920288 tempest-AttachVolumeTestJSON-2091920288-project-member] Starting to schedule for instances: ['80a076ad-5182-4760-a96a-3e4269928d82'] {{(pid=95839) select_destinations /opt/stack/nova/nova/scheduler/manager.py:210}}
Jun 02 14:05:46.285378 np0000001934 nova-scheduler[95839]: DEBUG nova.scheduler.request_filter [None req-97d07dfe-4797-42ab-b1dc-0bfc950c067e tempest-AttachVolumeTestJSON-2091920288 tempest-AttachVolumeTestJSON-2091920288-project-member] compute_status_filter request filter added forbidden trait COMPUTE_STATUS_DISABLED {{(pid=95839) compute_status_filter /opt/stack/nova/nova/scheduler/request_filter.py:253}}
Jun 02 14:05:46.285522 np0000001934 nova-scheduler[95839]: DEBUG nova.scheduler.request_filter [None req-97d07dfe-4797-42ab-b1dc-0bfc950c067e tempest-AttachVolumeTestJSON-2091920288 tempest-AttachVolumeTestJSON-2091920288-project-member] Request filter 'compute_status_filter' took 0.0 seconds {{(pid=95839) wrapper /opt/stack/nova/nova/scheduler/request_filter.py:46}}
Jun 02 14:05:46.285765 np0000001934 nova-scheduler[95839]: DEBUG nova.scheduler.request_filter [None req-97d07dfe-4797-42ab-b1dc-0bfc950c067e tempest-AttachVolumeTestJSON-2091920288 tempest-AttachVolumeTestJSON-2091920288-project-member] Request filter 'accelerators_filter' took 0.0 seconds {{(pid=95839) wrapper /opt/stack/nova/nova/scheduler/request_filter.py:46}}
Jun 02 14:05:46.286052 np0000001934 nova-scheduler[95839]: DEBUG nova.scheduler.request_filter [None req-97d07dfe-4797-42ab-b1dc-0bfc950c067e tempest-AttachVolumeTestJSON-2091920288 tempest-AttachVolumeTestJSON-2091920288-project-member] Request filter 'packed_virtqueue_filter' took 0.0 seconds {{(pid=95839) wrapper /opt/stack/nova/nova/scheduler/request_filter.py:46}}
Jun 02 14:05:46.286389 np0000001934 nova-scheduler[95839]: DEBUG nova.scheduler.request_filter [None req-97d07dfe-4797-42ab-b1dc-0bfc950c067e tempest-AttachVolumeTestJSON-2091920288 tempest-AttachVolumeTestJSON-2091920288-project-member] Request filter 'remote_managed_ports_filter' took 0.0 seconds {{(pid=95839) wrapper /opt/stack/nova/nova/scheduler/request_filter.py:46}}
Jun 02 14:05:46.288120 np0000001934 nova-scheduler[95839]: DEBUG nova.scheduler.request_filter [None req-97d07dfe-4797-42ab-b1dc-0bfc950c067e tempest-AttachVolumeTestJSON-2091920288 tempest-AttachVolumeTestJSON-2091920288-project-member] ephemeral_encryption_filter skipped {{(pid=95839) ephemeral_encryption_filter /opt/stack/nova/nova/scheduler/request_filter.py:426}}
Jun 02 14:05:46.289381 np0000001934 nova-scheduler[95839]: DEBUG nova.scheduler.request_filter [None req-97d07dfe-4797-42ab-b1dc-0bfc950c067e tempest-AttachVolumeTestJSON-2091920288 tempest-AttachVolumeTestJSON-2091920288-project-member] virtio_sound_filter skipped {{(pid=95839) virtio_sound_filter /opt/stack/nova/nova/scheduler/request_filter.py:460}}
Jun 02 14:05:46.289685 np0000001934 nova-scheduler[95839]: DEBUG nova.scheduler.request_filter [None req-97d07dfe-4797-42ab-b1dc-0bfc950c067e tempest-AttachVolumeTestJSON-2091920288 tempest-AttachVolumeTestJSON-2091920288-project-member] tpm_secret_security_filter skipped {{(pid=95839) tpm_secret_security_filter /opt/stack/nova/nova/scheduler/request_filter.py:477}}
Jun 02 14:05:46.408405 np0000001934 nova-scheduler[95839]: INFO nova.utils [None req-97d07dfe-4797-42ab-b1dc-0bfc950c067e tempest-AttachVolumeTestJSON-2091920288 tempest-AttachVolumeTestJSON-2091920288-project-member] The cell worker thread pool ForkProcess-1.cell_worker is initialized
Jun 02 14:05:46.408773 np0000001934 nova-scheduler[95839]: DEBUG oslo_concurrency.lockutils [None req-97d07dfe-4797-42ab-b1dc-0bfc950c067e tempest-AttachVolumeTestJSON-2091920288 tempest-AttachVolumeTestJSON-2091920288-project-member] Acquiring lock "d1f55309-e2f4-476b-94a5-7d9ed0bc1e5e" by "nova.context.set_target_cell..get_or_set_cached_cell_and_set_connections" {{(pid=95839) inner /opt/stack/data/venv/lib/python3.12/site-packages/oslo_concurrency/lockutils.py:511}}
Jun 02 14:05:46.409055 np0000001934 nova-scheduler[95839]: DEBUG oslo_concurrency.lockutils [None req-97d07dfe-4797-42ab-b1dc-0bfc950c067e tempest-AttachVolumeTestJSON-2091920288 tempest-AttachVolumeTestJSON-2091920288-project-member] Lock "d1f55309-e2f4-476b-94a5-7d9ed0bc1e5e" acquired by "nova.context.set_target_cell..get_or_set_cached_cell_and_set_connections" :: waited 0.000s {{(pid=95839) inner /opt/stack/data/venv/lib/python3.12/site-packages/oslo_concurrency/lockutils.py:524}}
Jun 02 14:05:46.411982 np0000001934 nova-scheduler[95839]: DEBUG oslo_concurrency.lockutils [None req-97d07dfe-4797-42ab-b1dc-0bfc950c067e tempest-AttachVolumeTestJSON-2091920288 tempest-AttachVolumeTestJSON-2091920288-project-member] Lock "d1f55309-e2f4-476b-94a5-7d9ed0bc1e5e" "released" by "nova.context.set_target_cell..get_or_set_cached_cell_and_set_connections" :: held 0.001s {{(pid=95839) inner /opt/stack/data/venv/lib/python3.12/site-packages/oslo_concurrency/lockutils.py:543}}
Jun 02 14:05:46.412876 np0000001934 nova-scheduler[95839]: INFO dbcounter [None req-97d07dfe-4797-42ab-b1dc-0bfc950c067e tempest-AttachVolumeTestJSON-2091920288 tempest-AttachVolumeTestJSON-2091920288-project-member] Registered counter for database nova_cell1
Jun 02 14:05:46.454115 np0000001934 nova-scheduler[95839]: DEBUG oslo_db.sqlalchemy.engines [None req-97d07dfe-4797-42ab-b1dc-0bfc950c067e tempest-AttachVolumeTestJSON-2091920288 tempest-AttachVolumeTestJSON-2091920288-project-member] MySQL server mode set to STRICT_TRANS_TABLES,STRICT_ALL_TABLES,NO_ZERO_IN_DATE,NO_ZERO_DATE,ERROR_FOR_DIVISION_BY_ZERO,TRADITIONAL,NO_ENGINE_SUBSTITUTION {{(pid=95839) _check_effective_sql_mode /opt/stack/data/venv/lib/python3.12/site-packages/oslo_db/sqlalchemy/engines.py:325}}
Jun 02 14:05:46.463479 np0000001934 nova-scheduler[95839]: DEBUG dbcounter [-] [95839] Writer thread running {{(pid=95839) stat_writer /opt/stack/data/venv/lib/python3.12/site-packages/dbcounter.py:102}}
Jun 02 14:05:46.525499 np0000001934 nova-scheduler[95839]: DEBUG dbcounter [-] [95839] Writer thread running {{(pid=95839) stat_writer /opt/stack/data/venv/lib/python3.12/site-packages/dbcounter.py:102}}
Jun 02 14:05:46.532432 np0000001934 nova-scheduler[95839]: DEBUG oslo_concurrency.lockutils [None req-97d07dfe-4797-42ab-b1dc-0bfc950c067e tempest-AttachVolumeTestJSON-2091920288 tempest-AttachVolumeTestJSON-2091920288-project-member] Acquiring lock "d1f55309-e2f4-476b-94a5-7d9ed0bc1e5e" by "nova.context.set_target_cell..get_or_set_cached_cell_and_set_connections" {{(pid=95839) inner /opt/stack/data/venv/lib/python3.12/site-packages/oslo_concurrency/lockutils.py:511}}
Jun 02 14:05:46.532579 np0000001934 nova-scheduler[95839]: DEBUG oslo_concurrency.lockutils [None req-97d07dfe-4797-42ab-b1dc-0bfc950c067e tempest-AttachVolumeTestJSON-2091920288 tempest-AttachVolumeTestJSON-2091920288-project-member] Lock "d1f55309-e2f4-476b-94a5-7d9ed0bc1e5e" acquired by "nova.context.set_target_cell..get_or_set_cached_cell_and_set_connections" :: waited 0.000s {{(pid=95839) inner /opt/stack/data/venv/lib/python3.12/site-packages/oslo_concurrency/lockutils.py:524}}
Jun 02 14:05:46.532705 np0000001934 nova-scheduler[95839]: DEBUG oslo_concurrency.lockutils [None req-97d07dfe-4797-42ab-b1dc-0bfc950c067e tempest-AttachVolumeTestJSON-2091920288 tempest-AttachVolumeTestJSON-2091920288-project-member] Lock "d1f55309-e2f4-476b-94a5-7d9ed0bc1e5e" "released" by "nova.context.set_target_cell..get_or_set_cached_cell_and_set_connections" :: held 0.000s {{(pid=95839) inner /opt/stack/data/venv/lib/python3.12/site-packages/oslo_concurrency/lockutils.py:543}}
Jun 02 14:05:46.537483 np0000001934 nova-scheduler[95839]: DEBUG oslo_concurrency.lockutils [None req-97d07dfe-4797-42ab-b1dc-0bfc950c067e tempest-AttachVolumeTestJSON-2091920288 tempest-AttachVolumeTestJSON-2091920288-project-member] Acquiring lock "('np0000001934', 'np0000001934')" by "nova.scheduler.host_manager.HostState.update.._locked_update" {{(pid=95839) inner /opt/stack/data/venv/lib/python3.12/site-packages/oslo_concurrency/lockutils.py:511}}
Jun 02 14:05:46.537624 np0000001934 nova-scheduler[95839]: DEBUG oslo_concurrency.lockutils [None req-97d07dfe-4797-42ab-b1dc-0bfc950c067e tempest-AttachVolumeTestJSON-2091920288 tempest-AttachVolumeTestJSON-2091920288-project-member] Lock "('np0000001934', 'np0000001934')" acquired by "nova.scheduler.host_manager.HostState.update.._locked_update" :: waited 0.000s {{(pid=95839) inner /opt/stack/data/venv/lib/python3.12/site-packages/oslo_concurrency/lockutils.py:524}}
