Jul 27 11:23:07.178543 np0000005897 devstack@g-api.service[99948]: DEBUG glance.api.middleware.version_negotiation [None req-7af7928e-2f29-4790-affd-f22a5642a12f tempest-ServerBootFromVolumeStableRescueTest-1152997233 tempest-ServerBootFromVolumeStableRescueTest-1152997233-project-member] Matched version: v2 {{(pid=99948) process_request /opt/stack/glance/glance/api/middleware/version_negotiation.py:69}}
Jul 27 11:23:07.178680 np0000005897 devstack@g-api.service[99948]: DEBUG glance.api.middleware.version_negotiation [None req-7af7928e-2f29-4790-affd-f22a5642a12f tempest-ServerBootFromVolumeStableRescueTest-1152997233 tempest-ServerBootFromVolumeStableRescueTest-1152997233-project-member] new path /v2/schemas/image {{(pid=99948) process_request /opt/stack/glance/glance/api/middleware/version_negotiation.py:70}}
Jul 27 11:23:07.182095 np0000005897 devstack@g-api.service[99948]: [pid: 99948|app: 0|req: 77/293] 127.0.0.1 () {44 vars in 1055 bytes} [Mon Jul 27 11:23:07 2026] GET /v2/schemas/image => generated 6083 bytes in 3 msecs (HTTP/1.1 200) 4 headers in 158 bytes (1 switches on core 0)
Jul 27 11:23:07.383365 np0000005897 devstack@g-api.service[99950]: DEBUG glance.api.middleware.version_negotiation [None req-10c4f814-eb25-4605-a271-fab6bf69cb5a tempest-AttachVolumeShelveTestJSON-551854367 tempest-AttachVolumeShelveTestJSON-551854367-project-member] Determining version of request: GET /v2/images/97a32480-47a8-4635-88dd-557aa9bb864e Accept: */* {{(pid=99950) process_request /opt/stack/glance/glance/api/middleware/version_negotiation.py:44}}
Jul 27 11:23:07.383365 np0000005897 devstack@g-api.service[99950]: DEBUG glance.api.middleware.version_negotiation [None req-10c4f814-eb25-4605-a271-fab6bf69cb5a tempest-AttachVolumeShelveTestJSON-551854367 tempest-AttachVolumeShelveTestJSON-551854367-project-member] Using url versioning {{(pid=99950) process_request /opt/stack/glance/glance/api/middleware/version_negotiation.py:57}}
Jul 27 11:23:07.383365 np0000005897 devstack@g-api.service[99950]: DEBUG glance.api.middleware.version_negotiation [None req-10c4f814-eb25-4605-a271-fab6bf69cb5a tempest-AttachVolumeShelveTestJSON-551854367 tempest-AttachVolumeShelveTestJSON-551854367-project-member] Matched version: v2 {{(pid=99950) process_request /opt/stack/glance/glance/api/middleware/version_negotiation.py:69}}
Jul 27 11:23:07.383365 np0000005897 devstack@g-api.service[99950]: DEBUG glance.api.middleware.version_negotiation [None req-10c4f814-eb25-4605-a271-fab6bf69cb5a tempest-AttachVolumeShelveTestJSON-551854367 tempest-AttachVolumeShelveTestJSON-551854367-project-member] new path /v2/images/97a32480-47a8-4635-88dd-557aa9bb864e {{(pid=99950) process_request /opt/stack/glance/glance/api/middleware/version_negotiation.py:70}}
Jul 27 11:23:07.391238 np0000005897 devstack@g-api.service[99950]: [pid: 99950|app: 0|req: 113/294] 127.0.0.1 () {44 vars in 1115 bytes} [Mon Jul 27 11:23:07 2026] GET /v2/images/97a32480-47a8-4635-88dd-557aa9bb864e => generated 1359 bytes in 12 msecs (HTTP/1.1 200) 4 headers in 158 bytes (1 switches on core 0)
Jul 27 11:23:07.439308 np0000005897 devstack@g-api.service[99949]: DEBUG glance.api.middleware.version_negotiation [None req-10c4f814-eb25-4605-a271-fab6bf69cb5a tempest-AttachVolumeShelveTestJSON-551854367 tempest-AttachVolumeShelveTestJSON-551854367-project-member] Determining version of request: GET /v2/schemas/image Accept: */* {{(pid=99949) process_request /opt/stack/glance/glance/api/middleware/version_negotiation.py:44}}
Jul 27 11:23:07.439512 np0000005897 devstack@g-api.service[99949]: DEBUG glance.api.middleware.version_negotiation [None req-10c4f814-eb25-4605-a271-fab6bf69cb5a tempest-AttachVolumeShelveTestJSON-551854367 tempest-AttachVolumeShelveTestJSON-551854367-project-member] Using url versioning {{(pid=99949) process_request /opt/stack/glance/glance/api/middleware/version_negotiation.py:57}}
Jul 27 11:23:07.439709 np0000005897 devstack@g-api.service[99949]: DEBUG glance.api.middleware.version_negotiation [None req-10c4f814-eb25-4605-a271-fab6bf69cb5a tempest-AttachVolumeShelveTestJSON-551854367 tempest-AttachVolumeShelveTestJSON-551854367-project-member] Matched version: v2 {{(pid=99949) process_request /opt/stack/glance/glance/api/middleware/version_negotiation.py:69}}
Jul 27 11:23:07.439831 np0000005897 devstack@g-api.service[99949]: DEBUG glance.api.middleware.version_negotiation [None req-10c4f814-eb25-4605-a271-fab6bf69cb5a tempest-AttachVolumeShelveTestJSON-551854367 tempest-AttachVolumeShelveTestJSON-551854367-project-member] new path /v2/schemas/image {{(pid=99949) process_request /opt/stack/glance/glance/api/middleware/version_negotiation.py:70}}
Jul 27 11:23:07.443967 np0000005897 devstack@g-api.service[99949]: [pid: 99949|app: 0|req: 105/295] 127.0.0.1 () {44 vars in 1055 bytes} [Mon Jul 27 11:23:07 2026] GET /v2/schemas/image => generated 6083 bytes in 5 msecs (HTTP/1.1 200) 4 headers in 158 bytes (1 switches on core 0)
Jul 27 11:23:07.484208 np0000005897 devstack@g-api.service[99948]: DEBUG glance.api.middleware.version_negotiation [None req-10c4f814-eb25-4605-a271-fab6bf69cb5a tempest-AttachVolumeShelveTestJSON-551854367 tempest-AttachVolumeShelveTestJSON-551854367-project-member] Determining version of request: GET /v2/schemas/image Accept: */* {{(pid=99948) process_request /opt/stack/glance/glance/api/middleware/version_negotiation.py:44}}
Jul 27 11:23:07.484208 np0000005897 devstack@g-api.service[99948]: DEBUG glance.api.middleware.version_negotiation [None req-10c4f814-eb25-4605-a271-fab6bf69cb5a tempest-AttachVolumeShelveTestJSON-551854367 tempest-AttachVolumeShelveTestJSON-551854367-project-member] Using url versioning {{(pid=99948) process_request /opt/stack/glance/glance/api/middleware/version_negotiation.py:57}}
Jul 27 11:23:07.484208 np0000005897 devstack@g-api.service[99948]: DEBUG glance.api.middleware.version_negotiation [None req-10c4f814-eb25-4605-a271-fab6bf69cb5a tempest-AttachVolumeShelveTestJSON-551854367 tempest-AttachVolumeShelveTestJSON-551854367-project-member] Matched version: v2 {{(pid=99948) process_request /opt/stack/glance/glance/api/middleware/version_negotiation.py:69}}
Jul 27 11:23:07.484208 np0000005897 devstack@g-api.service[99948]: DEBUG glance.api.middleware.version_negotiation [None req-10c4f814-eb25-4605-a271-fab6bf69cb5a tempest-AttachVolumeShelveTestJSON-551854367 tempest-AttachVolumeShelveTestJSON-551854367-project-member] new path /v2/schemas/image {{(pid=99948) process_request /opt/stack/glance/glance/api/middleware/version_negotiation.py:70}}
Jul 27 11:23:07.485393 np0000005897 devstack@g-api.service[99948]: [pid: 99948|app: 0|req: 78/296] 127.0.0.1 () {44 vars in 1055 bytes} [Mon Jul 27 11:23:07 2026] GET /v2/schemas/image => generated 6083 bytes in 2 msecs (HTTP/1.1 200) 4 headers in 158 bytes (1 switches on core 0)
Jul 27 11:23:07.528808 np0000005897 devstack@g-api.service[99950]: DEBUG glance.api.middleware.version_negotiation [None req-7fe366ee-6b7c-40b8-b04a-9e1da6fb4bb8 tempest-ServerBootFromVolumeStableRescueTest-1152997233 tempest-ServerBootFromVolumeStableRescueTest-1152997233-project-member] Determining version of request: PATCH /v2/images/97a32480-47a8-4635-88dd-557aa9bb864e Accept: */* {{(pid=99950) process_request /opt/stack/glance/glance/api/middleware/version_negotiation.py:44}}
Jul 27 11:23:07.528808 np0000005897 devstack@g-api.service[99950]: DEBUG glance.api.middleware.version_negotiation [None req-7fe366ee-6b7c-40b8-b04a-9e1da6fb4bb8 tempest-ServerBootFromVolumeStableRescueTest-1152997233 tempest-ServerBootFromVolumeStableRescueTest-1152997233-project-member] Using url versioning {{(pid=99950) process_request /opt/stack/glance/glance/api/middleware/version_negotiation.py:57}}
Jul 27 11:23:07.528808 np0000005897 devstack@g-api.service[99950]: DEBUG glance.api.middleware.version_negotiation [None req-7fe366ee-6b7c-40b8-b04a-9e1da6fb4bb8 tempest-ServerBootFromVolumeStableRescueTest-1152997233 tempest-ServerBootFromVolumeStableRescueTest-1152997233-project-member] Matched version: v2 {{(pid=99950) process_request /opt/stack/glance/glance/api/middleware/version_negotiation.py:69}}
Jul 27 11:23:07.528808 np0000005897 devstack@g-api.service[99950]: DEBUG glance.api.middleware.version_negotiation [None req-7fe366ee-6b7c-40b8-b04a-9e1da6fb4bb8 tempest-ServerBootFromVolumeStableRescueTest-1152997233 tempest-ServerBootFromVolumeStableRescueTest-1152997233-project-member] new path /v2/images/97a32480-47a8-4635-88dd-557aa9bb864e {{(pid=99950) process_request /opt/stack/glance/glance/api/middleware/version_negotiation.py:70}}
Jul 27 11:23:07.694208 np0000005897 devstack@g-api.service[99950]: [pid: 99950|app: 0|req: 114/297] 127.0.0.1 () {46 vars in 1158 bytes} [Mon Jul 27 11:23:07 2026] PATCH /v2/images/97a32480-47a8-4635-88dd-557aa9bb864e => generated 1470 bytes in 166 msecs (HTTP/1.1 200) 4 headers in 158 bytes (1 switches on core 0)
Jul 27 11:23:07.727025 np0000005897 devstack@g-api.service[99949]: DEBUG glance.api.middleware.version_negotiation [None req-7fe366ee-6b7c-40b8-b04a-9e1da6fb4bb8 tempest-ServerBootFromVolumeStableRescueTest-1152997233 tempest-ServerBootFromVolumeStableRescueTest-1152997233-project-member] Determining version of request: GET /v2/images/97a32480-47a8-4635-88dd-557aa9bb864e Accept: */* {{(pid=99949) process_request /opt/stack/glance/glance/api/middleware/version_negotiation.py:44}}
Jul 27 11:23:07.727152 np0000005897 devstack@g-api.service[99949]: DEBUG glance.api.middleware.version_negotiation [None req-7fe366ee-6b7c-40b8-b04a-9e1da6fb4bb8 tempest-ServerBootFromVolumeStableRescueTest-1152997233 tempest-ServerBootFromVolumeStableRescueTest-1152997233-project-member] Using url versioning {{(pid=99949) process_request /opt/stack/glance/glance/api/middleware/version_negotiation.py:57}}
Jul 27 11:23:07.727282 np0000005897 devstack@g-api.service[99949]: DEBUG glance.api.middleware.version_negotiation [None req-7fe366ee-6b7c-40b8-b04a-9e1da6fb4bb8 tempest-ServerBootFromVolumeStableRescueTest-1152997233 tempest-ServerBootFromVolumeStableRescueTest-1152997233-project-member] Matched version: v2 {{(pid=99949) process_request /opt/stack/glance/glance/api/middleware/version_negotiation.py:69}}
Jul 27 11:23:07.727396 np0000005897 devstack@g-api.service[99949]: DEBUG glance.api.middleware.version_negotiation [None req-7fe366ee-6b7c-40b8-b04a-9e1da6fb4bb8 tempest-ServerBootFromVolumeStableRescueTest-1152997233 tempest-ServerBootFromVolumeStableRescueTest-1152997233-project-member] new path /v2/images/97a32480-47a8-4635-88dd-557aa9bb864e {{(pid=99949) process_request /opt/stack/glance/glance/api/middleware/version_negotiation.py:70}}
Jul 27 11:23:07.736165 np0000005897 devstack@g-api.service[99949]: [pid: 99949|app: 0|req: 106/298] 127.0.0.1 () {44 vars in 1115 bytes} [Mon Jul 27 11:23:07 2026] GET /v2/images/97a32480-47a8-4635-88dd-557aa9bb864e => generated 1470 bytes in 9 msecs (HTTP/1.1 200) 4 headers in 158 bytes (1 switches on core 0)
Jul 27 11:23:07.778233 np0000005897 devstack@g-api.service[99948]: DEBUG glance.api.middleware.version_negotiation [None req-7fe366ee-6b7c-40b8-b04a-9e1da6fb4bb8 tempest-ServerBootFromVolumeStableRescueTest-1152997233 tempest-ServerBootFromVolumeStableRescueTest-1152997233-project-member] Determining version of request: PUT /v2/images/97a32480-47a8-4635-88dd-557aa9bb864e/file Accept: */* {{(pid=99948) process_request /opt/stack/glance/glance/api/middleware/version_negotiation.py:44}}
Jul 27 11:23:07.778233 np0000005897 devstack@g-api.service[99948]: DEBUG glance.api.middleware.version_negotiation [None req-7fe366ee-6b7c-40b8-b04a-9e1da6fb4bb8 tempest-ServerBootFromVolumeStableRescueTest-1152997233 tempest-ServerBootFromVolumeStableRescueTest-1152997233-project-member] Using url versioning {{(pid=99948) process_request /opt/stack/glance/glance/api/middleware/version_negotiation.py:57}}
Jul 27 11:23:07.778233 np0000005897 devstack@g-api.service[99948]: DEBUG glance.api.middleware.version_negotiation [None req-7fe366ee-6b7c-40b8-b04a-9e1da6fb4bb8 tempest-ServerBootFromVolumeStableRescueTest-1152997233 tempest-ServerBootFromVolumeStableRescueTest-1152997233-project-member] Matched version: v2 {{(pid=99948) process_request /opt/stack/glance/glance/api/middleware/version_negotiation.py:69}}
Jul 27 11:23:07.778233 np0000005897 devstack@g-api.service[99948]: DEBUG glance.api.middleware.version_negotiation [None req-7fe366ee-6b7c-40b8-b04a-9e1da6fb4bb8 tempest-ServerBootFromVolumeStableRescueTest-1152997233 tempest-ServerBootFromVolumeStableRescueTest-1152997233-project-member] new path /v2/images/97a32480-47a8-4635-88dd-557aa9bb864e/file {{(pid=99948) process_request /opt/stack/glance/glance/api/middleware/version_negotiation.py:70}}
Jul 27 11:23:07.887209 np0000005897 devstack@g-api.service[99950]: DEBUG glance.api.middleware.version_negotiation [None req-7fe366ee-6b7c-40b8-b04a-9e1da6fb4bb8 tempest-ServerBootFromVolumeStableRescueTest-1152997233 tempest-ServerBootFromVolumeStableRescueTest-1152997233-project-member] Determining version of request: GET /v2/images/97a32480-47a8-4635-88dd-557aa9bb864e Accept: application/json {{(pid=99950) process_request /opt/stack/glance/glance/api/middleware/version_negotiation.py:44}}
Jul 27 11:23:07.887450 np0000005897 devstack@g-api.service[99950]: DEBUG glance.api.middleware.version_negotiation [None req-7fe366ee-6b7c-40b8-b04a-9e1da6fb4bb8 tempest-ServerBootFromVolumeStableRescueTest-1152997233 tempest-ServerBootFromVolumeStableRescueTest-1152997233-project-member] Using url versioning {{(pid=99950) process_request /opt/stack/glance/glance/api/middleware/version_negotiation.py:57}}
Jul 27 11:23:07.887614 np0000005897 devstack@g-api.service[99950]: DEBUG glance.api.middleware.version_negotiation [None req-7fe366ee-6b7c-40b8-b04a-9e1da6fb4bb8 tempest-ServerBootFromVolumeStableRescueTest-1152997233 tempest-ServerBootFromVolumeStableRescueTest-1152997233-project-member] Matched version: v2 {{(pid=99950) process_request /opt/stack/glance/glance/api/middleware/version_negotiation.py:69}}
Jul 27 11:23:07.887753 np0000005897 devstack@g-api.service[99950]: DEBUG glance.api.middleware.version_negotiation [None req-7fe366ee-6b7c-40b8-b04a-9e1da6fb4bb8 tempest-ServerBootFromVolumeStableRescueTest-1152997233 tempest-ServerBootFromVolumeStableRescueTest-1152997233-project-member] new path /v2/images/97a32480-47a8-4635-88dd-557aa9bb864e {{(pid=99950) process_request /opt/stack/glance/glance/api/middleware/version_negotiation.py:70}}
Jul 27 11:23:07.924333 np0000005897 devstack@g-api.service[99950]: [pid: 99950|app: 0|req: 115/299] 127.0.0.1 () {40 vars in 838 bytes} [Mon Jul 27 11:23:07 2026] GET /v2/images/97a32480-47a8-4635-88dd-557aa9bb864e => generated 1470 bytes in 37 msecs (HTTP/1.1 200) 4 headers in 158 bytes (1 switches on core 0)
Jul 27 11:23:08.414689 np0000005897 devstack@g-api.service[99948]: INFO glance.api.v2.image_data [None req-7fe366ee-6b7c-40b8-b04a-9e1da6fb4bb8 tempest-ServerBootFromVolumeStableRescueTest-1152997233 tempest-ServerBootFromVolumeStableRescueTest-1152997233-project-member] Unable to create trust: no such option collect_timing in group [keystone_authtoken] Use the existing user token.
Jul 27 11:23:08.934478 np0000005897 devstack@g-api.service[99949]: DEBUG glance.api.middleware.version_negotiation [None req-7fe366ee-6b7c-40b8-b04a-9e1da6fb4bb8 tempest-ServerBootFromVolumeStableRescueTest-1152997233 tempest-ServerBootFromVolumeStableRescueTest-1152997233-project-member] Determining version of request: GET /v2/images/97a32480-47a8-4635-88dd-557aa9bb864e Accept: application/json {{(pid=99949) process_request /opt/stack/glance/glance/api/middleware/version_negotiation.py:44}}
Jul 27 11:23:08.934821 np0000005897 devstack@g-api.service[99949]: DEBUG glance.api.middleware.version_negotiation [None req-7fe366ee-6b7c-40b8-b04a-9e1da6fb4bb8 tempest-ServerBootFromVolumeStableRescueTest-1152997233 tempest-ServerBootFromVolumeStableRescueTest-1152997233-project-member] Using url versioning {{(pid=99949) process_request /opt/stack/glance/glance/api/middleware/version_negotiation.py:57}}
Jul 27 11:23:08.934821 np0000005897 devstack@g-api.service[99949]: DEBUG glance.api.middleware.version_negotiation [None req-7fe366ee-6b7c-40b8-b04a-9e1da6fb4bb8 tempest-ServerBootFromVolumeStableRescueTest-1152997233 tempest-ServerBootFromVolumeStableRescueTest-1152997233-project-member] Matched version: v2 {{(pid=99949) process_request /opt/stack/glance/glance/api/middleware/version_negotiation.py:69}}
Jul 27 11:23:08.934821 np0000005897 devstack@g-api.service[99949]: DEBUG glance.api.middleware.version_negotiation [None req-7fe366ee-6b7c-40b8-b04a-9e1da6fb4bb8 tempest-ServerBootFromVolumeStableRescueTest-1152997233 tempest-ServerBootFromVolumeStableRescueTest-1152997233-project-member] new path /v2/images/97a32480-47a8-4635-88dd-557aa9bb864e {{(pid=99949) process_request /opt/stack/glance/glance/api/middleware/version_negotiation.py:70}}
Jul 27 11:23:08.951888 np0000005897 devstack@g-api.service[99949]: [pid: 99949|app: 0|req: 107/300] 127.0.0.1 () {40 vars in 838 bytes} [Mon Jul 27 11:23:08 2026] GET /v2/images/97a32480-47a8-4635-88dd-557aa9bb864e => generated 1470 bytes in 17 msecs (HTTP/1.1 200) 4 headers in 158 bytes (1 switches on core 0)
Jul 27 11:23:09.011409 np0000005897 devstack@g-api.service[99948]: DEBUG glance.location [None req-7fe366ee-6b7c-40b8-b04a-9e1da6fb4bb8 tempest-ServerBootFromVolumeStableRescueTest-1152997233 tempest-ServerBootFromVolumeStableRescueTest-1152997233-project-member] Enabling in-flight format inspection for qcow2 {{(pid=99948) set_data /opt/stack/glance/glance/location.py:596}}
Jul 27 11:23:09.011732 np0000005897 devstack@g-api.service[99948]: DEBUG glance_store.backend [None req-7fe366ee-6b7c-40b8-b04a-9e1da6fb4bb8 tempest-ServerBootFromVolumeStableRescueTest-1152997233 tempest-ServerBootFromVolumeStableRescueTest-1152997233-project-member] Attempting to import store swift {{(pid=99948) _load_store /opt/stack/data/venv/lib/python3.12/site-packages/glance_store/backend.py:215}}
Jul 27 11:23:09.013018 np0000005897 devstack@g-api.service[99948]: DEBUG glance_store.capabilities [None req-7fe366ee-6b7c-40b8-b04a-9e1da6fb4bb8 tempest-ServerBootFromVolumeStableRescueTest-1152997233 tempest-ServerBootFromVolumeStableRescueTest-1152997233-project-member] Store glance_store._drivers.swift.store.SingleTenantStore doesn't support updating dynamic storage capabilities. Please overwrite 'update_capabilities' method of the store to implement updating logics if needed. {{(pid=99948) update_capabilities /opt/stack/data/venv/lib/python3.12/site-packages/glance_store/capabilities.py:91}}
Jul 27 11:23:09.013110 np0000005897 devstack@g-api.service[99948]: DEBUG glance_store.driver [None req-7fe366ee-6b7c-40b8-b04a-9e1da6fb4bb8 tempest-ServerBootFromVolumeStableRescueTest-1152997233 tempest-ServerBootFromVolumeStableRescueTest-1152997233-project-member] Late loading location class glance_store._drivers.swift.store.StoreLocation {{(pid=99948) get_store_location_class /opt/stack/data/venv/lib/python3.12/site-packages/glance_store/driver.py:134}}
Jul 27 11:23:09.013169 np0000005897 devstack@g-api.service[99948]: DEBUG glance_store.location [None req-7fe366ee-6b7c-40b8-b04a-9e1da6fb4bb8 tempest-ServerBootFromVolumeStableRescueTest-1152997233 tempest-ServerBootFromVolumeStableRescueTest-1152997233-project-member] Registering scheme swift+https with {'store': , 'location_class': , 'store_entry': 'swift'} {{(pid=99948) register_scheme_map /opt/stack/data/venv/lib/python3.12/site-packages/glance_store/location.py:146}}
Jul 27 11:23:09.013262 np0000005897 devstack@g-api.service[99948]: DEBUG glance_store.location [None req-7fe366ee-6b7c-40b8-b04a-9e1da6fb4bb8 tempest-ServerBootFromVolumeStableRescueTest-1152997233 tempest-ServerBootFromVolumeStableRescueTest-1152997233-project-member] Registering scheme swift+https with {'store': , 'location_class': , 'store_entry': 'swift'} {{(pid=99948) register_scheme_map /opt/stack/data/venv/lib/python3.12/site-packages/glance_store/location.py:146}}
Jul 27 11:23:09.013343 np0000005897 devstack@g-api.service[99948]: DEBUG glance_store.location [None req-7fe366ee-6b7c-40b8-b04a-9e1da6fb4bb8 tempest-ServerBootFromVolumeStableRescueTest-1152997233 tempest-ServerBootFromVolumeStableRescueTest-1152997233-project-member] Registering scheme swift with {'store': , 'location_class': , 'store_entry': 'swift'} {{(pid=99948) register_scheme_map /opt/stack/data/venv/lib/python3.12/site-packages/glance_store/location.py:146}}
Jul 27 11:23:09.013406 np0000005897 devstack@g-api.service[99948]: DEBUG glance_store.location [None req-7fe366ee-6b7c-40b8-b04a-9e1da6fb4bb8 tempest-ServerBootFromVolumeStableRescueTest-1152997233 tempest-ServerBootFromVolumeStableRescueTest-1152997233-project-member] Registering scheme swift+https with {'store': , 'location_class': , 'store_entry': 'swift'} {{(pid=99948) register_scheme_map /opt/stack/data/venv/lib/python3.12/site-packages/glance_store/location.py:146}}
Jul 27 11:23:09.013459 np0000005897 devstack@g-api.service[99948]: DEBUG glance_store.location [None req-7fe366ee-6b7c-40b8-b04a-9e1da6fb4bb8 tempest-ServerBootFromVolumeStableRescueTest-1152997233 tempest-ServerBootFromVolumeStableRescueTest-1152997233-project-member] Registering scheme swift with {'store': , 'location_class': , 'store_entry': 'swift'} {{(pid=99948) register_scheme_map /opt/stack/data/venv/lib/python3.12/site-packages/glance_store/location.py:146}}
Jul 27 11:23:09.013511 np0000005897 devstack@g-api.service[99948]: DEBUG glance_store.location [None req-7fe366ee-6b7c-40b8-b04a-9e1da6fb4bb8 tempest-ServerBootFromVolumeStableRescueTest-1152997233 tempest-ServerBootFromVolumeStableRescueTest-1152997233-project-member] Registering scheme swift+http with {'store': , 'location_class': , 'store_entry': 'swift'} {{(pid=99948) register_scheme_map /opt/stack/data/venv/lib/python3.12/site-packages/glance_store/location.py:146}}
Jul 27 11:23:09.013577 np0000005897 devstack@g-api.service[99948]: DEBUG glance_store.location [None req-7fe366ee-6b7c-40b8-b04a-9e1da6fb4bb8 tempest-ServerBootFromVolumeStableRescueTest-1152997233 tempest-ServerBootFromVolumeStableRescueTest-1152997233-project-member] Registering scheme swift+https with {'store': , 'location_class': , 'store_entry': 'swift'} {{(pid=99948) register_scheme_map /opt/stack/data/venv/lib/python3.12/site-packages/glance_store/location.py:146}}
Jul 27 11:23:09.013629 np0000005897 devstack@g-api.service[99948]: DEBUG glance_store.location [None req-7fe366ee-6b7c-40b8-b04a-9e1da6fb4bb8 tempest-ServerBootFromVolumeStableRescueTest-1152997233 tempest-ServerBootFromVolumeStableRescueTest-1152997233-project-member] Registering scheme swift with {'store': , 'location_class': , 'store_entry': 'swift'} {{(pid=99948) register_scheme_map /opt/stack/data/venv/lib/python3.12/site-packages/glance_store/location.py:146}}
Jul 27 11:23:09.013718 np0000005897 devstack@g-api.service[99948]: DEBUG glance_store.location [None req-7fe366ee-6b7c-40b8-b04a-9e1da6fb4bb8 tempest-ServerBootFromVolumeStableRescueTest-1152997233 tempest-ServerBootFromVolumeStableRescueTest-1152997233-project-member] Registering scheme swift+http with {'store': , 'location_class': , 'store_entry': 'swift'} {{(pid=99948) register_scheme_map /opt/stack/data/venv/lib/python3.12/site-packages/glance_store/location.py:146}}
Jul 27 11:23:09.013782 np0000005897 devstack@g-api.service[99948]: DEBUG glance_store.location [None req-7fe366ee-6b7c-40b8-b04a-9e1da6fb4bb8 tempest-ServerBootFromVolumeStableRescueTest-1152997233 tempest-ServerBootFromVolumeStableRescueTest-1152997233-project-member] Registering scheme swift+config with {'store': , 'location_class': , 'store_entry': 'swift'} {{(pid=99948) register_scheme_map /opt/stack/data/venv/lib/python3.12/site-packages/glance_store/location.py:146}}
Jul 27 11:23:09.030039 np0000005897 devstack@g-api.service[99950]: DEBUG glance.api.middleware.version_negotiation [None req-15fb7a97-d552-4c1d-bd11-684913f0d1b6 tempest-ServerBootFromVolumeStableRescueTest-1152997233 tempest-ServerBootFromVolumeStableRescueTest-1152997233-project-member] Determining version of request: GET /v2/images/5b267857-f4e3-4879-b70d-8ac1cde7e2ae Accept: application/json {{(pid=99950) process_request /opt/stack/glance/glance/api/middleware/version_negotiation.py:44}}
Jul 27 11:23:09.031001 np0000005897 devstack@g-api.service[99950]: DEBUG glance.api.middleware.version_negotiation [None req-15fb7a97-d552-4c1d-bd11-684913f0d1b6 tempest-ServerBootFromVolumeStableRescueTest-1152997233 tempest-ServerBootFromVolumeStableRescueTest-1152997233-project-member] Using url versioning {{(pid=99950) process_request /opt/stack/glance/glance/api/middleware/version_negotiation.py:57}}
Jul 27 11:23:09.031001 np0000005897 devstack@g-api.service[99950]: DEBUG glance.api.middleware.version_negotiation [None req-15fb7a97-d552-4c1d-bd11-684913f0d1b6 tempest-ServerBootFromVolumeStableRescueTest-1152997233 tempest-ServerBootFromVolumeStableRescueTest-1152997233-project-member] Matched version: v2 {{(pid=99950) process_request /opt/stack/glance/glance/api/middleware/version_negotiation.py:69}}
Jul 27 11:23:09.031001 np0000005897 devstack@g-api.service[99950]: DEBUG glance.api.middleware.version_negotiation [None req-15fb7a97-d552-4c1d-bd11-684913f0d1b6 tempest-ServerBootFromVolumeStableRescueTest-1152997233 tempest-ServerBootFromVolumeStableRescueTest-1152997233-project-member] new path /v2/images/5b267857-f4e3-4879-b70d-8ac1cde7e2ae {{(pid=99950) process_request /opt/stack/glance/glance/api/middleware/version_negotiation.py:70}}
Jul 27 11:23:09.058689 np0000005897 devstack@g-api.service[99950]: [pid: 99950|app: 0|req: 116/301] 127.0.0.1 () {40 vars in 838 bytes} [Mon Jul 27 11:23:09 2026] GET /v2/images/5b267857-f4e3-4879-b70d-8ac1cde7e2ae => generated 1044 bytes in 26 msecs (HTTP/1.1 200) 4 headers in 158 bytes (1 switches on core 0)
Jul 27 11:23:09.069721 np0000005897 devstack@g-api.service[99949]: DEBUG glance.api.middleware.version_negotiation [None req-b2f97ffb-060d-4e3c-9a94-9374341632bb tempest-ServerBootFromVolumeStableRescueTest-1152997233 tempest-ServerBootFromVolumeStableRescueTest-1152997233-project-member] Determining version of request: GET /v2/images/5b267857-f4e3-4879-b70d-8ac1cde7e2ae Accept: application/json {{(pid=99949) process_request /opt/stack/glance/glance/api/middleware/version_negotiation.py:44}}
Jul 27 11:23:09.070429 np0000005897 devstack@g-api.service[99949]: DEBUG glance.api.middleware.version_negotiation [None req-b2f97ffb-060d-4e3c-9a94-9374341632bb tempest-ServerBootFromVolumeStableRescueTest-1152997233 tempest-ServerBootFromVolumeStableRescueTest-1152997233-project-member] Using url versioning {{(pid=99949) process_request /opt/stack/glance/glance/api/middleware/version_negotiation.py:57}}
Jul 27 11:23:09.071663 np0000005897 devstack@g-api.service[99949]: DEBUG glance.api.middleware.version_negotiation [None req-b2f97ffb-060d-4e3c-9a94-9374341632bb tempest-ServerBootFromVolumeStableRescueTest-1152997233 tempest-ServerBootFromVolumeStableRescueTest-1152997233-project-member] Matched version: v2 {{(pid=99949) process_request /opt/stack/glance/glance/api/middleware/version_negotiation.py:69}}
Jul 27 11:23:09.071843 np0000005897 devstack@g-api.service[99949]: DEBUG glance.api.middleware.version_negotiation [None req-b2f97ffb-060d-4e3c-9a94-9374341632bb tempest-ServerBootFromVolumeStableRescueTest-1152997233 tempest-ServerBootFromVolumeStableRescueTest-1152997233-project-member] new path /v2/images/5b267857-f4e3-4879-b70d-8ac1cde7e2ae {{(pid=99949) process_request /opt/stack/glance/glance/api/middleware/version_negotiation.py:70}}
Jul 27 11:23:09.087902 np0000005897 devstack@g-api.service[99949]: [pid: 99949|app: 0|req: 108/302] 127.0.0.1 () {40 vars in 838 bytes} [Mon Jul 27 11:23:09 2026] GET /v2/images/5b267857-f4e3-4879-b70d-8ac1cde7e2ae => generated 1044 bytes in 18 msecs (HTTP/1.1 200) 4 headers in 158 bytes (1 switches on core 0)
Jul 27 11:23:09.119224 np0000005897 devstack@g-api.service[99950]: DEBUG glance.api.middleware.version_negotiation [None req-30e5d8e9-6456-466c-8522-5a2b5a8e6008 tempest-VolumesGetTest-1991772009 tempest-VolumesGetTest-1991772009-project-member] Determining version of request: GET /v2/images/5b267857-f4e3-4879-b70d-8ac1cde7e2ae Accept: */* {{(pid=99950) process_request /opt/stack/glance/glance/api/middleware/version_negotiation.py:44}}
Jul 27 11:23:09.119468 np0000005897 devstack@g-api.service[99950]: DEBUG glance.api.middleware.version_negotiation [None req-30e5d8e9-6456-466c-8522-5a2b5a8e6008 tempest-VolumesGetTest-1991772009 tempest-VolumesGetTest-1991772009-project-member] Using url versioning {{(pid=99950) process_request /opt/stack/glance/glance/api/middleware/version_negotiation.py:57}}
Jul 27 11:23:09.119653 np0000005897 devstack@g-api.service[99950]: DEBUG glance.api.middleware.version_negotiation [None req-30e5d8e9-6456-466c-8522-5a2b5a8e6008 tempest-VolumesGetTest-1991772009 tempest-VolumesGetTest-1991772009-project-member] Matched version: v2 {{(pid=99950) process_request /opt/stack/glance/glance/api/middleware/version_negotiation.py:69}}
Jul 27 11:23:09.119800 np0000005897 devstack@g-api.service[99950]: DEBUG glance.api.middleware.version_negotiation [None req-30e5d8e9-6456-466c-8522-5a2b5a8e6008 tempest-VolumesGetTest-1991772009 tempest-VolumesGetTest-1991772009-project-member] new path /v2/images/5b267857-f4e3-4879-b70d-8ac1cde7e2ae {{(pid=99950) process_request /opt/stack/glance/glance/api/middleware/version_negotiation.py:70}}
Jul 27 11:23:09.147203 np0000005897 devstack@g-api.service[99950]: [pid: 99950|app: 0|req: 117/303] 127.0.0.1 () {44 vars in 1115 bytes} [Mon Jul 27 11:23:09 2026] GET /v2/images/5b267857-f4e3-4879-b70d-8ac1cde7e2ae => generated 1044 bytes in 28 msecs (HTTP/1.1 200) 4 headers in 158 bytes (1 switches on core 0)
Jul 27 11:23:09.161829 np0000005897 devstack@g-api.service[99949]: DEBUG glance.api.middleware.version_negotiation [None req-74e13685-59ef-4088-aeaf-b34fd98e6a69 tempest-VolumesGetTest-1991772009 tempest-VolumesGetTest-1991772009-project-member] Determining version of request: GET /v2/schemas/image Accept: */* {{(pid=99949) process_request /opt/stack/glance/glance/api/middleware/version_negotiation.py:44}}
Jul 27 11:23:09.162111 np0000005897 devstack@g-api.service[99949]: DEBUG glance.api.middleware.version_negotiation [None req-74e13685-59ef-4088-aeaf-b34fd98e6a69 tempest-VolumesGetTest-1991772009 tempest-VolumesGetTest-1991772009-project-member] Using url versioning {{(pid=99949) process_request /opt/stack/glance/glance/api/middleware/version_negotiation.py:57}}
Jul 27 11:23:09.162336 np0000005897 devstack@g-api.service[99949]: DEBUG glance.api.middleware.version_negotiation [None req-74e13685-59ef-4088-aeaf-b34fd98e6a69 tempest-VolumesGetTest-1991772009 tempest-VolumesGetTest-1991772009-project-member] Matched version: v2 {{(pid=99949) process_request /opt/stack/glance/glance/api/middleware/version_negotiation.py:69}}
Jul 27 11:23:09.162500 np0000005897 devstack@g-api.service[99949]: DEBUG glance.api.middleware.version_negotiation [None req-74e13685-59ef-4088-aeaf-b34fd98e6a69 tempest-VolumesGetTest-1991772009 tempest-VolumesGetTest-1991772009-project-member] new path /v2/schemas/image {{(pid=99949) process_request /opt/stack/glance/glance/api/middleware/version_negotiation.py:70}}
Jul 27 11:23:09.169357 np0000005897 devstack@g-api.service[99949]: [pid: 99949|app: 0|req: 109/304] 127.0.0.1 () {44 vars in 1055 bytes} [Mon Jul 27 11:23:09 2026] GET /v2/schemas/image => generated 6083 bytes in 8 msecs (HTTP/1.1 200) 4 headers in 158 bytes (1 switches on core 0)
Jul 27 11:23:09.183527 np0000005897 devstack@g-api.service[99950]: DEBUG glance.api.middleware.version_negotiation [None req-942369cf-05fb-4904-9a2a-a35dd67fa78b tempest-VolumesGetTest-1991772009 tempest-VolumesGetTest-1991772009-project-member] Determining version of request: GET /v2/schemas/image Accept: */* {{(pid=99950) process_request /opt/stack/glance/glance/api/middleware/version_negotiation.py:44}}
Jul 27 11:23:09.183651 np0000005897 devstack@g-api.service[99950]: DEBUG glance.api.middleware.version_negotiation [None req-942369cf-05fb-4904-9a2a-a35dd67fa78b tempest-VolumesGetTest-1991772009 tempest-VolumesGetTest-1991772009-project-member] Using url versioning {{(pid=99950) process_request /opt/stack/glance/glance/api/middleware/version_negotiation.py:57}}
Jul 27 11:23:09.183767 np0000005897 devstack@g-api.service[99950]: DEBUG glance.api.middleware.version_negotiation [None req-942369cf-05fb-4904-9a2a-a35dd67fa78b tempest-VolumesGetTest-1991772009 tempest-VolumesGetTest-1991772009-project-member] Matched version: v2 {{(pid=99950) process_request /opt/stack/glance/glance/api/middleware/version_negotiation.py:69}}
Jul 27 11:23:09.183817 np0000005897 devstack@g-api.service[99950]: DEBUG glance.api.middleware.version_negotiation [None req-942369cf-05fb-4904-9a2a-a35dd67fa78b tempest-VolumesGetTest-1991772009 tempest-VolumesGetTest-1991772009-project-member] new path /v2/schemas/image {{(pid=99950) process_request /opt/stack/glance/glance/api/middleware/version_negotiation.py:70}}
Jul 27 11:23:09.192325 np0000005897 devstack@g-api.service[99950]: [pid: 99950|app: 0|req: 118/305] 127.0.0.1 () {44 vars in 1055 bytes} [Mon Jul 27 11:23:09 2026] GET /v2/schemas/image => generated 6083 bytes in 9 msecs (HTTP/1.1 200) 4 headers in 158 bytes (1 switches on core 0)
Jul 27 11:23:09.201657 np0000005897 devstack@g-api.service[99949]: DEBUG glance.api.middleware.version_negotiation [None req-942369cf-05fb-4904-9a2a-a35dd67fa78b tempest-VolumesGetTest-1991772009 tempest-VolumesGetTest-1991772009-project-member] Determining version of request: GET /v2/images/5b267857-f4e3-4879-b70d-8ac1cde7e2ae Accept: */* {{(pid=99949) process_request /opt/stack/glance/glance/api/middleware/version_negotiation.py:44}}
Jul 27 11:23:09.204956 np0000005897 devstack@g-api.service[99949]: DEBUG glance.api.middleware.version_negotiation [None req-942369cf-05fb-4904-9a2a-a35dd67fa78b tempest-VolumesGetTest-1991772009 tempest-VolumesGetTest-1991772009-project-member] Using url versioning {{(pid=99949) process_request /opt/stack/glance/glance/api/middleware/version_negotiation.py:57}}
Jul 27 11:23:09.204956 np0000005897 devstack@g-api.service[99949]: DEBUG glance.api.middleware.version_negotiation [None req-942369cf-05fb-4904-9a2a-a35dd67fa78b tempest-VolumesGetTest-1991772009 tempest-VolumesGetTest-1991772009-project-member] Matched version: v2 {{(pid=99949) process_request /opt/stack/glance/glance/api/middleware/version_negotiation.py:69}}
Jul 27 11:23:09.204956 np0000005897 devstack@g-api.service[99949]: DEBUG glance.api.middleware.version_negotiation [None req-942369cf-05fb-4904-9a2a-a35dd67fa78b tempest-VolumesGetTest-1991772009 tempest-VolumesGetTest-1991772009-project-member] new path /v2/images/5b267857-f4e3-4879-b70d-8ac1cde7e2ae {{(pid=99949) process_request /opt/stack/glance/glance/api/middleware/version_negotiation.py:70}}
Jul 27 11:23:09.214972 np0000005897 devstack@g-api.service[99949]: [pid: 99949|app: 0|req: 110/306] 127.0.0.1 () {44 vars in 1115 bytes} [Mon Jul 27 11:23:09 2026] GET /v2/images/5b267857-f4e3-4879-b70d-8ac1cde7e2ae => generated 1044 bytes in 14 msecs (HTTP/1.1 200) 4 headers in 158 bytes (1 switches on core 0)
Jul 27 11:23:09.223826 np0000005897 devstack@g-api.service[99950]: DEBUG glance.api.middleware.version_negotiation [None req-942369cf-05fb-4904-9a2a-a35dd67fa78b tempest-VolumesGetTest-1991772009 tempest-VolumesGetTest-1991772009-project-member] Determining version of request: GET /v2/schemas/image Accept: */* {{(pid=99950) process_request /opt/stack/glance/glance/api/middleware/version_negotiation.py:44}}
Jul 27 11:23:09.224041 np0000005897 devstack@g-api.service[99950]: DEBUG glance.api.middleware.version_negotiation [None req-942369cf-05fb-4904-9a2a-a35dd67fa78b tempest-VolumesGetTest-1991772009 tempest-VolumesGetTest-1991772009-project-member] Using url versioning {{(pid=99950) process_request /opt/stack/glance/glance/api/middleware/version_negotiation.py:57}}
Jul 27 11:23:09.224165 np0000005897 devstack@g-api.service[99950]: DEBUG glance.api.middleware.version_negotiation [None req-942369cf-05fb-4904-9a2a-a35dd67fa78b tempest-VolumesGetTest-1991772009 tempest-VolumesGetTest-1991772009-project-member] Matched version: v2 {{(pid=99950) process_request /opt/stack/glance/glance/api/middleware/version_negotiation.py:69}}
Jul 27 11:23:09.224291 np0000005897 devstack@g-api.service[99950]: DEBUG glance.api.middleware.version_negotiation [None req-942369cf-05fb-4904-9a2a-a35dd67fa78b tempest-VolumesGetTest-1991772009 tempest-VolumesGetTest-1991772009-project-member] new path /v2/schemas/image {{(pid=99950) process_request /opt/stack/glance/glance/api/middleware/version_negotiation.py:70}}
Jul 27 11:23:09.226573 np0000005897 devstack@g-api.service[99950]: [pid: 99950|app: 0|req: 119/307] 127.0.0.1 () {44 vars in 1055 bytes} [Mon Jul 27 11:23:09 2026] GET /v2/schemas/image => generated 6083 bytes in 3 msecs (HTTP/1.1 200) 4 headers in 158 bytes (1 switches on core 0)
Jul 27 11:23:09.237372 np0000005897 devstack@g-api.service[99949]: DEBUG glance.api.middleware.version_negotiation [None req-942369cf-05fb-4904-9a2a-a35dd67fa78b tempest-VolumesGetTest-1991772009 tempest-VolumesGetTest-1991772009-project-member] Determining version of request: GET /v2/schemas/image Accept: */* {{(pid=99949) process_request /opt/stack/glance/glance/api/middleware/version_negotiation.py:44}}
Jul 27 11:23:09.237583 np0000005897 devstack@g-api.service[99949]: DEBUG glance.api.middleware.version_negotiation [None req-942369cf-05fb-4904-9a2a-a35dd67fa78b tempest-VolumesGetTest-1991772009 tempest-VolumesGetTest-1991772009-project-member] Using url versioning {{(pid=99949) process_request /opt/stack/glance/glance/api/middleware/version_negotiation.py:57}}
Jul 27 11:23:09.237759 np0000005897 devstack@g-api.service[99949]: DEBUG glance.api.middleware.version_negotiation [None req-942369cf-05fb-4904-9a2a-a35dd67fa78b tempest-VolumesGetTest-1991772009 tempest-VolumesGetTest-1991772009-project-member] Matched version: v2 {{(pid=99949) process_request /opt/stack/glance/glance/api/middleware/version_negotiation.py:69}}
Jul 27 11:23:09.237893 np0000005897 devstack@g-api.service[99949]: DEBUG glance.api.middleware.version_negotiation [None req-942369cf-05fb-4904-9a2a-a35dd67fa78b tempest-VolumesGetTest-1991772009 tempest-VolumesGetTest-1991772009-project-member] new path /v2/schemas/image {{(pid=99949) process_request /opt/stack/glance/glance/api/middleware/version_negotiation.py:70}}
Jul 27 11:23:09.240737 np0000005897 devstack@g-api.service[99949]: [pid: 99949|app: 0|req: 111/308] 127.0.0.1 () {44 vars in 1055 bytes} [Mon Jul 27 11:23:09 2026] GET /v2/schemas/image => generated 6083 bytes in 3 msecs (HTTP/1.1 200) 4 headers in 158 bytes (1 switches on core 0)
Jul 27 11:23:09.247770 np0000005897 devstack@g-api.service[99948]: DEBUG swiftclient [None req-7fe366ee-6b7c-40b8-b04a-9e1da6fb4bb8 tempest-ServerBootFromVolumeStableRescueTest-1152997233 tempest-ServerBootFromVolumeStableRescueTest-1152997233-project-member] REQ: curl -i https://10.4.3.252:8080/v1/AUTH_92e94624fe38498da4dacd86730f3e08/glance -I -H "X-Auth-Token: gAAAAABqZz-dyLw2..." {{(pid=99948) http_log /opt/stack/data/venv/lib/python3.12/site-packages/swiftclient/client.py:160}}
Jul 27 11:23:09.248224 np0000005897 devstack@g-api.service[99948]: DEBUG swiftclient [None req-7fe366ee-6b7c-40b8-b04a-9e1da6fb4bb8 tempest-ServerBootFromVolumeStableRescueTest-1152997233 tempest-ServerBootFromVolumeStableRescueTest-1152997233-project-member] RESP STATUS: 204 No Content {{(pid=99948) http_log /opt/stack/data/venv/lib/python3.12/site-packages/swiftclient/client.py:161}}
Jul 27 11:23:09.248945 np0000005897 devstack@g-api.service[99948]: DEBUG swiftclient [None req-7fe366ee-6b7c-40b8-b04a-9e1da6fb4bb8 tempest-ServerBootFromVolumeStableRescueTest-1152997233 tempest-ServerBootFromVolumeStableRescueTest-1152997233-project-member] RESP HEADERS: {'Date': 'Mon, 27 Jul 2026 11:23:09 GMT', 'Server': 'Apache/2.4.58 (Ubuntu)', 'Content-Type': 'text/plain; charset=utf-8', 'X-Container-Object-Count': '7', 'X-Container-Bytes-Used': '141492224', 'X-Timestamp': '1785151064.36294', 'Last-Modified': 'Mon, 27 Jul 2026 11:17:45 GMT', 'Accept-Ranges': 'bytes', 'X-Storage-Policy': 'Policy-0', 'X-Container-Sharding': 'False', 'Vary': 'Accept', 'X-Trans-Id': 'txb611d5be0fed493287855-006a673f9d', 'X-Openstack-Request-Id': 'txb611d5be0fed493287855-006a673f9d', 'Connection': 'close'} {{(pid=99948) http_log /opt/stack/data/venv/lib/python3.12/site-packages/swiftclient/client.py:162}}
Jul 27 11:23:09.249663 np0000005897 devstack@g-api.service[99948]: DEBUG glance_store._drivers.swift.store [None req-7fe366ee-6b7c-40b8-b04a-9e1da6fb4bb8 tempest-ServerBootFromVolumeStableRescueTest-1152997233 tempest-ServerBootFromVolumeStableRescueTest-1152997233-project-member] Adding image object '97a32480-47a8-4635-88dd-557aa9bb864e' to Swift {{(pid=99948) add /opt/stack/data/venv/lib/python3.12/site-packages/glance_store/_drivers/swift/store.py:970}}
Jul 27 11:23:09.249959 np0000005897 devstack@g-api.service[99948]: DEBUG glance_store._drivers.swift.store [None req-7fe366ee-6b7c-40b8-b04a-9e1da6fb4bb8 tempest-ServerBootFromVolumeStableRescueTest-1152997233 tempest-ServerBootFromVolumeStableRescueTest-1152997233-project-member] Cannot determine image size because it is either not provided in the request or chunked-transfer encoding is used. Adding image as a segmented object to Swift. {{(pid=99948) add /opt/stack/data/venv/lib/python3.12/site-packages/glance_store/_drivers/swift/store.py:994}}
Jul 27 11:23:09.259236 np0000005897 devstack@g-api.service[99948]: DEBUG oslo_utils.imageutils.format_inspector [None req-7fe366ee-6b7c-40b8-b04a-9e1da6fb4bb8 tempest-ServerBootFromVolumeStableRescueTest-1152997233 tempest-ServerBootFromVolumeStableRescueTest-1152997233-project-member] Format inspector for vmdk does not match, excluding from consideration (Signature KDMV not found: b'QFI\xfb') {{(pid=99948) _process_chunk /opt/stack/data/venv/lib/python3.12/site-packages/oslo_utils/imageutils/format_inspector.py:1758}}
Jul 27 11:23:09.261343 np0000005897 devstack@g-api.service[99948]: DEBUG oslo_utils.imageutils.format_inspector [None req-7fe366ee-6b7c-40b8-b04a-9e1da6fb4bb8 tempest-ServerBootFromVolumeStableRescueTest-1152997233 tempest-ServerBootFromVolumeStableRescueTest-1152997233-project-member] Format inspector for vhdx does not match, excluding from consideration (Region signature not found at 30000) {{(pid=99948) _process_chunk /opt/stack/data/venv/lib/python3.12/site-packages/oslo_utils/imageutils/format_inspector.py:1758}}
Jul 27 11:23:09.276731 np0000005897 devstack@g-api.service[99950]: DEBUG glance.api.middleware.version_negotiation [None req-942369cf-05fb-4904-9a2a-a35dd67fa78b tempest-VolumesGetTest-1991772009 tempest-VolumesGetTest-1991772009-project-member] Determining version of request: GET /v2/images/5b267857-f4e3-4879-b70d-8ac1cde7e2ae Accept: */* {{(pid=99950) process_request /opt/stack/glance/glance/api/middleware/version_negotiation.py:44}}
Jul 27 11:23:09.276731 np0000005897 devstack@g-api.service[99950]: DEBUG glance.api.middleware.version_negotiation [None req-942369cf-05fb-4904-9a2a-a35dd67fa78b tempest-VolumesGetTest-1991772009 tempest-VolumesGetTest-1991772009-project-member] Using url versioning {{(pid=99950) process_request /opt/stack/glance/glance/api/middleware/version_negotiation.py:57}}
Jul 27 11:23:09.276731 np0000005897 devstack@g-api.service[99950]: DEBUG glance.api.middleware.version_negotiation [None req-942369cf-05fb-4904-9a2a-a35dd67fa78b tempest-VolumesGetTest-1991772009 tempest-VolumesGetTest-1991772009-project-member] Matched version: v2 {{(pid=99950) process_request /opt/stack/glance/glance/api/middleware/version_negotiation.py:69}}
Jul 27 11:23:09.276731 np0000005897 devstack@g-api.service[99950]: DEBUG glance.api.middleware.version_negotiation [None req-942369cf-05fb-4904-9a2a-a35dd67fa78b tempest-VolumesGetTest-1991772009 tempest-VolumesGetTest-1991772009-project-member] new path /v2/images/5b267857-f4e3-4879-b70d-8ac1cde7e2ae {{(pid=99950) process_request /opt/stack/glance/glance/api/middleware/version_negotiation.py:70}}
Jul 27 11:23:09.283896 np0000005897 devstack@g-api.service[99950]: [pid: 99950|app: 0|req: 120/309] 127.0.0.1 () {44 vars in 1115 bytes} [Mon Jul 27 11:23:09 2026] GET /v2/images/5b267857-f4e3-4879-b70d-8ac1cde7e2ae => generated 1044 bytes in 10 msecs (HTTP/1.1 200) 4 headers in 158 bytes (1 switches on core 0)
Jul 27 11:23:09.297495 np0000005897 devstack@g-api.service[99949]: DEBUG glance.api.middleware.version_negotiation [None req-942369cf-05fb-4904-9a2a-a35dd67fa78b tempest-VolumesGetTest-1991772009 tempest-VolumesGetTest-1991772009-project-member] Determining version of request: GET /v2/schemas/image Accept: */* {{(pid=99949) process_request /opt/stack/glance/glance/api/middleware/version_negotiation.py:44}}
Jul 27 11:23:09.297732 np0000005897 devstack@g-api.service[99949]: DEBUG glance.api.middleware.version_negotiation [None req-942369cf-05fb-4904-9a2a-a35dd67fa78b tempest-VolumesGetTest-1991772009 tempest-VolumesGetTest-1991772009-project-member] Using url versioning {{(pid=99949) process_request /opt/stack/glance/glance/api/middleware/version_negotiation.py:57}}
Jul 27 11:23:09.300356 np0000005897 devstack@g-api.service[99949]: DEBUG glance.api.middleware.version_negotiation [None req-942369cf-05fb-4904-9a2a-a35dd67fa78b tempest-VolumesGetTest-1991772009 tempest-VolumesGetTest-1991772009-project-member] Matched version: v2 {{(pid=99949) process_request /opt/stack/glance/glance/api/middleware/version_negotiation.py:69}}
Jul 27 11:23:09.300356 np0000005897 devstack@g-api.service[99949]: DEBUG glance.api.middleware.version_negotiation [None req-942369cf-05fb-4904-9a2a-a35dd67fa78b tempest-VolumesGetTest-1991772009 tempest-VolumesGetTest-1991772009-project-member] new path /v2/schemas/image {{(pid=99949) process_request /opt/stack/glance/glance/api/middleware/version_negotiation.py:70}}
Jul 27 11:23:09.303129 np0000005897 devstack@g-api.service[99949]: [pid: 99949|app: 0|req: 112/310] 127.0.0.1 () {44 vars in 1055 bytes} [Mon Jul 27 11:23:09 2026] GET /v2/schemas/image => generated 6083 bytes in 6 msecs (HTTP/1.1 200) 4 headers in 158 bytes (1 switches on core 0)
Jul 27 11:23:09.509615 np0000005897 devstack@g-api.service[99948]: DEBUG swiftclient [None req-7fe366ee-6b7c-40b8-b04a-9e1da6fb4bb8 tempest-ServerBootFromVolumeStableRescueTest-1152997233 tempest-ServerBootFromVolumeStableRescueTest-1152997233-project-member] REQ: curl -i https://10.4.3.252:8080/v1/AUTH_92e94624fe38498da4dacd86730f3e08/glance/97a32480-47a8-4635-88dd-557aa9bb864e-00001 -X PUT -H "X-Auth-Token: gAAAAABqZz-dyLw2..." {{(pid=99948) http_log /opt/stack/data/venv/lib/python3.12/site-packages/swiftclient/client.py:160}}
Jul 27 11:23:09.509986 np0000005897 devstack@g-api.service[99948]: DEBUG swiftclient [None req-7fe366ee-6b7c-40b8-b04a-9e1da6fb4bb8 tempest-ServerBootFromVolumeStableRescueTest-1152997233 tempest-ServerBootFromVolumeStableRescueTest-1152997233-project-member] RESP STATUS: 201 Created {{(pid=99948) http_log /opt/stack/data/venv/lib/python3.12/site-packages/swiftclient/client.py:161}}
Jul 27 11:23:09.509986 np0000005897 devstack@g-api.service[99948]: DEBUG swiftclient [None req-7fe366ee-6b7c-40b8-b04a-9e1da6fb4bb8 tempest-ServerBootFromVolumeStableRescueTest-1152997233 tempest-ServerBootFromVolumeStableRescueTest-1152997233-project-member] RESP HEADERS: {'Date': 'Mon, 27 Jul 2026 11:23:09 GMT', 'Server': 'Apache/2.4.58 (Ubuntu)', 'Content-Type': 'text/html; charset=UTF-8', 'Content-Length': '0', 'Etag': '4fa343ee581d8d2e78533191fd1ac3e1', 'Last-Modified': 'Mon, 27 Jul 2026 11:23:10 GMT', 'X-Trans-Id': 'txc017c8eeef934b69b0737-006a673f9d', 'X-Openstack-Request-Id': 'txc017c8eeef934b69b0737-006a673f9d', 'Connection': 'close'} {{(pid=99948) http_log /opt/stack/data/venv/lib/python3.12/site-packages/swiftclient/client.py:162}}
Jul 27 11:23:09.509986 np0000005897 devstack@g-api.service[99948]: DEBUG glance_store._drivers.swift.store [None req-7fe366ee-6b7c-40b8-b04a-9e1da6fb4bb8 tempest-ServerBootFromVolumeStableRescueTest-1152997233 tempest-ServerBootFromVolumeStableRescueTest-1152997233-project-member] Wrote chunk 97a32480-47a8-4635-88dd-557aa9bb864e-00001 (1/?) of length 23527424 to Swift returning MD5 of content: 4fa343ee581d8d2e78533191fd1ac3e1 {{(pid=99948) add /opt/stack/data/venv/lib/python3.12/site-packages/glance_store/_drivers/swift/store.py:1059}}
Jul 27 11:23:09.510479 np0000005897 devstack@g-api.service[99948]: DEBUG glance_store._drivers.swift.store [None req-7fe366ee-6b7c-40b8-b04a-9e1da6fb4bb8 tempest-ServerBootFromVolumeStableRescueTest-1152997233 tempest-ServerBootFromVolumeStableRescueTest-1152997233-project-member] Not writing zero-length chunk. {{(pid=99948) add /opt/stack/data/venv/lib/python3.12/site-packages/glance_store/_drivers/swift/store.py:1028}}
Jul 27 11:23:09.549749 np0000005897 devstack@g-api.service[99948]: DEBUG swiftclient [None req-7fe366ee-6b7c-40b8-b04a-9e1da6fb4bb8 tempest-ServerBootFromVolumeStableRescueTest-1152997233 tempest-ServerBootFromVolumeStableRescueTest-1152997233-project-member] REQ: curl -i https://10.4.3.252:8080/v1/AUTH_92e94624fe38498da4dacd86730f3e08/glance/97a32480-47a8-4635-88dd-557aa9bb864e -X PUT -H "X-Object-Manifest: glance/97a32480-47a8-4635-88dd-557aa9bb864e-" -H "X-Auth-Token: gAAAAABqZz-dyLw2..." -H "Content-Length: 0" {{(pid=99948) http_log /opt/stack/data/venv/lib/python3.12/site-packages/swiftclient/client.py:160}}
