Jul 27 11:17:15.850831 np0000005897 nova-scheduler[93739]: DEBUG cotyledon.oslo_config_glue [-] oslo_messaging_rabbit.rabbit_quorum_max_memory_bytes = 0 {{(pid=93739) log_opt_values /opt/stack/data/venv/lib/python3.12/site-packages/oslo_config/cfg.py:3253}}
Jul 27 11:17:15.850831 np0000005897 nova-scheduler[93739]: DEBUG cotyledon.oslo_config_glue [-] oslo_messaging_rabbit.rabbit_quorum_max_memory_length = 0 {{(pid=93739) log_opt_values /opt/stack/data/venv/lib/python3.12/site-packages/oslo_config/cfg.py:3253}}
Jul 27 11:17:15.850831 np0000005897 nova-scheduler[93739]: DEBUG cotyledon.oslo_config_glue [-] oslo_messaging_rabbit.rabbit_quorum_queue = False {{(pid=93739) log_opt_values /opt/stack/data/venv/lib/python3.12/site-packages/oslo_config/cfg.py:3253}}
Jul 27 11:17:15.851069 np0000005897 nova-scheduler[93739]: DEBUG cotyledon.oslo_config_glue [-] oslo_messaging_rabbit.rabbit_retry_backoff = 2 {{(pid=93739) log_opt_values /opt/stack/data/venv/lib/python3.12/site-packages/oslo_config/cfg.py:3253}}
Jul 27 11:17:15.851069 np0000005897 nova-scheduler[93739]: DEBUG cotyledon.oslo_config_glue [-] oslo_messaging_rabbit.rabbit_retry_interval = 1 {{(pid=93739) log_opt_values /opt/stack/data/venv/lib/python3.12/site-packages/oslo_config/cfg.py:3253}}
Jul 27 11:17:15.851069 np0000005897 nova-scheduler[93739]: DEBUG cotyledon.oslo_config_glue [-] oslo_messaging_rabbit.rabbit_stream_fanout = False {{(pid=93739) log_opt_values /opt/stack/data/venv/lib/python3.12/site-packages/oslo_config/cfg.py:3253}}
Jul 27 11:17:15.851069 np0000005897 nova-scheduler[93739]: DEBUG cotyledon.oslo_config_glue [-] oslo_messaging_rabbit.rabbit_transient_queues_ttl = 1800 {{(pid=93739) log_opt_values /opt/stack/data/venv/lib/python3.12/site-packages/oslo_config/cfg.py:3253}}
Jul 27 11:17:15.851069 np0000005897 nova-scheduler[93739]: DEBUG cotyledon.oslo_config_glue [-] oslo_messaging_rabbit.rabbit_transient_quorum_queue = False {{(pid=93739) log_opt_values /opt/stack/data/venv/lib/python3.12/site-packages/oslo_config/cfg.py:3253}}
Jul 27 11:17:15.851069 np0000005897 nova-scheduler[93739]: DEBUG cotyledon.oslo_config_glue [-] oslo_messaging_rabbit.rpc_conn_pool_size = 30 {{(pid=93739) log_opt_values /opt/stack/data/venv/lib/python3.12/site-packages/oslo_config/cfg.py:3253}}
Jul 27 11:17:15.851069 np0000005897 nova-scheduler[93739]: DEBUG cotyledon.oslo_config_glue [-] oslo_messaging_rabbit.ssl = False {{(pid=93739) log_opt_values /opt/stack/data/venv/lib/python3.12/site-packages/oslo_config/cfg.py:3253}}
Jul 27 11:17:15.851069 np0000005897 nova-scheduler[93739]: DEBUG cotyledon.oslo_config_glue [-] oslo_messaging_rabbit.ssl_ca_file = {{(pid=93739) log_opt_values /opt/stack/data/venv/lib/python3.12/site-packages/oslo_config/cfg.py:3253}}
Jul 27 11:17:15.851069 np0000005897 nova-scheduler[93739]: DEBUG cotyledon.oslo_config_glue [-] oslo_messaging_rabbit.ssl_cert_file = {{(pid=93739) log_opt_values /opt/stack/data/venv/lib/python3.12/site-packages/oslo_config/cfg.py:3253}}
Jul 27 11:17:15.851301 np0000005897 nova-scheduler[93739]: DEBUG cotyledon.oslo_config_glue [-] oslo_messaging_rabbit.ssl_enforce_fips_mode = False {{(pid=93739) log_opt_values /opt/stack/data/venv/lib/python3.12/site-packages/oslo_config/cfg.py:3253}}
Jul 27 11:17:15.851301 np0000005897 nova-scheduler[93739]: DEBUG cotyledon.oslo_config_glue [-] oslo_messaging_rabbit.ssl_enforce_hostname_verification = True {{(pid=93739) log_opt_values /opt/stack/data/venv/lib/python3.12/site-packages/oslo_config/cfg.py:3253}}
Jul 27 11:17:15.851301 np0000005897 nova-scheduler[93739]: DEBUG cotyledon.oslo_config_glue [-] oslo_messaging_rabbit.ssl_key_file = {{(pid=93739) log_opt_values /opt/stack/data/venv/lib/python3.12/site-packages/oslo_config/cfg.py:3253}}
Jul 27 11:17:15.851301 np0000005897 nova-scheduler[93739]: DEBUG cotyledon.oslo_config_glue [-] oslo_messaging_rabbit.ssl_version = {{(pid=93739) log_opt_values /opt/stack/data/venv/lib/python3.12/site-packages/oslo_config/cfg.py:3253}}
Jul 27 11:17:15.851301 np0000005897 nova-scheduler[93739]: DEBUG cotyledon.oslo_config_glue [-] oslo_messaging_rabbit.use_queue_manager = False {{(pid=93739) log_opt_values /opt/stack/data/venv/lib/python3.12/site-packages/oslo_config/cfg.py:3253}}
Jul 27 11:17:15.851301 np0000005897 nova-scheduler[93739]: DEBUG cotyledon.oslo_config_glue [-] oslo_messaging_notifications.driver = ['messagingv2'] {{(pid=93739) log_opt_values /opt/stack/data/venv/lib/python3.12/site-packages/oslo_config/cfg.py:3253}}
Jul 27 11:17:15.851301 np0000005897 nova-scheduler[93739]: DEBUG cotyledon.oslo_config_glue [-] oslo_messaging_notifications.retry = -1 {{(pid=93739) log_opt_values /opt/stack/data/venv/lib/python3.12/site-packages/oslo_config/cfg.py:3253}}
Jul 27 11:17:15.851301 np0000005897 nova-scheduler[93739]: DEBUG cotyledon.oslo_config_glue [-] oslo_messaging_notifications.topics = ['notifications'] {{(pid=93739) log_opt_values /opt/stack/data/venv/lib/python3.12/site-packages/oslo_config/cfg.py:3253}}
Jul 27 11:17:15.851301 np0000005897 nova-scheduler[93739]: DEBUG cotyledon.oslo_config_glue [-] oslo_messaging_notifications.transport_url = **** {{(pid=93739) log_opt_values /opt/stack/data/venv/lib/python3.12/site-packages/oslo_config/cfg.py:3253}}
Jul 27 11:17:15.851494 np0000005897 nova-scheduler[93739]: DEBUG cotyledon.oslo_config_glue [-] oslo_limit.auth_section = None {{(pid=93739) log_opt_values /opt/stack/data/venv/lib/python3.12/site-packages/oslo_config/cfg.py:3253}}
Jul 27 11:17:15.851494 np0000005897 nova-scheduler[93739]: DEBUG cotyledon.oslo_config_glue [-] oslo_limit.auth_type = None {{(pid=93739) log_opt_values /opt/stack/data/venv/lib/python3.12/site-packages/oslo_config/cfg.py:3253}}
Jul 27 11:17:15.851494 np0000005897 nova-scheduler[93739]: DEBUG cotyledon.oslo_config_glue [-] oslo_limit.cafile = None {{(pid=93739) log_opt_values /opt/stack/data/venv/lib/python3.12/site-packages/oslo_config/cfg.py:3253}}
Jul 27 11:17:15.851494 np0000005897 nova-scheduler[93739]: DEBUG cotyledon.oslo_config_glue [-] oslo_limit.certfile = None {{(pid=93739) log_opt_values /opt/stack/data/venv/lib/python3.12/site-packages/oslo_config/cfg.py:3253}}
Jul 27 11:17:15.851494 np0000005897 nova-scheduler[93739]: DEBUG cotyledon.oslo_config_glue [-] oslo_limit.collect_timing = False {{(pid=93739) log_opt_values /opt/stack/data/venv/lib/python3.12/site-packages/oslo_config/cfg.py:3253}}
Jul 27 11:17:15.851494 np0000005897 nova-scheduler[93739]: DEBUG cotyledon.oslo_config_glue [-] oslo_limit.connect_retries = None {{(pid=93739) log_opt_values /opt/stack/data/venv/lib/python3.12/site-packages/oslo_config/cfg.py:3253}}
Jul 27 11:17:15.851494 np0000005897 nova-scheduler[93739]: DEBUG cotyledon.oslo_config_glue [-] oslo_limit.connect_retry_delay = None {{(pid=93739) log_opt_values /opt/stack/data/venv/lib/python3.12/site-packages/oslo_config/cfg.py:3253}}
Jul 27 11:17:15.851494 np0000005897 nova-scheduler[93739]: DEBUG cotyledon.oslo_config_glue [-] oslo_limit.endpoint_id = None {{(pid=93739) log_opt_values /opt/stack/data/venv/lib/python3.12/site-packages/oslo_config/cfg.py:3253}}
Jul 27 11:17:15.851494 np0000005897 nova-scheduler[93739]: DEBUG cotyledon.oslo_config_glue [-] oslo_limit.endpoint_interface = public {{(pid=93739) log_opt_values /opt/stack/data/venv/lib/python3.12/site-packages/oslo_config/cfg.py:3253}}
Jul 27 11:17:15.851702 np0000005897 nova-scheduler[93739]: DEBUG cotyledon.oslo_config_glue [-] oslo_limit.endpoint_override = None {{(pid=93739) log_opt_values /opt/stack/data/venv/lib/python3.12/site-packages/oslo_config/cfg.py:3253}}
Jul 27 11:17:15.851702 np0000005897 nova-scheduler[93739]: DEBUG cotyledon.oslo_config_glue [-] oslo_limit.endpoint_region_name = None {{(pid=93739) log_opt_values /opt/stack/data/venv/lib/python3.12/site-packages/oslo_config/cfg.py:3253}}
Jul 27 11:17:15.851702 np0000005897 nova-scheduler[93739]: DEBUG cotyledon.oslo_config_glue [-] oslo_limit.endpoint_service_name = None {{(pid=93739) log_opt_values /opt/stack/data/venv/lib/python3.12/site-packages/oslo_config/cfg.py:3253}}
Jul 27 11:17:15.851702 np0000005897 nova-scheduler[93739]: DEBUG cotyledon.oslo_config_glue [-] oslo_limit.endpoint_service_type = None {{(pid=93739) log_opt_values /opt/stack/data/venv/lib/python3.12/site-packages/oslo_config/cfg.py:3253}}
Jul 27 11:17:15.851702 np0000005897 nova-scheduler[93739]: DEBUG cotyledon.oslo_config_glue [-] oslo_limit.insecure = False {{(pid=93739) log_opt_values /opt/stack/data/venv/lib/python3.12/site-packages/oslo_config/cfg.py:3253}}
Jul 27 11:17:15.851702 np0000005897 nova-scheduler[93739]: DEBUG cotyledon.oslo_config_glue [-] oslo_limit.keyfile = None {{(pid=93739) log_opt_values /opt/stack/data/venv/lib/python3.12/site-packages/oslo_config/cfg.py:3253}}
Jul 27 11:17:15.851702 np0000005897 nova-scheduler[93739]: DEBUG cotyledon.oslo_config_glue [-] oslo_limit.max_version = None {{(pid=93739) log_opt_values /opt/stack/data/venv/lib/python3.12/site-packages/oslo_config/cfg.py:3253}}
Jul 27 11:17:15.851702 np0000005897 nova-scheduler[93739]: DEBUG cotyledon.oslo_config_glue [-] oslo_limit.min_version = None {{(pid=93739) log_opt_values /opt/stack/data/venv/lib/python3.12/site-packages/oslo_config/cfg.py:3253}}
Jul 27 11:17:15.851702 np0000005897 nova-scheduler[93739]: DEBUG cotyledon.oslo_config_glue [-] oslo_limit.region_name = None {{(pid=93739) log_opt_values /opt/stack/data/venv/lib/python3.12/site-packages/oslo_config/cfg.py:3253}}
Jul 27 11:17:15.851899 np0000005897 nova-scheduler[93739]: DEBUG cotyledon.oslo_config_glue [-] oslo_limit.retriable_status_codes = None {{(pid=93739) log_opt_values /opt/stack/data/venv/lib/python3.12/site-packages/oslo_config/cfg.py:3253}}
Jul 27 11:17:15.851899 np0000005897 nova-scheduler[93739]: DEBUG cotyledon.oslo_config_glue [-] oslo_limit.service_name = None {{(pid=93739) log_opt_values /opt/stack/data/venv/lib/python3.12/site-packages/oslo_config/cfg.py:3253}}
Jul 27 11:17:15.851899 np0000005897 nova-scheduler[93739]: DEBUG cotyledon.oslo_config_glue [-] oslo_limit.service_type = None {{(pid=93739) log_opt_values /opt/stack/data/venv/lib/python3.12/site-packages/oslo_config/cfg.py:3253}}
Jul 27 11:17:15.851899 np0000005897 nova-scheduler[93739]: DEBUG cotyledon.oslo_config_glue [-] oslo_limit.split_loggers = False {{(pid=93739) log_opt_values /opt/stack/data/venv/lib/python3.12/site-packages/oslo_config/cfg.py:3253}}
Jul 27 11:17:15.851899 np0000005897 nova-scheduler[93739]: DEBUG cotyledon.oslo_config_glue [-] oslo_limit.status_code_retries = None {{(pid=93739) log_opt_values /opt/stack/data/venv/lib/python3.12/site-packages/oslo_config/cfg.py:3253}}
Jul 27 11:17:15.851899 np0000005897 nova-scheduler[93739]: DEBUG cotyledon.oslo_config_glue [-] oslo_limit.status_code_retry_delay = None {{(pid=93739) log_opt_values /opt/stack/data/venv/lib/python3.12/site-packages/oslo_config/cfg.py:3253}}
Jul 27 11:17:15.851899 np0000005897 nova-scheduler[93739]: DEBUG cotyledon.oslo_config_glue [-] oslo_limit.timeout = None {{(pid=93739) log_opt_values /opt/stack/data/venv/lib/python3.12/site-packages/oslo_config/cfg.py:3253}}
Jul 27 11:17:15.851899 np0000005897 nova-scheduler[93739]: DEBUG cotyledon.oslo_config_glue [-] oslo_limit.valid_interfaces = None {{(pid=93739) log_opt_values /opt/stack/data/venv/lib/python3.12/site-packages/oslo_config/cfg.py:3253}}
Jul 27 11:17:15.851899 np0000005897 nova-scheduler[93739]: DEBUG cotyledon.oslo_config_glue [-] oslo_limit.version = None {{(pid=93739) log_opt_values /opt/stack/data/venv/lib/python3.12/site-packages/oslo_config/cfg.py:3253}}
Jul 27 11:17:15.852099 np0000005897 nova-scheduler[93739]: DEBUG cotyledon.oslo_config_glue [-] oslo_reports.file_event_handler = None {{(pid=93739) log_opt_values /opt/stack/data/venv/lib/python3.12/site-packages/oslo_config/cfg.py:3253}}
Jul 27 11:17:15.852099 np0000005897 nova-scheduler[93739]: DEBUG cotyledon.oslo_config_glue [-] oslo_reports.file_event_handler_interval = 1 {{(pid=93739) log_opt_values /opt/stack/data/venv/lib/python3.12/site-packages/oslo_config/cfg.py:3253}}
Jul 27 11:17:15.852099 np0000005897 nova-scheduler[93739]: DEBUG cotyledon.oslo_config_glue [-] oslo_reports.log_dir = None {{(pid=93739) log_opt_values /opt/stack/data/venv/lib/python3.12/site-packages/oslo_config/cfg.py:3253}}
Jul 27 11:17:15.852099 np0000005897 nova-scheduler[93739]: DEBUG cotyledon.oslo_config_glue [-] ******************************************************************************** {{(pid=93739) log_opt_values /opt/stack/data/venv/lib/python3.12/site-packages/oslo_config/cfg.py:3260}}
Jul 27 11:17:15.852099 np0000005897 nova-scheduler[93739]: DEBUG cotyledon._service_worker [-] Run service ServiceWrapper(2) [93739] {{(pid=93739) wait_forever /opt/stack/data/venv/lib/python3.12/site-packages/cotyledon/_service_worker.py:218}}
Jul 27 11:17:15.852099 np0000005897 nova-scheduler[93739]: INFO nova.service [-] Starting scheduler node (version 33.1.0)
Jul 27 11:17:15.852099 np0000005897 nova-scheduler[93739]: INFO dbcounter [None req-d2793762-928d-4e93-a232-ff4a77363d6e None None] Registered counter for database nova_cell0
Jul 27 11:17:15.863828 np0000005897 nova-scheduler[93735]: DEBUG oslo_db.sqlalchemy.engines [None req-6c1ceba1-8a0d-46a3-94cd-06318afddea9 None None] MySQL server mode set to STRICT_TRANS_TABLES,STRICT_ALL_TABLES,NO_ZERO_IN_DATE,NO_ZERO_DATE,ERROR_FOR_DIVISION_BY_ZERO,TRADITIONAL,NO_ENGINE_SUBSTITUTION {{(pid=93735) _check_effective_sql_mode /opt/stack/data/venv/lib/python3.12/site-packages/oslo_db/sqlalchemy/engines.py:325}}
Jul 27 11:17:15.867146 np0000005897 nova-scheduler[93737]: DEBUG oslo_db.sqlalchemy.engines [None req-de4c9382-2f1d-4bbc-b40c-2a5ad15b7c12 None None] MySQL server mode set to STRICT_TRANS_TABLES,STRICT_ALL_TABLES,NO_ZERO_IN_DATE,NO_ZERO_DATE,ERROR_FOR_DIVISION_BY_ZERO,TRADITIONAL,NO_ENGINE_SUBSTITUTION {{(pid=93737) _check_effective_sql_mode /opt/stack/data/venv/lib/python3.12/site-packages/oslo_db/sqlalchemy/engines.py:325}}
Jul 27 11:17:15.875021 np0000005897 nova-scheduler[93735]: DEBUG dbcounter [-] [93735] Writer thread running {{(pid=93735) stat_writer /opt/stack/data/venv/lib/python3.12/site-packages/dbcounter.py:102}}
Jul 27 11:17:15.879883 np0000005897 nova-scheduler[93737]: DEBUG dbcounter [-] [93737] Writer thread running {{(pid=93737) stat_writer /opt/stack/data/venv/lib/python3.12/site-packages/dbcounter.py:102}}
Jul 27 11:17:15.895446 np0000005897 nova-scheduler[93735]: DEBUG nova.service [None req-6c1ceba1-8a0d-46a3-94cd-06318afddea9 None None] Creating RPC server for service: nova-scheduler on topic: scheduler {{(pid=93735) start /opt/stack/nova/nova/service.py:196}}
Jul 27 11:17:15.897788 np0000005897 nova-scheduler[93739]: DEBUG oslo_db.sqlalchemy.engines [None req-d2793762-928d-4e93-a232-ff4a77363d6e None None] MySQL server mode set to STRICT_TRANS_TABLES,STRICT_ALL_TABLES,NO_ZERO_IN_DATE,NO_ZERO_DATE,ERROR_FOR_DIVISION_BY_ZERO,TRADITIONAL,NO_ENGINE_SUBSTITUTION {{(pid=93739) _check_effective_sql_mode /opt/stack/data/venv/lib/python3.12/site-packages/oslo_db/sqlalchemy/engines.py:325}}
Jul 27 11:17:15.907573 np0000005897 nova-scheduler[93737]: DEBUG nova.service [None req-de4c9382-2f1d-4bbc-b40c-2a5ad15b7c12 None None] Creating RPC server for service: nova-scheduler on topic: scheduler {{(pid=93737) start /opt/stack/nova/nova/service.py:196}}
Jul 27 11:17:15.908680 np0000005897 nova-scheduler[93739]: DEBUG dbcounter [-] [93739] Writer thread running {{(pid=93739) stat_writer /opt/stack/data/venv/lib/python3.12/site-packages/dbcounter.py:102}}
Jul 27 11:17:15.912542 np0000005897 nova-scheduler[93739]: DEBUG nova.service [None req-d2793762-928d-4e93-a232-ff4a77363d6e None None] Creating RPC server for service: nova-scheduler on topic: scheduler {{(pid=93739) start /opt/stack/nova/nova/service.py:196}}
Jul 27 11:17:15.917859 np0000005897 nova-scheduler[93735]: DEBUG nova.service [None req-6c1ceba1-8a0d-46a3-94cd-06318afddea9 None None] Join ServiceGroup membership for this service scheduler {{(pid=93735) start /opt/stack/nova/nova/service.py:222}}
Jul 27 11:17:15.918097 np0000005897 nova-scheduler[93735]: DEBUG nova.servicegroup.drivers.db [None req-6c1ceba1-8a0d-46a3-94cd-06318afddea9 None None] DB_Driver: join new ServiceGroup member np0000005897 to the scheduler group, service = {{(pid=93735) join /opt/stack/nova/nova/servicegroup/drivers/db.py:44}}
Jul 27 11:17:15.928046 np0000005897 nova-scheduler[93737]: DEBUG nova.service [None req-de4c9382-2f1d-4bbc-b40c-2a5ad15b7c12 None None] Join ServiceGroup membership for this service scheduler {{(pid=93737) start /opt/stack/nova/nova/service.py:222}}
Jul 27 11:17:15.928314 np0000005897 nova-scheduler[93739]: DEBUG nova.service [None req-d2793762-928d-4e93-a232-ff4a77363d6e None None] Join ServiceGroup membership for this service scheduler {{(pid=93739) start /opt/stack/nova/nova/service.py:222}}
Jul 27 11:17:15.928365 np0000005897 nova-scheduler[93737]: DEBUG nova.servicegroup.drivers.db [None req-de4c9382-2f1d-4bbc-b40c-2a5ad15b7c12 None None] DB_Driver: join new ServiceGroup member np0000005897 to the scheduler group, service = {{(pid=93737) join /opt/stack/nova/nova/servicegroup/drivers/db.py:44}}
Jul 27 11:17:15.928499 np0000005897 nova-scheduler[93739]: DEBUG nova.servicegroup.drivers.db [None req-d2793762-928d-4e93-a232-ff4a77363d6e None None] DB_Driver: join new ServiceGroup member np0000005897 to the scheduler group, service = {{(pid=93739) join /opt/stack/nova/nova/servicegroup/drivers/db.py:44}}
Jul 27 11:17:16.920412 np0000005897 nova-scheduler[93735]: DEBUG oslo.service.backend._threading.loopingcall [None req-b9488aa0-72c4-48f6-b580-30147e32b2b0 None None] Dynamic interval looping call 'nova.service.Service.periodic_tasks' sleeping for 60.00 seconds {{(pid=93735) _run_loop /opt/stack/data/venv/lib/python3.12/site-packages/oslo_service/backend/_threading/loopingcall.py:125}}
Jul 27 11:17:20.937176 np0000005897 nova-scheduler[93735]: DEBUG oslo.service.backend._threading.loopingcall [-] Fixed interval looping call 'nova.servicegroup.drivers.db.DbDriver._report_state' sleeping for 119.98 seconds {{(pid=93735) _run_loop /opt/stack/data/venv/lib/python3.12/site-packages/oslo_service/backend/_threading/loopingcall.py:125}}
Jul 27 11:17:20.939387 np0000005897 nova-scheduler[93737]: DEBUG oslo.service.backend._threading.loopingcall [-] Fixed interval looping call 'nova.servicegroup.drivers.db.DbDriver._report_state' sleeping for 119.99 seconds {{(pid=93737) _run_loop /opt/stack/data/venv/lib/python3.12/site-packages/oslo_service/backend/_threading/loopingcall.py:125}}
Jul 27 11:17:20.939647 np0000005897 nova-scheduler[93739]: DEBUG oslo.service.backend._threading.loopingcall [-] Fixed interval looping call 'nova.servicegroup.drivers.db.DbDriver._report_state' sleeping for 119.99 seconds {{(pid=93739) _run_loop /opt/stack/data/venv/lib/python3.12/site-packages/oslo_service/backend/_threading/loopingcall.py:125}}
Jul 27 11:17:24.454212 np0000005897 nova-scheduler[92460]: DEBUG dbcounter [-] [92460] Writing DB stats nova_api:SELECT=3 {{(pid=92460) stat_writer /opt/stack/data/venv/lib/python3.12/site-packages/dbcounter.py:115}}
Jul 27 11:17:24.597256 np0000005897 nova-scheduler[92460]: DEBUG dbcounter [-] [92460] Writing DB stats nova_cell1:SELECT=1 {{(pid=92460) stat_writer /opt/stack/data/venv/lib/python3.12/site-packages/dbcounter.py:115}}
Jul 27 11:17:24.601657 np0000005897 nova-scheduler[92460]: DEBUG dbcounter [-] [92460] Writing DB stats nova_cell0:SELECT=1 {{(pid=92460) stat_writer /opt/stack/data/venv/lib/python3.12/site-packages/dbcounter.py:115}}
Jul 27 11:17:30.928624 np0000005897 nova-scheduler[93735]: DEBUG dbcounter [-] [93735] Writing DB stats nova_cell0:SELECT=4,nova_cell0:INSERT=1,nova_cell0:UPDATE=1 {{(pid=93735) stat_writer /opt/stack/data/venv/lib/python3.12/site-packages/dbcounter.py:115}}
Jul 27 11:17:30.937363 np0000005897 nova-scheduler[93737]: DEBUG dbcounter [-] [93737] Writing DB stats nova_cell0:SELECT=5,nova_cell0:INSERT=1,nova_cell0:UPDATE=1 {{(pid=93737) stat_writer /opt/stack/data/venv/lib/python3.12/site-packages/dbcounter.py:115}}
Jul 27 11:17:30.937688 np0000005897 nova-scheduler[93739]: DEBUG dbcounter [-] [93739] Writing DB stats nova_cell0:SELECT=3 {{(pid=93739) stat_writer /opt/stack/data/venv/lib/python3.12/site-packages/dbcounter.py:115}}
Jul 27 11:17:34.930700 np0000005897 nova-scheduler[93737]: DEBUG oslo.service.backend._threading.loopingcall [None req-549af7f7-7259-4e0c-a0b5-323719aeca62 None None] Dynamic interval looping call 'nova.service.Service.periodic_tasks' sleeping for 60.00 seconds {{(pid=93737) _run_loop /opt/stack/data/venv/lib/python3.12/site-packages/oslo_service/backend/_threading/loopingcall.py:125}}
Jul 27 11:17:51.930844 np0000005897 nova-scheduler[93739]: DEBUG oslo.service.backend._threading.loopingcall [None req-b1e62138-3d40-4561-b9ea-90378fc5657d None None] Dynamic interval looping call 'nova.service.Service.periodic_tasks' sleeping for 60.00 seconds {{(pid=93739) _run_loop /opt/stack/data/venv/lib/python3.12/site-packages/oslo_service/backend/_threading/loopingcall.py:125}}
Jul 27 11:18:16.920916 np0000005897 nova-scheduler[93735]: DEBUG oslo.service.backend._threading.loopingcall [None req-b9488aa0-72c4-48f6-b580-30147e32b2b0 None None] Dynamic interval looping call 'nova.service.Service.periodic_tasks' sleeping for 60.00 seconds {{(pid=93735) _run_loop /opt/stack/data/venv/lib/python3.12/site-packages/oslo_service/backend/_threading/loopingcall.py:125}}
Jul 27 11:18:34.931176 np0000005897 nova-scheduler[93737]: DEBUG oslo.service.backend._threading.loopingcall [None req-549af7f7-7259-4e0c-a0b5-323719aeca62 None None] Dynamic interval looping call 'nova.service.Service.periodic_tasks' sleeping for 60.00 seconds {{(pid=93737) _run_loop /opt/stack/data/venv/lib/python3.12/site-packages/oslo_service/backend/_threading/loopingcall.py:125}}
Jul 27 11:18:51.937017 np0000005897 nova-scheduler[93739]: DEBUG oslo.service.backend._threading.loopingcall [None req-b1e62138-3d40-4561-b9ea-90378fc5657d None None] Dynamic interval looping call 'nova.service.Service.periodic_tasks' sleeping for 60.00 seconds {{(pid=93739) _run_loop /opt/stack/data/venv/lib/python3.12/site-packages/oslo_service/backend/_threading/loopingcall.py:125}}
Jul 27 11:19:16.921392 np0000005897 nova-scheduler[93735]: DEBUG oslo.service.backend._threading.loopingcall [None req-b9488aa0-72c4-48f6-b580-30147e32b2b0 None None] Dynamic interval looping call 'nova.service.Service.periodic_tasks' sleeping for 60.00 seconds {{(pid=93735) _run_loop /opt/stack/data/venv/lib/python3.12/site-packages/oslo_service/backend/_threading/loopingcall.py:125}}
Jul 27 11:19:20.927659 np0000005897 nova-scheduler[93735]: DEBUG oslo.service.backend._threading.loopingcall [-] Fixed interval looping call 'nova.servicegroup.drivers.db.DbDriver._report_state' sleeping for 119.99 seconds {{(pid=93735) _run_loop /opt/stack/data/venv/lib/python3.12/site-packages/oslo_service/backend/_threading/loopingcall.py:125}}
Jul 27 11:19:20.934077 np0000005897 nova-scheduler[93739]: DEBUG oslo.service.backend._threading.loopingcall [-] Fixed interval looping call 'nova.servicegroup.drivers.db.DbDriver._report_state' sleeping for 120.00 seconds {{(pid=93739) _run_loop /opt/stack/data/venv/lib/python3.12/site-packages/oslo_service/backend/_threading/loopingcall.py:125}}
Jul 27 11:19:20.936936 np0000005897 nova-scheduler[93737]: DEBUG oslo.service.backend._threading.loopingcall [-] Fixed interval looping call 'nova.servicegroup.drivers.db.DbDriver._report_state' sleeping for 119.99 seconds {{(pid=93737) _run_loop /opt/stack/data/venv/lib/python3.12/site-packages/oslo_service/backend/_threading/loopingcall.py:125}}
Jul 27 11:19:30.920374 np0000005897 nova-scheduler[93735]: DEBUG dbcounter [-] [93735] Writing DB stats nova_cell0:SELECT=1,nova_cell0:UPDATE=1 {{(pid=93735) stat_writer /opt/stack/data/venv/lib/python3.12/site-packages/dbcounter.py:115}}
Jul 27 11:19:30.931410 np0000005897 nova-scheduler[93739]: DEBUG dbcounter [-] [93739] Writing DB stats nova_cell0:SELECT=1 {{(pid=93739) stat_writer /opt/stack/data/venv/lib/python3.12/site-packages/dbcounter.py:115}}
Jul 27 11:19:30.934779 np0000005897 nova-scheduler[93737]: DEBUG dbcounter [-] [93737] Writing DB stats nova_cell0:SELECT=1 {{(pid=93737) stat_writer /opt/stack/data/venv/lib/python3.12/site-packages/dbcounter.py:115}}
Jul 27 11:19:34.931620 np0000005897 nova-scheduler[93737]: DEBUG oslo.service.backend._threading.loopingcall [None req-549af7f7-7259-4e0c-a0b5-323719aeca62 None None] Dynamic interval looping call 'nova.service.Service.periodic_tasks' sleeping for 60.00 seconds {{(pid=93737) _run_loop /opt/stack/data/venv/lib/python3.12/site-packages/oslo_service/backend/_threading/loopingcall.py:125}}
Jul 27 11:19:43.729007 np0000005897 nova-scheduler[93735]: DEBUG nova.scheduler.manager [None req-c280b80e-9b71-454b-9c0b-c3bf8a0564ef tempest-DeleteServersTestJSON-2029953814 tempest-DeleteServersTestJSON-2029953814-project-member] Starting to schedule for instances: ['e2b0e22a-c562-4bf4-8a96-07b3ac027ec8'] {{(pid=93735) select_destinations /opt/stack/nova/nova/scheduler/manager.py:209}}
Jul 27 11:19:43.729461 np0000005897 nova-scheduler[93735]: DEBUG nova.scheduler.request_filter [None req-c280b80e-9b71-454b-9c0b-c3bf8a0564ef tempest-DeleteServersTestJSON-2029953814 tempest-DeleteServersTestJSON-2029953814-project-member] compute_status_filter request filter added forbidden trait COMPUTE_STATUS_DISABLED {{(pid=93735) compute_status_filter /opt/stack/nova/nova/scheduler/request_filter.py:253}}
Jul 27 11:19:43.729580 np0000005897 nova-scheduler[93735]: DEBUG nova.scheduler.request_filter [None req-c280b80e-9b71-454b-9c0b-c3bf8a0564ef tempest-DeleteServersTestJSON-2029953814 tempest-DeleteServersTestJSON-2029953814-project-member] Request filter 'compute_status_filter' took 0.0 seconds {{(pid=93735) wrapper /opt/stack/nova/nova/scheduler/request_filter.py:46}}
Jul 27 11:19:43.729790 np0000005897 nova-scheduler[93735]: DEBUG nova.scheduler.request_filter [None req-c280b80e-9b71-454b-9c0b-c3bf8a0564ef tempest-DeleteServersTestJSON-2029953814 tempest-DeleteServersTestJSON-2029953814-project-member] Request filter 'accelerators_filter' took 0.0 seconds {{(pid=93735) wrapper /opt/stack/nova/nova/scheduler/request_filter.py:46}}
Jul 27 11:19:43.730047 np0000005897 nova-scheduler[93735]: DEBUG nova.scheduler.request_filter [None req-c280b80e-9b71-454b-9c0b-c3bf8a0564ef tempest-DeleteServersTestJSON-2029953814 tempest-DeleteServersTestJSON-2029953814-project-member] Request filter 'packed_virtqueue_filter' took 0.0 seconds {{(pid=93735) wrapper /opt/stack/nova/nova/scheduler/request_filter.py:46}}
Jul 27 11:19:43.731729 np0000005897 nova-scheduler[93735]: DEBUG nova.scheduler.request_filter [None req-c280b80e-9b71-454b-9c0b-c3bf8a0564ef tempest-DeleteServersTestJSON-2029953814 tempest-DeleteServersTestJSON-2029953814-project-member] Request filter 'remote_managed_ports_filter' took 0.0 seconds {{(pid=93735) wrapper /opt/stack/nova/nova/scheduler/request_filter.py:46}}
Jul 27 11:19:43.731906 np0000005897 nova-scheduler[93735]: DEBUG nova.scheduler.request_filter [None req-c280b80e-9b71-454b-9c0b-c3bf8a0564ef tempest-DeleteServersTestJSON-2029953814 tempest-DeleteServersTestJSON-2029953814-project-member] ephemeral_encryption_filter skipped {{(pid=93735) ephemeral_encryption_filter /opt/stack/nova/nova/scheduler/request_filter.py:426}}
Jul 27 11:19:43.732055 np0000005897 nova-scheduler[93735]: DEBUG nova.scheduler.request_filter [None req-c280b80e-9b71-454b-9c0b-c3bf8a0564ef tempest-DeleteServersTestJSON-2029953814 tempest-DeleteServersTestJSON-2029953814-project-member] virtio_sound_filter skipped {{(pid=93735) virtio_sound_filter /opt/stack/nova/nova/scheduler/request_filter.py:460}}
Jul 27 11:19:43.732168 np0000005897 nova-scheduler[93735]: DEBUG nova.scheduler.request_filter [None req-c280b80e-9b71-454b-9c0b-c3bf8a0564ef tempest-DeleteServersTestJSON-2029953814 tempest-DeleteServersTestJSON-2029953814-project-member] tpm_secret_security_filter skipped {{(pid=93735) tpm_secret_security_filter /opt/stack/nova/nova/scheduler/request_filter.py:477}}
Jul 27 11:19:44.218101 np0000005897 nova-scheduler[93735]: INFO nova.utils [None req-c280b80e-9b71-454b-9c0b-c3bf8a0564ef tempest-DeleteServersTestJSON-2029953814 tempest-DeleteServersTestJSON-2029953814-project-member] The cell worker thread pool ForkProcess-1.cell_worker is initialized
Jul 27 11:19:44.218467 np0000005897 nova-scheduler[93735]: DEBUG oslo_concurrency.lockutils [None req-c280b80e-9b71-454b-9c0b-c3bf8a0564ef tempest-DeleteServersTestJSON-2029953814 tempest-DeleteServersTestJSON-2029953814-project-member] Acquiring lock "790315db-70e7-48d0-bf77-bdd266eeca00" by "nova.context.set_target_cell..get_or_set_cached_cell_and_set_connections" {{(pid=93735) inner /opt/stack/data/venv/lib/python3.12/site-packages/oslo_concurrency/lockutils.py:512}}
Jul 27 11:19:44.218655 np0000005897 nova-scheduler[93735]: DEBUG oslo_concurrency.lockutils [None req-c280b80e-9b71-454b-9c0b-c3bf8a0564ef tempest-DeleteServersTestJSON-2029953814 tempest-DeleteServersTestJSON-2029953814-project-member] Lock "790315db-70e7-48d0-bf77-bdd266eeca00" acquired by "nova.context.set_target_cell..get_or_set_cached_cell_and_set_connections" :: waited 0.000s {{(pid=93735) inner /opt/stack/data/venv/lib/python3.12/site-packages/oslo_concurrency/lockutils.py:525}}
Jul 27 11:19:44.220106 np0000005897 nova-scheduler[93735]: DEBUG oslo_concurrency.lockutils [None req-c280b80e-9b71-454b-9c0b-c3bf8a0564ef tempest-DeleteServersTestJSON-2029953814 tempest-DeleteServersTestJSON-2029953814-project-member] Lock "790315db-70e7-48d0-bf77-bdd266eeca00" "released" by "nova.context.set_target_cell..get_or_set_cached_cell_and_set_connections" :: held 0.001s {{(pid=93735) inner /opt/stack/data/venv/lib/python3.12/site-packages/oslo_concurrency/lockutils.py:544}}
Jul 27 11:19:44.222511 np0000005897 nova-scheduler[93735]: INFO dbcounter [None req-c280b80e-9b71-454b-9c0b-c3bf8a0564ef tempest-DeleteServersTestJSON-2029953814 tempest-DeleteServersTestJSON-2029953814-project-member] Registered counter for database nova_cell1
Jul 27 11:19:44.264099 np0000005897 nova-scheduler[93735]: DEBUG oslo_db.sqlalchemy.engines [None req-c280b80e-9b71-454b-9c0b-c3bf8a0564ef tempest-DeleteServersTestJSON-2029953814 tempest-DeleteServersTestJSON-2029953814-project-member] MySQL server mode set to STRICT_TRANS_TABLES,STRICT_ALL_TABLES,NO_ZERO_IN_DATE,NO_ZERO_DATE,ERROR_FOR_DIVISION_BY_ZERO,TRADITIONAL,NO_ENGINE_SUBSTITUTION {{(pid=93735) _check_effective_sql_mode /opt/stack/data/venv/lib/python3.12/site-packages/oslo_db/sqlalchemy/engines.py:325}}
Jul 27 11:19:44.269021 np0000005897 nova-scheduler[93735]: DEBUG dbcounter [-] [93735] Writer thread running {{(pid=93735) stat_writer /opt/stack/data/venv/lib/python3.12/site-packages/dbcounter.py:102}}
Jul 27 11:19:44.279651 np0000005897 nova-scheduler[93735]: DEBUG oslo_db.sqlalchemy.engines [None req-c280b80e-9b71-454b-9c0b-c3bf8a0564ef tempest-DeleteServersTestJSON-2029953814 tempest-DeleteServersTestJSON-2029953814-project-member] Parent process 92460 forked (93735) with an open database connection, which is being discarded and recreated. {{(pid=93735) checkout /opt/stack/data/venv/lib/python3.12/site-packages/oslo_db/sqlalchemy/engines.py:402}}
Jul 27 11:19:44.310758 np0000005897 nova-scheduler[93735]: DEBUG dbcounter [-] [93735] Writer thread running {{(pid=93735) stat_writer /opt/stack/data/venv/lib/python3.12/site-packages/dbcounter.py:102}}
Jul 27 11:19:44.313213 np0000005897 nova-scheduler[93735]: DEBUG oslo_concurrency.lockutils [None req-c280b80e-9b71-454b-9c0b-c3bf8a0564ef tempest-DeleteServersTestJSON-2029953814 tempest-DeleteServersTestJSON-2029953814-project-member] Acquiring lock "790315db-70e7-48d0-bf77-bdd266eeca00" by "nova.context.set_target_cell..get_or_set_cached_cell_and_set_connections" {{(pid=93735) inner /opt/stack/data/venv/lib/python3.12/site-packages/oslo_concurrency/lockutils.py:512}}
Jul 27 11:19:44.313409 np0000005897 nova-scheduler[93735]: DEBUG oslo_concurrency.lockutils [None req-c280b80e-9b71-454b-9c0b-c3bf8a0564ef tempest-DeleteServersTestJSON-2029953814 tempest-DeleteServersTestJSON-2029953814-project-member] Lock "790315db-70e7-48d0-bf77-bdd266eeca00" acquired by "nova.context.set_target_cell..get_or_set_cached_cell_and_set_connections" :: waited 0.000s {{(pid=93735) inner /opt/stack/data/venv/lib/python3.12/site-packages/oslo_concurrency/lockutils.py:525}}
Jul 27 11:19:44.313564 np0000005897 nova-scheduler[93735]: DEBUG oslo_concurrency.lockutils [None req-c280b80e-9b71-454b-9c0b-c3bf8a0564ef tempest-DeleteServersTestJSON-2029953814 tempest-DeleteServersTestJSON-2029953814-project-member] Lock "790315db-70e7-48d0-bf77-bdd266eeca00" "released" by "nova.context.set_target_cell..get_or_set_cached_cell_and_set_connections" :: held 0.000s {{(pid=93735) inner /opt/stack/data/venv/lib/python3.12/site-packages/oslo_concurrency/lockutils.py:544}}
Jul 27 11:19:44.316461 np0000005897 nova-scheduler[93735]: DEBUG oslo_concurrency.lockutils [None req-c280b80e-9b71-454b-9c0b-c3bf8a0564ef tempest-DeleteServersTestJSON-2029953814 tempest-DeleteServersTestJSON-2029953814-project-member] Acquiring lock "np0000005897-np0000005897" by "nova.scheduler.host_manager.HostState.update.._locked_update" {{(pid=93735) inner /opt/stack/data/venv/lib/python3.12/site-packages/oslo_concurrency/lockutils.py:512}}
Jul 27 11:19:44.316622 np0000005897 nova-scheduler[93735]: DEBUG oslo_concurrency.lockutils [None req-c280b80e-9b71-454b-9c0b-c3bf8a0564ef tempest-DeleteServersTestJSON-2029953814 tempest-DeleteServersTestJSON-2029953814-project-member] Lock "np0000005897-np0000005897" acquired by "nova.scheduler.host_manager.HostState.update.._locked_update" :: waited 0.000s {{(pid=93735) inner /opt/stack/data/venv/lib/python3.12/site-packages/oslo_concurrency/lockutils.py:525}}
Jul 27 11:19:44.317655 np0000005897 nova-scheduler[93735]: DEBUG nova.scheduler.host_manager [None req-c280b80e-9b71-454b-9c0b-c3bf8a0564ef tempest-DeleteServersTestJSON-2029953814 tempest-DeleteServersTestJSON-2029953814-project-member] Update host state from compute node: ComputeNode(cpu_allocation_ratio=4.0,cpu_info='{"arch": "x86_64", "model": "EPYC-Milan", "vendor": "AMD", "topology": {"cells": 1, "sockets": 16, "cores": 1, "threads": 1}, "maxphysaddr": {"mode": "emulate", "bits": 40}, "features": ["pae", "cx16", "perfctr_core", "svm", "xgetbv1", "invpcid", "adx", "cx8", "osvw", "skip-l1dfl-vmentry", "xsaves", "amd-psfd", "stibp", "clflushopt", "mmx", "nx", "erms", "nrip-save", "lbrv", "pse36", "clflush", "gds-no", "mca", "lfence-always-serializing", "rdtscp", "sse4.1", "ssbd", "sse", "apic", "abm", "bmi1", "movbe", "sse4a", "rdseed", "tsc", "fsrm", "mtrr", "cmp_legacy", "xsave", "amd-stibp", "pschange-mc-no", "clwb", "vme", "pat", "wbnoinvd", "msr", "rdctl-no", "3dnowprefetch", "fxsr", "fsgsbase", "clzero", "topoext", "aes", "lahf_lm", "rdpid", "amd-ssbd", "sse2", "sse4.2", "pcid", "pfthreshold", "sha-ni", "xsaveerptr", "no-nested-data-bp", "tsc-scale", "cr8legacy", "popcnt", "pku", "avx2", "cmov", "hypervisor", "spec-ctrl", "null-sel-clr-base", "flushbyasid", "smap", "stibp-always-on", "pdpe1gb", "vgif", "vmcb-clean", "sep", "misalignsse", "lm", "mds-no", "arch-capabilities", "xsavec", "bmi2", "fpu", "ibpb", "f16c", "pni", "pause-filter", "pge", "vpclmulqdq", "mmxext", "de", "umip", "x2apic", "tsc-deadline", "npt", "fma", "xsaveopt", "virt-ssbd", "avx", "smep", "svme-addr-chk", "arat", "pclmuldq", "mce", "vaes", "ibrs", "pse", "rdrand", "ssse3", "v-vmsave-vmload", "fxsr_opt", "syscall", "tsc_adjust"]}',created_at=2026-07-27T11:17:37Z,current_workload=0,deleted=False,deleted_at=None,disk_allocation_ratio=1.0,disk_available_least=73,free_disk_gb=95,free_ram_mb=62765,host='np0000005897',host_ip=10.4.3.252,hypervisor_hostname='np0000005897',hypervisor_type='QEMU',hypervisor_version=8002002,id=1,local_gb=95,local_gb_used=0,mapped=1,memory_mb=63277,memory_mb_used=512,metrics='[]',numa_topology='{"nova_object.name": "NUMATopology", "nova_object.namespace": "nova", "nova_object.version": "1.2", "nova_object.data": {"cells": [{"nova_object.name": "NUMACell", "nova_object.namespace": "nova", "nova_object.version": "1.5", "nova_object.data": {"id": 0, "cpuset": [0, 1, 2, 3, 4, 5, 6, 7, 8, 9, 10, 11, 12, 13, 14, 15], "pcpuset": [0, 1, 2, 3, 4, 5, 6, 7, 8, 9, 10, 11, 12, 13, 14, 15], "memory": 63277, "cpu_usage": 0, "memory_usage": 0, "pinned_cpus": [], "siblings": [[6], [12], [2], [15], [5], [11], [8], [14], [4], [1], [7], [10], [0], [13], [3], [9]], "mempages": [{"nova_object.name": "NUMAPagesTopology", "nova_object.namespace": "nova", "nova_object.version": "1.1", "nova_object.data": {"size_kb": 4, "total": 16177928, "used": 0, "reserved": 0}, "nova_object.changes": ["used", "total", "reserved", "size_kb"]}, {"nova_object.name": "NUMAPagesTopology", "nova_object.namespace": "nova", "nova_object.version": "1.1", "nova_object.data": {"size_kb": 2048, "total": 41, "used": 0, "reserved": 0}, "nova_object.changes": ["used", "total", "reserved", "size_kb"]}, {"nova_object.name": "NUMAPagesTopology", "nova_object.namespace": "nova", "nova_object.version": "1.1", "nova_object.data": {"size_kb": 1048576, "total": 0, "used": 0, "reserved": 0}, "nova_object.changes": ["used", "total", "reserved", "size_kb"]}], "network_metadata": {"nova_object.name": "NetworkMetadata", "nova_object.namespace": "nova", "nova_object.version": "1.0", "nova_object.data": {"physnets": [], "tunneled": false}, "nova_object.changes": ["physnets", "tunneled"]}, "socket": null}, "nova_object.changes": ["siblings", "cpuset", "socket", "mempages", "memory", "id", "pcpuset", "network_metadata", "memory_usage", "cpu_usage", "pinned_cpus"]}]}, "nova_object.changes": ["cells"]}',pci_device_pools=PciDevicePoolList,ram_allocation_ratio=1.0,running_vms=0,service_id=3,stats={failed_builds='0',uptime=' 11:19:25 up 17 min, 2 users, load average: 1.39, 1.39, 0.83
Jul 27 11:19:44.317655 np0000005897 nova-scheduler[93735]: '},supported_hv_specs=[HVSpec,HVSpec,HVSpec,HVSpec,HVSpec,HVSpec,HVSpec,HVSpec,HVSpec,HVSpec,HVSpec,HVSpec,HVSpec,HVSpec,HVSpec,HVSpec,HVSpec,HVSpec,HVSpec,HVSpec,HVSpec,HVSpec,HVSpec,HVSpec,HVSpec],updated_at=2026-07-27T11:19:26Z,uuid=82cc9e8c-7550-4c58-b34c-bc71835f1240,vcpus=16,vcpus_used=0) {{(pid=93735) _locked_update /opt/stack/nova/nova/scheduler/host_manager.py:168}}
Jul 27 11:19:44.318426 np0000005897 nova-scheduler[93735]: DEBUG nova.scheduler.host_manager [None req-c280b80e-9b71-454b-9c0b-c3bf8a0564ef tempest-DeleteServersTestJSON-2029953814 tempest-DeleteServersTestJSON-2029953814-project-member] Update host state with aggregates: [] {{(pid=93735) _locked_update /opt/stack/nova/nova/scheduler/host_manager.py:171}}
Jul 27 11:19:44.318742 np0000005897 nova-scheduler[93735]: DEBUG nova.scheduler.host_manager [None req-c280b80e-9b71-454b-9c0b-c3bf8a0564ef tempest-DeleteServersTestJSON-2029953814 tempest-DeleteServersTestJSON-2029953814-project-member] Update host state with service dict: {'id': 3, 'uuid': '66f8bb38-741a-459a-8547-9b4de6730c33', 'host': 'np0000005897', 'binary': 'nova-compute', 'topic': 'compute', 'report_count': 2, 'disabled': False, 'disabled_reason': None, 'last_seen_up': datetime.datetime(2026, 7, 27, 11, 19, 44, tzinfo=datetime.timezone.utc), 'forced_down': False, 'version': 72, 'created_at': datetime.datetime(2026, 7, 27, 11, 17, 37, tzinfo=datetime.timezone.utc), 'updated_at': datetime.datetime(2026, 7, 27, 11, 19, 44, tzinfo=datetime.timezone.utc), 'deleted_at': None, 'deleted': False} {{(pid=93735) _locked_update /opt/stack/nova/nova/scheduler/host_manager.py:174}}
Jul 27 11:19:44.318742 np0000005897 nova-scheduler[93735]: DEBUG nova.scheduler.host_manager [None req-c280b80e-9b71-454b-9c0b-c3bf8a0564ef tempest-DeleteServersTestJSON-2029953814 tempest-DeleteServersTestJSON-2029953814-project-member] Update host state with instances: [] {{(pid=93735) _locked_update /opt/stack/nova/nova/scheduler/host_manager.py:177}}
Jul 27 11:19:44.318742 np0000005897 nova-scheduler[93735]: DEBUG oslo_concurrency.lockutils [None req-c280b80e-9b71-454b-9c0b-c3bf8a0564ef tempest-DeleteServersTestJSON-2029953814 tempest-DeleteServersTestJSON-2029953814-project-member] Lock "np0000005897-np0000005897" "released" by "nova.scheduler.host_manager.HostState.update.._locked_update" :: held 0.002s {{(pid=93735) inner /opt/stack/data/venv/lib/python3.12/site-packages/oslo_concurrency/lockutils.py:544}}
Jul 27 11:19:44.319222 np0000005897 nova-scheduler[93735]: DEBUG nova.filters [None req-c280b80e-9b71-454b-9c0b-c3bf8a0564ef tempest-DeleteServersTestJSON-2029953814 tempest-DeleteServersTestJSON-2029953814-project-member] Starting with 1 host(s) {{(pid=93735) get_filtered_objects /opt/stack/nova/nova/filters.py:70}}
Jul 27 11:19:44.319442 np0000005897 nova-scheduler[93735]: DEBUG nova.filters [None req-c280b80e-9b71-454b-9c0b-c3bf8a0564ef tempest-DeleteServersTestJSON-2029953814 tempest-DeleteServersTestJSON-2029953814-project-member] Filter ComputeFilter returned 1 host(s) {{(pid=93735) get_filtered_objects /opt/stack/nova/nova/filters.py:102}}
Jul 27 11:19:44.319602 np0000005897 nova-scheduler[93735]: DEBUG nova.filters [None req-c280b80e-9b71-454b-9c0b-c3bf8a0564ef tempest-DeleteServersTestJSON-2029953814 tempest-DeleteServersTestJSON-2029953814-project-member] Filter ComputeCapabilitiesFilter returned 1 host(s) {{(pid=93735) get_filtered_objects /opt/stack/nova/nova/filters.py:102}}
Jul 27 11:19:44.319817 np0000005897 nova-scheduler[93735]: DEBUG nova.filters [None req-c280b80e-9b71-454b-9c0b-c3bf8a0564ef tempest-DeleteServersTestJSON-2029953814 tempest-DeleteServersTestJSON-2029953814-project-member] Filter ImagePropertiesFilter returned 1 host(s) {{(pid=93735) get_filtered_objects /opt/stack/nova/nova/filters.py:102}}
Jul 27 11:19:44.319973 np0000005897 nova-scheduler[93735]: DEBUG nova.filters [None req-c280b80e-9b71-454b-9c0b-c3bf8a0564ef tempest-DeleteServersTestJSON-2029953814 tempest-DeleteServersTestJSON-2029953814-project-member] Filter ServerGroupAntiAffinityFilter returned 1 host(s) {{(pid=93735) get_filtered_objects /opt/stack/nova/nova/filters.py:102}}
Jul 27 11:19:44.320104 np0000005897 nova-scheduler[93735]: DEBUG nova.filters [None req-c280b80e-9b71-454b-9c0b-c3bf8a0564ef tempest-DeleteServersTestJSON-2029953814 tempest-DeleteServersTestJSON-2029953814-project-member] Filter ServerGroupAffinityFilter returned 1 host(s) {{(pid=93735) get_filtered_objects /opt/stack/nova/nova/filters.py:102}}
Jul 27 11:19:44.320311 np0000005897 nova-scheduler[93735]: DEBUG nova.filters [None req-c280b80e-9b71-454b-9c0b-c3bf8a0564ef tempest-DeleteServersTestJSON-2029953814 tempest-DeleteServersTestJSON-2029953814-project-member] Filter SameHostFilter returned 1 host(s) {{(pid=93735) get_filtered_objects /opt/stack/nova/nova/filters.py:102}}
Jul 27 11:19:44.320475 np0000005897 nova-scheduler[93735]: DEBUG nova.filters [None req-c280b80e-9b71-454b-9c0b-c3bf8a0564ef tempest-DeleteServersTestJSON-2029953814 tempest-DeleteServersTestJSON-2029953814-project-member] Filter DifferentHostFilter returned 1 host(s) {{(pid=93735) get_filtered_objects /opt/stack/nova/nova/filters.py:102}}
Jul 27 11:19:44.320631 np0000005897 nova-scheduler[93735]: DEBUG nova.scheduler.manager [None req-c280b80e-9b71-454b-9c0b-c3bf8a0564ef tempest-DeleteServersTestJSON-2029953814 tempest-DeleteServersTestJSON-2029953814-project-member] Filtered [(np0000005897, np0000005897) ram: 62765MB disk: 74752MB io_ops: 0 instances: 0, allocation_candidates: 1] {{(pid=93735) _get_sorted_hosts /opt/stack/nova/nova/scheduler/manager.py:742}}
Jul 27 11:19:44.320854 np0000005897 nova-scheduler[93735]: DEBUG nova.scheduler.manager [None req-c280b80e-9b71-454b-9c0b-c3bf8a0564ef tempest-DeleteServersTestJSON-2029953814 tempest-DeleteServersTestJSON-2029953814-project-member] Weighed [WeighedHost [host: (np0000005897, np0000005897) ram: 62765MB disk: 74752MB io_ops: 0 instances: 0, allocation_candidates: 1, weight: 0.0]] {{(pid=93735) _get_sorted_hosts /opt/stack/nova/nova/scheduler/manager.py:764}}
Jul 27 11:19:44.321045 np0000005897 nova-scheduler[93735]: DEBUG nova.scheduler.utils [None req-c280b80e-9b71-454b-9c0b-c3bf8a0564ef tempest-DeleteServersTestJSON-2029953814 tempest-DeleteServersTestJSON-2029953814-project-member] Attempting to claim resources in the placement API for instance e2b0e22a-c562-4bf4-8a96-07b3ac027ec8 {{(pid=93735) claim_resources /opt/stack/nova/nova/scheduler/utils.py:1345}}
Jul 27 11:19:44.454601 np0000005897 nova-scheduler[93735]: DEBUG nova.scheduler.manager [None req-c280b80e-9b71-454b-9c0b-c3bf8a0564ef tempest-DeleteServersTestJSON-2029953814 tempest-DeleteServersTestJSON-2029953814-project-member] [instance: e2b0e22a-c562-4bf4-8a96-07b3ac027ec8] Selected host: (np0000005897, np0000005897) ram: 62765MB disk: 74752MB io_ops: 0 instances: 0, allocation_candidates: 1 {{(pid=93735) _consume_selected_host /opt/stack/nova/nova/scheduler/manager.py:624}}
Jul 27 11:19:44.454867 np0000005897 nova-scheduler[93735]: DEBUG oslo_concurrency.lockutils [None req-c280b80e-9b71-454b-9c0b-c3bf8a0564ef tempest-DeleteServersTestJSON-2029953814 tempest-DeleteServersTestJSON-2029953814-project-member] Acquiring lock "np0000005897-np0000005897" by "nova.scheduler.host_manager.HostState.consume_from_request.._locked" {{(pid=93735) inner /opt/stack/data/venv/lib/python3.12/site-packages/oslo_concurrency/lockutils.py:512}}
Jul 27 11:19:44.455027 np0000005897 nova-scheduler[93735]: DEBUG oslo_concurrency.lockutils [None req-c280b80e-9b71-454b-9c0b-c3bf8a0564ef tempest-DeleteServersTestJSON-2029953814 tempest-DeleteServersTestJSON-2029953814-project-member] Lock "np0000005897-np0000005897" acquired by "nova.scheduler.host_manager.HostState.consume_from_request.._locked" :: waited 0.000s {{(pid=93735) inner /opt/stack/data/venv/lib/python3.12/site-packages/oslo_concurrency/lockutils.py:525}}
Jul 27 11:19:44.455199 np0000005897 nova-scheduler[93735]: DEBUG oslo_concurrency.lockutils [None req-c280b80e-9b71-454b-9c0b-c3bf8a0564ef tempest-DeleteServersTestJSON-2029953814 tempest-DeleteServersTestJSON-2029953814-project-member] Lock "np0000005897-np0000005897" "released" by "nova.scheduler.host_manager.HostState.consume_from_request.._locked" :: held 0.000s {{(pid=93735) inner /opt/stack/data/venv/lib/python3.12/site-packages/oslo_concurrency/lockutils.py:544}}
Jul 27 11:19:46.861611 np0000005897 nova-scheduler[93737]: DEBUG nova.scheduler.manager [None req-3dec89fb-1a76-4c09-8b23-e22de29e4f1c tempest-ServersNegativeTestJSON-1753381498 tempest-ServersNegativeTestJSON-1753381498-project-member] Starting to schedule for instances: ['1b58463a-7f2b-42d1-aaf1-bb66e98b1fdb'] {{(pid=93737) select_destinations /opt/stack/nova/nova/scheduler/manager.py:209}}
Jul 27 11:19:46.861974 np0000005897 nova-scheduler[93737]: DEBUG nova.scheduler.request_filter [None req-3dec89fb-1a76-4c09-8b23-e22de29e4f1c tempest-ServersNegativeTestJSON-1753381498 tempest-ServersNegativeTestJSON-1753381498-project-member] compute_status_filter request filter added forbidden trait COMPUTE_STATUS_DISABLED {{(pid=93737) compute_status_filter /opt/stack/nova/nova/scheduler/request_filter.py:253}}
Jul 27 11:19:46.862094 np0000005897 nova-scheduler[93737]: DEBUG nova.scheduler.request_filter [None req-3dec89fb-1a76-4c09-8b23-e22de29e4f1c tempest-ServersNegativeTestJSON-1753381498 tempest-ServersNegativeTestJSON-1753381498-project-member] Request filter 'compute_status_filter' took 0.0 seconds {{(pid=93737) wrapper /opt/stack/nova/nova/scheduler/request_filter.py:46}}
Jul 27 11:19:46.862554 np0000005897 nova-scheduler[93737]: DEBUG nova.scheduler.request_filter [None req-3dec89fb-1a76-4c09-8b23-e22de29e4f1c tempest-ServersNegativeTestJSON-1753381498 tempest-ServersNegativeTestJSON-1753381498-project-member] Request filter 'accelerators_filter' took 0.0 seconds {{(pid=93737) wrapper /opt/stack/nova/nova/scheduler/request_filter.py:46}}
Jul 27 11:19:46.862714 np0000005897 nova-scheduler[93737]: DEBUG nova.scheduler.request_filter [None req-3dec89fb-1a76-4c09-8b23-e22de29e4f1c tempest-ServersNegativeTestJSON-1753381498 tempest-ServersNegativeTestJSON-1753381498-project-member] Request filter 'packed_virtqueue_filter' took 0.0 seconds {{(pid=93737) wrapper /opt/stack/nova/nova/scheduler/request_filter.py:46}}
Jul 27 11:19:46.862951 np0000005897 nova-scheduler[93737]: DEBUG nova.scheduler.request_filter [None req-3dec89fb-1a76-4c09-8b23-e22de29e4f1c tempest-ServersNegativeTestJSON-1753381498 tempest-ServersNegativeTestJSON-1753381498-project-member] Request filter 'remote_managed_ports_filter' took 0.0 seconds {{(pid=93737) wrapper /opt/stack/nova/nova/scheduler/request_filter.py:46}}
Jul 27 11:19:46.863085 np0000005897 nova-scheduler[93737]: DEBUG nova.scheduler.request_filter [None req-3dec89fb-1a76-4c09-8b23-e22de29e4f1c tempest-ServersNegativeTestJSON-1753381498 tempest-ServersNegativeTestJSON-1753381498-project-member] ephemeral_encryption_filter skipped {{(pid=93737) ephemeral_encryption_filter /opt/stack/nova/nova/scheduler/request_filter.py:426}}
Jul 27 11:19:46.863331 np0000005897 nova-scheduler[93737]: DEBUG nova.scheduler.request_filter [None req-3dec89fb-1a76-4c09-8b23-e22de29e4f1c tempest-ServersNegativeTestJSON-1753381498 tempest-ServersNegativeTestJSON-1753381498-project-member] virtio_sound_filter skipped {{(pid=93737) virtio_sound_filter /opt/stack/nova/nova/scheduler/request_filter.py:460}}
Jul 27 11:19:46.863331 np0000005897 nova-scheduler[93737]: DEBUG nova.scheduler.request_filter [None req-3dec89fb-1a76-4c09-8b23-e22de29e4f1c tempest-ServersNegativeTestJSON-1753381498 tempest-ServersNegativeTestJSON-1753381498-project-member] tpm_secret_security_filter skipped {{(pid=93737) tpm_secret_security_filter /opt/stack/nova/nova/scheduler/request_filter.py:477}}
