Jul 04 21:24:04.340037 np0000004526 devstack@g-api.service[102708]: DEBUG glance.api.middleware.version_negotiation [None req-1f02ab28-fbaf-4e14-a559-d5cb40d5be1d tempest-VolumesGetTest-1936866293 tempest-VolumesGetTest-1936866293-project-member] Using url versioning {{(pid=102708) process_request /opt/stack/glance/glance/api/middleware/version_negotiation.py:57}}
Jul 04 21:24:04.341372 np0000004526 devstack@g-api.service[102708]: DEBUG glance.api.middleware.version_negotiation [None req-1f02ab28-fbaf-4e14-a559-d5cb40d5be1d tempest-VolumesGetTest-1936866293 tempest-VolumesGetTest-1936866293-project-member] Matched version: v2 {{(pid=102708) process_request /opt/stack/glance/glance/api/middleware/version_negotiation.py:69}}
Jul 04 21:24:04.341372 np0000004526 devstack@g-api.service[102708]: DEBUG glance.api.middleware.version_negotiation [None req-1f02ab28-fbaf-4e14-a559-d5cb40d5be1d tempest-VolumesGetTest-1936866293 tempest-VolumesGetTest-1936866293-project-member] new path /v2/schemas/image {{(pid=102708) process_request /opt/stack/glance/glance/api/middleware/version_negotiation.py:70}}
Jul 04 21:24:04.346886 np0000004526 devstack@g-api.service[102708]: [pid: 102708|app: 0|req: 55/222] 127.0.0.1 () {44 vars in 1047 bytes} [Sat Jul 4 21:24:04 2026] GET /v2/schemas/image => generated 6083 bytes in 8 msecs (HTTP/1.1 200) 4 headers in 158 bytes (1 switches on core 0)
Jul 04 21:24:04.362620 np0000004526 devstack@g-api.service[102709]: DEBUG glance.api.middleware.version_negotiation [None req-1f02ab28-fbaf-4e14-a559-d5cb40d5be1d tempest-VolumesGetTest-1936866293 tempest-VolumesGetTest-1936866293-project-member] Determining version of request: GET /v2/schemas/image Accept: */* {{(pid=102709) process_request /opt/stack/glance/glance/api/middleware/version_negotiation.py:44}}
Jul 04 21:24:04.362809 np0000004526 devstack@g-api.service[102709]: DEBUG glance.api.middleware.version_negotiation [None req-1f02ab28-fbaf-4e14-a559-d5cb40d5be1d tempest-VolumesGetTest-1936866293 tempest-VolumesGetTest-1936866293-project-member] Using url versioning {{(pid=102709) process_request /opt/stack/glance/glance/api/middleware/version_negotiation.py:57}}
Jul 04 21:24:04.363018 np0000004526 devstack@g-api.service[102709]: DEBUG glance.api.middleware.version_negotiation [None req-1f02ab28-fbaf-4e14-a559-d5cb40d5be1d tempest-VolumesGetTest-1936866293 tempest-VolumesGetTest-1936866293-project-member] Matched version: v2 {{(pid=102709) process_request /opt/stack/glance/glance/api/middleware/version_negotiation.py:69}}
Jul 04 21:24:04.363137 np0000004526 devstack@g-api.service[102709]: DEBUG glance.api.middleware.version_negotiation [None req-1f02ab28-fbaf-4e14-a559-d5cb40d5be1d tempest-VolumesGetTest-1936866293 tempest-VolumesGetTest-1936866293-project-member] new path /v2/schemas/image {{(pid=102709) process_request /opt/stack/glance/glance/api/middleware/version_negotiation.py:70}}
Jul 04 21:24:04.371033 np0000004526 devstack@g-api.service[102709]: [pid: 102709|app: 0|req: 57/223] 127.0.0.1 () {44 vars in 1047 bytes} [Sat Jul 4 21:24:04 2026] GET /v2/schemas/image => generated 6083 bytes in 8 msecs (HTTP/1.1 200) 4 headers in 158 bytes (1 switches on core 0)
Jul 04 21:24:04.975727 np0000004526 devstack@g-api.service[102710]: DEBUG glance.api.middleware.version_negotiation [None req-1f02ab28-fbaf-4e14-a559-d5cb40d5be1d tempest-VolumesGetTest-1936866293 tempest-VolumesGetTest-1936866293-project-member] Determining version of request: GET /versions Accept: */* {{(pid=102710) process_request /opt/stack/glance/glance/api/middleware/version_negotiation.py:44}}
Jul 04 21:24:04.977245 np0000004526 devstack@g-api.service[102710]: [pid: 102710|app: 0|req: 58/224] 127.0.0.1 () {44 vars in 1031 bytes} [Sat Jul 4 21:24:04 2026] GET /versions => generated 1487 bytes in 2 msecs (HTTP/1.1 200) 3 headers in 92 bytes (1 switches on core 0)
Jul 04 21:24:04.980686 np0000004526 devstack@g-api.service[102711]: DEBUG swiftclient [None req-ecec9840-1014-4cb3-a8e8-fb349e08b096 tempest-VolumesActionsTest-343528617 tempest-VolumesActionsTest-343528617-project-member] REQ: curl -i https://10.4.3.6:8080/v1/AUTH_69baa591c52c4327ab9310e8dce21d6f/glance/a60dd93e-1abb-4656-9d53-568385c15ee8-00001 -X PUT -H "X-Auth-Token: gAAAAABqSXnyGc-v..." {{(pid=102711) http_log /opt/stack/data/venv/lib/python3.12/site-packages/swiftclient/client.py:160}}
Jul 04 21:24:04.980686 np0000004526 devstack@g-api.service[102711]: DEBUG swiftclient [None req-ecec9840-1014-4cb3-a8e8-fb349e08b096 tempest-VolumesActionsTest-343528617 tempest-VolumesActionsTest-343528617-project-member] RESP STATUS: 201 Created {{(pid=102711) http_log /opt/stack/data/venv/lib/python3.12/site-packages/swiftclient/client.py:161}}
Jul 04 21:24:04.980686 np0000004526 devstack@g-api.service[102711]: DEBUG swiftclient [None req-ecec9840-1014-4cb3-a8e8-fb349e08b096 tempest-VolumesActionsTest-343528617 tempest-VolumesActionsTest-343528617-project-member] RESP HEADERS: {'Date': 'Sat, 04 Jul 2026 21:24:04 GMT', 'Server': 'Apache/2.4.58 (Ubuntu)', 'Content-Type': 'text/html; charset=UTF-8', 'Content-Length': '0', 'Etag': 'eda9a9889837ac4bc81d6387d92c1bec', 'Last-Modified': 'Sat, 04 Jul 2026 21:24:03 GMT', 'X-Trans-Id': 'tx5a50c7187b2e4b8397f40-006a4979f2', 'X-Openstack-Request-Id': 'tx5a50c7187b2e4b8397f40-006a4979f2', 'Connection': 'close'} {{(pid=102711) http_log /opt/stack/data/venv/lib/python3.12/site-packages/swiftclient/client.py:162}}
Jul 04 21:24:04.982234 np0000004526 devstack@g-api.service[102711]: DEBUG glance_store._drivers.swift.store [None req-ecec9840-1014-4cb3-a8e8-fb349e08b096 tempest-VolumesActionsTest-343528617 tempest-VolumesActionsTest-343528617-project-member] Wrote chunk a60dd93e-1abb-4656-9d53-568385c15ee8-00001 (1/?) of length 204800000 to Swift returning MD5 of content: eda9a9889837ac4bc81d6387d92c1bec {{(pid=102711) add /opt/stack/data/venv/lib/python3.12/site-packages/glance_store/_drivers/swift/store.py:1059}}
Jul 04 21:24:04.993738 np0000004526 devstack@g-api.service[102708]: DEBUG glance.api.middleware.version_negotiation [None req-1f02ab28-fbaf-4e14-a559-d5cb40d5be1d tempest-VolumesGetTest-1936866293 tempest-VolumesGetTest-1936866293-project-member] Determining version of request: GET /v2/images/f491c83e-428b-46a1-a825-de7541ef683f/locations Accept: */* {{(pid=102708) process_request /opt/stack/glance/glance/api/middleware/version_negotiation.py:44}}
Jul 04 21:24:04.994143 np0000004526 devstack@g-api.service[102708]: DEBUG glance.api.middleware.version_negotiation [None req-1f02ab28-fbaf-4e14-a559-d5cb40d5be1d tempest-VolumesGetTest-1936866293 tempest-VolumesGetTest-1936866293-project-member] Using url versioning {{(pid=102708) process_request /opt/stack/glance/glance/api/middleware/version_negotiation.py:57}}
Jul 04 21:24:04.994143 np0000004526 devstack@g-api.service[102708]: DEBUG glance.api.middleware.version_negotiation [None req-1f02ab28-fbaf-4e14-a559-d5cb40d5be1d tempest-VolumesGetTest-1936866293 tempest-VolumesGetTest-1936866293-project-member] Matched version: v2 {{(pid=102708) process_request /opt/stack/glance/glance/api/middleware/version_negotiation.py:69}}
Jul 04 21:24:04.994372 np0000004526 devstack@g-api.service[102708]: DEBUG glance.api.middleware.version_negotiation [None req-1f02ab28-fbaf-4e14-a559-d5cb40d5be1d tempest-VolumesGetTest-1936866293 tempest-VolumesGetTest-1936866293-project-member] new path /v2/images/f491c83e-428b-46a1-a825-de7541ef683f/locations {{(pid=102708) process_request /opt/stack/glance/glance/api/middleware/version_negotiation.py:70}}
Jul 04 21:24:05.085633 np0000004526 devstack@g-api.service[102708]: [pid: 102708|app: 0|req: 56/225] 127.0.0.1 () {44 vars in 1127 bytes} [Sat Jul 4 21:24:04 2026] GET /v2/images/f491c83e-428b-46a1-a825-de7541ef683f/locations => generated 92 bytes in 92 msecs (HTTP/1.1 200) 4 headers in 156 bytes (1 switches on core 0)
Jul 04 21:24:05.103777 np0000004526 devstack@g-api.service[102709]: DEBUG glance.api.middleware.version_negotiation [None req-1f02ab28-fbaf-4e14-a559-d5cb40d5be1d tempest-VolumesGetTest-1936866293 tempest-VolumesGetTest-1936866293-project-member] Determining version of request: GET /v2/images/f491c83e-428b-46a1-a825-de7541ef683f Accept: */* {{(pid=102709) process_request /opt/stack/glance/glance/api/middleware/version_negotiation.py:44}}
Jul 04 21:24:05.103777 np0000004526 devstack@g-api.service[102709]: DEBUG glance.api.middleware.version_negotiation [None req-1f02ab28-fbaf-4e14-a559-d5cb40d5be1d tempest-VolumesGetTest-1936866293 tempest-VolumesGetTest-1936866293-project-member] Using url versioning {{(pid=102709) process_request /opt/stack/glance/glance/api/middleware/version_negotiation.py:57}}
Jul 04 21:24:05.104453 np0000004526 devstack@g-api.service[102709]: DEBUG glance.api.middleware.version_negotiation [None req-1f02ab28-fbaf-4e14-a559-d5cb40d5be1d tempest-VolumesGetTest-1936866293 tempest-VolumesGetTest-1936866293-project-member] Matched version: v2 {{(pid=102709) process_request /opt/stack/glance/glance/api/middleware/version_negotiation.py:69}}
Jul 04 21:24:05.104453 np0000004526 devstack@g-api.service[102709]: DEBUG glance.api.middleware.version_negotiation [None req-1f02ab28-fbaf-4e14-a559-d5cb40d5be1d tempest-VolumesGetTest-1936866293 tempest-VolumesGetTest-1936866293-project-member] new path /v2/images/f491c83e-428b-46a1-a825-de7541ef683f {{(pid=102709) process_request /opt/stack/glance/glance/api/middleware/version_negotiation.py:70}}
Jul 04 21:24:05.117965 np0000004526 devstack@g-api.service[102709]: [pid: 102709|app: 0|req: 58/226] 127.0.0.1 () {44 vars in 1107 bytes} [Sat Jul 4 21:24:05 2026] GET /v2/images/f491c83e-428b-46a1-a825-de7541ef683f => generated 1044 bytes in 14 msecs (HTTP/1.1 200) 4 headers in 158 bytes (1 switches on core 0)
Jul 04 21:24:05.127041 np0000004526 devstack@g-api.service[102710]: DEBUG glance.api.middleware.version_negotiation [None req-1f02ab28-fbaf-4e14-a559-d5cb40d5be1d tempest-VolumesGetTest-1936866293 tempest-VolumesGetTest-1936866293-project-member] Determining version of request: GET /v2/images/a60dd93e-1abb-4656-9d53-568385c15ee8 Accept: application/json {{(pid=102710) process_request /opt/stack/glance/glance/api/middleware/version_negotiation.py:44}}
Jul 04 21:24:05.127466 np0000004526 devstack@g-api.service[102710]: DEBUG glance.api.middleware.version_negotiation [None req-1f02ab28-fbaf-4e14-a559-d5cb40d5be1d tempest-VolumesGetTest-1936866293 tempest-VolumesGetTest-1936866293-project-member] Using url versioning {{(pid=102710) process_request /opt/stack/glance/glance/api/middleware/version_negotiation.py:57}}
Jul 04 21:24:05.127466 np0000004526 devstack@g-api.service[102710]: DEBUG glance.api.middleware.version_negotiation [None req-1f02ab28-fbaf-4e14-a559-d5cb40d5be1d tempest-VolumesGetTest-1936866293 tempest-VolumesGetTest-1936866293-project-member] Matched version: v2 {{(pid=102710) process_request /opt/stack/glance/glance/api/middleware/version_negotiation.py:69}}
Jul 04 21:24:05.127798 np0000004526 devstack@g-api.service[102710]: DEBUG glance.api.middleware.version_negotiation [None req-1f02ab28-fbaf-4e14-a559-d5cb40d5be1d tempest-VolumesGetTest-1936866293 tempest-VolumesGetTest-1936866293-project-member] new path /v2/images/a60dd93e-1abb-4656-9d53-568385c15ee8 {{(pid=102710) process_request /opt/stack/glance/glance/api/middleware/version_negotiation.py:70}}
Jul 04 21:24:05.134632 np0000004526 devstack@g-api.service[102708]: DEBUG glance.api.middleware.version_negotiation [None req-1f02ab28-fbaf-4e14-a559-d5cb40d5be1d service glance] Determining version of request: GET /v2/schemas/image Accept: */* {{(pid=102708) process_request /opt/stack/glance/glance/api/middleware/version_negotiation.py:44}}
Jul 04 21:24:05.134847 np0000004526 devstack@g-api.service[102708]: DEBUG glance.api.middleware.version_negotiation [None req-1f02ab28-fbaf-4e14-a559-d5cb40d5be1d service glance] Using url versioning {{(pid=102708) process_request /opt/stack/glance/glance/api/middleware/version_negotiation.py:57}}
Jul 04 21:24:05.135127 np0000004526 devstack@g-api.service[102708]: DEBUG glance.api.middleware.version_negotiation [None req-1f02ab28-fbaf-4e14-a559-d5cb40d5be1d service glance] Matched version: v2 {{(pid=102708) process_request /opt/stack/glance/glance/api/middleware/version_negotiation.py:69}}
Jul 04 21:24:05.135194 np0000004526 devstack@g-api.service[102708]: DEBUG glance.api.middleware.version_negotiation [None req-1f02ab28-fbaf-4e14-a559-d5cb40d5be1d service glance] new path /v2/schemas/image {{(pid=102708) process_request /opt/stack/glance/glance/api/middleware/version_negotiation.py:70}}
Jul 04 21:24:05.139223 np0000004526 devstack@g-api.service[102708]: [pid: 102708|app: 0|req: 57/227] 127.0.0.1 () {44 vars in 1047 bytes} [Sat Jul 4 21:24:05 2026] GET /v2/schemas/image => generated 6083 bytes in 5 msecs (HTTP/1.1 200) 4 headers in 158 bytes (1 switches on core 0)
Jul 04 21:24:05.144906 np0000004526 devstack@g-api.service[102710]: [pid: 102710|app: 0|req: 59/228] 127.0.0.1 () {40 vars in 830 bytes} [Sat Jul 4 21:24:05 2026] GET /v2/images/a60dd93e-1abb-4656-9d53-568385c15ee8 => generated 650 bytes in 18 msecs (HTTP/1.1 200) 4 headers in 157 bytes (1 switches on core 0)
Jul 04 21:24:05.154282 np0000004526 devstack@g-api.service[102709]: DEBUG glance.api.middleware.version_negotiation [None req-1f02ab28-fbaf-4e14-a559-d5cb40d5be1d tempest-VolumesGetTest-1936866293 tempest-VolumesGetTest-1936866293-project-member] Determining version of request: GET /v2/schemas/image Accept: */* {{(pid=102709) process_request /opt/stack/glance/glance/api/middleware/version_negotiation.py:44}}
Jul 04 21:24:05.154282 np0000004526 devstack@g-api.service[102709]: DEBUG glance.api.middleware.version_negotiation [None req-1f02ab28-fbaf-4e14-a559-d5cb40d5be1d tempest-VolumesGetTest-1936866293 tempest-VolumesGetTest-1936866293-project-member] Using url versioning {{(pid=102709) process_request /opt/stack/glance/glance/api/middleware/version_negotiation.py:57}}
Jul 04 21:24:05.154282 np0000004526 devstack@g-api.service[102709]: DEBUG glance.api.middleware.version_negotiation [None req-1f02ab28-fbaf-4e14-a559-d5cb40d5be1d tempest-VolumesGetTest-1936866293 tempest-VolumesGetTest-1936866293-project-member] Matched version: v2 {{(pid=102709) process_request /opt/stack/glance/glance/api/middleware/version_negotiation.py:69}}
Jul 04 21:24:05.154495 np0000004526 devstack@g-api.service[102709]: DEBUG glance.api.middleware.version_negotiation [None req-1f02ab28-fbaf-4e14-a559-d5cb40d5be1d tempest-VolumesGetTest-1936866293 tempest-VolumesGetTest-1936866293-project-member] new path /v2/schemas/image {{(pid=102709) process_request /opt/stack/glance/glance/api/middleware/version_negotiation.py:70}}
Jul 04 21:24:05.158654 np0000004526 devstack@g-api.service[102709]: [pid: 102709|app: 0|req: 59/229] 127.0.0.1 () {44 vars in 1047 bytes} [Sat Jul 4 21:24:05 2026] GET /v2/schemas/image => generated 6083 bytes in 5 msecs (HTTP/1.1 200) 4 headers in 158 bytes (1 switches on core 0)
Jul 04 21:24:06.161237 np0000004526 devstack@g-api.service[102708]: DEBUG glance.api.middleware.version_negotiation [None req-1f02ab28-fbaf-4e14-a559-d5cb40d5be1d tempest-VolumesGetTest-1936866293 tempest-VolumesGetTest-1936866293-project-member] Determining version of request: GET /v2/images/a60dd93e-1abb-4656-9d53-568385c15ee8 Accept: application/json {{(pid=102708) process_request /opt/stack/glance/glance/api/middleware/version_negotiation.py:44}}
Jul 04 21:24:06.161586 np0000004526 devstack@g-api.service[102708]: DEBUG glance.api.middleware.version_negotiation [None req-1f02ab28-fbaf-4e14-a559-d5cb40d5be1d tempest-VolumesGetTest-1936866293 tempest-VolumesGetTest-1936866293-project-member] Using url versioning {{(pid=102708) process_request /opt/stack/glance/glance/api/middleware/version_negotiation.py:57}}
Jul 04 21:24:06.161819 np0000004526 devstack@g-api.service[102708]: DEBUG glance.api.middleware.version_negotiation [None req-1f02ab28-fbaf-4e14-a559-d5cb40d5be1d tempest-VolumesGetTest-1936866293 tempest-VolumesGetTest-1936866293-project-member] Matched version: v2 {{(pid=102708) process_request /opt/stack/glance/glance/api/middleware/version_negotiation.py:69}}
Jul 04 21:24:06.161995 np0000004526 devstack@g-api.service[102708]: DEBUG glance.api.middleware.version_negotiation [None req-1f02ab28-fbaf-4e14-a559-d5cb40d5be1d tempest-VolumesGetTest-1936866293 tempest-VolumesGetTest-1936866293-project-member] new path /v2/images/a60dd93e-1abb-4656-9d53-568385c15ee8 {{(pid=102708) process_request /opt/stack/glance/glance/api/middleware/version_negotiation.py:70}}
Jul 04 21:24:06.181480 np0000004526 devstack@g-api.service[102708]: [pid: 102708|app: 0|req: 58/230] 127.0.0.1 () {40 vars in 830 bytes} [Sat Jul 4 21:24:06 2026] GET /v2/images/a60dd93e-1abb-4656-9d53-568385c15ee8 => generated 650 bytes in 20 msecs (HTTP/1.1 200) 4 headers in 157 bytes (1 switches on core 0)
Jul 04 21:24:07.199128 np0000004526 devstack@g-api.service[102710]: DEBUG glance.api.middleware.version_negotiation [None req-294968c4-4364-4b57-820b-b9935e3834cc tempest-VolumesActionsTest-343528617 tempest-VolumesActionsTest-343528617-project-member] Determining version of request: GET /v2/images/a60dd93e-1abb-4656-9d53-568385c15ee8 Accept: application/json {{(pid=102710) process_request /opt/stack/glance/glance/api/middleware/version_negotiation.py:44}}
Jul 04 21:24:07.199635 np0000004526 devstack@g-api.service[102710]: DEBUG glance.api.middleware.version_negotiation [None req-294968c4-4364-4b57-820b-b9935e3834cc tempest-VolumesActionsTest-343528617 tempest-VolumesActionsTest-343528617-project-member] Using url versioning {{(pid=102710) process_request /opt/stack/glance/glance/api/middleware/version_negotiation.py:57}}
Jul 04 21:24:07.199635 np0000004526 devstack@g-api.service[102710]: DEBUG glance.api.middleware.version_negotiation [None req-294968c4-4364-4b57-820b-b9935e3834cc tempest-VolumesActionsTest-343528617 tempest-VolumesActionsTest-343528617-project-member] Matched version: v2 {{(pid=102710) process_request /opt/stack/glance/glance/api/middleware/version_negotiation.py:69}}
Jul 04 21:24:07.199735 np0000004526 devstack@g-api.service[102710]: DEBUG glance.api.middleware.version_negotiation [None req-294968c4-4364-4b57-820b-b9935e3834cc tempest-VolumesActionsTest-343528617 tempest-VolumesActionsTest-343528617-project-member] new path /v2/images/a60dd93e-1abb-4656-9d53-568385c15ee8 {{(pid=102710) process_request /opt/stack/glance/glance/api/middleware/version_negotiation.py:70}}
Jul 04 21:24:07.218316 np0000004526 devstack@g-api.service[102710]: [pid: 102710|app: 0|req: 60/231] 127.0.0.1 () {40 vars in 830 bytes} [Sat Jul 4 21:24:07 2026] GET /v2/images/a60dd93e-1abb-4656-9d53-568385c15ee8 => generated 650 bytes in 19 msecs (HTTP/1.1 200) 4 headers in 157 bytes (1 switches on core 0)
Jul 04 21:24:07.427215 np0000004526 devstack@g-api.service[102711]: DEBUG swiftclient [None req-ecec9840-1014-4cb3-a8e8-fb349e08b096 tempest-VolumesActionsTest-343528617 tempest-VolumesActionsTest-343528617-project-member] REQ: curl -i https://10.4.3.6:8080/v1/AUTH_69baa591c52c4327ab9310e8dce21d6f/glance/a60dd93e-1abb-4656-9d53-568385c15ee8-00002 -X PUT -H "X-Auth-Token: gAAAAABqSXnyGc-v..." {{(pid=102711) http_log /opt/stack/data/venv/lib/python3.12/site-packages/swiftclient/client.py:160}}
Jul 04 21:24:07.428166 np0000004526 devstack@g-api.service[102711]: DEBUG swiftclient [None req-ecec9840-1014-4cb3-a8e8-fb349e08b096 tempest-VolumesActionsTest-343528617 tempest-VolumesActionsTest-343528617-project-member] RESP STATUS: 201 Created {{(pid=102711) http_log /opt/stack/data/venv/lib/python3.12/site-packages/swiftclient/client.py:161}}
Jul 04 21:24:07.428166 np0000004526 devstack@g-api.service[102711]: DEBUG swiftclient [None req-ecec9840-1014-4cb3-a8e8-fb349e08b096 tempest-VolumesActionsTest-343528617 tempest-VolumesActionsTest-343528617-project-member] RESP HEADERS: {'Date': 'Sat, 04 Jul 2026 21:24:07 GMT', 'Server': 'Apache/2.4.58 (Ubuntu)', 'Content-Type': 'text/html; charset=UTF-8', 'Content-Length': '0', 'Etag': 'eda9a9889837ac4bc81d6387d92c1bec', 'Last-Modified': 'Sat, 04 Jul 2026 21:24:05 GMT', 'X-Trans-Id': 'tx670343a0e35e4f33931d8-006a4979f4', 'X-Openstack-Request-Id': 'tx670343a0e35e4f33931d8-006a4979f4', 'Connection': 'close'} {{(pid=102711) http_log /opt/stack/data/venv/lib/python3.12/site-packages/swiftclient/client.py:162}}
Jul 04 21:24:07.428166 np0000004526 devstack@g-api.service[102711]: DEBUG glance_store._drivers.swift.store [None req-ecec9840-1014-4cb3-a8e8-fb349e08b096 tempest-VolumesActionsTest-343528617 tempest-VolumesActionsTest-343528617-project-member] Wrote chunk a60dd93e-1abb-4656-9d53-568385c15ee8-00002 (2/?) of length 204800000 to Swift returning MD5 of content: eda9a9889837ac4bc81d6387d92c1bec {{(pid=102711) add /opt/stack/data/venv/lib/python3.12/site-packages/glance_store/_drivers/swift/store.py:1059}}
Jul 04 21:24:08.232395 np0000004526 devstack@g-api.service[102709]: DEBUG glance.api.middleware.version_negotiation [None req-1f02ab28-fbaf-4e14-a559-d5cb40d5be1d tempest-VolumesGetTest-1936866293 tempest-VolumesGetTest-1936866293-project-member] Determining version of request: GET /v2/images/a60dd93e-1abb-4656-9d53-568385c15ee8 Accept: application/json {{(pid=102709) process_request /opt/stack/glance/glance/api/middleware/version_negotiation.py:44}}
Jul 04 21:24:08.234480 np0000004526 devstack@g-api.service[102709]: DEBUG glance.api.middleware.version_negotiation [None req-1f02ab28-fbaf-4e14-a559-d5cb40d5be1d tempest-VolumesGetTest-1936866293 tempest-VolumesGetTest-1936866293-project-member] Using url versioning {{(pid=102709) process_request /opt/stack/glance/glance/api/middleware/version_negotiation.py:57}}
Jul 04 21:24:08.234480 np0000004526 devstack@g-api.service[102709]: DEBUG glance.api.middleware.version_negotiation [None req-1f02ab28-fbaf-4e14-a559-d5cb40d5be1d tempest-VolumesGetTest-1936866293 tempest-VolumesGetTest-1936866293-project-member] Matched version: v2 {{(pid=102709) process_request /opt/stack/glance/glance/api/middleware/version_negotiation.py:69}}
Jul 04 21:24:08.234480 np0000004526 devstack@g-api.service[102709]: DEBUG glance.api.middleware.version_negotiation [None req-1f02ab28-fbaf-4e14-a559-d5cb40d5be1d tempest-VolumesGetTest-1936866293 tempest-VolumesGetTest-1936866293-project-member] new path /v2/images/a60dd93e-1abb-4656-9d53-568385c15ee8 {{(pid=102709) process_request /opt/stack/glance/glance/api/middleware/version_negotiation.py:70}}
Jul 04 21:24:08.249427 np0000004526 devstack@g-api.service[102709]: [pid: 102709|app: 0|req: 60/232] 127.0.0.1 () {40 vars in 830 bytes} [Sat Jul 4 21:24:08 2026] GET /v2/images/a60dd93e-1abb-4656-9d53-568385c15ee8 => generated 650 bytes in 19 msecs (HTTP/1.1 200) 4 headers in 157 bytes (1 switches on core 0)
Jul 04 21:24:09.263041 np0000004526 devstack@g-api.service[102708]: DEBUG glance.api.middleware.version_negotiation [None req-48d2c4a6-529d-48ce-a729-af6261734fad tempest-VolumesActionsTest-343528617 tempest-VolumesActionsTest-343528617-project-member] Determining version of request: GET /v2/images/a60dd93e-1abb-4656-9d53-568385c15ee8 Accept: application/json {{(pid=102708) process_request /opt/stack/glance/glance/api/middleware/version_negotiation.py:44}}
Jul 04 21:24:09.263514 np0000004526 devstack@g-api.service[102708]: DEBUG glance.api.middleware.version_negotiation [None req-48d2c4a6-529d-48ce-a729-af6261734fad tempest-VolumesActionsTest-343528617 tempest-VolumesActionsTest-343528617-project-member] Using url versioning {{(pid=102708) process_request /opt/stack/glance/glance/api/middleware/version_negotiation.py:57}}
Jul 04 21:24:09.263514 np0000004526 devstack@g-api.service[102708]: DEBUG glance.api.middleware.version_negotiation [None req-48d2c4a6-529d-48ce-a729-af6261734fad tempest-VolumesActionsTest-343528617 tempest-VolumesActionsTest-343528617-project-member] Matched version: v2 {{(pid=102708) process_request /opt/stack/glance/glance/api/middleware/version_negotiation.py:69}}
Jul 04 21:24:09.263514 np0000004526 devstack@g-api.service[102708]: DEBUG glance.api.middleware.version_negotiation [None req-48d2c4a6-529d-48ce-a729-af6261734fad tempest-VolumesActionsTest-343528617 tempest-VolumesActionsTest-343528617-project-member] new path /v2/images/a60dd93e-1abb-4656-9d53-568385c15ee8 {{(pid=102708) process_request /opt/stack/glance/glance/api/middleware/version_negotiation.py:70}}
Jul 04 21:24:09.278155 np0000004526 devstack@g-api.service[102708]: [pid: 102708|app: 0|req: 59/233] 127.0.0.1 () {40 vars in 830 bytes} [Sat Jul 4 21:24:09 2026] GET /v2/images/a60dd93e-1abb-4656-9d53-568385c15ee8 => generated 650 bytes in 14 msecs (HTTP/1.1 200) 4 headers in 157 bytes (1 switches on core 0)
Jul 04 21:24:09.771475 np0000004526 devstack@g-api.service[102711]: DEBUG swiftclient [None req-ecec9840-1014-4cb3-a8e8-fb349e08b096 tempest-VolumesActionsTest-343528617 tempest-VolumesActionsTest-343528617-project-member] REQ: curl -i https://10.4.3.6:8080/v1/AUTH_69baa591c52c4327ab9310e8dce21d6f/glance/a60dd93e-1abb-4656-9d53-568385c15ee8-00003 -X PUT -H "X-Auth-Token: gAAAAABqSXnyGc-v..." {{(pid=102711) http_log /opt/stack/data/venv/lib/python3.12/site-packages/swiftclient/client.py:160}}
Jul 04 21:24:09.771764 np0000004526 devstack@g-api.service[102711]: DEBUG swiftclient [None req-ecec9840-1014-4cb3-a8e8-fb349e08b096 tempest-VolumesActionsTest-343528617 tempest-VolumesActionsTest-343528617-project-member] RESP STATUS: 201 Created {{(pid=102711) http_log /opt/stack/data/venv/lib/python3.12/site-packages/swiftclient/client.py:161}}
Jul 04 21:24:09.771764 np0000004526 devstack@g-api.service[102711]: DEBUG swiftclient [None req-ecec9840-1014-4cb3-a8e8-fb349e08b096 tempest-VolumesActionsTest-343528617 tempest-VolumesActionsTest-343528617-project-member] RESP HEADERS: {'Date': 'Sat, 04 Jul 2026 21:24:09 GMT', 'Server': 'Apache/2.4.58 (Ubuntu)', 'Content-Type': 'text/html; charset=UTF-8', 'Content-Length': '0', 'Etag': 'eda9a9889837ac4bc81d6387d92c1bec', 'Last-Modified': 'Sat, 04 Jul 2026 21:24:08 GMT', 'X-Trans-Id': 'tx571cdf6de09e481bbbe08-006a4979f7', 'X-Openstack-Request-Id': 'tx571cdf6de09e481bbbe08-006a4979f7', 'Connection': 'close'} {{(pid=102711) http_log /opt/stack/data/venv/lib/python3.12/site-packages/swiftclient/client.py:162}}
Jul 04 21:24:09.771914 np0000004526 devstack@g-api.service[102711]: DEBUG glance_store._drivers.swift.store [None req-ecec9840-1014-4cb3-a8e8-fb349e08b096 tempest-VolumesActionsTest-343528617 tempest-VolumesActionsTest-343528617-project-member] Wrote chunk a60dd93e-1abb-4656-9d53-568385c15ee8-00003 (3/?) of length 204800000 to Swift returning MD5 of content: eda9a9889837ac4bc81d6387d92c1bec {{(pid=102711) add /opt/stack/data/venv/lib/python3.12/site-packages/glance_store/_drivers/swift/store.py:1059}}
Jul 04 21:24:10.292120 np0000004526 devstack@g-api.service[102710]: DEBUG glance.api.middleware.version_negotiation [None req-c297dc62-d2c7-4463-97a2-0c498769d25a tempest-VolumesActionsTest-343528617 tempest-VolumesActionsTest-343528617-project-member] Determining version of request: GET /v2/images/a60dd93e-1abb-4656-9d53-568385c15ee8 Accept: application/json {{(pid=102710) process_request /opt/stack/glance/glance/api/middleware/version_negotiation.py:44}}
Jul 04 21:24:10.292120 np0000004526 devstack@g-api.service[102710]: DEBUG glance.api.middleware.version_negotiation [None req-c297dc62-d2c7-4463-97a2-0c498769d25a tempest-VolumesActionsTest-343528617 tempest-VolumesActionsTest-343528617-project-member] Using url versioning {{(pid=102710) process_request /opt/stack/glance/glance/api/middleware/version_negotiation.py:57}}
Jul 04 21:24:10.292120 np0000004526 devstack@g-api.service[102710]: DEBUG glance.api.middleware.version_negotiation [None req-c297dc62-d2c7-4463-97a2-0c498769d25a tempest-VolumesActionsTest-343528617 tempest-VolumesActionsTest-343528617-project-member] Matched version: v2 {{(pid=102710) process_request /opt/stack/glance/glance/api/middleware/version_negotiation.py:69}}
Jul 04 21:24:10.292120 np0000004526 devstack@g-api.service[102710]: DEBUG glance.api.middleware.version_negotiation [None req-c297dc62-d2c7-4463-97a2-0c498769d25a tempest-VolumesActionsTest-343528617 tempest-VolumesActionsTest-343528617-project-member] new path /v2/images/a60dd93e-1abb-4656-9d53-568385c15ee8 {{(pid=102710) process_request /opt/stack/glance/glance/api/middleware/version_negotiation.py:70}}
Jul 04 21:24:10.307476 np0000004526 devstack@g-api.service[102710]: [pid: 102710|app: 0|req: 61/234] 127.0.0.1 () {40 vars in 830 bytes} [Sat Jul 4 21:24:10 2026] GET /v2/images/a60dd93e-1abb-4656-9d53-568385c15ee8 => generated 650 bytes in 18 msecs (HTTP/1.1 200) 4 headers in 157 bytes (1 switches on core 0)
Jul 04 21:24:11.325432 np0000004526 devstack@g-api.service[102709]: DEBUG glance.api.middleware.version_negotiation [None req-16114e64-a334-466a-8f99-da88f3d9a491 tempest-VolumesActionsTest-343528617 tempest-VolumesActionsTest-343528617-project-member] Determining version of request: GET /v2/images/a60dd93e-1abb-4656-9d53-568385c15ee8 Accept: application/json {{(pid=102709) process_request /opt/stack/glance/glance/api/middleware/version_negotiation.py:44}}
Jul 04 21:24:11.325432 np0000004526 devstack@g-api.service[102709]: DEBUG glance.api.middleware.version_negotiation [None req-16114e64-a334-466a-8f99-da88f3d9a491 tempest-VolumesActionsTest-343528617 tempest-VolumesActionsTest-343528617-project-member] Using url versioning {{(pid=102709) process_request /opt/stack/glance/glance/api/middleware/version_negotiation.py:57}}
Jul 04 21:24:11.325432 np0000004526 devstack@g-api.service[102709]: DEBUG glance.api.middleware.version_negotiation [None req-16114e64-a334-466a-8f99-da88f3d9a491 tempest-VolumesActionsTest-343528617 tempest-VolumesActionsTest-343528617-project-member] Matched version: v2 {{(pid=102709) process_request /opt/stack/glance/glance/api/middleware/version_negotiation.py:69}}
Jul 04 21:24:11.325432 np0000004526 devstack@g-api.service[102709]: DEBUG glance.api.middleware.version_negotiation [None req-16114e64-a334-466a-8f99-da88f3d9a491 tempest-VolumesActionsTest-343528617 tempest-VolumesActionsTest-343528617-project-member] new path /v2/images/a60dd93e-1abb-4656-9d53-568385c15ee8 {{(pid=102709) process_request /opt/stack/glance/glance/api/middleware/version_negotiation.py:70}}
Jul 04 21:24:11.347493 np0000004526 devstack@g-api.service[102709]: [pid: 102709|app: 0|req: 61/235] 127.0.0.1 () {40 vars in 830 bytes} [Sat Jul 4 21:24:11 2026] GET /v2/images/a60dd93e-1abb-4656-9d53-568385c15ee8 => generated 650 bytes in 23 msecs (HTTP/1.1 200) 4 headers in 157 bytes (1 switches on core 0)
Jul 04 21:24:12.027519 np0000004526 devstack@g-api.service[102711]: DEBUG swiftclient [None req-ecec9840-1014-4cb3-a8e8-fb349e08b096 tempest-VolumesActionsTest-343528617 tempest-VolumesActionsTest-343528617-project-member] REQ: curl -i https://10.4.3.6:8080/v1/AUTH_69baa591c52c4327ab9310e8dce21d6f/glance/a60dd93e-1abb-4656-9d53-568385c15ee8-00004 -X PUT -H "X-Auth-Token: gAAAAABqSXnyGc-v..." {{(pid=102711) http_log /opt/stack/data/venv/lib/python3.12/site-packages/swiftclient/client.py:160}}
Jul 04 21:24:12.027519 np0000004526 devstack@g-api.service[102711]: DEBUG swiftclient [None req-ecec9840-1014-4cb3-a8e8-fb349e08b096 tempest-VolumesActionsTest-343528617 tempest-VolumesActionsTest-343528617-project-member] RESP STATUS: 201 Created {{(pid=102711) http_log /opt/stack/data/venv/lib/python3.12/site-packages/swiftclient/client.py:161}}
Jul 04 21:24:12.027797 np0000004526 devstack@g-api.service[102711]: DEBUG swiftclient [None req-ecec9840-1014-4cb3-a8e8-fb349e08b096 tempest-VolumesActionsTest-343528617 tempest-VolumesActionsTest-343528617-project-member] RESP HEADERS: {'Date': 'Sat, 04 Jul 2026 21:24:12 GMT', 'Server': 'Apache/2.4.58 (Ubuntu)', 'Content-Type': 'text/html; charset=UTF-8', 'Content-Length': '0', 'Etag': 'eda9a9889837ac4bc81d6387d92c1bec', 'Last-Modified': 'Sat, 04 Jul 2026 21:24:10 GMT', 'X-Trans-Id': 'tx7db35af2b3fa4c6ea9657-006a4979f9', 'X-Openstack-Request-Id': 'tx7db35af2b3fa4c6ea9657-006a4979f9', 'Connection': 'close'} {{(pid=102711) http_log /opt/stack/data/venv/lib/python3.12/site-packages/swiftclient/client.py:162}}
Jul 04 21:24:12.027797 np0000004526 devstack@g-api.service[102711]: DEBUG glance_store._drivers.swift.store [None req-ecec9840-1014-4cb3-a8e8-fb349e08b096 tempest-VolumesActionsTest-343528617 tempest-VolumesActionsTest-343528617-project-member] Wrote chunk a60dd93e-1abb-4656-9d53-568385c15ee8-00004 (4/?) of length 204800000 to Swift returning MD5 of content: eda9a9889837ac4bc81d6387d92c1bec {{(pid=102711) add /opt/stack/data/venv/lib/python3.12/site-packages/glance_store/_drivers/swift/store.py:1059}}
Jul 04 21:24:12.061671 np0000004526 devstack@g-api.service[102711]: DEBUG dbcounter [-] [102711] Writing DB stats glance:SELECT=14,glance:UPDATE=1 {{(pid=102711) stat_writer /opt/stack/data/venv/lib/python3.12/site-packages/dbcounter.py:115}}
Jul 04 21:24:12.366139 np0000004526 devstack@g-api.service[102708]: DEBUG glance.api.middleware.version_negotiation [None req-e5913c1e-b297-461c-a5ea-8340158af2e4 tempest-VolumesActionsTest-343528617 tempest-VolumesActionsTest-343528617-project-member] Determining version of request: GET /v2/images/a60dd93e-1abb-4656-9d53-568385c15ee8 Accept: application/json {{(pid=102708) process_request /opt/stack/glance/glance/api/middleware/version_negotiation.py:44}}
Jul 04 21:24:12.366607 np0000004526 devstack@g-api.service[102708]: DEBUG glance.api.middleware.version_negotiation [None req-e5913c1e-b297-461c-a5ea-8340158af2e4 tempest-VolumesActionsTest-343528617 tempest-VolumesActionsTest-343528617-project-member] Using url versioning {{(pid=102708) process_request /opt/stack/glance/glance/api/middleware/version_negotiation.py:57}}
Jul 04 21:24:12.366607 np0000004526 devstack@g-api.service[102708]: DEBUG glance.api.middleware.version_negotiation [None req-e5913c1e-b297-461c-a5ea-8340158af2e4 tempest-VolumesActionsTest-343528617 tempest-VolumesActionsTest-343528617-project-member] Matched version: v2 {{(pid=102708) process_request /opt/stack/glance/glance/api/middleware/version_negotiation.py:69}}
Jul 04 21:24:12.367740 np0000004526 devstack@g-api.service[102708]: DEBUG glance.api.middleware.version_negotiation [None req-e5913c1e-b297-461c-a5ea-8340158af2e4 tempest-VolumesActionsTest-343528617 tempest-VolumesActionsTest-343528617-project-member] new path /v2/images/a60dd93e-1abb-4656-9d53-568385c15ee8 {{(pid=102708) process_request /opt/stack/glance/glance/api/middleware/version_negotiation.py:70}}
Jul 04 21:24:12.394153 np0000004526 devstack@g-api.service[102708]: [pid: 102708|app: 0|req: 60/236] 127.0.0.1 () {40 vars in 830 bytes} [Sat Jul 4 21:24:12 2026] GET /v2/images/a60dd93e-1abb-4656-9d53-568385c15ee8 => generated 650 bytes in 28 msecs (HTTP/1.1 200) 4 headers in 157 bytes (1 switches on core 0)
Jul 04 21:24:13.406080 np0000004526 devstack@g-api.service[102710]: DEBUG glance.api.middleware.version_negotiation [None req-50be9d8e-f452-43d7-b543-3530bdfb1df5 tempest-VolumesActionsTest-343528617 tempest-VolumesActionsTest-343528617-project-member] Determining version of request: GET /v2/images/a60dd93e-1abb-4656-9d53-568385c15ee8 Accept: application/json {{(pid=102710) process_request /opt/stack/glance/glance/api/middleware/version_negotiation.py:44}}
Jul 04 21:24:13.406544 np0000004526 devstack@g-api.service[102710]: DEBUG glance.api.middleware.version_negotiation [None req-50be9d8e-f452-43d7-b543-3530bdfb1df5 tempest-VolumesActionsTest-343528617 tempest-VolumesActionsTest-343528617-project-member] Using url versioning {{(pid=102710) process_request /opt/stack/glance/glance/api/middleware/version_negotiation.py:57}}
Jul 04 21:24:13.406705 np0000004526 devstack@g-api.service[102710]: DEBUG glance.api.middleware.version_negotiation [None req-50be9d8e-f452-43d7-b543-3530bdfb1df5 tempest-VolumesActionsTest-343528617 tempest-VolumesActionsTest-343528617-project-member] Matched version: v2 {{(pid=102710) process_request /opt/stack/glance/glance/api/middleware/version_negotiation.py:69}}
Jul 04 21:24:13.407401 np0000004526 devstack@g-api.service[102710]: DEBUG glance.api.middleware.version_negotiation [None req-50be9d8e-f452-43d7-b543-3530bdfb1df5 tempest-VolumesActionsTest-343528617 tempest-VolumesActionsTest-343528617-project-member] new path /v2/images/a60dd93e-1abb-4656-9d53-568385c15ee8 {{(pid=102710) process_request /opt/stack/glance/glance/api/middleware/version_negotiation.py:70}}
Jul 04 21:24:13.424543 np0000004526 devstack@g-api.service[102710]: [pid: 102710|app: 0|req: 62/237] 127.0.0.1 () {40 vars in 830 bytes} [Sat Jul 4 21:24:13 2026] GET /v2/images/a60dd93e-1abb-4656-9d53-568385c15ee8 => generated 650 bytes in 18 msecs (HTTP/1.1 200) 4 headers in 157 bytes (1 switches on core 0)
Jul 04 21:24:14.440646 np0000004526 devstack@g-api.service[102709]: DEBUG glance.api.middleware.version_negotiation [None req-4468df2a-8f56-4597-b323-5372001dabc7 tempest-VolumesActionsTest-343528617 tempest-VolumesActionsTest-343528617-project-member] Determining version of request: GET /v2/images/a60dd93e-1abb-4656-9d53-568385c15ee8 Accept: application/json {{(pid=102709) process_request /opt/stack/glance/glance/api/middleware/version_negotiation.py:44}}
Jul 04 21:24:14.443575 np0000004526 devstack@g-api.service[102709]: DEBUG glance.api.middleware.version_negotiation [None req-4468df2a-8f56-4597-b323-5372001dabc7 tempest-VolumesActionsTest-343528617 tempest-VolumesActionsTest-343528617-project-member] Using url versioning {{(pid=102709) process_request /opt/stack/glance/glance/api/middleware/version_negotiation.py:57}}
Jul 04 21:24:14.443575 np0000004526 devstack@g-api.service[102709]: DEBUG glance.api.middleware.version_negotiation [None req-4468df2a-8f56-4597-b323-5372001dabc7 tempest-VolumesActionsTest-343528617 tempest-VolumesActionsTest-343528617-project-member] Matched version: v2 {{(pid=102709) process_request /opt/stack/glance/glance/api/middleware/version_negotiation.py:69}}
Jul 04 21:24:14.443575 np0000004526 devstack@g-api.service[102709]: DEBUG glance.api.middleware.version_negotiation [None req-4468df2a-8f56-4597-b323-5372001dabc7 tempest-VolumesActionsTest-343528617 tempest-VolumesActionsTest-343528617-project-member] new path /v2/images/a60dd93e-1abb-4656-9d53-568385c15ee8 {{(pid=102709) process_request /opt/stack/glance/glance/api/middleware/version_negotiation.py:70}}
Jul 04 21:24:14.455105 np0000004526 devstack@g-api.service[102709]: [pid: 102709|app: 0|req: 62/238] 127.0.0.1 () {40 vars in 830 bytes} [Sat Jul 4 21:24:14 2026] GET /v2/images/a60dd93e-1abb-4656-9d53-568385c15ee8 => generated 650 bytes in 14 msecs (HTTP/1.1 200) 4 headers in 157 bytes (1 switches on core 0)
Jul 04 21:24:14.527742 np0000004526 devstack@g-api.service[102711]: DEBUG swiftclient [None req-ecec9840-1014-4cb3-a8e8-fb349e08b096 tempest-VolumesActionsTest-343528617 tempest-VolumesActionsTest-343528617-project-member] REQ: curl -i https://10.4.3.6:8080/v1/AUTH_69baa591c52c4327ab9310e8dce21d6f/glance/a60dd93e-1abb-4656-9d53-568385c15ee8-00005 -X PUT -H "X-Auth-Token: gAAAAABqSXnyGc-v..." {{(pid=102711) http_log /opt/stack/data/venv/lib/python3.12/site-packages/swiftclient/client.py:160}}
Jul 04 21:24:14.527742 np0000004526 devstack@g-api.service[102711]: DEBUG swiftclient [None req-ecec9840-1014-4cb3-a8e8-fb349e08b096 tempest-VolumesActionsTest-343528617 tempest-VolumesActionsTest-343528617-project-member] RESP STATUS: 201 Created {{(pid=102711) http_log /opt/stack/data/venv/lib/python3.12/site-packages/swiftclient/client.py:161}}
Jul 04 21:24:14.528376 np0000004526 devstack@g-api.service[102711]: DEBUG swiftclient [None req-ecec9840-1014-4cb3-a8e8-fb349e08b096 tempest-VolumesActionsTest-343528617 tempest-VolumesActionsTest-343528617-project-member] RESP HEADERS: {'Date': 'Sat, 04 Jul 2026 21:24:14 GMT', 'Server': 'Apache/2.4.58 (Ubuntu)', 'Content-Type': 'text/html; charset=UTF-8', 'Content-Length': '0', 'Etag': 'eda9a9889837ac4bc81d6387d92c1bec', 'Last-Modified': 'Sat, 04 Jul 2026 21:24:13 GMT', 'X-Trans-Id': 'tx94040e6d7d4d49009534d-006a4979fc', 'X-Openstack-Request-Id': 'tx94040e6d7d4d49009534d-006a4979fc', 'Connection': 'close'} {{(pid=102711) http_log /opt/stack/data/venv/lib/python3.12/site-packages/swiftclient/client.py:162}}
Jul 04 21:24:14.528376 np0000004526 devstack@g-api.service[102711]: DEBUG glance_store._drivers.swift.store [None req-ecec9840-1014-4cb3-a8e8-fb349e08b096 tempest-VolumesActionsTest-343528617 tempest-VolumesActionsTest-343528617-project-member] Wrote chunk a60dd93e-1abb-4656-9d53-568385c15ee8-00005 (5/?) of length 204800000 to Swift returning MD5 of content: eda9a9889837ac4bc81d6387d92c1bec {{(pid=102711) add /opt/stack/data/venv/lib/python3.12/site-packages/glance_store/_drivers/swift/store.py:1059}}
Jul 04 21:24:15.074205 np0000004526 devstack@g-api.service[102711]: DEBUG swiftclient [None req-ecec9840-1014-4cb3-a8e8-fb349e08b096 tempest-VolumesActionsTest-343528617 tempest-VolumesActionsTest-343528617-project-member] REQ: curl -i https://10.4.3.6:8080/v1/AUTH_69baa591c52c4327ab9310e8dce21d6f/glance/a60dd93e-1abb-4656-9d53-568385c15ee8-00006 -X PUT -H "X-Auth-Token: gAAAAABqSXnyGc-v..." {{(pid=102711) http_log /opt/stack/data/venv/lib/python3.12/site-packages/swiftclient/client.py:160}}
Jul 04 21:24:15.074325 np0000004526 devstack@g-api.service[102711]: DEBUG swiftclient [None req-ecec9840-1014-4cb3-a8e8-fb349e08b096 tempest-VolumesActionsTest-343528617 tempest-VolumesActionsTest-343528617-project-member] RESP STATUS: 201 Created {{(pid=102711) http_log /opt/stack/data/venv/lib/python3.12/site-packages/swiftclient/client.py:161}}
Jul 04 21:24:15.074534 np0000004526 devstack@g-api.service[102711]: DEBUG swiftclient [None req-ecec9840-1014-4cb3-a8e8-fb349e08b096 tempest-VolumesActionsTest-343528617 tempest-VolumesActionsTest-343528617-project-member] RESP HEADERS: {'Date': 'Sat, 04 Jul 2026 21:24:15 GMT', 'Server': 'Apache/2.4.58 (Ubuntu)', 'Content-Type': 'text/html; charset=UTF-8', 'Content-Length': '0', 'Etag': '708761f3b8777ec77058e63da08eeeb6', 'Last-Modified': 'Sat, 04 Jul 2026 21:24:15 GMT', 'X-Trans-Id': 'txa43805e0cc9a47d68664a-006a4979fe', 'X-Openstack-Request-Id': 'txa43805e0cc9a47d68664a-006a4979fe', 'Connection': 'close'} {{(pid=102711) http_log /opt/stack/data/venv/lib/python3.12/site-packages/swiftclient/client.py:162}}
Jul 04 21:24:15.074680 np0000004526 devstack@g-api.service[102711]: DEBUG glance_store._drivers.swift.store [None req-ecec9840-1014-4cb3-a8e8-fb349e08b096 tempest-VolumesActionsTest-343528617 tempest-VolumesActionsTest-343528617-project-member] Wrote chunk a60dd93e-1abb-4656-9d53-568385c15ee8-00006 (6/?) of length 49741824 to Swift returning MD5 of content: 708761f3b8777ec77058e63da08eeeb6 {{(pid=102711) add /opt/stack/data/venv/lib/python3.12/site-packages/glance_store/_drivers/swift/store.py:1059}}
Jul 04 21:24:15.074998 np0000004526 devstack@g-api.service[102711]: DEBUG glance_store._drivers.swift.store [None req-ecec9840-1014-4cb3-a8e8-fb349e08b096 tempest-VolumesActionsTest-343528617 tempest-VolumesActionsTest-343528617-project-member] Not writing zero-length chunk. {{(pid=102711) add /opt/stack/data/venv/lib/python3.12/site-packages/glance_store/_drivers/swift/store.py:1028}}
Jul 04 21:24:15.107412 np0000004526 devstack@g-api.service[102711]: DEBUG swiftclient [None req-ecec9840-1014-4cb3-a8e8-fb349e08b096 tempest-VolumesActionsTest-343528617 tempest-VolumesActionsTest-343528617-project-member] REQ: curl -i https://10.4.3.6:8080/v1/AUTH_69baa591c52c4327ab9310e8dce21d6f/glance/a60dd93e-1abb-4656-9d53-568385c15ee8 -X PUT -H "X-Object-Manifest: glance/a60dd93e-1abb-4656-9d53-568385c15ee8-" -H "X-Auth-Token: gAAAAABqSXnyGc-v..." -H "Content-Length: 0" {{(pid=102711) http_log /opt/stack/data/venv/lib/python3.12/site-packages/swiftclient/client.py:160}}
Jul 04 21:24:15.107629 np0000004526 devstack@g-api.service[102711]: DEBUG swiftclient [None req-ecec9840-1014-4cb3-a8e8-fb349e08b096 tempest-VolumesActionsTest-343528617 tempest-VolumesActionsTest-343528617-project-member] RESP STATUS: 201 Created {{(pid=102711) http_log /opt/stack/data/venv/lib/python3.12/site-packages/swiftclient/client.py:161}}
Jul 04 21:24:15.107741 np0000004526 devstack@g-api.service[102711]: DEBUG swiftclient [None req-ecec9840-1014-4cb3-a8e8-fb349e08b096 tempest-VolumesActionsTest-343528617 tempest-VolumesActionsTest-343528617-project-member] RESP HEADERS: {'Date': 'Sat, 04 Jul 2026 21:24:15 GMT', 'Server': 'Apache/2.4.58 (Ubuntu)', 'Content-Type': 'text/html; charset=UTF-8', 'Content-Length': '0', 'Etag': 'd41d8cd98f00b204e9800998ecf8427e', 'Last-Modified': 'Sat, 04 Jul 2026 21:24:16 GMT', 'X-Trans-Id': 'txbfbf9b965a114b25a176f-006a4979ff', 'X-Openstack-Request-Id': 'txbfbf9b965a114b25a176f-006a4979ff', 'Connection': 'close'} {{(pid=102711) http_log /opt/stack/data/venv/lib/python3.12/site-packages/swiftclient/client.py:162}}
Jul 04 21:24:15.108296 np0000004526 devstack@g-api.service[102711]: INFO glance.location [None req-ecec9840-1014-4cb3-a8e8-fb349e08b096 tempest-VolumesActionsTest-343528617 tempest-VolumesActionsTest-343528617-project-member] Image format matched and virtual size computed: 1073741824
Jul 04 21:24:15.146579 np0000004526 devstack@g-api.service[102711]: DEBUG glance_store.backend [None req-ecec9840-1014-4cb3-a8e8-fb349e08b096 tempest-VolumesActionsTest-343528617 tempest-VolumesActionsTest-343528617-project-member] Attempting to import store swift {{(pid=102711) _load_store /opt/stack/data/venv/lib/python3.12/site-packages/glance_store/backend.py:215}}
Jul 04 21:24:15.148667 np0000004526 devstack@g-api.service[102711]: DEBUG glance_store.capabilities [None req-ecec9840-1014-4cb3-a8e8-fb349e08b096 tempest-VolumesActionsTest-343528617 tempest-VolumesActionsTest-343528617-project-member] Store glance_store._drivers.swift.store.SingleTenantStore doesn't support updating dynamic storage capabilities. Please overwrite 'update_capabilities' method of the store to implement updating logics if needed. {{(pid=102711) update_capabilities /opt/stack/data/venv/lib/python3.12/site-packages/glance_store/capabilities.py:91}}
Jul 04 21:24:15.148863 np0000004526 devstack@g-api.service[102711]: DEBUG glance_store.driver [None req-ecec9840-1014-4cb3-a8e8-fb349e08b096 tempest-VolumesActionsTest-343528617 tempest-VolumesActionsTest-343528617-project-member] Late loading location class glance_store._drivers.swift.store.StoreLocation {{(pid=102711) get_store_location_class /opt/stack/data/venv/lib/python3.12/site-packages/glance_store/driver.py:134}}
Jul 04 21:24:15.149065 np0000004526 devstack@g-api.service[102711]: DEBUG glance_store.location [None req-ecec9840-1014-4cb3-a8e8-fb349e08b096 tempest-VolumesActionsTest-343528617 tempest-VolumesActionsTest-343528617-project-member] Registering scheme swift+https with {'store': , 'location_class': , 'store_entry': 'swift'} {{(pid=102711) register_scheme_map /opt/stack/data/venv/lib/python3.12/site-packages/glance_store/location.py:146}}
Jul 04 21:24:15.149175 np0000004526 devstack@g-api.service[102711]: DEBUG glance_store.location [None req-ecec9840-1014-4cb3-a8e8-fb349e08b096 tempest-VolumesActionsTest-343528617 tempest-VolumesActionsTest-343528617-project-member] Registering scheme swift+https with {'store': , 'location_class': , 'store_entry': 'swift'} {{(pid=102711) register_scheme_map /opt/stack/data/venv/lib/python3.12/site-packages/glance_store/location.py:146}}
Jul 04 21:24:15.149255 np0000004526 devstack@g-api.service[102711]: DEBUG glance_store.location [None req-ecec9840-1014-4cb3-a8e8-fb349e08b096 tempest-VolumesActionsTest-343528617 tempest-VolumesActionsTest-343528617-project-member] Registering scheme swift with {'store': , 'location_class': , 'store_entry': 'swift'} {{(pid=102711) register_scheme_map /opt/stack/data/venv/lib/python3.12/site-packages/glance_store/location.py:146}}
Jul 04 21:24:15.149391 np0000004526 devstack@g-api.service[102711]: DEBUG glance_store.location [None req-ecec9840-1014-4cb3-a8e8-fb349e08b096 tempest-VolumesActionsTest-343528617 tempest-VolumesActionsTest-343528617-project-member] Registering scheme swift+https with {'store': , 'location_class': , 'store_entry': 'swift'} {{(pid=102711) register_scheme_map /opt/stack/data/venv/lib/python3.12/site-packages/glance_store/location.py:146}}
Jul 04 21:24:15.149551 np0000004526 devstack@g-api.service[102711]: DEBUG glance_store.location [None req-ecec9840-1014-4cb3-a8e8-fb349e08b096 tempest-VolumesActionsTest-343528617 tempest-VolumesActionsTest-343528617-project-member] Registering scheme swift with {'store': , 'location_class': , 'store_entry': 'swift'} {{(pid=102711) register_scheme_map /opt/stack/data/venv/lib/python3.12/site-packages/glance_store/location.py:146}}
Jul 04 21:24:15.149630 np0000004526 devstack@g-api.service[102711]: DEBUG glance_store.location [None req-ecec9840-1014-4cb3-a8e8-fb349e08b096 tempest-VolumesActionsTest-343528617 tempest-VolumesActionsTest-343528617-project-member] Registering scheme swift+http with {'store': , 'location_class': , 'store_entry': 'swift'} {{(pid=102711) register_scheme_map /opt/stack/data/venv/lib/python3.12/site-packages/glance_store/location.py:146}}
Jul 04 21:24:15.149803 np0000004526 devstack@g-api.service[102711]: DEBUG glance_store.location [None req-ecec9840-1014-4cb3-a8e8-fb349e08b096 tempest-VolumesActionsTest-343528617 tempest-VolumesActionsTest-343528617-project-member] Registering scheme swift+https with {'store': , 'location_class': , 'store_entry': 'swift'} {{(pid=102711) register_scheme_map /opt/stack/data/venv/lib/python3.12/site-packages/glance_store/location.py:146}}
