Jul 08 16:24:57.257618 np0000004832 nova-conductor[98924]: DEBUG cotyledon.oslo_config_glue [-] zvm.reachable_timeout = 300 {{(pid=98924) log_opt_values /opt/stack/data/venv/lib/python3.12/site-packages/oslo_config/cfg.py:3253}}
Jul 08 16:24:57.257618 np0000004832 nova-conductor[98924]: DEBUG cotyledon.oslo_config_glue [-] oslo_versionedobjects.fatal_exception_format_errors = False {{(pid=98924) log_opt_values /opt/stack/data/venv/lib/python3.12/site-packages/oslo_config/cfg.py:3253}}
Jul 08 16:24:57.257618 np0000004832 nova-conductor[98924]: DEBUG cotyledon.oslo_config_glue [-] oslo_middleware.http_basic_auth_user_file = /etc/htpasswd {{(pid=98924) log_opt_values /opt/stack/data/venv/lib/python3.12/site-packages/oslo_config/cfg.py:3253}}
Jul 08 16:24:57.257618 np0000004832 nova-conductor[98924]: DEBUG cotyledon.oslo_config_glue [-] profiler.connection_string = messaging:// {{(pid=98924) log_opt_values /opt/stack/data/venv/lib/python3.12/site-packages/oslo_config/cfg.py:3253}}
Jul 08 16:24:57.257618 np0000004832 nova-conductor[98924]: DEBUG cotyledon.oslo_config_glue [-] profiler.enabled = False {{(pid=98924) log_opt_values /opt/stack/data/venv/lib/python3.12/site-packages/oslo_config/cfg.py:3253}}
Jul 08 16:24:57.257618 np0000004832 nova-conductor[98924]: DEBUG cotyledon.oslo_config_glue [-] profiler.es_doc_type = notification {{(pid=98924) log_opt_values /opt/stack/data/venv/lib/python3.12/site-packages/oslo_config/cfg.py:3253}}
Jul 08 16:24:57.257618 np0000004832 nova-conductor[98924]: DEBUG cotyledon.oslo_config_glue [-] profiler.es_scroll_size = 10000 {{(pid=98924) log_opt_values /opt/stack/data/venv/lib/python3.12/site-packages/oslo_config/cfg.py:3253}}
Jul 08 16:24:57.257618 np0000004832 nova-conductor[98924]: DEBUG cotyledon.oslo_config_glue [-] profiler.es_scroll_time = 2m {{(pid=98924) log_opt_values /opt/stack/data/venv/lib/python3.12/site-packages/oslo_config/cfg.py:3253}}
Jul 08 16:24:57.257878 np0000004832 nova-conductor[98924]: DEBUG cotyledon.oslo_config_glue [-] profiler.filter_error_trace = False {{(pid=98924) log_opt_values /opt/stack/data/venv/lib/python3.12/site-packages/oslo_config/cfg.py:3253}}
Jul 08 16:24:57.257878 np0000004832 nova-conductor[98924]: DEBUG cotyledon.oslo_config_glue [-] profiler.hmac_keys = **** {{(pid=98924) log_opt_values /opt/stack/data/venv/lib/python3.12/site-packages/oslo_config/cfg.py:3253}}
Jul 08 16:24:57.257878 np0000004832 nova-conductor[98924]: DEBUG cotyledon.oslo_config_glue [-] profiler.sentinel_service_name = mymaster {{(pid=98924) log_opt_values /opt/stack/data/venv/lib/python3.12/site-packages/oslo_config/cfg.py:3253}}
Jul 08 16:24:57.257878 np0000004832 nova-conductor[98924]: DEBUG cotyledon.oslo_config_glue [-] profiler.socket_timeout = 0.1 {{(pid=98924) log_opt_values /opt/stack/data/venv/lib/python3.12/site-packages/oslo_config/cfg.py:3253}}
Jul 08 16:24:57.257878 np0000004832 nova-conductor[98924]: DEBUG cotyledon.oslo_config_glue [-] profiler.trace_requests = False {{(pid=98924) log_opt_values /opt/stack/data/venv/lib/python3.12/site-packages/oslo_config/cfg.py:3253}}
Jul 08 16:24:57.257878 np0000004832 nova-conductor[98924]: DEBUG cotyledon.oslo_config_glue [-] profiler.trace_sqlalchemy = False {{(pid=98924) log_opt_values /opt/stack/data/venv/lib/python3.12/site-packages/oslo_config/cfg.py:3253}}
Jul 08 16:24:57.257878 np0000004832 nova-conductor[98924]: DEBUG cotyledon.oslo_config_glue [-] profiler_jaeger.process_tags = {} {{(pid=98924) log_opt_values /opt/stack/data/venv/lib/python3.12/site-packages/oslo_config/cfg.py:3253}}
Jul 08 16:24:57.257878 np0000004832 nova-conductor[98924]: DEBUG cotyledon.oslo_config_glue [-] profiler_jaeger.service_name_prefix = None {{(pid=98924) log_opt_values /opt/stack/data/venv/lib/python3.12/site-packages/oslo_config/cfg.py:3253}}
Jul 08 16:24:57.257878 np0000004832 nova-conductor[98924]: DEBUG cotyledon.oslo_config_glue [-] profiler_otlp.service_name_prefix = None {{(pid=98924) log_opt_values /opt/stack/data/venv/lib/python3.12/site-packages/oslo_config/cfg.py:3253}}
Jul 08 16:24:57.258041 np0000004832 nova-conductor[98924]: DEBUG cotyledon.oslo_config_glue [-] oslo_messaging_rabbit.amqp_auto_delete = False {{(pid=98924) log_opt_values /opt/stack/data/venv/lib/python3.12/site-packages/oslo_config/cfg.py:3253}}
Jul 08 16:24:57.258041 np0000004832 nova-conductor[98924]: DEBUG cotyledon.oslo_config_glue [-] oslo_messaging_rabbit.amqp_durable_queues = False {{(pid=98924) log_opt_values /opt/stack/data/venv/lib/python3.12/site-packages/oslo_config/cfg.py:3253}}
Jul 08 16:24:57.258041 np0000004832 nova-conductor[98924]: DEBUG cotyledon.oslo_config_glue [-] oslo_messaging_rabbit.conn_pool_min_size = 2 {{(pid=98924) log_opt_values /opt/stack/data/venv/lib/python3.12/site-packages/oslo_config/cfg.py:3253}}
Jul 08 16:24:57.258041 np0000004832 nova-conductor[98924]: DEBUG cotyledon.oslo_config_glue [-] oslo_messaging_rabbit.conn_pool_ttl = 1200 {{(pid=98924) log_opt_values /opt/stack/data/venv/lib/python3.12/site-packages/oslo_config/cfg.py:3253}}
Jul 08 16:24:57.258041 np0000004832 nova-conductor[98924]: DEBUG cotyledon.oslo_config_glue [-] oslo_messaging_rabbit.direct_mandatory_flag = True {{(pid=98924) log_opt_values /opt/stack/data/venv/lib/python3.12/site-packages/oslo_config/cfg.py:3253}}
Jul 08 16:24:57.258041 np0000004832 nova-conductor[98924]: DEBUG cotyledon.oslo_config_glue [-] oslo_messaging_rabbit.enable_cancel_on_failover = False {{(pid=98924) log_opt_values /opt/stack/data/venv/lib/python3.12/site-packages/oslo_config/cfg.py:3253}}
Jul 08 16:24:57.258041 np0000004832 nova-conductor[98924]: DEBUG cotyledon.oslo_config_glue [-] oslo_messaging_rabbit.heartbeat_rate = 3 {{(pid=98924) log_opt_values /opt/stack/data/venv/lib/python3.12/site-packages/oslo_config/cfg.py:3253}}
Jul 08 16:24:57.258041 np0000004832 nova-conductor[98924]: DEBUG cotyledon.oslo_config_glue [-] oslo_messaging_rabbit.heartbeat_timeout_threshold = 60 {{(pid=98924) log_opt_values /opt/stack/data/venv/lib/python3.12/site-packages/oslo_config/cfg.py:3253}}
Jul 08 16:24:57.258041 np0000004832 nova-conductor[98924]: DEBUG cotyledon.oslo_config_glue [-] oslo_messaging_rabbit.hostname = np0000004832 {{(pid=98924) log_opt_values /opt/stack/data/venv/lib/python3.12/site-packages/oslo_config/cfg.py:3253}}
Jul 08 16:24:57.258219 np0000004832 nova-conductor[98924]: DEBUG cotyledon.oslo_config_glue [-] oslo_messaging_rabbit.kombu_compression = None {{(pid=98924) log_opt_values /opt/stack/data/venv/lib/python3.12/site-packages/oslo_config/cfg.py:3253}}
Jul 08 16:24:57.258219 np0000004832 nova-conductor[98924]: DEBUG cotyledon.oslo_config_glue [-] oslo_messaging_rabbit.kombu_failover_strategy = round-robin {{(pid=98924) log_opt_values /opt/stack/data/venv/lib/python3.12/site-packages/oslo_config/cfg.py:3253}}
Jul 08 16:24:57.258219 np0000004832 nova-conductor[98924]: DEBUG cotyledon.oslo_config_glue [-] oslo_messaging_rabbit.kombu_missing_consumer_retry_timeout = 60 {{(pid=98924) log_opt_values /opt/stack/data/venv/lib/python3.12/site-packages/oslo_config/cfg.py:3253}}
Jul 08 16:24:57.258219 np0000004832 nova-conductor[98924]: DEBUG cotyledon.oslo_config_glue [-] oslo_messaging_rabbit.kombu_reconnect_delay = 1.0 {{(pid=98924) log_opt_values /opt/stack/data/venv/lib/python3.12/site-packages/oslo_config/cfg.py:3253}}
Jul 08 16:24:57.258219 np0000004832 nova-conductor[98924]: DEBUG cotyledon.oslo_config_glue [-] oslo_messaging_rabbit.kombu_reconnect_splay = 0.0 {{(pid=98924) log_opt_values /opt/stack/data/venv/lib/python3.12/site-packages/oslo_config/cfg.py:3253}}
Jul 08 16:24:57.258219 np0000004832 nova-conductor[98924]: DEBUG cotyledon.oslo_config_glue [-] oslo_messaging_rabbit.processname = nova-conductor {{(pid=98924) log_opt_values /opt/stack/data/venv/lib/python3.12/site-packages/oslo_config/cfg.py:3253}}
Jul 08 16:24:57.258219 np0000004832 nova-conductor[98924]: DEBUG cotyledon.oslo_config_glue [-] oslo_messaging_rabbit.rabbit_ha_queues = False {{(pid=98924) log_opt_values /opt/stack/data/venv/lib/python3.12/site-packages/oslo_config/cfg.py:3253}}
Jul 08 16:24:57.258219 np0000004832 nova-conductor[98924]: DEBUG cotyledon.oslo_config_glue [-] oslo_messaging_rabbit.rabbit_interval_max = 30 {{(pid=98924) log_opt_values /opt/stack/data/venv/lib/python3.12/site-packages/oslo_config/cfg.py:3253}}
Jul 08 16:24:57.258219 np0000004832 nova-conductor[98924]: DEBUG cotyledon.oslo_config_glue [-] oslo_messaging_rabbit.rabbit_login_method = AMQPLAIN {{(pid=98924) log_opt_values /opt/stack/data/venv/lib/python3.12/site-packages/oslo_config/cfg.py:3253}}
Jul 08 16:24:57.258385 np0000004832 nova-conductor[98924]: DEBUG cotyledon.oslo_config_glue [-] oslo_messaging_rabbit.rabbit_qos_prefetch_count = 0 {{(pid=98924) log_opt_values /opt/stack/data/venv/lib/python3.12/site-packages/oslo_config/cfg.py:3253}}
Jul 08 16:24:57.258385 np0000004832 nova-conductor[98924]: DEBUG cotyledon.oslo_config_glue [-] oslo_messaging_rabbit.rabbit_quorum_delivery_limit = 0 {{(pid=98924) log_opt_values /opt/stack/data/venv/lib/python3.12/site-packages/oslo_config/cfg.py:3253}}
Jul 08 16:24:57.258385 np0000004832 nova-conductor[98924]: DEBUG cotyledon.oslo_config_glue [-] oslo_messaging_rabbit.rabbit_quorum_max_memory_bytes = 0 {{(pid=98924) log_opt_values /opt/stack/data/venv/lib/python3.12/site-packages/oslo_config/cfg.py:3253}}
Jul 08 16:24:57.258385 np0000004832 nova-conductor[98924]: DEBUG cotyledon.oslo_config_glue [-] oslo_messaging_rabbit.rabbit_quorum_max_memory_length = 0 {{(pid=98924) log_opt_values /opt/stack/data/venv/lib/python3.12/site-packages/oslo_config/cfg.py:3253}}
Jul 08 16:24:57.258385 np0000004832 nova-conductor[98924]: DEBUG cotyledon.oslo_config_glue [-] oslo_messaging_rabbit.rabbit_quorum_queue = False {{(pid=98924) log_opt_values /opt/stack/data/venv/lib/python3.12/site-packages/oslo_config/cfg.py:3253}}
Jul 08 16:24:57.258385 np0000004832 nova-conductor[98924]: DEBUG cotyledon.oslo_config_glue [-] oslo_messaging_rabbit.rabbit_retry_backoff = 2 {{(pid=98924) log_opt_values /opt/stack/data/venv/lib/python3.12/site-packages/oslo_config/cfg.py:3253}}
Jul 08 16:24:57.258385 np0000004832 nova-conductor[98924]: DEBUG cotyledon.oslo_config_glue [-] oslo_messaging_rabbit.rabbit_retry_interval = 1 {{(pid=98924) log_opt_values /opt/stack/data/venv/lib/python3.12/site-packages/oslo_config/cfg.py:3253}}
Jul 08 16:24:57.258385 np0000004832 nova-conductor[98924]: DEBUG cotyledon.oslo_config_glue [-] oslo_messaging_rabbit.rabbit_stream_fanout = False {{(pid=98924) log_opt_values /opt/stack/data/venv/lib/python3.12/site-packages/oslo_config/cfg.py:3253}}
Jul 08 16:24:57.258530 np0000004832 nova-conductor[98924]: DEBUG cotyledon.oslo_config_glue [-] oslo_messaging_rabbit.rabbit_transient_queues_ttl = 1800 {{(pid=98924) log_opt_values /opt/stack/data/venv/lib/python3.12/site-packages/oslo_config/cfg.py:3253}}
Jul 08 16:24:57.258530 np0000004832 nova-conductor[98924]: DEBUG cotyledon.oslo_config_glue [-] oslo_messaging_rabbit.rabbit_transient_quorum_queue = False {{(pid=98924) log_opt_values /opt/stack/data/venv/lib/python3.12/site-packages/oslo_config/cfg.py:3253}}
Jul 08 16:24:57.258530 np0000004832 nova-conductor[98924]: DEBUG cotyledon.oslo_config_glue [-] oslo_messaging_rabbit.rpc_conn_pool_size = 30 {{(pid=98924) log_opt_values /opt/stack/data/venv/lib/python3.12/site-packages/oslo_config/cfg.py:3253}}
Jul 08 16:24:57.258530 np0000004832 nova-conductor[98924]: DEBUG cotyledon.oslo_config_glue [-] oslo_messaging_rabbit.ssl = False {{(pid=98924) log_opt_values /opt/stack/data/venv/lib/python3.12/site-packages/oslo_config/cfg.py:3253}}
Jul 08 16:24:57.258530 np0000004832 nova-conductor[98924]: DEBUG cotyledon.oslo_config_glue [-] oslo_messaging_rabbit.ssl_ca_file = {{(pid=98924) log_opt_values /opt/stack/data/venv/lib/python3.12/site-packages/oslo_config/cfg.py:3253}}
Jul 08 16:24:57.258530 np0000004832 nova-conductor[98924]: DEBUG cotyledon.oslo_config_glue [-] oslo_messaging_rabbit.ssl_cert_file = {{(pid=98924) log_opt_values /opt/stack/data/venv/lib/python3.12/site-packages/oslo_config/cfg.py:3253}}
Jul 08 16:24:57.258530 np0000004832 nova-conductor[98924]: DEBUG cotyledon.oslo_config_glue [-] oslo_messaging_rabbit.ssl_enforce_fips_mode = False {{(pid=98924) log_opt_values /opt/stack/data/venv/lib/python3.12/site-packages/oslo_config/cfg.py:3253}}
Jul 08 16:24:57.258530 np0000004832 nova-conductor[98924]: DEBUG cotyledon.oslo_config_glue [-] oslo_messaging_rabbit.ssl_enforce_hostname_verification = True {{(pid=98924) log_opt_values /opt/stack/data/venv/lib/python3.12/site-packages/oslo_config/cfg.py:3253}}
Jul 08 16:24:57.258530 np0000004832 nova-conductor[98924]: DEBUG cotyledon.oslo_config_glue [-] oslo_messaging_rabbit.ssl_key_file = {{(pid=98924) log_opt_values /opt/stack/data/venv/lib/python3.12/site-packages/oslo_config/cfg.py:3253}}
Jul 08 16:24:57.258687 np0000004832 nova-conductor[98924]: DEBUG cotyledon.oslo_config_glue [-] oslo_messaging_rabbit.ssl_version = {{(pid=98924) log_opt_values /opt/stack/data/venv/lib/python3.12/site-packages/oslo_config/cfg.py:3253}}
Jul 08 16:24:57.258687 np0000004832 nova-conductor[98924]: DEBUG cotyledon.oslo_config_glue [-] oslo_messaging_rabbit.use_queue_manager = False {{(pid=98924) log_opt_values /opt/stack/data/venv/lib/python3.12/site-packages/oslo_config/cfg.py:3253}}
Jul 08 16:24:57.258687 np0000004832 nova-conductor[98924]: DEBUG cotyledon.oslo_config_glue [-] oslo_messaging_notifications.driver = ['messagingv2'] {{(pid=98924) log_opt_values /opt/stack/data/venv/lib/python3.12/site-packages/oslo_config/cfg.py:3253}}
Jul 08 16:24:57.258687 np0000004832 nova-conductor[98924]: DEBUG cotyledon.oslo_config_glue [-] oslo_messaging_notifications.retry = -1 {{(pid=98924) log_opt_values /opt/stack/data/venv/lib/python3.12/site-packages/oslo_config/cfg.py:3253}}
Jul 08 16:24:57.258687 np0000004832 nova-conductor[98924]: DEBUG cotyledon.oslo_config_glue [-] oslo_messaging_notifications.topics = ['notifications'] {{(pid=98924) log_opt_values /opt/stack/data/venv/lib/python3.12/site-packages/oslo_config/cfg.py:3253}}
Jul 08 16:24:57.258687 np0000004832 nova-conductor[98924]: DEBUG cotyledon.oslo_config_glue [-] oslo_messaging_notifications.transport_url = **** {{(pid=98924) log_opt_values /opt/stack/data/venv/lib/python3.12/site-packages/oslo_config/cfg.py:3253}}
Jul 08 16:24:57.258687 np0000004832 nova-conductor[98924]: DEBUG cotyledon.oslo_config_glue [-] oslo_limit.auth_section = None {{(pid=98924) log_opt_values /opt/stack/data/venv/lib/python3.12/site-packages/oslo_config/cfg.py:3253}}
Jul 08 16:24:57.258687 np0000004832 nova-conductor[98924]: DEBUG cotyledon.oslo_config_glue [-] oslo_limit.auth_type = None {{(pid=98924) log_opt_values /opt/stack/data/venv/lib/python3.12/site-packages/oslo_config/cfg.py:3253}}
Jul 08 16:24:57.258687 np0000004832 nova-conductor[98924]: DEBUG cotyledon.oslo_config_glue [-] oslo_limit.cafile = None {{(pid=98924) log_opt_values /opt/stack/data/venv/lib/python3.12/site-packages/oslo_config/cfg.py:3253}}
Jul 08 16:24:57.258868 np0000004832 nova-conductor[98924]: DEBUG cotyledon.oslo_config_glue [-] oslo_limit.certfile = None {{(pid=98924) log_opt_values /opt/stack/data/venv/lib/python3.12/site-packages/oslo_config/cfg.py:3253}}
Jul 08 16:24:57.258868 np0000004832 nova-conductor[98924]: DEBUG cotyledon.oslo_config_glue [-] oslo_limit.collect_timing = False {{(pid=98924) log_opt_values /opt/stack/data/venv/lib/python3.12/site-packages/oslo_config/cfg.py:3253}}
Jul 08 16:24:57.258868 np0000004832 nova-conductor[98924]: DEBUG cotyledon.oslo_config_glue [-] oslo_limit.connect_retries = None {{(pid=98924) log_opt_values /opt/stack/data/venv/lib/python3.12/site-packages/oslo_config/cfg.py:3253}}
Jul 08 16:24:57.258868 np0000004832 nova-conductor[98924]: DEBUG cotyledon.oslo_config_glue [-] oslo_limit.connect_retry_delay = None {{(pid=98924) log_opt_values /opt/stack/data/venv/lib/python3.12/site-packages/oslo_config/cfg.py:3253}}
Jul 08 16:24:57.258868 np0000004832 nova-conductor[98924]: DEBUG cotyledon.oslo_config_glue [-] oslo_limit.endpoint_id = None {{(pid=98924) log_opt_values /opt/stack/data/venv/lib/python3.12/site-packages/oslo_config/cfg.py:3253}}
Jul 08 16:24:57.258868 np0000004832 nova-conductor[98924]: DEBUG cotyledon.oslo_config_glue [-] oslo_limit.endpoint_interface = public {{(pid=98924) log_opt_values /opt/stack/data/venv/lib/python3.12/site-packages/oslo_config/cfg.py:3253}}
Jul 08 16:24:57.258868 np0000004832 nova-conductor[98924]: DEBUG cotyledon.oslo_config_glue [-] oslo_limit.endpoint_override = None {{(pid=98924) log_opt_values /opt/stack/data/venv/lib/python3.12/site-packages/oslo_config/cfg.py:3253}}
Jul 08 16:24:57.258868 np0000004832 nova-conductor[98924]: DEBUG cotyledon.oslo_config_glue [-] oslo_limit.endpoint_region_name = None {{(pid=98924) log_opt_values /opt/stack/data/venv/lib/python3.12/site-packages/oslo_config/cfg.py:3253}}
Jul 08 16:24:57.258868 np0000004832 nova-conductor[98924]: DEBUG cotyledon.oslo_config_glue [-] oslo_limit.endpoint_service_name = None {{(pid=98924) log_opt_values /opt/stack/data/venv/lib/python3.12/site-packages/oslo_config/cfg.py:3253}}
Jul 08 16:24:57.259026 np0000004832 nova-conductor[98924]: DEBUG cotyledon.oslo_config_glue [-] oslo_limit.endpoint_service_type = None {{(pid=98924) log_opt_values /opt/stack/data/venv/lib/python3.12/site-packages/oslo_config/cfg.py:3253}}
Jul 08 16:24:57.259026 np0000004832 nova-conductor[98924]: DEBUG cotyledon.oslo_config_glue [-] oslo_limit.insecure = False {{(pid=98924) log_opt_values /opt/stack/data/venv/lib/python3.12/site-packages/oslo_config/cfg.py:3253}}
Jul 08 16:24:57.259026 np0000004832 nova-conductor[98924]: DEBUG cotyledon.oslo_config_glue [-] oslo_limit.keyfile = None {{(pid=98924) log_opt_values /opt/stack/data/venv/lib/python3.12/site-packages/oslo_config/cfg.py:3253}}
Jul 08 16:24:57.259026 np0000004832 nova-conductor[98924]: DEBUG cotyledon.oslo_config_glue [-] oslo_limit.max_version = None {{(pid=98924) log_opt_values /opt/stack/data/venv/lib/python3.12/site-packages/oslo_config/cfg.py:3253}}
Jul 08 16:24:57.259026 np0000004832 nova-conductor[98924]: DEBUG cotyledon.oslo_config_glue [-] oslo_limit.min_version = None {{(pid=98924) log_opt_values /opt/stack/data/venv/lib/python3.12/site-packages/oslo_config/cfg.py:3253}}
Jul 08 16:24:57.259026 np0000004832 nova-conductor[98924]: DEBUG cotyledon.oslo_config_glue [-] oslo_limit.region_name = None {{(pid=98924) log_opt_values /opt/stack/data/venv/lib/python3.12/site-packages/oslo_config/cfg.py:3253}}
Jul 08 16:24:57.259026 np0000004832 nova-conductor[98924]: DEBUG cotyledon.oslo_config_glue [-] oslo_limit.retriable_status_codes = None {{(pid=98924) log_opt_values /opt/stack/data/venv/lib/python3.12/site-packages/oslo_config/cfg.py:3253}}
Jul 08 16:24:57.259026 np0000004832 nova-conductor[98924]: DEBUG cotyledon.oslo_config_glue [-] oslo_limit.service_name = None {{(pid=98924) log_opt_values /opt/stack/data/venv/lib/python3.12/site-packages/oslo_config/cfg.py:3253}}
Jul 08 16:24:57.259411 np0000004832 nova-conductor[98895]: DEBUG dbcounter [-] [98895] Writer thread running {{(pid=98895) stat_writer /opt/stack/data/venv/lib/python3.12/site-packages/dbcounter.py:102}}
Jul 08 16:24:57.259437 np0000004832 nova-conductor[98924]: DEBUG cotyledon.oslo_config_glue [-] oslo_limit.service_type = None {{(pid=98924) log_opt_values /opt/stack/data/venv/lib/python3.12/site-packages/oslo_config/cfg.py:3253}}
Jul 08 16:24:57.259437 np0000004832 nova-conductor[98924]: DEBUG cotyledon.oslo_config_glue [-] oslo_limit.split_loggers = False {{(pid=98924) log_opt_values /opt/stack/data/venv/lib/python3.12/site-packages/oslo_config/cfg.py:3253}}
Jul 08 16:24:57.259437 np0000004832 nova-conductor[98924]: DEBUG cotyledon.oslo_config_glue [-] oslo_limit.status_code_retries = None {{(pid=98924) log_opt_values /opt/stack/data/venv/lib/python3.12/site-packages/oslo_config/cfg.py:3253}}
Jul 08 16:24:57.259437 np0000004832 nova-conductor[98924]: DEBUG cotyledon.oslo_config_glue [-] oslo_limit.status_code_retry_delay = None {{(pid=98924) log_opt_values /opt/stack/data/venv/lib/python3.12/site-packages/oslo_config/cfg.py:3253}}
Jul 08 16:24:57.259437 np0000004832 nova-conductor[98924]: DEBUG cotyledon.oslo_config_glue [-] oslo_limit.timeout = None {{(pid=98924) log_opt_values /opt/stack/data/venv/lib/python3.12/site-packages/oslo_config/cfg.py:3253}}
Jul 08 16:24:57.259437 np0000004832 nova-conductor[98924]: DEBUG cotyledon.oslo_config_glue [-] oslo_limit.valid_interfaces = None {{(pid=98924) log_opt_values /opt/stack/data/venv/lib/python3.12/site-packages/oslo_config/cfg.py:3253}}
Jul 08 16:24:57.259437 np0000004832 nova-conductor[98924]: DEBUG cotyledon.oslo_config_glue [-] oslo_limit.version = None {{(pid=98924) log_opt_values /opt/stack/data/venv/lib/python3.12/site-packages/oslo_config/cfg.py:3253}}
Jul 08 16:24:57.259437 np0000004832 nova-conductor[98924]: DEBUG cotyledon.oslo_config_glue [-] oslo_reports.file_event_handler = None {{(pid=98924) log_opt_values /opt/stack/data/venv/lib/python3.12/site-packages/oslo_config/cfg.py:3253}}
Jul 08 16:24:57.259437 np0000004832 nova-conductor[98924]: DEBUG cotyledon.oslo_config_glue [-] oslo_reports.file_event_handler_interval = 1 {{(pid=98924) log_opt_values /opt/stack/data/venv/lib/python3.12/site-packages/oslo_config/cfg.py:3253}}
Jul 08 16:24:57.259592 np0000004832 nova-conductor[98924]: DEBUG cotyledon.oslo_config_glue [-] oslo_reports.log_dir = None {{(pid=98924) log_opt_values /opt/stack/data/venv/lib/python3.12/site-packages/oslo_config/cfg.py:3253}}
Jul 08 16:24:57.259592 np0000004832 nova-conductor[98924]: DEBUG cotyledon.oslo_config_glue [-] ******************************************************************************** {{(pid=98924) log_opt_values /opt/stack/data/venv/lib/python3.12/site-packages/oslo_config/cfg.py:3260}}
Jul 08 16:24:57.259592 np0000004832 nova-conductor[98924]: DEBUG cotyledon._service_worker [-] Run service ServiceWrapper(3) [98924] {{(pid=98924) wait_forever /opt/stack/data/venv/lib/python3.12/site-packages/cotyledon/_service_worker.py:218}}
Jul 08 16:24:57.259592 np0000004832 nova-conductor[98924]: INFO nova.service [-] Starting conductor node (version 33.1.0)
Jul 08 16:24:57.259592 np0000004832 nova-conductor[98924]: INFO dbcounter [None req-dd13d93f-1dae-418b-847e-b22a7f441aeb None None] Registered counter for database nova_cell0
Jul 08 16:24:57.259680 np0000004832 nova-conductor[98908]: DEBUG oslo_db.sqlalchemy.engines [None req-3ce53670-1498-4ba0-88c3-48058f003a3f None None] MySQL server mode set to STRICT_TRANS_TABLES,STRICT_ALL_TABLES,NO_ZERO_IN_DATE,NO_ZERO_DATE,ERROR_FOR_DIVISION_BY_ZERO,TRADITIONAL,NO_ENGINE_SUBSTITUTION {{(pid=98908) _check_effective_sql_mode /opt/stack/data/venv/lib/python3.12/site-packages/oslo_db/sqlalchemy/engines.py:325}}
Jul 08 16:24:57.259729 np0000004832 nova-conductor[98895]: DEBUG nova.service [None req-161b6b34-fc63-4b54-b5a1-3346872676d0 None None] Creating RPC server for service: nova-conductor on topic: conductor {{(pid=98895) start /opt/stack/nova/nova/service.py:196}}
Jul 08 16:24:57.259756 np0000004832 nova-conductor[98908]: DEBUG dbcounter [-] [98908] Writer thread running {{(pid=98908) stat_writer /opt/stack/data/venv/lib/python3.12/site-packages/dbcounter.py:102}}
Jul 08 16:24:57.259756 np0000004832 nova-conductor[98908]: DEBUG nova.service [None req-3ce53670-1498-4ba0-88c3-48058f003a3f None None] Creating RPC server for service: nova-conductor on topic: conductor {{(pid=98908) start /opt/stack/nova/nova/service.py:196}}
Jul 08 16:24:57.266255 np0000004832 nova-conductor[98918]: DEBUG oslo_db.sqlalchemy.engines [None req-cb3646c4-6401-4f17-9d31-3e03ee919bcf None None] MySQL server mode set to STRICT_TRANS_TABLES,STRICT_ALL_TABLES,NO_ZERO_IN_DATE,NO_ZERO_DATE,ERROR_FOR_DIVISION_BY_ZERO,TRADITIONAL,NO_ENGINE_SUBSTITUTION {{(pid=98918) _check_effective_sql_mode /opt/stack/data/venv/lib/python3.12/site-packages/oslo_db/sqlalchemy/engines.py:325}}
Jul 08 16:24:57.273083 np0000004832 nova-conductor[98895]: DEBUG nova.service [None req-161b6b34-fc63-4b54-b5a1-3346872676d0 None None] Join ServiceGroup membership for this service conductor {{(pid=98895) start /opt/stack/nova/nova/service.py:222}}
Jul 08 16:24:57.273501 np0000004832 nova-conductor[98895]: DEBUG nova.servicegroup.drivers.db [None req-161b6b34-fc63-4b54-b5a1-3346872676d0 None None] DB_Driver: join new ServiceGroup member np0000004832 to the conductor group, service = {{(pid=98895) join /opt/stack/nova/nova/servicegroup/drivers/db.py:44}}
Jul 08 16:24:57.277171 np0000004832 nova-conductor[98918]: DEBUG dbcounter [-] [98918] Writer thread running {{(pid=98918) stat_writer /opt/stack/data/venv/lib/python3.12/site-packages/dbcounter.py:102}}
Jul 08 16:24:57.277779 np0000004832 nova-conductor[98908]: DEBUG nova.service [None req-3ce53670-1498-4ba0-88c3-48058f003a3f None None] Join ServiceGroup membership for this service conductor {{(pid=98908) start /opt/stack/nova/nova/service.py:222}}
Jul 08 16:24:57.278021 np0000004832 nova-conductor[98908]: DEBUG nova.servicegroup.drivers.db [None req-3ce53670-1498-4ba0-88c3-48058f003a3f None None] DB_Driver: join new ServiceGroup member np0000004832 to the conductor group, service = {{(pid=98908) join /opt/stack/nova/nova/servicegroup/drivers/db.py:44}}
Jul 08 16:24:57.280660 np0000004832 nova-conductor[98918]: DEBUG nova.service [None req-cb3646c4-6401-4f17-9d31-3e03ee919bcf None None] Creating RPC server for service: nova-conductor on topic: conductor {{(pid=98918) start /opt/stack/nova/nova/service.py:196}}
Jul 08 16:24:57.293790 np0000004832 nova-conductor[98924]: DEBUG oslo_db.sqlalchemy.engines [None req-dd13d93f-1dae-418b-847e-b22a7f441aeb None None] MySQL server mode set to STRICT_TRANS_TABLES,STRICT_ALL_TABLES,NO_ZERO_IN_DATE,NO_ZERO_DATE,ERROR_FOR_DIVISION_BY_ZERO,TRADITIONAL,NO_ENGINE_SUBSTITUTION {{(pid=98924) _check_effective_sql_mode /opt/stack/data/venv/lib/python3.12/site-packages/oslo_db/sqlalchemy/engines.py:325}}
Jul 08 16:24:57.306930 np0000004832 nova-conductor[98924]: DEBUG dbcounter [-] [98924] Writer thread running {{(pid=98924) stat_writer /opt/stack/data/venv/lib/python3.12/site-packages/dbcounter.py:102}}
Jul 08 16:24:57.307066 np0000004832 nova-conductor[98918]: DEBUG nova.service [None req-cb3646c4-6401-4f17-9d31-3e03ee919bcf None None] Join ServiceGroup membership for this service conductor {{(pid=98918) start /opt/stack/nova/nova/service.py:222}}
Jul 08 16:24:57.307300 np0000004832 nova-conductor[98918]: DEBUG nova.servicegroup.drivers.db [None req-cb3646c4-6401-4f17-9d31-3e03ee919bcf None None] DB_Driver: join new ServiceGroup member np0000004832 to the conductor group, service = {{(pid=98918) join /opt/stack/nova/nova/servicegroup/drivers/db.py:44}}
Jul 08 16:24:57.309879 np0000004832 nova-conductor[98924]: DEBUG nova.service [None req-dd13d93f-1dae-418b-847e-b22a7f441aeb None None] Creating RPC server for service: nova-conductor on topic: conductor {{(pid=98924) start /opt/stack/nova/nova/service.py:196}}
Jul 08 16:24:57.326552 np0000004832 nova-conductor[98924]: DEBUG nova.service [None req-dd13d93f-1dae-418b-847e-b22a7f441aeb None None] Join ServiceGroup membership for this service conductor {{(pid=98924) start /opt/stack/nova/nova/service.py:222}}
Jul 08 16:24:57.326781 np0000004832 nova-conductor[98924]: DEBUG nova.servicegroup.drivers.db [None req-dd13d93f-1dae-418b-847e-b22a7f441aeb None None] DB_Driver: join new ServiceGroup member np0000004832 to the conductor group, service = {{(pid=98924) join /opt/stack/nova/nova/servicegroup/drivers/db.py:44}}
Jul 08 16:25:00.280203 np0000004832 nova-conductor[98908]: DEBUG oslo.service.backend._threading.loopingcall [None req-9a110bf7-7a25-4e81-8475-6479c90b91b1 None None] Dynamic interval looping call 'nova.service.Service.periodic_tasks' sleeping for 60.00 seconds {{(pid=98908) _run_loop /opt/stack/data/venv/lib/python3.12/site-packages/oslo_service/backend/_threading/loopingcall.py:125}}
Jul 08 16:25:02.288830 np0000004832 nova-conductor[98895]: DEBUG oslo.service.backend._threading.loopingcall [-] Fixed interval looping call 'nova.servicegroup.drivers.db.DbDriver._report_state' sleeping for 119.99 seconds {{(pid=98895) _run_loop /opt/stack/data/venv/lib/python3.12/site-packages/oslo_service/backend/_threading/loopingcall.py:125}}
Jul 08 16:25:02.290764 np0000004832 nova-conductor[98908]: DEBUG oslo.service.backend._threading.loopingcall [-] Fixed interval looping call 'nova.servicegroup.drivers.db.DbDriver._report_state' sleeping for 119.99 seconds {{(pid=98908) _run_loop /opt/stack/data/venv/lib/python3.12/site-packages/oslo_service/backend/_threading/loopingcall.py:125}}
Jul 08 16:25:02.320195 np0000004832 nova-conductor[98918]: DEBUG oslo.service.backend._threading.loopingcall [-] Fixed interval looping call 'nova.servicegroup.drivers.db.DbDriver._report_state' sleeping for 119.99 seconds {{(pid=98918) _run_loop /opt/stack/data/venv/lib/python3.12/site-packages/oslo_service/backend/_threading/loopingcall.py:125}}
Jul 08 16:25:02.350744 np0000004832 nova-conductor[98924]: DEBUG oslo.service.backend._threading.loopingcall [-] Fixed interval looping call 'nova.servicegroup.drivers.db.DbDriver._report_state' sleeping for 119.98 seconds {{(pid=98924) _run_loop /opt/stack/data/venv/lib/python3.12/site-packages/oslo_service/backend/_threading/loopingcall.py:125}}
Jul 08 16:25:05.815222 np0000004832 nova-conductor[97420]: DEBUG dbcounter [-] [97420] Writing DB stats nova_api:SELECT=1 {{(pid=97420) stat_writer /opt/stack/data/venv/lib/python3.12/site-packages/dbcounter.py:115}}
Jul 08 16:25:05.961859 np0000004832 nova-conductor[97420]: DEBUG dbcounter [-] [97420] Writing DB stats nova_cell0:SELECT=1 {{(pid=97420) stat_writer /opt/stack/data/venv/lib/python3.12/site-packages/dbcounter.py:115}}
Jul 08 16:25:05.962694 np0000004832 nova-conductor[97420]: DEBUG dbcounter [-] [97420] Writing DB stats nova_cell1:SELECT=1 {{(pid=97420) stat_writer /opt/stack/data/venv/lib/python3.12/site-packages/dbcounter.py:115}}
Jul 08 16:25:10.309488 np0000004832 nova-conductor[98918]: DEBUG oslo.service.backend._threading.loopingcall [None req-6206bccb-116f-4102-8b53-0f8a6c35a56b None None] Dynamic interval looping call 'nova.service.Service.periodic_tasks' sleeping for 60.00 seconds {{(pid=98918) _run_loop /opt/stack/data/venv/lib/python3.12/site-packages/oslo_service/backend/_threading/loopingcall.py:125}}
Jul 08 16:25:12.285022 np0000004832 nova-conductor[98895]: DEBUG dbcounter [-] [98895] Writing DB stats nova_cell0:SELECT=4,nova_cell0:INSERT=1,nova_cell0:UPDATE=1 {{(pid=98895) stat_writer /opt/stack/data/venv/lib/python3.12/site-packages/dbcounter.py:115}}
Jul 08 16:25:12.289347 np0000004832 nova-conductor[98908]: DEBUG dbcounter [-] [98908] Writing DB stats nova_cell0:SELECT=3,nova_cell0:UPDATE=1 {{(pid=98908) stat_writer /opt/stack/data/venv/lib/python3.12/site-packages/dbcounter.py:115}}
Jul 08 16:25:12.317450 np0000004832 nova-conductor[98918]: DEBUG dbcounter [-] [98918] Writing DB stats nova_cell0:SELECT=3 {{(pid=98918) stat_writer /opt/stack/data/venv/lib/python3.12/site-packages/dbcounter.py:115}}
Jul 08 16:25:12.341859 np0000004832 nova-conductor[98924]: DEBUG dbcounter [-] [98924] Writing DB stats nova_cell0:SELECT=3 {{(pid=98924) stat_writer /opt/stack/data/venv/lib/python3.12/site-packages/dbcounter.py:115}}
Jul 08 16:25:13.330353 np0000004832 nova-conductor[98924]: DEBUG oslo.service.backend._threading.loopingcall [None req-8bcde560-1c9b-4efe-990f-61af5ca4ecc4 None None] Dynamic interval looping call 'nova.service.Service.periodic_tasks' sleeping for 60.00 seconds {{(pid=98924) _run_loop /opt/stack/data/venv/lib/python3.12/site-packages/oslo_service/backend/_threading/loopingcall.py:125}}
Jul 08 16:25:40.275675 np0000004832 nova-conductor[98895]: DEBUG oslo.service.backend._threading.loopingcall [None req-7dc55cbe-e8e5-4a2b-a2d9-5cdcba69ffa4 None None] Dynamic interval looping call 'nova.service.Service.periodic_tasks' sleeping for 60.00 seconds {{(pid=98895) _run_loop /opt/stack/data/venv/lib/python3.12/site-packages/oslo_service/backend/_threading/loopingcall.py:125}}
Jul 08 16:26:00.280455 np0000004832 nova-conductor[98908]: DEBUG oslo.service.backend._threading.loopingcall [None req-9a110bf7-7a25-4e81-8475-6479c90b91b1 None None] Dynamic interval looping call 'nova.service.Service.periodic_tasks' sleeping for 60.00 seconds {{(pid=98908) _run_loop /opt/stack/data/venv/lib/python3.12/site-packages/oslo_service/backend/_threading/loopingcall.py:125}}
Jul 08 16:26:10.310011 np0000004832 nova-conductor[98918]: DEBUG oslo.service.backend._threading.loopingcall [None req-6206bccb-116f-4102-8b53-0f8a6c35a56b None None] Dynamic interval looping call 'nova.service.Service.periodic_tasks' sleeping for 60.00 seconds {{(pid=98918) _run_loop /opt/stack/data/venv/lib/python3.12/site-packages/oslo_service/backend/_threading/loopingcall.py:125}}
Jul 08 16:26:13.330801 np0000004832 nova-conductor[98924]: DEBUG oslo.service.backend._threading.loopingcall [None req-8bcde560-1c9b-4efe-990f-61af5ca4ecc4 None None] Dynamic interval looping call 'nova.service.Service.periodic_tasks' sleeping for 60.00 seconds {{(pid=98924) _run_loop /opt/stack/data/venv/lib/python3.12/site-packages/oslo_service/backend/_threading/loopingcall.py:125}}
Jul 08 16:26:40.276232 np0000004832 nova-conductor[98895]: DEBUG oslo.service.backend._threading.loopingcall [None req-7dc55cbe-e8e5-4a2b-a2d9-5cdcba69ffa4 None None] Dynamic interval looping call 'nova.service.Service.periodic_tasks' sleeping for 60.00 seconds {{(pid=98895) _run_loop /opt/stack/data/venv/lib/python3.12/site-packages/oslo_service/backend/_threading/loopingcall.py:125}}
Jul 08 16:27:00.316253 np0000004832 nova-conductor[98908]: DEBUG oslo.service.backend._threading.loopingcall [None req-9a110bf7-7a25-4e81-8475-6479c90b91b1 None None] Dynamic interval looping call 'nova.service.Service.periodic_tasks' sleeping for 60.00 seconds {{(pid=98908) _run_loop /opt/stack/data/venv/lib/python3.12/site-packages/oslo_service/backend/_threading/loopingcall.py:125}}
Jul 08 16:27:02.476335 np0000004832 nova-conductor[98908]: DEBUG oslo.service.backend._threading.loopingcall [-] Fixed interval looping call 'nova.servicegroup.drivers.db.DbDriver._report_state' sleeping for 119.80 seconds {{(pid=98908) _run_loop /opt/stack/data/venv/lib/python3.12/site-packages/oslo_service/backend/_threading/loopingcall.py:125}}
Jul 08 16:27:02.477327 np0000004832 nova-conductor[98918]: DEBUG oslo.service.backend._threading.loopingcall [-] Fixed interval looping call 'nova.servicegroup.drivers.db.DbDriver._report_state' sleeping for 119.83 seconds {{(pid=98918) _run_loop /opt/stack/data/venv/lib/python3.12/site-packages/oslo_service/backend/_threading/loopingcall.py:125}}
Jul 08 16:27:02.477963 np0000004832 nova-conductor[98895]: DEBUG oslo.service.backend._threading.loopingcall [-] Fixed interval looping call 'nova.servicegroup.drivers.db.DbDriver._report_state' sleeping for 119.80 seconds {{(pid=98895) _run_loop /opt/stack/data/venv/lib/python3.12/site-packages/oslo_service/backend/_threading/loopingcall.py:125}}
Jul 08 16:27:02.478532 np0000004832 nova-conductor[98924]: DEBUG oslo.service.backend._threading.loopingcall [-] Fixed interval looping call 'nova.servicegroup.drivers.db.DbDriver._report_state' sleeping for 119.85 seconds {{(pid=98924) _run_loop /opt/stack/data/venv/lib/python3.12/site-packages/oslo_service/backend/_threading/loopingcall.py:125}}
Jul 08 16:27:04.964083 np0000004832 nova-conductor[98895]: DEBUG oslo_db.sqlalchemy.engines [None req-6c88430b-1967-4e49-9647-0dfd39570bbc tempest-DeleteServersTestJSON-656245428 tempest-DeleteServersTestJSON-656245428-project-member] Parent process 97420 forked (98895) with an open database connection, which is being discarded and recreated. {{(pid=98895) checkout /opt/stack/data/venv/lib/python3.12/site-packages/oslo_db/sqlalchemy/engines.py:402}}
Jul 08 16:27:05.004117 np0000004832 nova-conductor[98895]: DEBUG dbcounter [-] [98895] Writer thread running {{(pid=98895) stat_writer /opt/stack/data/venv/lib/python3.12/site-packages/dbcounter.py:102}}
Jul 08 16:27:08.052086 np0000004832 nova-conductor[98895]: DEBUG nova.conductor.manager [None req-6c88430b-1967-4e49-9647-0dfd39570bbc tempest-DeleteServersTestJSON-656245428 tempest-DeleteServersTestJSON-656245428-project-member] Took 3.02 seconds to select destinations for 1 instance(s). {{(pid=98895) _schedule_instances /opt/stack/nova/nova/conductor/manager.py:968}}
Jul 08 16:27:08.130432 np0000004832 nova-conductor[98895]: DEBUG oslo_concurrency.lockutils [None req-6c88430b-1967-4e49-9647-0dfd39570bbc tempest-DeleteServersTestJSON-656245428 tempest-DeleteServersTestJSON-656245428-project-member] Acquiring lock "f69bbe0f-21fc-45ce-9f5e-df6a72e6ef11" by "nova.context.set_target_cell..get_or_set_cached_cell_and_set_connections" {{(pid=98895) inner /opt/stack/data/venv/lib/python3.12/site-packages/oslo_concurrency/lockutils.py:511}}
Jul 08 16:27:08.130680 np0000004832 nova-conductor[98895]: DEBUG oslo_concurrency.lockutils [None req-6c88430b-1967-4e49-9647-0dfd39570bbc tempest-DeleteServersTestJSON-656245428 tempest-DeleteServersTestJSON-656245428-project-member] Lock "f69bbe0f-21fc-45ce-9f5e-df6a72e6ef11" acquired by "nova.context.set_target_cell..get_or_set_cached_cell_and_set_connections" :: waited 0.000s {{(pid=98895) inner /opt/stack/data/venv/lib/python3.12/site-packages/oslo_concurrency/lockutils.py:524}}
Jul 08 16:27:08.132489 np0000004832 nova-conductor[98895]: DEBUG oslo_concurrency.lockutils [None req-6c88430b-1967-4e49-9647-0dfd39570bbc tempest-DeleteServersTestJSON-656245428 tempest-DeleteServersTestJSON-656245428-project-member] Lock "f69bbe0f-21fc-45ce-9f5e-df6a72e6ef11" "released" by "nova.context.set_target_cell..get_or_set_cached_cell_and_set_connections" :: held 0.002s {{(pid=98895) inner /opt/stack/data/venv/lib/python3.12/site-packages/oslo_concurrency/lockutils.py:543}}
Jul 08 16:27:08.134823 np0000004832 nova-conductor[98895]: INFO dbcounter [None req-6c88430b-1967-4e49-9647-0dfd39570bbc tempest-DeleteServersTestJSON-656245428 tempest-DeleteServersTestJSON-656245428-project-member] Registered counter for database nova_cell1
Jul 08 16:27:08.172120 np0000004832 nova-conductor[98895]: DEBUG oslo_db.sqlalchemy.engines [None req-6c88430b-1967-4e49-9647-0dfd39570bbc tempest-DeleteServersTestJSON-656245428 tempest-DeleteServersTestJSON-656245428-project-member] MySQL server mode set to STRICT_TRANS_TABLES,STRICT_ALL_TABLES,NO_ZERO_IN_DATE,NO_ZERO_DATE,ERROR_FOR_DIVISION_BY_ZERO,TRADITIONAL,NO_ENGINE_SUBSTITUTION {{(pid=98895) _check_effective_sql_mode /opt/stack/data/venv/lib/python3.12/site-packages/oslo_db/sqlalchemy/engines.py:325}}
Jul 08 16:27:08.179208 np0000004832 nova-conductor[98895]: DEBUG dbcounter [-] [98895] Writer thread running {{(pid=98895) stat_writer /opt/stack/data/venv/lib/python3.12/site-packages/dbcounter.py:102}}
Jul 08 16:27:08.494094 np0000004832 nova-conductor[98895]: INFO nova.utils [None req-6c88430b-1967-4e49-9647-0dfd39570bbc tempest-DeleteServersTestJSON-656245428 tempest-DeleteServersTestJSON-656245428-project-member] The cell worker thread pool ForkProcess-1.cell_worker is initialized
Jul 08 16:27:08.494962 np0000004832 nova-conductor[98895]: DEBUG oslo_concurrency.lockutils [None req-6c88430b-1967-4e49-9647-0dfd39570bbc tempest-DeleteServersTestJSON-656245428 tempest-DeleteServersTestJSON-656245428-project-member] Acquiring lock "00000000-0000-0000-0000-000000000000" by "nova.context.set_target_cell..get_or_set_cached_cell_and_set_connections" {{(pid=98895) inner /opt/stack/data/venv/lib/python3.12/site-packages/oslo_concurrency/lockutils.py:511}}
Jul 08 16:27:08.494962 np0000004832 nova-conductor[98895]: DEBUG oslo_concurrency.lockutils [None req-6c88430b-1967-4e49-9647-0dfd39570bbc tempest-DeleteServersTestJSON-656245428 tempest-DeleteServersTestJSON-656245428-project-member] Lock "00000000-0000-0000-0000-000000000000" acquired by "nova.context.set_target_cell..get_or_set_cached_cell_and_set_connections" :: waited 0.000s {{(pid=98895) inner /opt/stack/data/venv/lib/python3.12/site-packages/oslo_concurrency/lockutils.py:524}}
Jul 08 16:27:08.495127 np0000004832 nova-conductor[98895]: DEBUG oslo_concurrency.lockutils [None req-6c88430b-1967-4e49-9647-0dfd39570bbc tempest-DeleteServersTestJSON-656245428 tempest-DeleteServersTestJSON-656245428-project-member] Lock "00000000-0000-0000-0000-000000000000" "released" by "nova.context.set_target_cell..get_or_set_cached_cell_and_set_connections" :: held 0.000s {{(pid=98895) inner /opt/stack/data/venv/lib/python3.12/site-packages/oslo_concurrency/lockutils.py:543}}
Jul 08 16:27:08.495913 np0000004832 nova-conductor[98895]: DEBUG oslo_concurrency.lockutils [None req-6c88430b-1967-4e49-9647-0dfd39570bbc tempest-DeleteServersTestJSON-656245428 tempest-DeleteServersTestJSON-656245428-project-member] Acquiring lock "f69bbe0f-21fc-45ce-9f5e-df6a72e6ef11" by "nova.context.set_target_cell..get_or_set_cached_cell_and_set_connections" {{(pid=98895) inner /opt/stack/data/venv/lib/python3.12/site-packages/oslo_concurrency/lockutils.py:511}}
Jul 08 16:27:08.497801 np0000004832 nova-conductor[98895]: INFO dbcounter [None req-6c88430b-1967-4e49-9647-0dfd39570bbc tempest-DeleteServersTestJSON-656245428 tempest-DeleteServersTestJSON-656245428-project-member] Registered counter for database nova_cell0
Jul 08 16:27:08.499161 np0000004832 nova-conductor[98895]: DEBUG oslo_concurrency.lockutils [None req-6c88430b-1967-4e49-9647-0dfd39570bbc tempest-DeleteServersTestJSON-656245428 tempest-DeleteServersTestJSON-656245428-project-member] Lock "f69bbe0f-21fc-45ce-9f5e-df6a72e6ef11" acquired by "nova.context.set_target_cell..get_or_set_cached_cell_and_set_connections" :: waited 0.002s {{(pid=98895) inner /opt/stack/data/venv/lib/python3.12/site-packages/oslo_concurrency/lockutils.py:524}}
Jul 08 16:27:08.499335 np0000004832 nova-conductor[98895]: DEBUG oslo_concurrency.lockutils [None req-6c88430b-1967-4e49-9647-0dfd39570bbc tempest-DeleteServersTestJSON-656245428 tempest-DeleteServersTestJSON-656245428-project-member] Lock "f69bbe0f-21fc-45ce-9f5e-df6a72e6ef11" "released" by "nova.context.set_target_cell..get_or_set_cached_cell_and_set_connections" :: held 0.002s {{(pid=98895) inner /opt/stack/data/venv/lib/python3.12/site-packages/oslo_concurrency/lockutils.py:543}}
Jul 08 16:27:08.540259 np0000004832 nova-conductor[98895]: DEBUG oslo_db.sqlalchemy.engines [None req-6c88430b-1967-4e49-9647-0dfd39570bbc tempest-DeleteServersTestJSON-656245428 tempest-DeleteServersTestJSON-656245428-project-member] MySQL server mode set to STRICT_TRANS_TABLES,STRICT_ALL_TABLES,NO_ZERO_IN_DATE,NO_ZERO_DATE,ERROR_FOR_DIVISION_BY_ZERO,TRADITIONAL,NO_ENGINE_SUBSTITUTION {{(pid=98895) _check_effective_sql_mode /opt/stack/data/venv/lib/python3.12/site-packages/oslo_db/sqlalchemy/engines.py:325}}
Jul 08 16:27:08.545325 np0000004832 nova-conductor[98895]: DEBUG dbcounter [-] [98895] Writer thread running {{(pid=98895) stat_writer /opt/stack/data/venv/lib/python3.12/site-packages/dbcounter.py:102}}
Jul 08 16:27:08.553761 np0000004832 nova-conductor[98895]: DEBUG nova.quota [None req-6c88430b-1967-4e49-9647-0dfd39570bbc tempest-DeleteServersTestJSON-656245428 tempest-DeleteServersTestJSON-656245428-project-member] Getting quotas for project 20e66eb103804fb2b74f6c678e08659d. Resources: {'ram', 'cores', 'instances'} {{(pid=98895) _get_quotas /opt/stack/nova/nova/quota.py:389}}
Jul 08 16:27:08.560307 np0000004832 nova-conductor[98895]: DEBUG nova.quota [None req-6c88430b-1967-4e49-9647-0dfd39570bbc tempest-DeleteServersTestJSON-656245428 tempest-DeleteServersTestJSON-656245428-project-member] Getting quotas for user c389f9ec880d4b03af7c2618bc6afee9 and project 20e66eb103804fb2b74f6c678e08659d. Resources: {'ram', 'cores', 'instances'} {{(pid=98895) _get_quotas /opt/stack/nova/nova/quota.py:379}}
Jul 08 16:27:08.568697 np0000004832 nova-conductor[98895]: DEBUG nova.conductor.manager [None req-6c88430b-1967-4e49-9647-0dfd39570bbc tempest-DeleteServersTestJSON-656245428 tempest-DeleteServersTestJSON-656245428-project-member] [instance: f8b0a6f1-834e-4ac7-86b8-5ed09f2236cd] Selected host: np0000004832; Selected node: np0000004832; Alternates: [] {{(pid=98895) schedule_and_build_instances /opt/stack/nova/nova/conductor/manager.py:1784}}
Jul 08 16:27:08.569149 np0000004832 nova-conductor[98895]: DEBUG oslo_concurrency.lockutils [None req-6c88430b-1967-4e49-9647-0dfd39570bbc tempest-DeleteServersTestJSON-656245428 tempest-DeleteServersTestJSON-656245428-project-member] Acquiring lock "f69bbe0f-21fc-45ce-9f5e-df6a72e6ef11" by "nova.context.set_target_cell..get_or_set_cached_cell_and_set_connections" {{(pid=98895) inner /opt/stack/data/venv/lib/python3.12/site-packages/oslo_concurrency/lockutils.py:511}}
Jul 08 16:27:08.569316 np0000004832 nova-conductor[98895]: DEBUG oslo_concurrency.lockutils [None req-6c88430b-1967-4e49-9647-0dfd39570bbc tempest-DeleteServersTestJSON-656245428 tempest-DeleteServersTestJSON-656245428-project-member] Lock "f69bbe0f-21fc-45ce-9f5e-df6a72e6ef11" acquired by "nova.context.set_target_cell..get_or_set_cached_cell_and_set_connections" :: waited 0.000s {{(pid=98895) inner /opt/stack/data/venv/lib/python3.12/site-packages/oslo_concurrency/lockutils.py:524}}
Jul 08 16:27:08.569441 np0000004832 nova-conductor[98895]: DEBUG oslo_concurrency.lockutils [None req-6c88430b-1967-4e49-9647-0dfd39570bbc tempest-DeleteServersTestJSON-656245428 tempest-DeleteServersTestJSON-656245428-project-member] Lock "f69bbe0f-21fc-45ce-9f5e-df6a72e6ef11" "released" by "nova.context.set_target_cell..get_or_set_cached_cell_and_set_connections" :: held 0.000s {{(pid=98895) inner /opt/stack/data/venv/lib/python3.12/site-packages/oslo_concurrency/lockutils.py:543}}
Jul 08 16:27:08.632573 np0000004832 nova-conductor[98895]: DEBUG nova.conductor.manager [None req-6c88430b-1967-4e49-9647-0dfd39570bbc tempest-DeleteServersTestJSON-656245428 tempest-DeleteServersTestJSON-656245428-project-member] [instance: f8b0a6f1-834e-4ac7-86b8-5ed09f2236cd] block_device_mapping [BlockDeviceMapping(attachment_id=,boot_index=0,connection_info=None,created_at=,delete_on_termination=True,deleted=,deleted_at=,destination_type='local',device_name=None,device_type='disk',disk_bus=None,encrypted=False,encryption_format=None,encryption_options=None,encryption_secret_uuid=None,guest_format=None,id=,image_id='5575fa0a-b475-4d5a-b394-7939c24c6bcf',instance=,instance_uuid=,no_device=False,snapshot_id=None,source_type='image',tag=None,updated_at=,uuid=,volume_id=None,volume_size=None,volume_type=None)] {{(pid=98895) _create_block_device_mapping /opt/stack/nova/nova/conductor/manager.py:1529}}
Jul 08 16:27:08.633911 np0000004832 nova-conductor[98895]: DEBUG oslo_concurrency.lockutils [None req-6c88430b-1967-4e49-9647-0dfd39570bbc tempest-DeleteServersTestJSON-656245428 tempest-DeleteServersTestJSON-656245428-project-member] Acquiring lock "f69bbe0f-21fc-45ce-9f5e-df6a72e6ef11" by "nova.context.set_target_cell..get_or_set_cached_cell_and_set_connections" {{(pid=98895) inner /opt/stack/data/venv/lib/python3.12/site-packages/oslo_concurrency/lockutils.py:511}}
Jul 08 16:27:08.634071 np0000004832 nova-conductor[98895]: DEBUG oslo_concurrency.lockutils [None req-6c88430b-1967-4e49-9647-0dfd39570bbc tempest-DeleteServersTestJSON-656245428 tempest-DeleteServersTestJSON-656245428-project-member] Lock "f69bbe0f-21fc-45ce-9f5e-df6a72e6ef11" acquired by "nova.context.set_target_cell..get_or_set_cached_cell_and_set_connections" :: waited 0.000s {{(pid=98895) inner /opt/stack/data/venv/lib/python3.12/site-packages/oslo_concurrency/lockutils.py:524}}
Jul 08 16:27:08.634240 np0000004832 nova-conductor[98895]: DEBUG oslo_concurrency.lockutils [None req-6c88430b-1967-4e49-9647-0dfd39570bbc tempest-DeleteServersTestJSON-656245428 tempest-DeleteServersTestJSON-656245428-project-member] Lock "f69bbe0f-21fc-45ce-9f5e-df6a72e6ef11" "released" by "nova.context.set_target_cell..get_or_set_cached_cell_and_set_connections" :: held 0.000s {{(pid=98895) inner /opt/stack/data/venv/lib/python3.12/site-packages/oslo_concurrency/lockutils.py:543}}
Jul 08 16:27:08.886096 np0000004832 nova-conductor[98895]: DEBUG oslo_concurrency.lockutils [None req-6c88430b-1967-4e49-9647-0dfd39570bbc tempest-DeleteServersTestJSON-656245428 tempest-DeleteServersTestJSON-656245428-project-member] Acquiring lock "f69bbe0f-21fc-45ce-9f5e-df6a72e6ef11" by "nova.context.set_target_cell..get_or_set_cached_cell_and_set_connections" {{(pid=98895) inner /opt/stack/data/venv/lib/python3.12/site-packages/oslo_concurrency/lockutils.py:511}}
Jul 08 16:27:08.886096 np0000004832 nova-conductor[98895]: DEBUG oslo_concurrency.lockutils [None req-6c88430b-1967-4e49-9647-0dfd39570bbc tempest-DeleteServersTestJSON-656245428 tempest-DeleteServersTestJSON-656245428-project-member] Lock "f69bbe0f-21fc-45ce-9f5e-df6a72e6ef11" acquired by "nova.context.set_target_cell..get_or_set_cached_cell_and_set_connections" :: waited 0.000s {{(pid=98895) inner /opt/stack/data/venv/lib/python3.12/site-packages/oslo_concurrency/lockutils.py:524}}
Jul 08 16:27:08.886096 np0000004832 nova-conductor[98895]: DEBUG oslo_concurrency.lockutils [None req-6c88430b-1967-4e49-9647-0dfd39570bbc tempest-DeleteServersTestJSON-656245428 tempest-DeleteServersTestJSON-656245428-project-member] Lock "f69bbe0f-21fc-45ce-9f5e-df6a72e6ef11" "released" by "nova.context.set_target_cell..get_or_set_cached_cell_and_set_connections" :: held 0.000s {{(pid=98895) inner /opt/stack/data/venv/lib/python3.12/site-packages/oslo_concurrency/lockutils.py:543}}
Jul 08 16:27:08.886311 np0000004832 nova-conductor[98895]: DEBUG oslo_concurrency.lockutils [None req-6c88430b-1967-4e49-9647-0dfd39570bbc tempest-DeleteServersTestJSON-656245428 tempest-DeleteServersTestJSON-656245428-project-member] Acquiring lock "compute-rpcapi-router" {{(pid=98895) lock /opt/stack/data/venv/lib/python3.12/site-packages/oslo_concurrency/lockutils.py:395}}
