Jul 19 20:06:25.022836 np0000005462 devstack@g-api.service[102910]: [pid: 102910|app: 0|req: 95/395] 127.0.0.1 () {44 vars in 1051 bytes} [Sun Jul 19 20:06:25 2026] GET /v2/schemas/image => generated 6083 bytes in 2 msecs (HTTP/1.1 200) 4 headers in 158 bytes (1 switches on core 0)
Jul 19 20:06:25.628717 np0000005462 devstack@g-api.service[102909]: DEBUG glance.api.middleware.version_negotiation [None req-eab9b81d-a9b1-428d-903a-11774fc7be75 tempest-VolumesActionsTest-1271443575 tempest-VolumesActionsTest-1271443575-project-member] Determining version of request: GET /v2/images/33be2713-eaec-419c-be46-d08044992327 Accept: application/json {{(pid=102909) process_request /opt/stack/glance/glance/api/middleware/version_negotiation.py:44}}
Jul 19 20:06:25.629105 np0000005462 devstack@g-api.service[102909]: DEBUG glance.api.middleware.version_negotiation [None req-eab9b81d-a9b1-428d-903a-11774fc7be75 tempest-VolumesActionsTest-1271443575 tempest-VolumesActionsTest-1271443575-project-member] Using url versioning {{(pid=102909) process_request /opt/stack/glance/glance/api/middleware/version_negotiation.py:57}}
Jul 19 20:06:25.629155 np0000005462 devstack@g-api.service[102909]: DEBUG glance.api.middleware.version_negotiation [None req-eab9b81d-a9b1-428d-903a-11774fc7be75 tempest-VolumesActionsTest-1271443575 tempest-VolumesActionsTest-1271443575-project-member] Matched version: v2 {{(pid=102909) process_request /opt/stack/glance/glance/api/middleware/version_negotiation.py:69}}
Jul 19 20:06:25.629299 np0000005462 devstack@g-api.service[102909]: DEBUG glance.api.middleware.version_negotiation [None req-eab9b81d-a9b1-428d-903a-11774fc7be75 tempest-VolumesActionsTest-1271443575 tempest-VolumesActionsTest-1271443575-project-member] new path /v2/images/33be2713-eaec-419c-be46-d08044992327 {{(pid=102909) process_request /opt/stack/glance/glance/api/middleware/version_negotiation.py:70}}
Jul 19 20:06:25.638981 np0000005462 devstack@g-api.service[102909]: [pid: 102909|app: 0|req: 101/396] 127.0.0.1 () {40 vars in 834 bytes} [Sun Jul 19 20:06:25 2026] GET /v2/images/33be2713-eaec-419c-be46-d08044992327 => generated 649 bytes in 10 msecs (HTTP/1.1 200) 4 headers in 157 bytes (1 switches on core 0)
Jul 19 20:06:26.647411 np0000005462 devstack@g-api.service[102911]: DEBUG glance.api.middleware.version_negotiation [None req-2ec22bc3-e276-426f-a726-485c8dc55f67 tempest-AttachVolumeNegativeTest-2101564345 tempest-AttachVolumeNegativeTest-2101564345-project-member] Determining version of request: GET /v2/images/33be2713-eaec-419c-be46-d08044992327 Accept: application/json {{(pid=102911) process_request /opt/stack/glance/glance/api/middleware/version_negotiation.py:44}}
Jul 19 20:06:26.647772 np0000005462 devstack@g-api.service[102911]: DEBUG glance.api.middleware.version_negotiation [None req-2ec22bc3-e276-426f-a726-485c8dc55f67 tempest-AttachVolumeNegativeTest-2101564345 tempest-AttachVolumeNegativeTest-2101564345-project-member] Using url versioning {{(pid=102911) process_request /opt/stack/glance/glance/api/middleware/version_negotiation.py:57}}
Jul 19 20:06:26.647772 np0000005462 devstack@g-api.service[102911]: DEBUG glance.api.middleware.version_negotiation [None req-2ec22bc3-e276-426f-a726-485c8dc55f67 tempest-AttachVolumeNegativeTest-2101564345 tempest-AttachVolumeNegativeTest-2101564345-project-member] Matched version: v2 {{(pid=102911) process_request /opt/stack/glance/glance/api/middleware/version_negotiation.py:69}}
Jul 19 20:06:26.647772 np0000005462 devstack@g-api.service[102911]: DEBUG glance.api.middleware.version_negotiation [None req-2ec22bc3-e276-426f-a726-485c8dc55f67 tempest-AttachVolumeNegativeTest-2101564345 tempest-AttachVolumeNegativeTest-2101564345-project-member] new path /v2/images/33be2713-eaec-419c-be46-d08044992327 {{(pid=102911) process_request /opt/stack/glance/glance/api/middleware/version_negotiation.py:70}}
Jul 19 20:06:26.664601 np0000005462 devstack@g-api.service[102911]: [pid: 102911|app: 0|req: 100/397] 127.0.0.1 () {40 vars in 834 bytes} [Sun Jul 19 20:06:26 2026] GET /v2/images/33be2713-eaec-419c-be46-d08044992327 => generated 649 bytes in 17 msecs (HTTP/1.1 200) 4 headers in 157 bytes (1 switches on core 0)
Jul 19 20:06:27.441501 np0000005462 devstack@g-api.service[102908]: DEBUG swiftclient [None req-932312bc-86e8-4e21-ad84-581236c6c47b tempest-VolumesActionsTest-1271443575 tempest-VolumesActionsTest-1271443575-project-member] REQ: curl -i https://10.4.3.33:8080/v1/AUTH_71af11bdbced497395df2c668c4fa393/glance/33be2713-eaec-419c-be46-d08044992327-00001 -X PUT -H "X-Auth-Token: gAAAAABqXS5AaJ0g..." {{(pid=102908) http_log /opt/stack/data/venv/lib/python3.12/site-packages/swiftclient/client.py:160}}
Jul 19 20:06:27.441798 np0000005462 devstack@g-api.service[102908]: DEBUG swiftclient [None req-932312bc-86e8-4e21-ad84-581236c6c47b tempest-VolumesActionsTest-1271443575 tempest-VolumesActionsTest-1271443575-project-member] RESP STATUS: 201 Created {{(pid=102908) http_log /opt/stack/data/venv/lib/python3.12/site-packages/swiftclient/client.py:161}}
Jul 19 20:06:27.441798 np0000005462 devstack@g-api.service[102908]: DEBUG swiftclient [None req-932312bc-86e8-4e21-ad84-581236c6c47b tempest-VolumesActionsTest-1271443575 tempest-VolumesActionsTest-1271443575-project-member] RESP HEADERS: {'Date': 'Sun, 19 Jul 2026 20:06:27 GMT', 'Server': 'Apache/2.4.58 (Ubuntu)', 'Content-Type': 'text/html; charset=UTF-8', 'Content-Length': '0', 'Etag': 'eda9a9889837ac4bc81d6387d92c1bec', 'Last-Modified': 'Sun, 19 Jul 2026 20:06:25 GMT', 'X-Trans-Id': 'tx2d86e417ee8a4eb886632-006a5d2e40', 'X-Openstack-Request-Id': 'tx2d86e417ee8a4eb886632-006a5d2e40', 'Connection': 'close'} {{(pid=102908) http_log /opt/stack/data/venv/lib/python3.12/site-packages/swiftclient/client.py:162}}
Jul 19 20:06:27.441955 np0000005462 devstack@g-api.service[102908]: DEBUG glance_store._drivers.swift.store [None req-932312bc-86e8-4e21-ad84-581236c6c47b tempest-VolumesActionsTest-1271443575 tempest-VolumesActionsTest-1271443575-project-member] Wrote chunk 33be2713-eaec-419c-be46-d08044992327-00001 (1/?) of length 204800000 to Swift returning MD5 of content: eda9a9889837ac4bc81d6387d92c1bec {{(pid=102908) add /opt/stack/data/venv/lib/python3.12/site-packages/glance_store/_drivers/swift/store.py:1059}}
Jul 19 20:06:27.676055 np0000005462 devstack@g-api.service[102910]: DEBUG glance.api.middleware.version_negotiation [None req-2ec22bc3-e276-426f-a726-485c8dc55f67 tempest-AttachVolumeNegativeTest-2101564345 tempest-AttachVolumeNegativeTest-2101564345-project-member] Determining version of request: GET /v2/images/33be2713-eaec-419c-be46-d08044992327 Accept: application/json {{(pid=102910) process_request /opt/stack/glance/glance/api/middleware/version_negotiation.py:44}}
Jul 19 20:06:27.676328 np0000005462 devstack@g-api.service[102910]: DEBUG glance.api.middleware.version_negotiation [None req-2ec22bc3-e276-426f-a726-485c8dc55f67 tempest-AttachVolumeNegativeTest-2101564345 tempest-AttachVolumeNegativeTest-2101564345-project-member] Using url versioning {{(pid=102910) process_request /opt/stack/glance/glance/api/middleware/version_negotiation.py:57}}
Jul 19 20:06:27.676626 np0000005462 devstack@g-api.service[102910]: DEBUG glance.api.middleware.version_negotiation [None req-2ec22bc3-e276-426f-a726-485c8dc55f67 tempest-AttachVolumeNegativeTest-2101564345 tempest-AttachVolumeNegativeTest-2101564345-project-member] Matched version: v2 {{(pid=102910) process_request /opt/stack/glance/glance/api/middleware/version_negotiation.py:69}}
Jul 19 20:06:27.676626 np0000005462 devstack@g-api.service[102910]: DEBUG glance.api.middleware.version_negotiation [None req-2ec22bc3-e276-426f-a726-485c8dc55f67 tempest-AttachVolumeNegativeTest-2101564345 tempest-AttachVolumeNegativeTest-2101564345-project-member] new path /v2/images/33be2713-eaec-419c-be46-d08044992327 {{(pid=102910) process_request /opt/stack/glance/glance/api/middleware/version_negotiation.py:70}}
Jul 19 20:06:27.693816 np0000005462 devstack@g-api.service[102910]: [pid: 102910|app: 0|req: 96/398] 127.0.0.1 () {40 vars in 834 bytes} [Sun Jul 19 20:06:27 2026] GET /v2/images/33be2713-eaec-419c-be46-d08044992327 => generated 649 bytes in 18 msecs (HTTP/1.1 200) 4 headers in 157 bytes (1 switches on core 0)
Jul 19 20:06:28.705414 np0000005462 devstack@g-api.service[102909]: DEBUG glance.api.middleware.version_negotiation [None req-5a4ae81c-3dc0-4f1b-8362-6fec67aaef0c tempest-VolumesActionsTest-1271443575 tempest-VolumesActionsTest-1271443575-project-member] Determining version of request: GET /v2/images/33be2713-eaec-419c-be46-d08044992327 Accept: application/json {{(pid=102909) process_request /opt/stack/glance/glance/api/middleware/version_negotiation.py:44}}
Jul 19 20:06:28.705765 np0000005462 devstack@g-api.service[102909]: DEBUG glance.api.middleware.version_negotiation [None req-5a4ae81c-3dc0-4f1b-8362-6fec67aaef0c tempest-VolumesActionsTest-1271443575 tempest-VolumesActionsTest-1271443575-project-member] Using url versioning {{(pid=102909) process_request /opt/stack/glance/glance/api/middleware/version_negotiation.py:57}}
Jul 19 20:06:28.705765 np0000005462 devstack@g-api.service[102909]: DEBUG glance.api.middleware.version_negotiation [None req-5a4ae81c-3dc0-4f1b-8362-6fec67aaef0c tempest-VolumesActionsTest-1271443575 tempest-VolumesActionsTest-1271443575-project-member] Matched version: v2 {{(pid=102909) process_request /opt/stack/glance/glance/api/middleware/version_negotiation.py:69}}
Jul 19 20:06:28.706998 np0000005462 devstack@g-api.service[102909]: DEBUG glance.api.middleware.version_negotiation [None req-5a4ae81c-3dc0-4f1b-8362-6fec67aaef0c tempest-VolumesActionsTest-1271443575 tempest-VolumesActionsTest-1271443575-project-member] new path /v2/images/33be2713-eaec-419c-be46-d08044992327 {{(pid=102909) process_request /opt/stack/glance/glance/api/middleware/version_negotiation.py:70}}
Jul 19 20:06:28.716356 np0000005462 devstack@g-api.service[102909]: [pid: 102909|app: 0|req: 102/399] 127.0.0.1 () {40 vars in 834 bytes} [Sun Jul 19 20:06:28 2026] GET /v2/images/33be2713-eaec-419c-be46-d08044992327 => generated 649 bytes in 10 msecs (HTTP/1.1 200) 4 headers in 157 bytes (1 switches on core 0)
Jul 19 20:06:29.470761 np0000005462 devstack@g-api.service[102908]: DEBUG swiftclient [None req-932312bc-86e8-4e21-ad84-581236c6c47b tempest-VolumesActionsTest-1271443575 tempest-VolumesActionsTest-1271443575-project-member] REQ: curl -i https://10.4.3.33:8080/v1/AUTH_71af11bdbced497395df2c668c4fa393/glance/33be2713-eaec-419c-be46-d08044992327-00002 -X PUT -H "X-Auth-Token: gAAAAABqXS5AaJ0g..." {{(pid=102908) http_log /opt/stack/data/venv/lib/python3.12/site-packages/swiftclient/client.py:160}}
Jul 19 20:06:29.471045 np0000005462 devstack@g-api.service[102908]: DEBUG swiftclient [None req-932312bc-86e8-4e21-ad84-581236c6c47b tempest-VolumesActionsTest-1271443575 tempest-VolumesActionsTest-1271443575-project-member] RESP STATUS: 201 Created {{(pid=102908) http_log /opt/stack/data/venv/lib/python3.12/site-packages/swiftclient/client.py:161}}
Jul 19 20:06:29.471045 np0000005462 devstack@g-api.service[102908]: DEBUG swiftclient [None req-932312bc-86e8-4e21-ad84-581236c6c47b tempest-VolumesActionsTest-1271443575 tempest-VolumesActionsTest-1271443575-project-member] RESP HEADERS: {'Date': 'Sun, 19 Jul 2026 20:06:29 GMT', 'Server': 'Apache/2.4.58 (Ubuntu)', 'Content-Type': 'text/html; charset=UTF-8', 'Content-Length': '0', 'Etag': 'eda9a9889837ac4bc81d6387d92c1bec', 'Last-Modified': 'Sun, 19 Jul 2026 20:06:28 GMT', 'X-Trans-Id': 'tx231d174b391b41adb148e-006a5d2e43', 'X-Openstack-Request-Id': 'tx231d174b391b41adb148e-006a5d2e43', 'Connection': 'close'} {{(pid=102908) http_log /opt/stack/data/venv/lib/python3.12/site-packages/swiftclient/client.py:162}}
Jul 19 20:06:29.471195 np0000005462 devstack@g-api.service[102908]: DEBUG glance_store._drivers.swift.store [None req-932312bc-86e8-4e21-ad84-581236c6c47b tempest-VolumesActionsTest-1271443575 tempest-VolumesActionsTest-1271443575-project-member] Wrote chunk 33be2713-eaec-419c-be46-d08044992327-00002 (2/?) of length 204800000 to Swift returning MD5 of content: eda9a9889837ac4bc81d6387d92c1bec {{(pid=102908) add /opt/stack/data/venv/lib/python3.12/site-packages/glance_store/_drivers/swift/store.py:1059}}
Jul 19 20:06:29.727802 np0000005462 devstack@g-api.service[102911]: DEBUG glance.api.middleware.version_negotiation [None req-6520cdfb-cae5-4571-a7c8-839433375724 tempest-VolumesActionsTest-1271443575 tempest-VolumesActionsTest-1271443575-project-member] Determining version of request: GET /v2/images/33be2713-eaec-419c-be46-d08044992327 Accept: application/json {{(pid=102911) process_request /opt/stack/glance/glance/api/middleware/version_negotiation.py:44}}
Jul 19 20:06:29.728207 np0000005462 devstack@g-api.service[102911]: DEBUG glance.api.middleware.version_negotiation [None req-6520cdfb-cae5-4571-a7c8-839433375724 tempest-VolumesActionsTest-1271443575 tempest-VolumesActionsTest-1271443575-project-member] Using url versioning {{(pid=102911) process_request /opt/stack/glance/glance/api/middleware/version_negotiation.py:57}}
Jul 19 20:06:29.728207 np0000005462 devstack@g-api.service[102911]: DEBUG glance.api.middleware.version_negotiation [None req-6520cdfb-cae5-4571-a7c8-839433375724 tempest-VolumesActionsTest-1271443575 tempest-VolumesActionsTest-1271443575-project-member] Matched version: v2 {{(pid=102911) process_request /opt/stack/glance/glance/api/middleware/version_negotiation.py:69}}
Jul 19 20:06:29.728260 np0000005462 devstack@g-api.service[102911]: DEBUG glance.api.middleware.version_negotiation [None req-6520cdfb-cae5-4571-a7c8-839433375724 tempest-VolumesActionsTest-1271443575 tempest-VolumesActionsTest-1271443575-project-member] new path /v2/images/33be2713-eaec-419c-be46-d08044992327 {{(pid=102911) process_request /opt/stack/glance/glance/api/middleware/version_negotiation.py:70}}
Jul 19 20:06:29.745108 np0000005462 devstack@g-api.service[102911]: [pid: 102911|app: 0|req: 101/400] 127.0.0.1 () {40 vars in 834 bytes} [Sun Jul 19 20:06:29 2026] GET /v2/images/33be2713-eaec-419c-be46-d08044992327 => generated 649 bytes in 17 msecs (HTTP/1.1 200) 4 headers in 157 bytes (1 switches on core 0)
Jul 19 20:06:30.756886 np0000005462 devstack@g-api.service[102910]: DEBUG glance.api.middleware.version_negotiation [None req-930c02c0-7234-4838-b7c6-c6849debc55d tempest-VolumesActionsTest-1271443575 tempest-VolumesActionsTest-1271443575-project-member] Determining version of request: GET /v2/images/33be2713-eaec-419c-be46-d08044992327 Accept: application/json {{(pid=102910) process_request /opt/stack/glance/glance/api/middleware/version_negotiation.py:44}}
Jul 19 20:06:30.758871 np0000005462 devstack@g-api.service[102910]: DEBUG glance.api.middleware.version_negotiation [None req-930c02c0-7234-4838-b7c6-c6849debc55d tempest-VolumesActionsTest-1271443575 tempest-VolumesActionsTest-1271443575-project-member] Using url versioning {{(pid=102910) process_request /opt/stack/glance/glance/api/middleware/version_negotiation.py:57}}
Jul 19 20:06:30.758871 np0000005462 devstack@g-api.service[102910]: DEBUG glance.api.middleware.version_negotiation [None req-930c02c0-7234-4838-b7c6-c6849debc55d tempest-VolumesActionsTest-1271443575 tempest-VolumesActionsTest-1271443575-project-member] Matched version: v2 {{(pid=102910) process_request /opt/stack/glance/glance/api/middleware/version_negotiation.py:69}}
Jul 19 20:06:30.759551 np0000005462 devstack@g-api.service[102910]: DEBUG glance.api.middleware.version_negotiation [None req-930c02c0-7234-4838-b7c6-c6849debc55d tempest-VolumesActionsTest-1271443575 tempest-VolumesActionsTest-1271443575-project-member] new path /v2/images/33be2713-eaec-419c-be46-d08044992327 {{(pid=102910) process_request /opt/stack/glance/glance/api/middleware/version_negotiation.py:70}}
Jul 19 20:06:30.774280 np0000005462 devstack@g-api.service[102910]: [pid: 102910|app: 0|req: 97/401] 127.0.0.1 () {40 vars in 834 bytes} [Sun Jul 19 20:06:30 2026] GET /v2/images/33be2713-eaec-419c-be46-d08044992327 => generated 649 bytes in 17 msecs (HTTP/1.1 200) 4 headers in 157 bytes (1 switches on core 0)
Jul 19 20:06:31.538502 np0000005462 devstack@g-api.service[102908]: DEBUG swiftclient [None req-932312bc-86e8-4e21-ad84-581236c6c47b tempest-VolumesActionsTest-1271443575 tempest-VolumesActionsTest-1271443575-project-member] REQ: curl -i https://10.4.3.33:8080/v1/AUTH_71af11bdbced497395df2c668c4fa393/glance/33be2713-eaec-419c-be46-d08044992327-00003 -X PUT -H "X-Auth-Token: gAAAAABqXS5AaJ0g..." {{(pid=102908) http_log /opt/stack/data/venv/lib/python3.12/site-packages/swiftclient/client.py:160}}
Jul 19 20:06:31.538788 np0000005462 devstack@g-api.service[102908]: DEBUG swiftclient [None req-932312bc-86e8-4e21-ad84-581236c6c47b tempest-VolumesActionsTest-1271443575 tempest-VolumesActionsTest-1271443575-project-member] RESP STATUS: 201 Created {{(pid=102908) http_log /opt/stack/data/venv/lib/python3.12/site-packages/swiftclient/client.py:161}}
Jul 19 20:06:31.538788 np0000005462 devstack@g-api.service[102908]: DEBUG swiftclient [None req-932312bc-86e8-4e21-ad84-581236c6c47b tempest-VolumesActionsTest-1271443575 tempest-VolumesActionsTest-1271443575-project-member] RESP HEADERS: {'Date': 'Sun, 19 Jul 2026 20:06:31 GMT', 'Server': 'Apache/2.4.58 (Ubuntu)', 'Content-Type': 'text/html; charset=UTF-8', 'Content-Length': '0', 'Etag': 'eda9a9889837ac4bc81d6387d92c1bec', 'Last-Modified': 'Sun, 19 Jul 2026 20:06:30 GMT', 'X-Trans-Id': 'txee0275b9937d46ed85269-006a5d2e45', 'X-Openstack-Request-Id': 'txee0275b9937d46ed85269-006a5d2e45', 'Connection': 'close'} {{(pid=102908) http_log /opt/stack/data/venv/lib/python3.12/site-packages/swiftclient/client.py:162}}
Jul 19 20:06:31.538887 np0000005462 devstack@g-api.service[102908]: DEBUG glance_store._drivers.swift.store [None req-932312bc-86e8-4e21-ad84-581236c6c47b tempest-VolumesActionsTest-1271443575 tempest-VolumesActionsTest-1271443575-project-member] Wrote chunk 33be2713-eaec-419c-be46-d08044992327-00003 (3/?) of length 204800000 to Swift returning MD5 of content: eda9a9889837ac4bc81d6387d92c1bec {{(pid=102908) add /opt/stack/data/venv/lib/python3.12/site-packages/glance_store/_drivers/swift/store.py:1059}}
Jul 19 20:06:31.786867 np0000005462 devstack@g-api.service[102909]: DEBUG glance.api.middleware.version_negotiation [None req-90bcfa7f-3b11-4f37-bf5b-674231d0d281 tempest-VolumesActionsTest-1271443575 tempest-VolumesActionsTest-1271443575-project-member] Determining version of request: GET /v2/images/33be2713-eaec-419c-be46-d08044992327 Accept: application/json {{(pid=102909) process_request /opt/stack/glance/glance/api/middleware/version_negotiation.py:44}}
Jul 19 20:06:31.787262 np0000005462 devstack@g-api.service[102909]: DEBUG glance.api.middleware.version_negotiation [None req-90bcfa7f-3b11-4f37-bf5b-674231d0d281 tempest-VolumesActionsTest-1271443575 tempest-VolumesActionsTest-1271443575-project-member] Using url versioning {{(pid=102909) process_request /opt/stack/glance/glance/api/middleware/version_negotiation.py:57}}
Jul 19 20:06:31.787262 np0000005462 devstack@g-api.service[102909]: DEBUG glance.api.middleware.version_negotiation [None req-90bcfa7f-3b11-4f37-bf5b-674231d0d281 tempest-VolumesActionsTest-1271443575 tempest-VolumesActionsTest-1271443575-project-member] Matched version: v2 {{(pid=102909) process_request /opt/stack/glance/glance/api/middleware/version_negotiation.py:69}}
Jul 19 20:06:31.787262 np0000005462 devstack@g-api.service[102909]: DEBUG glance.api.middleware.version_negotiation [None req-90bcfa7f-3b11-4f37-bf5b-674231d0d281 tempest-VolumesActionsTest-1271443575 tempest-VolumesActionsTest-1271443575-project-member] new path /v2/images/33be2713-eaec-419c-be46-d08044992327 {{(pid=102909) process_request /opt/stack/glance/glance/api/middleware/version_negotiation.py:70}}
Jul 19 20:06:31.798670 np0000005462 devstack@g-api.service[102909]: [pid: 102909|app: 0|req: 103/402] 127.0.0.1 () {40 vars in 834 bytes} [Sun Jul 19 20:06:31 2026] GET /v2/images/33be2713-eaec-419c-be46-d08044992327 => generated 649 bytes in 12 msecs (HTTP/1.1 200) 4 headers in 157 bytes (1 switches on core 0)
Jul 19 20:06:32.812131 np0000005462 devstack@g-api.service[102911]: DEBUG glance.api.middleware.version_negotiation [None req-7b72c531-df09-4adc-9aef-f44eb632ce18 tempest-VolumesActionsTest-1271443575 tempest-VolumesActionsTest-1271443575-project-member] Determining version of request: GET /v2/images/33be2713-eaec-419c-be46-d08044992327 Accept: application/json {{(pid=102911) process_request /opt/stack/glance/glance/api/middleware/version_negotiation.py:44}}
Jul 19 20:06:32.812131 np0000005462 devstack@g-api.service[102911]: DEBUG glance.api.middleware.version_negotiation [None req-7b72c531-df09-4adc-9aef-f44eb632ce18 tempest-VolumesActionsTest-1271443575 tempest-VolumesActionsTest-1271443575-project-member] Using url versioning {{(pid=102911) process_request /opt/stack/glance/glance/api/middleware/version_negotiation.py:57}}
Jul 19 20:06:32.812131 np0000005462 devstack@g-api.service[102911]: DEBUG glance.api.middleware.version_negotiation [None req-7b72c531-df09-4adc-9aef-f44eb632ce18 tempest-VolumesActionsTest-1271443575 tempest-VolumesActionsTest-1271443575-project-member] Matched version: v2 {{(pid=102911) process_request /opt/stack/glance/glance/api/middleware/version_negotiation.py:69}}
Jul 19 20:06:32.812587 np0000005462 devstack@g-api.service[102911]: DEBUG glance.api.middleware.version_negotiation [None req-7b72c531-df09-4adc-9aef-f44eb632ce18 tempest-VolumesActionsTest-1271443575 tempest-VolumesActionsTest-1271443575-project-member] new path /v2/images/33be2713-eaec-419c-be46-d08044992327 {{(pid=102911) process_request /opt/stack/glance/glance/api/middleware/version_negotiation.py:70}}
Jul 19 20:06:32.830595 np0000005462 devstack@g-api.service[102911]: [pid: 102911|app: 0|req: 102/403] 127.0.0.1 () {40 vars in 834 bytes} [Sun Jul 19 20:06:32 2026] GET /v2/images/33be2713-eaec-419c-be46-d08044992327 => generated 649 bytes in 19 msecs (HTTP/1.1 200) 4 headers in 157 bytes (1 switches on core 0)
Jul 19 20:06:33.593517 np0000005462 devstack@g-api.service[102908]: DEBUG swiftclient [None req-932312bc-86e8-4e21-ad84-581236c6c47b tempest-VolumesActionsTest-1271443575 tempest-VolumesActionsTest-1271443575-project-member] REQ: curl -i https://10.4.3.33:8080/v1/AUTH_71af11bdbced497395df2c668c4fa393/glance/33be2713-eaec-419c-be46-d08044992327-00004 -X PUT -H "X-Auth-Token: gAAAAABqXS5AaJ0g..." {{(pid=102908) http_log /opt/stack/data/venv/lib/python3.12/site-packages/swiftclient/client.py:160}}
Jul 19 20:06:33.593517 np0000005462 devstack@g-api.service[102908]: DEBUG swiftclient [None req-932312bc-86e8-4e21-ad84-581236c6c47b tempest-VolumesActionsTest-1271443575 tempest-VolumesActionsTest-1271443575-project-member] RESP STATUS: 201 Created {{(pid=102908) http_log /opt/stack/data/venv/lib/python3.12/site-packages/swiftclient/client.py:161}}
Jul 19 20:06:33.593517 np0000005462 devstack@g-api.service[102908]: DEBUG swiftclient [None req-932312bc-86e8-4e21-ad84-581236c6c47b tempest-VolumesActionsTest-1271443575 tempest-VolumesActionsTest-1271443575-project-member] RESP HEADERS: {'Date': 'Sun, 19 Jul 2026 20:06:33 GMT', 'Server': 'Apache/2.4.58 (Ubuntu)', 'Content-Type': 'text/html; charset=UTF-8', 'Content-Length': '0', 'Etag': 'eda9a9889837ac4bc81d6387d92c1bec', 'Last-Modified': 'Sun, 19 Jul 2026 20:06:32 GMT', 'X-Trans-Id': 'tx415598bc66184f2fac4c0-006a5d2e47', 'X-Openstack-Request-Id': 'tx415598bc66184f2fac4c0-006a5d2e47', 'Connection': 'close'} {{(pid=102908) http_log /opt/stack/data/venv/lib/python3.12/site-packages/swiftclient/client.py:162}}
Jul 19 20:06:33.594272 np0000005462 devstack@g-api.service[102908]: DEBUG glance_store._drivers.swift.store [None req-932312bc-86e8-4e21-ad84-581236c6c47b tempest-VolumesActionsTest-1271443575 tempest-VolumesActionsTest-1271443575-project-member] Wrote chunk 33be2713-eaec-419c-be46-d08044992327-00004 (4/?) of length 204800000 to Swift returning MD5 of content: eda9a9889837ac4bc81d6387d92c1bec {{(pid=102908) add /opt/stack/data/venv/lib/python3.12/site-packages/glance_store/_drivers/swift/store.py:1059}}
Jul 19 20:06:33.841344 np0000005462 devstack@g-api.service[102910]: DEBUG glance.api.middleware.version_negotiation [None req-04fb7d61-dcb3-4bf8-9f9d-3b46513b0f4f tempest-VolumesActionsTest-1271443575 tempest-VolumesActionsTest-1271443575-project-member] Determining version of request: GET /v2/images/33be2713-eaec-419c-be46-d08044992327 Accept: application/json {{(pid=102910) process_request /opt/stack/glance/glance/api/middleware/version_negotiation.py:44}}
Jul 19 20:06:33.841805 np0000005462 devstack@g-api.service[102910]: DEBUG glance.api.middleware.version_negotiation [None req-04fb7d61-dcb3-4bf8-9f9d-3b46513b0f4f tempest-VolumesActionsTest-1271443575 tempest-VolumesActionsTest-1271443575-project-member] Using url versioning {{(pid=102910) process_request /opt/stack/glance/glance/api/middleware/version_negotiation.py:57}}
Jul 19 20:06:33.841805 np0000005462 devstack@g-api.service[102910]: DEBUG glance.api.middleware.version_negotiation [None req-04fb7d61-dcb3-4bf8-9f9d-3b46513b0f4f tempest-VolumesActionsTest-1271443575 tempest-VolumesActionsTest-1271443575-project-member] Matched version: v2 {{(pid=102910) process_request /opt/stack/glance/glance/api/middleware/version_negotiation.py:69}}
Jul 19 20:06:33.841910 np0000005462 devstack@g-api.service[102910]: DEBUG glance.api.middleware.version_negotiation [None req-04fb7d61-dcb3-4bf8-9f9d-3b46513b0f4f tempest-VolumesActionsTest-1271443575 tempest-VolumesActionsTest-1271443575-project-member] new path /v2/images/33be2713-eaec-419c-be46-d08044992327 {{(pid=102910) process_request /opt/stack/glance/glance/api/middleware/version_negotiation.py:70}}
Jul 19 20:06:33.858206 np0000005462 devstack@g-api.service[102910]: [pid: 102910|app: 0|req: 98/404] 127.0.0.1 () {40 vars in 834 bytes} [Sun Jul 19 20:06:33 2026] GET /v2/images/33be2713-eaec-419c-be46-d08044992327 => generated 649 bytes in 17 msecs (HTTP/1.1 200) 4 headers in 157 bytes (1 switches on core 0)
Jul 19 20:06:34.659822 np0000005462 devstack@g-api.service[102908]: DEBUG dbcounter [-] [102908] Writing DB stats glance:SELECT=41,glance:UPDATE=23 {{(pid=102908) stat_writer /opt/stack/data/venv/lib/python3.12/site-packages/dbcounter.py:115}}
Jul 19 20:06:34.866217 np0000005462 devstack@g-api.service[102909]: DEBUG glance.api.middleware.version_negotiation [None req-e5c248e6-82ae-48d0-9838-1df9275bf5ae tempest-VolumesActionsTest-1271443575 tempest-VolumesActionsTest-1271443575-project-member] Determining version of request: GET /v2/images/33be2713-eaec-419c-be46-d08044992327 Accept: application/json {{(pid=102909) process_request /opt/stack/glance/glance/api/middleware/version_negotiation.py:44}}
Jul 19 20:06:34.866653 np0000005462 devstack@g-api.service[102909]: DEBUG glance.api.middleware.version_negotiation [None req-e5c248e6-82ae-48d0-9838-1df9275bf5ae tempest-VolumesActionsTest-1271443575 tempest-VolumesActionsTest-1271443575-project-member] Using url versioning {{(pid=102909) process_request /opt/stack/glance/glance/api/middleware/version_negotiation.py:57}}
Jul 19 20:06:34.866653 np0000005462 devstack@g-api.service[102909]: DEBUG glance.api.middleware.version_negotiation [None req-e5c248e6-82ae-48d0-9838-1df9275bf5ae tempest-VolumesActionsTest-1271443575 tempest-VolumesActionsTest-1271443575-project-member] Matched version: v2 {{(pid=102909) process_request /opt/stack/glance/glance/api/middleware/version_negotiation.py:69}}
Jul 19 20:06:34.866757 np0000005462 devstack@g-api.service[102909]: DEBUG glance.api.middleware.version_negotiation [None req-e5c248e6-82ae-48d0-9838-1df9275bf5ae tempest-VolumesActionsTest-1271443575 tempest-VolumesActionsTest-1271443575-project-member] new path /v2/images/33be2713-eaec-419c-be46-d08044992327 {{(pid=102909) process_request /opt/stack/glance/glance/api/middleware/version_negotiation.py:70}}
Jul 19 20:06:34.889446 np0000005462 devstack@g-api.service[102909]: [pid: 102909|app: 0|req: 104/405] 127.0.0.1 () {40 vars in 834 bytes} [Sun Jul 19 20:06:34 2026] GET /v2/images/33be2713-eaec-419c-be46-d08044992327 => generated 649 bytes in 21 msecs (HTTP/1.1 200) 4 headers in 157 bytes (1 switches on core 0)
Jul 19 20:06:34.961440 np0000005462 devstack@g-api.service[102911]: DEBUG glance.api.middleware.version_negotiation [None req-92fa56a9-075f-473c-b48b-ddb3c6ef22a9 tempest-VolumesActionsTest-1271443575 tempest-VolumesActionsTest-1271443575-project-member] Determining version of request: GET /v2/images/12912f54-7344-488a-a294-3c33819eabdc Accept: */* {{(pid=102911) process_request /opt/stack/glance/glance/api/middleware/version_negotiation.py:44}}
Jul 19 20:06:34.961440 np0000005462 devstack@g-api.service[102911]: DEBUG glance.api.middleware.version_negotiation [None req-92fa56a9-075f-473c-b48b-ddb3c6ef22a9 tempest-VolumesActionsTest-1271443575 tempest-VolumesActionsTest-1271443575-project-member] Using url versioning {{(pid=102911) process_request /opt/stack/glance/glance/api/middleware/version_negotiation.py:57}}
Jul 19 20:06:34.961440 np0000005462 devstack@g-api.service[102911]: DEBUG glance.api.middleware.version_negotiation [None req-92fa56a9-075f-473c-b48b-ddb3c6ef22a9 tempest-VolumesActionsTest-1271443575 tempest-VolumesActionsTest-1271443575-project-member] Matched version: v2 {{(pid=102911) process_request /opt/stack/glance/glance/api/middleware/version_negotiation.py:69}}
Jul 19 20:06:34.961440 np0000005462 devstack@g-api.service[102911]: DEBUG glance.api.middleware.version_negotiation [None req-92fa56a9-075f-473c-b48b-ddb3c6ef22a9 tempest-VolumesActionsTest-1271443575 tempest-VolumesActionsTest-1271443575-project-member] new path /v2/images/12912f54-7344-488a-a294-3c33819eabdc {{(pid=102911) process_request /opt/stack/glance/glance/api/middleware/version_negotiation.py:70}}
Jul 19 20:06:34.981467 np0000005462 devstack@g-api.service[102911]: [pid: 102911|app: 0|req: 103/406] 127.0.0.1 () {44 vars in 1111 bytes} [Sun Jul 19 20:06:34 2026] GET /v2/images/12912f54-7344-488a-a294-3c33819eabdc => generated 1044 bytes in 21 msecs (HTTP/1.1 200) 4 headers in 158 bytes (1 switches on core 0)
Jul 19 20:06:35.026761 np0000005462 devstack@g-api.service[102910]: DEBUG glance.api.middleware.version_negotiation [None req-f4a17d8b-a8b8-4c48-9919-3846e7c98cbd tempest-VolumesActionsTest-1271443575 tempest-VolumesActionsTest-1271443575-project-member] Determining version of request: GET /v2/schemas/image Accept: */* {{(pid=102910) process_request /opt/stack/glance/glance/api/middleware/version_negotiation.py:44}}
Jul 19 20:06:35.026761 np0000005462 devstack@g-api.service[102910]: DEBUG glance.api.middleware.version_negotiation [None req-f4a17d8b-a8b8-4c48-9919-3846e7c98cbd tempest-VolumesActionsTest-1271443575 tempest-VolumesActionsTest-1271443575-project-member] Using url versioning {{(pid=102910) process_request /opt/stack/glance/glance/api/middleware/version_negotiation.py:57}}
Jul 19 20:06:35.026761 np0000005462 devstack@g-api.service[102910]: DEBUG glance.api.middleware.version_negotiation [None req-f4a17d8b-a8b8-4c48-9919-3846e7c98cbd tempest-VolumesActionsTest-1271443575 tempest-VolumesActionsTest-1271443575-project-member] Matched version: v2 {{(pid=102910) process_request /opt/stack/glance/glance/api/middleware/version_negotiation.py:69}}
Jul 19 20:06:35.026761 np0000005462 devstack@g-api.service[102910]: DEBUG glance.api.middleware.version_negotiation [None req-f4a17d8b-a8b8-4c48-9919-3846e7c98cbd tempest-VolumesActionsTest-1271443575 tempest-VolumesActionsTest-1271443575-project-member] new path /v2/schemas/image {{(pid=102910) process_request /opt/stack/glance/glance/api/middleware/version_negotiation.py:70}}
Jul 19 20:06:35.029883 np0000005462 devstack@g-api.service[102910]: [pid: 102910|app: 0|req: 99/407] 127.0.0.1 () {44 vars in 1051 bytes} [Sun Jul 19 20:06:35 2026] GET /v2/schemas/image => generated 6083 bytes in 4 msecs (HTTP/1.1 200) 4 headers in 158 bytes (1 switches on core 0)
Jul 19 20:06:35.700014 np0000005462 devstack@g-api.service[102908]: DEBUG swiftclient [None req-932312bc-86e8-4e21-ad84-581236c6c47b tempest-VolumesActionsTest-1271443575 tempest-VolumesActionsTest-1271443575-project-member] REQ: curl -i https://10.4.3.33:8080/v1/AUTH_71af11bdbced497395df2c668c4fa393/glance/33be2713-eaec-419c-be46-d08044992327-00005 -X PUT -H "X-Auth-Token: gAAAAABqXS5AaJ0g..." {{(pid=102908) http_log /opt/stack/data/venv/lib/python3.12/site-packages/swiftclient/client.py:160}}
Jul 19 20:06:35.700439 np0000005462 devstack@g-api.service[102908]: DEBUG swiftclient [None req-932312bc-86e8-4e21-ad84-581236c6c47b tempest-VolumesActionsTest-1271443575 tempest-VolumesActionsTest-1271443575-project-member] RESP STATUS: 201 Created {{(pid=102908) http_log /opt/stack/data/venv/lib/python3.12/site-packages/swiftclient/client.py:161}}
Jul 19 20:06:35.700439 np0000005462 devstack@g-api.service[102908]: DEBUG swiftclient [None req-932312bc-86e8-4e21-ad84-581236c6c47b tempest-VolumesActionsTest-1271443575 tempest-VolumesActionsTest-1271443575-project-member] RESP HEADERS: {'Date': 'Sun, 19 Jul 2026 20:06:35 GMT', 'Server': 'Apache/2.4.58 (Ubuntu)', 'Content-Type': 'text/html; charset=UTF-8', 'Content-Length': '0', 'Etag': 'eda9a9889837ac4bc81d6387d92c1bec', 'Last-Modified': 'Sun, 19 Jul 2026 20:06:34 GMT', 'X-Trans-Id': 'tx4b9ef1fb052642ef80bac-006a5d2e49', 'X-Openstack-Request-Id': 'tx4b9ef1fb052642ef80bac-006a5d2e49', 'Connection': 'close'} {{(pid=102908) http_log /opt/stack/data/venv/lib/python3.12/site-packages/swiftclient/client.py:162}}
Jul 19 20:06:35.700439 np0000005462 devstack@g-api.service[102908]: DEBUG glance_store._drivers.swift.store [None req-932312bc-86e8-4e21-ad84-581236c6c47b tempest-VolumesActionsTest-1271443575 tempest-VolumesActionsTest-1271443575-project-member] Wrote chunk 33be2713-eaec-419c-be46-d08044992327-00005 (5/?) of length 204800000 to Swift returning MD5 of content: eda9a9889837ac4bc81d6387d92c1bec {{(pid=102908) add /opt/stack/data/venv/lib/python3.12/site-packages/glance_store/_drivers/swift/store.py:1059}}
Jul 19 20:06:35.904615 np0000005462 devstack@g-api.service[102909]: DEBUG glance.api.middleware.version_negotiation [None req-e25dcdbd-5161-4ff7-924b-d818d5fa90ea tempest-VolumesActionsTest-1271443575 tempest-VolumesActionsTest-1271443575-project-member] Determining version of request: GET /v2/images/33be2713-eaec-419c-be46-d08044992327 Accept: application/json {{(pid=102909) process_request /opt/stack/glance/glance/api/middleware/version_negotiation.py:44}}
Jul 19 20:06:35.904615 np0000005462 devstack@g-api.service[102909]: DEBUG glance.api.middleware.version_negotiation [None req-e25dcdbd-5161-4ff7-924b-d818d5fa90ea tempest-VolumesActionsTest-1271443575 tempest-VolumesActionsTest-1271443575-project-member] Using url versioning {{(pid=102909) process_request /opt/stack/glance/glance/api/middleware/version_negotiation.py:57}}
Jul 19 20:06:35.904963 np0000005462 devstack@g-api.service[102909]: DEBUG glance.api.middleware.version_negotiation [None req-e25dcdbd-5161-4ff7-924b-d818d5fa90ea tempest-VolumesActionsTest-1271443575 tempest-VolumesActionsTest-1271443575-project-member] Matched version: v2 {{(pid=102909) process_request /opt/stack/glance/glance/api/middleware/version_negotiation.py:69}}
Jul 19 20:06:35.904963 np0000005462 devstack@g-api.service[102909]: DEBUG glance.api.middleware.version_negotiation [None req-e25dcdbd-5161-4ff7-924b-d818d5fa90ea tempest-VolumesActionsTest-1271443575 tempest-VolumesActionsTest-1271443575-project-member] new path /v2/images/33be2713-eaec-419c-be46-d08044992327 {{(pid=102909) process_request /opt/stack/glance/glance/api/middleware/version_negotiation.py:70}}
Jul 19 20:06:35.923560 np0000005462 devstack@g-api.service[102909]: [pid: 102909|app: 0|req: 105/408] 127.0.0.1 () {40 vars in 834 bytes} [Sun Jul 19 20:06:35 2026] GET /v2/images/33be2713-eaec-419c-be46-d08044992327 => generated 649 bytes in 19 msecs (HTTP/1.1 200) 4 headers in 157 bytes (1 switches on core 0)
Jul 19 20:06:36.217797 np0000005462 devstack@g-api.service[102908]: DEBUG swiftclient [None req-932312bc-86e8-4e21-ad84-581236c6c47b tempest-VolumesActionsTest-1271443575 tempest-VolumesActionsTest-1271443575-project-member] REQ: curl -i https://10.4.3.33:8080/v1/AUTH_71af11bdbced497395df2c668c4fa393/glance/33be2713-eaec-419c-be46-d08044992327-00006 -X PUT -H "X-Auth-Token: gAAAAABqXS5AaJ0g..." {{(pid=102908) http_log /opt/stack/data/venv/lib/python3.12/site-packages/swiftclient/client.py:160}}
Jul 19 20:06:36.217797 np0000005462 devstack@g-api.service[102908]: DEBUG swiftclient [None req-932312bc-86e8-4e21-ad84-581236c6c47b tempest-VolumesActionsTest-1271443575 tempest-VolumesActionsTest-1271443575-project-member] RESP STATUS: 201 Created {{(pid=102908) http_log /opt/stack/data/venv/lib/python3.12/site-packages/swiftclient/client.py:161}}
Jul 19 20:06:36.217797 np0000005462 devstack@g-api.service[102908]: DEBUG swiftclient [None req-932312bc-86e8-4e21-ad84-581236c6c47b tempest-VolumesActionsTest-1271443575 tempest-VolumesActionsTest-1271443575-project-member] RESP HEADERS: {'Date': 'Sun, 19 Jul 2026 20:06:36 GMT', 'Server': 'Apache/2.4.58 (Ubuntu)', 'Content-Type': 'text/html; charset=UTF-8', 'Content-Length': '0', 'Etag': '708761f3b8777ec77058e63da08eeeb6', 'Last-Modified': 'Sun, 19 Jul 2026 20:06:36 GMT', 'X-Trans-Id': 'tx4ad9afbc0c9e43ef81843-006a5d2e4b', 'X-Openstack-Request-Id': 'tx4ad9afbc0c9e43ef81843-006a5d2e4b', 'Connection': 'close'} {{(pid=102908) http_log /opt/stack/data/venv/lib/python3.12/site-packages/swiftclient/client.py:162}}
Jul 19 20:06:36.217797 np0000005462 devstack@g-api.service[102908]: DEBUG glance_store._drivers.swift.store [None req-932312bc-86e8-4e21-ad84-581236c6c47b tempest-VolumesActionsTest-1271443575 tempest-VolumesActionsTest-1271443575-project-member] Wrote chunk 33be2713-eaec-419c-be46-d08044992327-00006 (6/?) of length 49741824 to Swift returning MD5 of content: 708761f3b8777ec77058e63da08eeeb6 {{(pid=102908) add /opt/stack/data/venv/lib/python3.12/site-packages/glance_store/_drivers/swift/store.py:1059}}
Jul 19 20:06:36.218245 np0000005462 devstack@g-api.service[102908]: DEBUG glance_store._drivers.swift.store [None req-932312bc-86e8-4e21-ad84-581236c6c47b tempest-VolumesActionsTest-1271443575 tempest-VolumesActionsTest-1271443575-project-member] Not writing zero-length chunk. {{(pid=102908) add /opt/stack/data/venv/lib/python3.12/site-packages/glance_store/_drivers/swift/store.py:1028}}
Jul 19 20:06:36.247177 np0000005462 devstack@g-api.service[102908]: DEBUG swiftclient [None req-932312bc-86e8-4e21-ad84-581236c6c47b tempest-VolumesActionsTest-1271443575 tempest-VolumesActionsTest-1271443575-project-member] REQ: curl -i https://10.4.3.33:8080/v1/AUTH_71af11bdbced497395df2c668c4fa393/glance/33be2713-eaec-419c-be46-d08044992327 -X PUT -H "X-Object-Manifest: glance/33be2713-eaec-419c-be46-d08044992327-" -H "X-Auth-Token: gAAAAABqXS5AaJ0g..." -H "Content-Length: 0" {{(pid=102908) http_log /opt/stack/data/venv/lib/python3.12/site-packages/swiftclient/client.py:160}}
Jul 19 20:06:36.247346 np0000005462 devstack@g-api.service[102908]: DEBUG swiftclient [None req-932312bc-86e8-4e21-ad84-581236c6c47b tempest-VolumesActionsTest-1271443575 tempest-VolumesActionsTest-1271443575-project-member] RESP STATUS: 201 Created {{(pid=102908) http_log /opt/stack/data/venv/lib/python3.12/site-packages/swiftclient/client.py:161}}
Jul 19 20:06:36.247680 np0000005462 devstack@g-api.service[102908]: DEBUG swiftclient [None req-932312bc-86e8-4e21-ad84-581236c6c47b tempest-VolumesActionsTest-1271443575 tempest-VolumesActionsTest-1271443575-project-member] RESP HEADERS: {'Date': 'Sun, 19 Jul 2026 20:06:36 GMT', 'Server': 'Apache/2.4.58 (Ubuntu)', 'Content-Type': 'text/html; charset=UTF-8', 'Content-Length': '0', 'Etag': 'd41d8cd98f00b204e9800998ecf8427e', 'Last-Modified': 'Sun, 19 Jul 2026 20:06:37 GMT', 'X-Trans-Id': 'txf2373600ed73418b87a91-006a5d2e4c', 'X-Openstack-Request-Id': 'txf2373600ed73418b87a91-006a5d2e4c', 'Connection': 'close'} {{(pid=102908) http_log /opt/stack/data/venv/lib/python3.12/site-packages/swiftclient/client.py:162}}
Jul 19 20:06:36.248258 np0000005462 devstack@g-api.service[102908]: INFO glance.location [None req-932312bc-86e8-4e21-ad84-581236c6c47b tempest-VolumesActionsTest-1271443575 tempest-VolumesActionsTest-1271443575-project-member] Image format matched and virtual size computed: 1073741824
Jul 19 20:06:36.290691 np0000005462 devstack@g-api.service[102908]: DEBUG glance_store.backend [None req-932312bc-86e8-4e21-ad84-581236c6c47b tempest-VolumesActionsTest-1271443575 tempest-VolumesActionsTest-1271443575-project-member] Attempting to import store swift {{(pid=102908) _load_store /opt/stack/data/venv/lib/python3.12/site-packages/glance_store/backend.py:215}}
Jul 19 20:06:36.292172 np0000005462 devstack@g-api.service[102908]: DEBUG glance_store.capabilities [None req-932312bc-86e8-4e21-ad84-581236c6c47b tempest-VolumesActionsTest-1271443575 tempest-VolumesActionsTest-1271443575-project-member] Store glance_store._drivers.swift.store.SingleTenantStore doesn't support updating dynamic storage capabilities. Please overwrite 'update_capabilities' method of the store to implement updating logics if needed. {{(pid=102908) update_capabilities /opt/stack/data/venv/lib/python3.12/site-packages/glance_store/capabilities.py:91}}
Jul 19 20:06:36.292303 np0000005462 devstack@g-api.service[102908]: DEBUG glance_store.driver [None req-932312bc-86e8-4e21-ad84-581236c6c47b tempest-VolumesActionsTest-1271443575 tempest-VolumesActionsTest-1271443575-project-member] Late loading location class glance_store._drivers.swift.store.StoreLocation {{(pid=102908) get_store_location_class /opt/stack/data/venv/lib/python3.12/site-packages/glance_store/driver.py:134}}
Jul 19 20:06:36.292384 np0000005462 devstack@g-api.service[102908]: DEBUG glance_store.location [None req-932312bc-86e8-4e21-ad84-581236c6c47b tempest-VolumesActionsTest-1271443575 tempest-VolumesActionsTest-1271443575-project-member] Registering scheme swift+https with {'store': , 'location_class': , 'store_entry': 'swift'} {{(pid=102908) register_scheme_map /opt/stack/data/venv/lib/python3.12/site-packages/glance_store/location.py:146}}
Jul 19 20:06:36.292490 np0000005462 devstack@g-api.service[102908]: DEBUG glance_store.location [None req-932312bc-86e8-4e21-ad84-581236c6c47b tempest-VolumesActionsTest-1271443575 tempest-VolumesActionsTest-1271443575-project-member] Registering scheme swift+https with {'store': , 'location_class': , 'store_entry': 'swift'} {{(pid=102908) register_scheme_map /opt/stack/data/venv/lib/python3.12/site-packages/glance_store/location.py:146}}
Jul 19 20:06:36.292634 np0000005462 devstack@g-api.service[102908]: DEBUG glance_store.location [None req-932312bc-86e8-4e21-ad84-581236c6c47b tempest-VolumesActionsTest-1271443575 tempest-VolumesActionsTest-1271443575-project-member] Registering scheme swift with {'store': , 'location_class': , 'store_entry': 'swift'} {{(pid=102908) register_scheme_map /opt/stack/data/venv/lib/python3.12/site-packages/glance_store/location.py:146}}
Jul 19 20:06:36.292705 np0000005462 devstack@g-api.service[102908]: DEBUG glance_store.location [None req-932312bc-86e8-4e21-ad84-581236c6c47b tempest-VolumesActionsTest-1271443575 tempest-VolumesActionsTest-1271443575-project-member] Registering scheme swift+https with {'store': , 'location_class': , 'store_entry': 'swift'} {{(pid=102908) register_scheme_map /opt/stack/data/venv/lib/python3.12/site-packages/glance_store/location.py:146}}
Jul 19 20:06:36.292783 np0000005462 devstack@g-api.service[102908]: DEBUG glance_store.location [None req-932312bc-86e8-4e21-ad84-581236c6c47b tempest-VolumesActionsTest-1271443575 tempest-VolumesActionsTest-1271443575-project-member] Registering scheme swift with {'store': , 'location_class': , 'store_entry': 'swift'} {{(pid=102908) register_scheme_map /opt/stack/data/venv/lib/python3.12/site-packages/glance_store/location.py:146}}
Jul 19 20:06:36.292916 np0000005462 devstack@g-api.service[102908]: DEBUG glance_store.location [None req-932312bc-86e8-4e21-ad84-581236c6c47b tempest-VolumesActionsTest-1271443575 tempest-VolumesActionsTest-1271443575-project-member] Registering scheme swift+http with {'store': , 'location_class': , 'store_entry': 'swift'} {{(pid=102908) register_scheme_map /opt/stack/data/venv/lib/python3.12/site-packages/glance_store/location.py:146}}
Jul 19 20:06:36.292990 np0000005462 devstack@g-api.service[102908]: DEBUG glance_store.location [None req-932312bc-86e8-4e21-ad84-581236c6c47b tempest-VolumesActionsTest-1271443575 tempest-VolumesActionsTest-1271443575-project-member] Registering scheme swift+https with {'store': , 'location_class': , 'store_entry': 'swift'} {{(pid=102908) register_scheme_map /opt/stack/data/venv/lib/python3.12/site-packages/glance_store/location.py:146}}
Jul 19 20:06:36.293076 np0000005462 devstack@g-api.service[102908]: DEBUG glance_store.location [None req-932312bc-86e8-4e21-ad84-581236c6c47b tempest-VolumesActionsTest-1271443575 tempest-VolumesActionsTest-1271443575-project-member] Registering scheme swift with {'store': , 'location_class': , 'store_entry': 'swift'} {{(pid=102908) register_scheme_map /opt/stack/data/venv/lib/python3.12/site-packages/glance_store/location.py:146}}
Jul 19 20:06:36.298012 np0000005462 devstack@g-api.service[102908]: DEBUG glance_store.location [None req-932312bc-86e8-4e21-ad84-581236c6c47b tempest-VolumesActionsTest-1271443575 tempest-VolumesActionsTest-1271443575-project-member] Registering scheme swift+http with {'store': , 'location_class': , 'store_entry': 'swift'} {{(pid=102908) register_scheme_map /opt/stack/data/venv/lib/python3.12/site-packages/glance_store/location.py:146}}
Jul 19 20:06:36.298012 np0000005462 devstack@g-api.service[102908]: DEBUG glance_store.location [None req-932312bc-86e8-4e21-ad84-581236c6c47b tempest-VolumesActionsTest-1271443575 tempest-VolumesActionsTest-1271443575-project-member] Registering scheme swift+config with {'store': , 'location_class': , 'store_entry': 'swift'} {{(pid=102908) register_scheme_map /opt/stack/data/venv/lib/python3.12/site-packages/glance_store/location.py:146}}
Jul 19 20:06:36.298012 np0000005462 devstack@g-api.service[102908]: DEBUG glance_store.backend [None req-932312bc-86e8-4e21-ad84-581236c6c47b tempest-VolumesActionsTest-1271443575 tempest-VolumesActionsTest-1271443575-project-member] Skipping store.set_acls... not implemented. {{(pid=102908) set_acls /opt/stack/data/venv/lib/python3.12/site-packages/glance_store/backend.py:507}}
Jul 19 20:06:36.301951 np0000005462 devstack@g-api.service[102908]: [pid: 102908|app: 0|req: 102/409] 127.0.0.1 () {46 vars in 1154 bytes} [Sun Jul 19 20:06:23 2026] PUT /v2/images/33be2713-eaec-419c-be46-d08044992327/file => generated 0 bytes in 12502 msecs (HTTP/1.1 204) 4 headers in 171 bytes (1 switches on core 0)
Jul 19 20:06:36.310438 np0000005462 devstack@g-api.service[102911]: DEBUG glance.api.middleware.version_negotiation [None req-74e3d98d-e330-46ea-9a24-8ed316cb9237 tempest-TestEncryptedCinderVolumes-156740391 tempest-TestEncryptedCinderVolumes-156740391-project-member] Determining version of request: GET /v2/images/33be2713-eaec-419c-be46-d08044992327 Accept: */* {{(pid=102911) process_request /opt/stack/glance/glance/api/middleware/version_negotiation.py:44}}
Jul 19 20:06:36.310896 np0000005462 devstack@g-api.service[102911]: DEBUG glance.api.middleware.version_negotiation [None req-74e3d98d-e330-46ea-9a24-8ed316cb9237 tempest-TestEncryptedCinderVolumes-156740391 tempest-TestEncryptedCinderVolumes-156740391-project-member] Using url versioning {{(pid=102911) process_request /opt/stack/glance/glance/api/middleware/version_negotiation.py:57}}
Jul 19 20:06:36.310896 np0000005462 devstack@g-api.service[102911]: DEBUG glance.api.middleware.version_negotiation [None req-74e3d98d-e330-46ea-9a24-8ed316cb9237 tempest-TestEncryptedCinderVolumes-156740391 tempest-TestEncryptedCinderVolumes-156740391-project-member] Matched version: v2 {{(pid=102911) process_request /opt/stack/glance/glance/api/middleware/version_negotiation.py:69}}
Jul 19 20:06:36.311011 np0000005462 devstack@g-api.service[102911]: DEBUG glance.api.middleware.version_negotiation [None req-74e3d98d-e330-46ea-9a24-8ed316cb9237 tempest-TestEncryptedCinderVolumes-156740391 tempest-TestEncryptedCinderVolumes-156740391-project-member] new path /v2/images/33be2713-eaec-419c-be46-d08044992327 {{(pid=102911) process_request /opt/stack/glance/glance/api/middleware/version_negotiation.py:70}}
Jul 19 20:06:36.324002 np0000005462 devstack@g-api.service[102911]: [pid: 102911|app: 0|req: 104/410] 127.0.0.1 () {44 vars in 1111 bytes} [Sun Jul 19 20:06:36 2026] GET /v2/images/33be2713-eaec-419c-be46-d08044992327 => generated 821 bytes in 14 msecs (HTTP/1.1 200) 4 headers in 157 bytes (1 switches on core 0)
Jul 19 20:06:36.334399 np0000005462 devstack@g-api.service[102910]: DEBUG glance.api.middleware.version_negotiation [None req-74e3d98d-e330-46ea-9a24-8ed316cb9237 tempest-TestEncryptedCinderVolumes-156740391 tempest-TestEncryptedCinderVolumes-156740391-project-member] Determining version of request: GET /v2/schemas/image Accept: */* {{(pid=102910) process_request /opt/stack/glance/glance/api/middleware/version_negotiation.py:44}}
Jul 19 20:06:36.334731 np0000005462 devstack@g-api.service[102910]: DEBUG glance.api.middleware.version_negotiation [None req-74e3d98d-e330-46ea-9a24-8ed316cb9237 tempest-TestEncryptedCinderVolumes-156740391 tempest-TestEncryptedCinderVolumes-156740391-project-member] Using url versioning {{(pid=102910) process_request /opt/stack/glance/glance/api/middleware/version_negotiation.py:57}}
