Jul 19 19:58:28.995645 np0000005462 nova-scheduler[96472]: DEBUG cotyledon.oslo_config_glue [-] workarounds.handle_virt_lifecycle_events = True {{(pid=96472) log_opt_values /opt/stack/data/venv/lib/python3.12/site-packages/oslo_config/cfg.py:3253}}
Jul 19 19:58:28.995645 np0000005462 nova-scheduler[96472]: DEBUG cotyledon.oslo_config_glue [-] workarounds.libvirt_disable_apic = False {{(pid=96472) log_opt_values /opt/stack/data/venv/lib/python3.12/site-packages/oslo_config/cfg.py:3253}}
Jul 19 19:58:28.995645 np0000005462 nova-scheduler[96472]: DEBUG cotyledon.oslo_config_glue [-] workarounds.never_download_image_if_on_rbd = False {{(pid=96472) log_opt_values /opt/stack/data/venv/lib/python3.12/site-packages/oslo_config/cfg.py:3253}}
Jul 19 19:58:28.995921 np0000005462 nova-scheduler[96472]: DEBUG cotyledon.oslo_config_glue [-] workarounds.qemu_monitor_announce_self_count = 3 {{(pid=96472) log_opt_values /opt/stack/data/venv/lib/python3.12/site-packages/oslo_config/cfg.py:3253}}
Jul 19 19:58:28.995921 np0000005462 nova-scheduler[96472]: DEBUG cotyledon.oslo_config_glue [-] workarounds.qemu_monitor_announce_self_interval = 1 {{(pid=96472) log_opt_values /opt/stack/data/venv/lib/python3.12/site-packages/oslo_config/cfg.py:3253}}
Jul 19 19:58:28.995921 np0000005462 nova-scheduler[96472]: DEBUG cotyledon.oslo_config_glue [-] workarounds.reserve_disk_resource_for_image_cache = False {{(pid=96472) log_opt_values /opt/stack/data/venv/lib/python3.12/site-packages/oslo_config/cfg.py:3253}}
Jul 19 19:58:28.995921 np0000005462 nova-scheduler[96472]: DEBUG cotyledon.oslo_config_glue [-] workarounds.skip_cpu_compare_at_startup = False {{(pid=96472) log_opt_values /opt/stack/data/venv/lib/python3.12/site-packages/oslo_config/cfg.py:3253}}
Jul 19 19:58:28.995921 np0000005462 nova-scheduler[96472]: DEBUG cotyledon.oslo_config_glue [-] workarounds.skip_cpu_compare_on_dest = False {{(pid=96472) log_opt_values /opt/stack/data/venv/lib/python3.12/site-packages/oslo_config/cfg.py:3253}}
Jul 19 19:58:28.995921 np0000005462 nova-scheduler[96472]: DEBUG cotyledon.oslo_config_glue [-] workarounds.skip_hypervisor_version_check_on_lm = False {{(pid=96472) log_opt_values /opt/stack/data/venv/lib/python3.12/site-packages/oslo_config/cfg.py:3253}}
Jul 19 19:58:28.995921 np0000005462 nova-scheduler[96472]: DEBUG cotyledon.oslo_config_glue [-] workarounds.skip_reserve_in_use_ironic_nodes = False {{(pid=96472) log_opt_values /opt/stack/data/venv/lib/python3.12/site-packages/oslo_config/cfg.py:3253}}
Jul 19 19:58:28.995921 np0000005462 nova-scheduler[96472]: DEBUG cotyledon.oslo_config_glue [-] workarounds.unified_limits_count_pcpu_as_vcpu = False {{(pid=96472) log_opt_values /opt/stack/data/venv/lib/python3.12/site-packages/oslo_config/cfg.py:3253}}
Jul 19 19:58:28.996160 np0000005462 nova-scheduler[96472]: DEBUG cotyledon.oslo_config_glue [-] workarounds.wait_for_vif_plugged_event_during_hard_reboot = [] {{(pid=96472) log_opt_values /opt/stack/data/venv/lib/python3.12/site-packages/oslo_config/cfg.py:3253}}
Jul 19 19:58:28.996160 np0000005462 nova-scheduler[96472]: DEBUG cotyledon.oslo_config_glue [-] wsgi.api_paste_config = /etc/nova/api-paste.ini {{(pid=96472) log_opt_values /opt/stack/data/venv/lib/python3.12/site-packages/oslo_config/cfg.py:3253}}
Jul 19 19:58:28.996160 np0000005462 nova-scheduler[96472]: DEBUG cotyledon.oslo_config_glue [-] wsgi.secure_proxy_ssl_header = None {{(pid=96472) log_opt_values /opt/stack/data/venv/lib/python3.12/site-packages/oslo_config/cfg.py:3253}}
Jul 19 19:58:28.996160 np0000005462 nova-scheduler[96472]: DEBUG cotyledon.oslo_config_glue [-] zvm.ca_file = None {{(pid=96472) log_opt_values /opt/stack/data/venv/lib/python3.12/site-packages/oslo_config/cfg.py:3253}}
Jul 19 19:58:28.996160 np0000005462 nova-scheduler[96472]: DEBUG cotyledon.oslo_config_glue [-] zvm.cloud_connector_url = None {{(pid=96472) log_opt_values /opt/stack/data/venv/lib/python3.12/site-packages/oslo_config/cfg.py:3253}}
Jul 19 19:58:28.996160 np0000005462 nova-scheduler[96472]: DEBUG cotyledon.oslo_config_glue [-] zvm.image_tmp_path = /opt/stack/data/nova/images {{(pid=96472) log_opt_values /opt/stack/data/venv/lib/python3.12/site-packages/oslo_config/cfg.py:3253}}
Jul 19 19:58:28.996160 np0000005462 nova-scheduler[96472]: DEBUG cotyledon.oslo_config_glue [-] zvm.reachable_timeout = 300 {{(pid=96472) log_opt_values /opt/stack/data/venv/lib/python3.12/site-packages/oslo_config/cfg.py:3253}}
Jul 19 19:58:28.996160 np0000005462 nova-scheduler[96472]: DEBUG cotyledon.oslo_config_glue [-] oslo_versionedobjects.fatal_exception_format_errors = False {{(pid=96472) log_opt_values /opt/stack/data/venv/lib/python3.12/site-packages/oslo_config/cfg.py:3253}}
Jul 19 19:58:28.996160 np0000005462 nova-scheduler[96472]: DEBUG cotyledon.oslo_config_glue [-] oslo_middleware.http_basic_auth_user_file = /etc/htpasswd {{(pid=96472) log_opt_values /opt/stack/data/venv/lib/python3.12/site-packages/oslo_config/cfg.py:3253}}
Jul 19 19:58:28.996452 np0000005462 nova-scheduler[96472]: DEBUG cotyledon.oslo_config_glue [-] oslo_messaging_metrics.metrics_buffer_size = 1000 {{(pid=96472) log_opt_values /opt/stack/data/venv/lib/python3.12/site-packages/oslo_config/cfg.py:3253}}
Jul 19 19:58:28.996452 np0000005462 nova-scheduler[96472]: DEBUG cotyledon.oslo_config_glue [-] oslo_messaging_metrics.metrics_enabled = False {{(pid=96472) log_opt_values /opt/stack/data/venv/lib/python3.12/site-packages/oslo_config/cfg.py:3253}}
Jul 19 19:58:28.996452 np0000005462 nova-scheduler[96472]: DEBUG cotyledon.oslo_config_glue [-] oslo_messaging_metrics.metrics_process_name = {{(pid=96472) log_opt_values /opt/stack/data/venv/lib/python3.12/site-packages/oslo_config/cfg.py:3253}}
Jul 19 19:58:28.996452 np0000005462 nova-scheduler[96472]: DEBUG cotyledon.oslo_config_glue [-] oslo_messaging_metrics.metrics_socket_file = /var/tmp/metrics_collector.sock {{(pid=96472) log_opt_values /opt/stack/data/venv/lib/python3.12/site-packages/oslo_config/cfg.py:3253}}
Jul 19 19:58:28.996452 np0000005462 nova-scheduler[96472]: DEBUG cotyledon.oslo_config_glue [-] oslo_messaging_metrics.metrics_thread_stop_timeout = 10 {{(pid=96472) log_opt_values /opt/stack/data/venv/lib/python3.12/site-packages/oslo_config/cfg.py:3253}}
Jul 19 19:58:28.996452 np0000005462 nova-scheduler[96472]: DEBUG cotyledon.oslo_config_glue [-] profiler.connection_string = messaging:// {{(pid=96472) log_opt_values /opt/stack/data/venv/lib/python3.12/site-packages/oslo_config/cfg.py:3253}}
Jul 19 19:58:28.996452 np0000005462 nova-scheduler[96472]: DEBUG cotyledon.oslo_config_glue [-] profiler.enabled = False {{(pid=96472) log_opt_values /opt/stack/data/venv/lib/python3.12/site-packages/oslo_config/cfg.py:3253}}
Jul 19 19:58:28.996452 np0000005462 nova-scheduler[96472]: DEBUG cotyledon.oslo_config_glue [-] profiler.es_doc_type = notification {{(pid=96472) log_opt_values /opt/stack/data/venv/lib/python3.12/site-packages/oslo_config/cfg.py:3253}}
Jul 19 19:58:28.996452 np0000005462 nova-scheduler[96472]: DEBUG cotyledon.oslo_config_glue [-] profiler.es_scroll_size = 10000 {{(pid=96472) log_opt_values /opt/stack/data/venv/lib/python3.12/site-packages/oslo_config/cfg.py:3253}}
Jul 19 19:58:28.996707 np0000005462 nova-scheduler[96472]: DEBUG cotyledon.oslo_config_glue [-] profiler.es_scroll_time = 2m {{(pid=96472) log_opt_values /opt/stack/data/venv/lib/python3.12/site-packages/oslo_config/cfg.py:3253}}
Jul 19 19:58:28.996707 np0000005462 nova-scheduler[96472]: DEBUG cotyledon.oslo_config_glue [-] profiler.filter_error_trace = False {{(pid=96472) log_opt_values /opt/stack/data/venv/lib/python3.12/site-packages/oslo_config/cfg.py:3253}}
Jul 19 19:58:28.996707 np0000005462 nova-scheduler[96472]: DEBUG cotyledon.oslo_config_glue [-] profiler.hmac_keys = **** {{(pid=96472) log_opt_values /opt/stack/data/venv/lib/python3.12/site-packages/oslo_config/cfg.py:3253}}
Jul 19 19:58:28.996707 np0000005462 nova-scheduler[96472]: DEBUG cotyledon.oslo_config_glue [-] profiler.sentinel_service_name = mymaster {{(pid=96472) log_opt_values /opt/stack/data/venv/lib/python3.12/site-packages/oslo_config/cfg.py:3253}}
Jul 19 19:58:28.996707 np0000005462 nova-scheduler[96472]: DEBUG cotyledon.oslo_config_glue [-] profiler.socket_timeout = 0.1 {{(pid=96472) log_opt_values /opt/stack/data/venv/lib/python3.12/site-packages/oslo_config/cfg.py:3253}}
Jul 19 19:58:28.996707 np0000005462 nova-scheduler[96472]: DEBUG cotyledon.oslo_config_glue [-] profiler.trace_requests = False {{(pid=96472) log_opt_values /opt/stack/data/venv/lib/python3.12/site-packages/oslo_config/cfg.py:3253}}
Jul 19 19:58:28.996707 np0000005462 nova-scheduler[96472]: DEBUG cotyledon.oslo_config_glue [-] profiler.trace_sqlalchemy = False {{(pid=96472) log_opt_values /opt/stack/data/venv/lib/python3.12/site-packages/oslo_config/cfg.py:3253}}
Jul 19 19:58:28.996707 np0000005462 nova-scheduler[96472]: DEBUG cotyledon.oslo_config_glue [-] profiler_jaeger.process_tags = {} {{(pid=96472) log_opt_values /opt/stack/data/venv/lib/python3.12/site-packages/oslo_config/cfg.py:3253}}
Jul 19 19:58:28.996707 np0000005462 nova-scheduler[96472]: DEBUG cotyledon.oslo_config_glue [-] profiler_jaeger.service_name_prefix = None {{(pid=96472) log_opt_values /opt/stack/data/venv/lib/python3.12/site-packages/oslo_config/cfg.py:3253}}
Jul 19 19:58:28.996974 np0000005462 nova-scheduler[96472]: DEBUG cotyledon.oslo_config_glue [-] profiler_otlp.service_name_prefix = None {{(pid=96472) log_opt_values /opt/stack/data/venv/lib/python3.12/site-packages/oslo_config/cfg.py:3253}}
Jul 19 19:58:28.996974 np0000005462 nova-scheduler[96472]: DEBUG cotyledon.oslo_config_glue [-] oslo_messaging_rabbit.amqp_auto_delete = False {{(pid=96472) log_opt_values /opt/stack/data/venv/lib/python3.12/site-packages/oslo_config/cfg.py:3253}}
Jul 19 19:58:28.996974 np0000005462 nova-scheduler[96472]: DEBUG cotyledon.oslo_config_glue [-] oslo_messaging_rabbit.amqp_durable_queues = False {{(pid=96472) log_opt_values /opt/stack/data/venv/lib/python3.12/site-packages/oslo_config/cfg.py:3253}}
Jul 19 19:58:28.996974 np0000005462 nova-scheduler[96472]: DEBUG cotyledon.oslo_config_glue [-] oslo_messaging_rabbit.conn_pool_min_size = 2 {{(pid=96472) log_opt_values /opt/stack/data/venv/lib/python3.12/site-packages/oslo_config/cfg.py:3253}}
Jul 19 19:58:28.996974 np0000005462 nova-scheduler[96472]: DEBUG cotyledon.oslo_config_glue [-] oslo_messaging_rabbit.conn_pool_ttl = 1200 {{(pid=96472) log_opt_values /opt/stack/data/venv/lib/python3.12/site-packages/oslo_config/cfg.py:3253}}
Jul 19 19:58:28.996974 np0000005462 nova-scheduler[96472]: DEBUG cotyledon.oslo_config_glue [-] oslo_messaging_rabbit.direct_mandatory_flag = True {{(pid=96472) log_opt_values /opt/stack/data/venv/lib/python3.12/site-packages/oslo_config/cfg.py:3253}}
Jul 19 19:58:28.996974 np0000005462 nova-scheduler[96472]: DEBUG cotyledon.oslo_config_glue [-] oslo_messaging_rabbit.enable_cancel_on_failover = False {{(pid=96472) log_opt_values /opt/stack/data/venv/lib/python3.12/site-packages/oslo_config/cfg.py:3253}}
Jul 19 19:58:28.996974 np0000005462 nova-scheduler[96472]: DEBUG cotyledon.oslo_config_glue [-] oslo_messaging_rabbit.heartbeat_rate = 3 {{(pid=96472) log_opt_values /opt/stack/data/venv/lib/python3.12/site-packages/oslo_config/cfg.py:3253}}
Jul 19 19:58:28.996974 np0000005462 nova-scheduler[96472]: DEBUG cotyledon.oslo_config_glue [-] oslo_messaging_rabbit.heartbeat_timeout_threshold = 60 {{(pid=96472) log_opt_values /opt/stack/data/venv/lib/python3.12/site-packages/oslo_config/cfg.py:3253}}
Jul 19 19:58:28.997267 np0000005462 nova-scheduler[96472]: DEBUG cotyledon.oslo_config_glue [-] oslo_messaging_rabbit.hostname = np0000005462 {{(pid=96472) log_opt_values /opt/stack/data/venv/lib/python3.12/site-packages/oslo_config/cfg.py:3253}}
Jul 19 19:58:28.997267 np0000005462 nova-scheduler[96472]: DEBUG cotyledon.oslo_config_glue [-] oslo_messaging_rabbit.kombu_compression = None {{(pid=96472) log_opt_values /opt/stack/data/venv/lib/python3.12/site-packages/oslo_config/cfg.py:3253}}
Jul 19 19:58:28.997267 np0000005462 nova-scheduler[96472]: DEBUG cotyledon.oslo_config_glue [-] oslo_messaging_rabbit.kombu_failover_strategy = round-robin {{(pid=96472) log_opt_values /opt/stack/data/venv/lib/python3.12/site-packages/oslo_config/cfg.py:3253}}
Jul 19 19:58:28.997267 np0000005462 nova-scheduler[96472]: DEBUG cotyledon.oslo_config_glue [-] oslo_messaging_rabbit.kombu_missing_consumer_retry_timeout = 60 {{(pid=96472) log_opt_values /opt/stack/data/venv/lib/python3.12/site-packages/oslo_config/cfg.py:3253}}
Jul 19 19:58:28.997267 np0000005462 nova-scheduler[96472]: DEBUG cotyledon.oslo_config_glue [-] oslo_messaging_rabbit.kombu_reconnect_delay = 1.0 {{(pid=96472) log_opt_values /opt/stack/data/venv/lib/python3.12/site-packages/oslo_config/cfg.py:3253}}
Jul 19 19:58:28.997267 np0000005462 nova-scheduler[96472]: DEBUG cotyledon.oslo_config_glue [-] oslo_messaging_rabbit.kombu_reconnect_splay = 0.0 {{(pid=96472) log_opt_values /opt/stack/data/venv/lib/python3.12/site-packages/oslo_config/cfg.py:3253}}
Jul 19 19:58:28.997267 np0000005462 nova-scheduler[96472]: DEBUG cotyledon.oslo_config_glue [-] oslo_messaging_rabbit.processname = nova-scheduler {{(pid=96472) log_opt_values /opt/stack/data/venv/lib/python3.12/site-packages/oslo_config/cfg.py:3253}}
Jul 19 19:58:28.997267 np0000005462 nova-scheduler[96472]: DEBUG cotyledon.oslo_config_glue [-] oslo_messaging_rabbit.rabbit_ha_queues = False {{(pid=96472) log_opt_values /opt/stack/data/venv/lib/python3.12/site-packages/oslo_config/cfg.py:3253}}
Jul 19 19:58:28.997267 np0000005462 nova-scheduler[96472]: DEBUG cotyledon.oslo_config_glue [-] oslo_messaging_rabbit.rabbit_interval_max = 30 {{(pid=96472) log_opt_values /opt/stack/data/venv/lib/python3.12/site-packages/oslo_config/cfg.py:3253}}
Jul 19 19:58:28.997557 np0000005462 nova-scheduler[96472]: DEBUG cotyledon.oslo_config_glue [-] oslo_messaging_rabbit.rabbit_login_method = AMQPLAIN {{(pid=96472) log_opt_values /opt/stack/data/venv/lib/python3.12/site-packages/oslo_config/cfg.py:3253}}
Jul 19 19:58:28.997557 np0000005462 nova-scheduler[96472]: DEBUG cotyledon.oslo_config_glue [-] oslo_messaging_rabbit.rabbit_qos_prefetch_count = 0 {{(pid=96472) log_opt_values /opt/stack/data/venv/lib/python3.12/site-packages/oslo_config/cfg.py:3253}}
Jul 19 19:58:28.997557 np0000005462 nova-scheduler[96472]: DEBUG cotyledon.oslo_config_glue [-] oslo_messaging_rabbit.rabbit_quorum_delivery_limit = 0 {{(pid=96472) log_opt_values /opt/stack/data/venv/lib/python3.12/site-packages/oslo_config/cfg.py:3253}}
Jul 19 19:58:28.997557 np0000005462 nova-scheduler[96472]: DEBUG cotyledon.oslo_config_glue [-] oslo_messaging_rabbit.rabbit_quorum_max_memory_bytes = 0 {{(pid=96472) log_opt_values /opt/stack/data/venv/lib/python3.12/site-packages/oslo_config/cfg.py:3253}}
Jul 19 19:58:28.997557 np0000005462 nova-scheduler[96472]: DEBUG cotyledon.oslo_config_glue [-] oslo_messaging_rabbit.rabbit_quorum_max_memory_length = 0 {{(pid=96472) log_opt_values /opt/stack/data/venv/lib/python3.12/site-packages/oslo_config/cfg.py:3253}}
Jul 19 19:58:28.997557 np0000005462 nova-scheduler[96472]: DEBUG cotyledon.oslo_config_glue [-] oslo_messaging_rabbit.rabbit_quorum_queue = False {{(pid=96472) log_opt_values /opt/stack/data/venv/lib/python3.12/site-packages/oslo_config/cfg.py:3253}}
Jul 19 19:58:28.997557 np0000005462 nova-scheduler[96472]: DEBUG cotyledon.oslo_config_glue [-] oslo_messaging_rabbit.rabbit_retry_backoff = 2 {{(pid=96472) log_opt_values /opt/stack/data/venv/lib/python3.12/site-packages/oslo_config/cfg.py:3253}}
Jul 19 19:58:28.997557 np0000005462 nova-scheduler[96472]: DEBUG cotyledon.oslo_config_glue [-] oslo_messaging_rabbit.rabbit_retry_interval = 1 {{(pid=96472) log_opt_values /opt/stack/data/venv/lib/python3.12/site-packages/oslo_config/cfg.py:3253}}
Jul 19 19:58:28.997557 np0000005462 nova-scheduler[96472]: DEBUG cotyledon.oslo_config_glue [-] oslo_messaging_rabbit.rabbit_stream_fanout = False {{(pid=96472) log_opt_values /opt/stack/data/venv/lib/python3.12/site-packages/oslo_config/cfg.py:3253}}
Jul 19 19:58:28.997812 np0000005462 nova-scheduler[96472]: DEBUG cotyledon.oslo_config_glue [-] oslo_messaging_rabbit.rabbit_transient_queues_ttl = 1800 {{(pid=96472) log_opt_values /opt/stack/data/venv/lib/python3.12/site-packages/oslo_config/cfg.py:3253}}
Jul 19 19:58:28.997812 np0000005462 nova-scheduler[96472]: DEBUG cotyledon.oslo_config_glue [-] oslo_messaging_rabbit.rabbit_transient_quorum_queue = False {{(pid=96472) log_opt_values /opt/stack/data/venv/lib/python3.12/site-packages/oslo_config/cfg.py:3253}}
Jul 19 19:58:28.997812 np0000005462 nova-scheduler[96472]: DEBUG cotyledon.oslo_config_glue [-] oslo_messaging_rabbit.rpc_conn_pool_size = 30 {{(pid=96472) log_opt_values /opt/stack/data/venv/lib/python3.12/site-packages/oslo_config/cfg.py:3253}}
Jul 19 19:58:28.997812 np0000005462 nova-scheduler[96472]: DEBUG cotyledon.oslo_config_glue [-] oslo_messaging_rabbit.ssl = False {{(pid=96472) log_opt_values /opt/stack/data/venv/lib/python3.12/site-packages/oslo_config/cfg.py:3253}}
Jul 19 19:58:28.997812 np0000005462 nova-scheduler[96472]: DEBUG cotyledon.oslo_config_glue [-] oslo_messaging_rabbit.ssl_ca_file = {{(pid=96472) log_opt_values /opt/stack/data/venv/lib/python3.12/site-packages/oslo_config/cfg.py:3253}}
Jul 19 19:58:28.997812 np0000005462 nova-scheduler[96472]: DEBUG cotyledon.oslo_config_glue [-] oslo_messaging_rabbit.ssl_cert_file = {{(pid=96472) log_opt_values /opt/stack/data/venv/lib/python3.12/site-packages/oslo_config/cfg.py:3253}}
Jul 19 19:58:28.997812 np0000005462 nova-scheduler[96472]: DEBUG cotyledon.oslo_config_glue [-] oslo_messaging_rabbit.ssl_enforce_fips_mode = False {{(pid=96472) log_opt_values /opt/stack/data/venv/lib/python3.12/site-packages/oslo_config/cfg.py:3253}}
Jul 19 19:58:28.997812 np0000005462 nova-scheduler[96472]: DEBUG cotyledon.oslo_config_glue [-] oslo_messaging_rabbit.ssl_enforce_hostname_verification = True {{(pid=96472) log_opt_values /opt/stack/data/venv/lib/python3.12/site-packages/oslo_config/cfg.py:3253}}
Jul 19 19:58:28.997812 np0000005462 nova-scheduler[96472]: DEBUG cotyledon.oslo_config_glue [-] oslo_messaging_rabbit.ssl_key_file = {{(pid=96472) log_opt_values /opt/stack/data/venv/lib/python3.12/site-packages/oslo_config/cfg.py:3253}}
Jul 19 19:58:28.998097 np0000005462 nova-scheduler[96472]: DEBUG cotyledon.oslo_config_glue [-] oslo_messaging_rabbit.ssl_version = {{(pid=96472) log_opt_values /opt/stack/data/venv/lib/python3.12/site-packages/oslo_config/cfg.py:3253}}
Jul 19 19:58:28.998097 np0000005462 nova-scheduler[96472]: DEBUG cotyledon.oslo_config_glue [-] oslo_messaging_rabbit.use_queue_manager = False {{(pid=96472) log_opt_values /opt/stack/data/venv/lib/python3.12/site-packages/oslo_config/cfg.py:3253}}
Jul 19 19:58:28.998097 np0000005462 nova-scheduler[96472]: DEBUG cotyledon.oslo_config_glue [-] oslo_messaging_notifications.driver = ['messagingv2'] {{(pid=96472) log_opt_values /opt/stack/data/venv/lib/python3.12/site-packages/oslo_config/cfg.py:3253}}
Jul 19 19:58:28.998097 np0000005462 nova-scheduler[96472]: DEBUG cotyledon.oslo_config_glue [-] oslo_messaging_notifications.retry = -1 {{(pid=96472) log_opt_values /opt/stack/data/venv/lib/python3.12/site-packages/oslo_config/cfg.py:3253}}
Jul 19 19:58:28.998097 np0000005462 nova-scheduler[96472]: DEBUG cotyledon.oslo_config_glue [-] oslo_messaging_notifications.topics = ['notifications'] {{(pid=96472) log_opt_values /opt/stack/data/venv/lib/python3.12/site-packages/oslo_config/cfg.py:3253}}
Jul 19 19:58:28.998097 np0000005462 nova-scheduler[96472]: DEBUG cotyledon.oslo_config_glue [-] oslo_messaging_notifications.transport_url = **** {{(pid=96472) log_opt_values /opt/stack/data/venv/lib/python3.12/site-packages/oslo_config/cfg.py:3253}}
Jul 19 19:58:28.998097 np0000005462 nova-scheduler[96472]: DEBUG cotyledon.oslo_config_glue [-] oslo_limit.auth_section = None {{(pid=96472) log_opt_values /opt/stack/data/venv/lib/python3.12/site-packages/oslo_config/cfg.py:3253}}
Jul 19 19:58:28.998097 np0000005462 nova-scheduler[96472]: DEBUG cotyledon.oslo_config_glue [-] oslo_limit.auth_type = None {{(pid=96472) log_opt_values /opt/stack/data/venv/lib/python3.12/site-packages/oslo_config/cfg.py:3253}}
Jul 19 19:58:28.998097 np0000005462 nova-scheduler[96472]: DEBUG cotyledon.oslo_config_glue [-] oslo_limit.cafile = None {{(pid=96472) log_opt_values /opt/stack/data/venv/lib/python3.12/site-packages/oslo_config/cfg.py:3253}}
Jul 19 19:58:28.998404 np0000005462 nova-scheduler[96472]: DEBUG cotyledon.oslo_config_glue [-] oslo_limit.certfile = None {{(pid=96472) log_opt_values /opt/stack/data/venv/lib/python3.12/site-packages/oslo_config/cfg.py:3253}}
Jul 19 19:58:28.998404 np0000005462 nova-scheduler[96472]: DEBUG cotyledon.oslo_config_glue [-] oslo_limit.collect_timing = False {{(pid=96472) log_opt_values /opt/stack/data/venv/lib/python3.12/site-packages/oslo_config/cfg.py:3253}}
Jul 19 19:58:28.998404 np0000005462 nova-scheduler[96472]: DEBUG cotyledon.oslo_config_glue [-] oslo_limit.connect_retries = None {{(pid=96472) log_opt_values /opt/stack/data/venv/lib/python3.12/site-packages/oslo_config/cfg.py:3253}}
Jul 19 19:58:28.998404 np0000005462 nova-scheduler[96472]: DEBUG cotyledon.oslo_config_glue [-] oslo_limit.connect_retry_delay = None {{(pid=96472) log_opt_values /opt/stack/data/venv/lib/python3.12/site-packages/oslo_config/cfg.py:3253}}
Jul 19 19:58:28.998404 np0000005462 nova-scheduler[96472]: DEBUG cotyledon.oslo_config_glue [-] oslo_limit.endpoint_id = None {{(pid=96472) log_opt_values /opt/stack/data/venv/lib/python3.12/site-packages/oslo_config/cfg.py:3253}}
Jul 19 19:58:28.998404 np0000005462 nova-scheduler[96472]: DEBUG cotyledon.oslo_config_glue [-] oslo_limit.endpoint_interface = public {{(pid=96472) log_opt_values /opt/stack/data/venv/lib/python3.12/site-packages/oslo_config/cfg.py:3253}}
Jul 19 19:58:28.998404 np0000005462 nova-scheduler[96472]: DEBUG cotyledon.oslo_config_glue [-] oslo_limit.endpoint_override = None {{(pid=96472) log_opt_values /opt/stack/data/venv/lib/python3.12/site-packages/oslo_config/cfg.py:3253}}
Jul 19 19:58:28.998404 np0000005462 nova-scheduler[96472]: DEBUG cotyledon.oslo_config_glue [-] oslo_limit.endpoint_region_name = None {{(pid=96472) log_opt_values /opt/stack/data/venv/lib/python3.12/site-packages/oslo_config/cfg.py:3253}}
Jul 19 19:58:28.998404 np0000005462 nova-scheduler[96472]: DEBUG cotyledon.oslo_config_glue [-] oslo_limit.endpoint_service_name = None {{(pid=96472) log_opt_values /opt/stack/data/venv/lib/python3.12/site-packages/oslo_config/cfg.py:3253}}
Jul 19 19:58:28.998667 np0000005462 nova-scheduler[96472]: DEBUG cotyledon.oslo_config_glue [-] oslo_limit.endpoint_service_type = None {{(pid=96472) log_opt_values /opt/stack/data/venv/lib/python3.12/site-packages/oslo_config/cfg.py:3253}}
Jul 19 19:58:28.998667 np0000005462 nova-scheduler[96472]: DEBUG cotyledon.oslo_config_glue [-] oslo_limit.insecure = False {{(pid=96472) log_opt_values /opt/stack/data/venv/lib/python3.12/site-packages/oslo_config/cfg.py:3253}}
Jul 19 19:58:28.998667 np0000005462 nova-scheduler[96472]: DEBUG cotyledon.oslo_config_glue [-] oslo_limit.keyfile = None {{(pid=96472) log_opt_values /opt/stack/data/venv/lib/python3.12/site-packages/oslo_config/cfg.py:3253}}
Jul 19 19:58:28.998667 np0000005462 nova-scheduler[96472]: DEBUG cotyledon.oslo_config_glue [-] oslo_limit.max_version = None {{(pid=96472) log_opt_values /opt/stack/data/venv/lib/python3.12/site-packages/oslo_config/cfg.py:3253}}
Jul 19 19:58:28.998667 np0000005462 nova-scheduler[96472]: DEBUG cotyledon.oslo_config_glue [-] oslo_limit.min_version = None {{(pid=96472) log_opt_values /opt/stack/data/venv/lib/python3.12/site-packages/oslo_config/cfg.py:3253}}
Jul 19 19:58:28.998667 np0000005462 nova-scheduler[96472]: DEBUG cotyledon.oslo_config_glue [-] oslo_limit.region_name = None {{(pid=96472) log_opt_values /opt/stack/data/venv/lib/python3.12/site-packages/oslo_config/cfg.py:3253}}
Jul 19 19:58:28.998667 np0000005462 nova-scheduler[96472]: DEBUG cotyledon.oslo_config_glue [-] oslo_limit.retriable_status_codes = None {{(pid=96472) log_opt_values /opt/stack/data/venv/lib/python3.12/site-packages/oslo_config/cfg.py:3253}}
Jul 19 19:58:28.998667 np0000005462 nova-scheduler[96472]: DEBUG cotyledon.oslo_config_glue [-] oslo_limit.service_name = None {{(pid=96472) log_opt_values /opt/stack/data/venv/lib/python3.12/site-packages/oslo_config/cfg.py:3253}}
Jul 19 19:58:28.998667 np0000005462 nova-scheduler[96472]: DEBUG cotyledon.oslo_config_glue [-] oslo_limit.service_type = None {{(pid=96472) log_opt_values /opt/stack/data/venv/lib/python3.12/site-packages/oslo_config/cfg.py:3253}}
Jul 19 19:58:28.998920 np0000005462 nova-scheduler[96472]: DEBUG cotyledon.oslo_config_glue [-] oslo_limit.split_loggers = False {{(pid=96472) log_opt_values /opt/stack/data/venv/lib/python3.12/site-packages/oslo_config/cfg.py:3253}}
Jul 19 19:58:28.998920 np0000005462 nova-scheduler[96472]: DEBUG cotyledon.oslo_config_glue [-] oslo_limit.status_code_retries = None {{(pid=96472) log_opt_values /opt/stack/data/venv/lib/python3.12/site-packages/oslo_config/cfg.py:3253}}
Jul 19 19:58:28.998920 np0000005462 nova-scheduler[96472]: DEBUG cotyledon.oslo_config_glue [-] oslo_limit.status_code_retry_delay = None {{(pid=96472) log_opt_values /opt/stack/data/venv/lib/python3.12/site-packages/oslo_config/cfg.py:3253}}
Jul 19 19:58:28.998920 np0000005462 nova-scheduler[96472]: DEBUG cotyledon.oslo_config_glue [-] oslo_limit.timeout = None {{(pid=96472) log_opt_values /opt/stack/data/venv/lib/python3.12/site-packages/oslo_config/cfg.py:3253}}
Jul 19 19:58:28.998920 np0000005462 nova-scheduler[96472]: DEBUG cotyledon.oslo_config_glue [-] oslo_limit.valid_interfaces = None {{(pid=96472) log_opt_values /opt/stack/data/venv/lib/python3.12/site-packages/oslo_config/cfg.py:3253}}
Jul 19 19:58:28.998920 np0000005462 nova-scheduler[96472]: DEBUG cotyledon.oslo_config_glue [-] oslo_limit.version = None {{(pid=96472) log_opt_values /opt/stack/data/venv/lib/python3.12/site-packages/oslo_config/cfg.py:3253}}
Jul 19 19:58:28.998920 np0000005462 nova-scheduler[96472]: DEBUG cotyledon.oslo_config_glue [-] oslo_reports.file_event_handler = None {{(pid=96472) log_opt_values /opt/stack/data/venv/lib/python3.12/site-packages/oslo_config/cfg.py:3253}}
Jul 19 19:58:28.998920 np0000005462 nova-scheduler[96472]: DEBUG cotyledon.oslo_config_glue [-] oslo_reports.file_event_handler_interval = 1 {{(pid=96472) log_opt_values /opt/stack/data/venv/lib/python3.12/site-packages/oslo_config/cfg.py:3253}}
Jul 19 19:58:28.998920 np0000005462 nova-scheduler[96472]: DEBUG cotyledon.oslo_config_glue [-] oslo_reports.log_dir = None {{(pid=96472) log_opt_values /opt/stack/data/venv/lib/python3.12/site-packages/oslo_config/cfg.py:3253}}
Jul 19 19:58:28.999211 np0000005462 nova-scheduler[96472]: DEBUG cotyledon.oslo_config_glue [-] ******************************************************************************** {{(pid=96472) log_opt_values /opt/stack/data/venv/lib/python3.12/site-packages/oslo_config/cfg.py:3260}}
Jul 19 19:58:28.999211 np0000005462 nova-scheduler[96472]: DEBUG cotyledon._service_worker [-] Run service ServiceWrapper(3) [96472] {{(pid=96472) wait_forever /opt/stack/data/venv/lib/python3.12/site-packages/cotyledon/_service_worker.py:218}}
Jul 19 19:58:28.999211 np0000005462 nova-scheduler[96472]: INFO nova.service [-] Starting scheduler node (version 33.1.0)
Jul 19 19:58:28.999211 np0000005462 nova-scheduler[96472]: INFO dbcounter [None req-f1e5dade-57b2-4470-8a9d-d97be9beceed None None] Registered counter for database nova_cell0
Jul 19 19:58:28.999341 np0000005462 nova-scheduler[96462]: DEBUG oslo_db.sqlalchemy.engines [None req-eb72d2fc-7a16-4a0c-bb8c-6dfe26257cd0 None None] MySQL server mode set to STRICT_TRANS_TABLES,STRICT_ALL_TABLES,NO_ZERO_IN_DATE,NO_ZERO_DATE,ERROR_FOR_DIVISION_BY_ZERO,TRADITIONAL,NO_ENGINE_SUBSTITUTION {{(pid=96462) _check_effective_sql_mode /opt/stack/data/venv/lib/python3.12/site-packages/oslo_db/sqlalchemy/engines.py:325}}
Jul 19 19:58:28.999381 np0000005462 nova-scheduler[96466]: DEBUG oslo_db.sqlalchemy.engines [None req-1a316492-b31b-4d41-84bd-b3550596c236 None None] MySQL server mode set to STRICT_TRANS_TABLES,STRICT_ALL_TABLES,NO_ZERO_IN_DATE,NO_ZERO_DATE,ERROR_FOR_DIVISION_BY_ZERO,TRADITIONAL,NO_ENGINE_SUBSTITUTION {{(pid=96466) _check_effective_sql_mode /opt/stack/data/venv/lib/python3.12/site-packages/oslo_db/sqlalchemy/engines.py:325}}
Jul 19 19:58:29.006642 np0000005462 nova-scheduler[96462]: DEBUG dbcounter [-] [96462] Writer thread running {{(pid=96462) stat_writer /opt/stack/data/venv/lib/python3.12/site-packages/dbcounter.py:102}}
Jul 19 19:58:29.007485 np0000005462 nova-scheduler[96466]: DEBUG dbcounter [-] [96466] Writer thread running {{(pid=96466) stat_writer /opt/stack/data/venv/lib/python3.12/site-packages/dbcounter.py:102}}
Jul 19 19:58:29.009670 np0000005462 nova-scheduler[96464]: DEBUG oslo_db.sqlalchemy.engines [None req-a00f0d85-f0c2-49b3-a6ad-a64268c7947c None None] MySQL server mode set to STRICT_TRANS_TABLES,STRICT_ALL_TABLES,NO_ZERO_IN_DATE,NO_ZERO_DATE,ERROR_FOR_DIVISION_BY_ZERO,TRADITIONAL,NO_ENGINE_SUBSTITUTION {{(pid=96464) _check_effective_sql_mode /opt/stack/data/venv/lib/python3.12/site-packages/oslo_db/sqlalchemy/engines.py:325}}
Jul 19 19:58:29.020628 np0000005462 nova-scheduler[96464]: DEBUG dbcounter [-] [96464] Writer thread running {{(pid=96464) stat_writer /opt/stack/data/venv/lib/python3.12/site-packages/dbcounter.py:102}}
Jul 19 19:58:29.021507 np0000005462 nova-scheduler[96466]: DEBUG nova.service [None req-1a316492-b31b-4d41-84bd-b3550596c236 None None] Creating RPC server for service: nova-scheduler on topic: scheduler {{(pid=96466) start /opt/stack/nova/nova/service.py:196}}
Jul 19 19:58:29.023702 np0000005462 nova-scheduler[96464]: DEBUG nova.service [None req-a00f0d85-f0c2-49b3-a6ad-a64268c7947c None None] Creating RPC server for service: nova-scheduler on topic: scheduler {{(pid=96464) start /opt/stack/nova/nova/service.py:196}}
Jul 19 19:58:29.024863 np0000005462 nova-scheduler[96462]: DEBUG nova.service [None req-eb72d2fc-7a16-4a0c-bb8c-6dfe26257cd0 None None] Creating RPC server for service: nova-scheduler on topic: scheduler {{(pid=96462) start /opt/stack/nova/nova/service.py:196}}
Jul 19 19:58:29.032501 np0000005462 nova-scheduler[96472]: DEBUG oslo_db.sqlalchemy.engines [None req-f1e5dade-57b2-4470-8a9d-d97be9beceed None None] MySQL server mode set to STRICT_TRANS_TABLES,STRICT_ALL_TABLES,NO_ZERO_IN_DATE,NO_ZERO_DATE,ERROR_FOR_DIVISION_BY_ZERO,TRADITIONAL,NO_ENGINE_SUBSTITUTION {{(pid=96472) _check_effective_sql_mode /opt/stack/data/venv/lib/python3.12/site-packages/oslo_db/sqlalchemy/engines.py:325}}
Jul 19 19:58:29.045384 np0000005462 nova-scheduler[96472]: DEBUG dbcounter [-] [96472] Writer thread running {{(pid=96472) stat_writer /opt/stack/data/venv/lib/python3.12/site-packages/dbcounter.py:102}}
Jul 19 19:58:29.050514 np0000005462 nova-scheduler[96466]: DEBUG nova.service [None req-1a316492-b31b-4d41-84bd-b3550596c236 None None] Join ServiceGroup membership for this service scheduler {{(pid=96466) start /opt/stack/nova/nova/service.py:222}}
Jul 19 19:58:29.050650 np0000005462 nova-scheduler[96472]: DEBUG nova.service [None req-f1e5dade-57b2-4470-8a9d-d97be9beceed None None] Creating RPC server for service: nova-scheduler on topic: scheduler {{(pid=96472) start /opt/stack/nova/nova/service.py:196}}
Jul 19 19:58:29.050785 np0000005462 nova-scheduler[96466]: DEBUG nova.servicegroup.drivers.db [None req-1a316492-b31b-4d41-84bd-b3550596c236 None None] DB_Driver: join new ServiceGroup member np0000005462 to the scheduler group, service = {{(pid=96466) join /opt/stack/nova/nova/servicegroup/drivers/db.py:44}}
Jul 19 19:58:29.053898 np0000005462 nova-scheduler[96462]: DEBUG nova.service [None req-eb72d2fc-7a16-4a0c-bb8c-6dfe26257cd0 None None] Join ServiceGroup membership for this service scheduler {{(pid=96462) start /opt/stack/nova/nova/service.py:222}}
Jul 19 19:58:29.054100 np0000005462 nova-scheduler[96462]: DEBUG nova.servicegroup.drivers.db [None req-eb72d2fc-7a16-4a0c-bb8c-6dfe26257cd0 None None] DB_Driver: join new ServiceGroup member np0000005462 to the scheduler group, service = {{(pid=96462) join /opt/stack/nova/nova/servicegroup/drivers/db.py:44}}
Jul 19 19:58:29.056664 np0000005462 nova-scheduler[96464]: DEBUG nova.service [None req-a00f0d85-f0c2-49b3-a6ad-a64268c7947c None None] Join ServiceGroup membership for this service scheduler {{(pid=96464) start /opt/stack/nova/nova/service.py:222}}
Jul 19 19:58:29.056834 np0000005462 nova-scheduler[96464]: DEBUG nova.servicegroup.drivers.db [None req-a00f0d85-f0c2-49b3-a6ad-a64268c7947c None None] DB_Driver: join new ServiceGroup member np0000005462 to the scheduler group, service = {{(pid=96464) join /opt/stack/nova/nova/servicegroup/drivers/db.py:44}}
Jul 19 19:58:29.069754 np0000005462 nova-scheduler[96472]: DEBUG nova.service [None req-f1e5dade-57b2-4470-8a9d-d97be9beceed None None] Join ServiceGroup membership for this service scheduler {{(pid=96472) start /opt/stack/nova/nova/service.py:222}}
Jul 19 19:58:29.069957 np0000005462 nova-scheduler[96472]: DEBUG nova.servicegroup.drivers.db [None req-f1e5dade-57b2-4470-8a9d-d97be9beceed None None] DB_Driver: join new ServiceGroup member np0000005462 to the scheduler group, service = {{(pid=96472) join /opt/stack/nova/nova/servicegroup/drivers/db.py:44}}
Jul 19 19:58:34.064129 np0000005462 nova-scheduler[96466]: DEBUG oslo.service.backend._threading.loopingcall [-] Fixed interval looping call 'nova.servicegroup.drivers.db.DbDriver._report_state' sleeping for 119.99 seconds {{(pid=96466) _run_loop /opt/stack/data/venv/lib/python3.12/site-packages/oslo_service/backend/_threading/loopingcall.py:125}}
Jul 19 19:58:34.064981 np0000005462 nova-scheduler[96462]: DEBUG oslo.service.backend._threading.loopingcall [-] Fixed interval looping call 'nova.servicegroup.drivers.db.DbDriver._report_state' sleeping for 119.99 seconds {{(pid=96462) _run_loop /opt/stack/data/venv/lib/python3.12/site-packages/oslo_service/backend/_threading/loopingcall.py:125}}
Jul 19 19:58:34.068051 np0000005462 nova-scheduler[96464]: DEBUG oslo.service.backend._threading.loopingcall [-] Fixed interval looping call 'nova.servicegroup.drivers.db.DbDriver._report_state' sleeping for 119.99 seconds {{(pid=96464) _run_loop /opt/stack/data/venv/lib/python3.12/site-packages/oslo_service/backend/_threading/loopingcall.py:125}}
Jul 19 19:58:34.080915 np0000005462 nova-scheduler[96472]: DEBUG oslo.service.backend._threading.loopingcall [-] Fixed interval looping call 'nova.servicegroup.drivers.db.DbDriver._report_state' sleeping for 119.99 seconds {{(pid=96472) _run_loop /opt/stack/data/venv/lib/python3.12/site-packages/oslo_service/backend/_threading/loopingcall.py:125}}
Jul 19 19:58:36.056108 np0000005462 nova-scheduler[96462]: DEBUG oslo.service.backend._threading.loopingcall [None req-a1506f0e-fd12-4274-ae2e-c4ffb98c90af None None] Dynamic interval looping call 'nova.service.Service.periodic_tasks' sleeping for 60.00 seconds {{(pid=96462) _run_loop /opt/stack/data/venv/lib/python3.12/site-packages/oslo_service/backend/_threading/loopingcall.py:125}}
Jul 19 19:58:37.072083 np0000005462 nova-scheduler[96472]: DEBUG oslo.service.backend._threading.loopingcall [None req-4294abc2-f679-4deb-bb16-9e9ff6e14c01 None None] Dynamic interval looping call 'nova.service.Service.periodic_tasks' sleeping for 60.00 seconds {{(pid=96472) _run_loop /opt/stack/data/venv/lib/python3.12/site-packages/oslo_service/backend/_threading/loopingcall.py:125}}
Jul 19 19:58:37.553242 np0000005462 nova-scheduler[95259]: DEBUG dbcounter [-] [95259] Writing DB stats nova_api:SELECT=3 {{(pid=95259) stat_writer /opt/stack/data/venv/lib/python3.12/site-packages/dbcounter.py:115}}
Jul 19 19:58:37.674656 np0000005462 nova-scheduler[95259]: DEBUG dbcounter [-] [95259] Writing DB stats nova_cell0:SELECT=1 {{(pid=95259) stat_writer /opt/stack/data/venv/lib/python3.12/site-packages/dbcounter.py:115}}
Jul 19 19:58:37.681694 np0000005462 nova-scheduler[95259]: DEBUG dbcounter [-] [95259] Writing DB stats nova_cell1:SELECT=1 {{(pid=95259) stat_writer /opt/stack/data/venv/lib/python3.12/site-packages/dbcounter.py:115}}
Jul 19 19:58:44.061882 np0000005462 nova-scheduler[96466]: DEBUG dbcounter [-] [96466] Writing DB stats nova_cell0:SELECT=4,nova_cell0:INSERT=1,nova_cell0:UPDATE=1 {{(pid=96466) stat_writer /opt/stack/data/venv/lib/python3.12/site-packages/dbcounter.py:115}}
Jul 19 19:58:44.063328 np0000005462 nova-scheduler[96462]: DEBUG dbcounter [-] [96462] Writing DB stats nova_cell0:SELECT=5,nova_cell0:INSERT=1,nova_cell0:UPDATE=1 {{(pid=96462) stat_writer /opt/stack/data/venv/lib/python3.12/site-packages/dbcounter.py:115}}
Jul 19 19:58:44.067474 np0000005462 nova-scheduler[96464]: DEBUG dbcounter [-] [96464] Writing DB stats nova_cell0:SELECT=3 {{(pid=96464) stat_writer /opt/stack/data/venv/lib/python3.12/site-packages/dbcounter.py:115}}
Jul 19 19:58:44.078421 np0000005462 nova-scheduler[96472]: DEBUG dbcounter [-] [96472] Writing DB stats nova_cell0:SELECT=3 {{(pid=96472) stat_writer /opt/stack/data/venv/lib/python3.12/site-packages/dbcounter.py:115}}
Jul 19 19:58:48.058971 np0000005462 nova-scheduler[96464]: DEBUG oslo.service.backend._threading.loopingcall [None req-234d62df-4722-49c3-adce-3d40b479f1a4 None None] Dynamic interval looping call 'nova.service.Service.periodic_tasks' sleeping for 60.00 seconds {{(pid=96464) _run_loop /opt/stack/data/venv/lib/python3.12/site-packages/oslo_service/backend/_threading/loopingcall.py:125}}
Jul 19 19:58:54.053389 np0000005462 nova-scheduler[96466]: DEBUG oslo.service.backend._threading.loopingcall [None req-a74d4d14-f88e-40f6-8347-bdae10c413fd None None] Dynamic interval looping call 'nova.service.Service.periodic_tasks' sleeping for 60.00 seconds {{(pid=96466) _run_loop /opt/stack/data/venv/lib/python3.12/site-packages/oslo_service/backend/_threading/loopingcall.py:125}}
Jul 19 19:59:36.056561 np0000005462 nova-scheduler[96462]: DEBUG oslo.service.backend._threading.loopingcall [None req-a1506f0e-fd12-4274-ae2e-c4ffb98c90af None None] Dynamic interval looping call 'nova.service.Service.periodic_tasks' sleeping for 60.00 seconds {{(pid=96462) _run_loop /opt/stack/data/venv/lib/python3.12/site-packages/oslo_service/backend/_threading/loopingcall.py:125}}
Jul 19 19:59:37.072598 np0000005462 nova-scheduler[96472]: DEBUG oslo.service.backend._threading.loopingcall [None req-4294abc2-f679-4deb-bb16-9e9ff6e14c01 None None] Dynamic interval looping call 'nova.service.Service.periodic_tasks' sleeping for 60.00 seconds {{(pid=96472) _run_loop /opt/stack/data/venv/lib/python3.12/site-packages/oslo_service/backend/_threading/loopingcall.py:125}}
Jul 19 19:59:48.059387 np0000005462 nova-scheduler[96464]: DEBUG oslo.service.backend._threading.loopingcall [None req-234d62df-4722-49c3-adce-3d40b479f1a4 None None] Dynamic interval looping call 'nova.service.Service.periodic_tasks' sleeping for 60.00 seconds {{(pid=96464) _run_loop /opt/stack/data/venv/lib/python3.12/site-packages/oslo_service/backend/_threading/loopingcall.py:125}}
Jul 19 19:59:54.053897 np0000005462 nova-scheduler[96466]: DEBUG oslo.service.backend._threading.loopingcall [None req-a74d4d14-f88e-40f6-8347-bdae10c413fd None None] Dynamic interval looping call 'nova.service.Service.periodic_tasks' sleeping for 60.00 seconds {{(pid=96466) _run_loop /opt/stack/data/venv/lib/python3.12/site-packages/oslo_service/backend/_threading/loopingcall.py:125}}
Jul 19 20:00:34.065202 np0000005462 nova-scheduler[96466]: DEBUG oslo.service.backend._threading.loopingcall [-] Fixed interval looping call 'nova.servicegroup.drivers.db.DbDriver._report_state' sleeping for 119.99 seconds {{(pid=96466) _run_loop /opt/stack/data/venv/lib/python3.12/site-packages/oslo_service/backend/_threading/loopingcall.py:125}}
Jul 19 20:00:34.066446 np0000005462 nova-scheduler[96462]: DEBUG oslo.service.backend._threading.loopingcall [-] Fixed interval looping call 'nova.servicegroup.drivers.db.DbDriver._report_state' sleeping for 119.99 seconds {{(pid=96462) _run_loop /opt/stack/data/venv/lib/python3.12/site-packages/oslo_service/backend/_threading/loopingcall.py:125}}
Jul 19 20:00:34.069355 np0000005462 nova-scheduler[96464]: DEBUG oslo.service.backend._threading.loopingcall [-] Fixed interval looping call 'nova.servicegroup.drivers.db.DbDriver._report_state' sleeping for 119.99 seconds {{(pid=96464) _run_loop /opt/stack/data/venv/lib/python3.12/site-packages/oslo_service/backend/_threading/loopingcall.py:125}}
Jul 19 20:00:34.076063 np0000005462 nova-scheduler[96472]: DEBUG oslo.service.backend._threading.loopingcall [-] Fixed interval looping call 'nova.servicegroup.drivers.db.DbDriver._report_state' sleeping for 120.00 seconds {{(pid=96472) _run_loop /opt/stack/data/venv/lib/python3.12/site-packages/oslo_service/backend/_threading/loopingcall.py:125}}
Jul 19 20:00:36.057386 np0000005462 nova-scheduler[96462]: DEBUG oslo.service.backend._threading.loopingcall [None req-a1506f0e-fd12-4274-ae2e-c4ffb98c90af None None] Dynamic interval looping call 'nova.service.Service.periodic_tasks' sleeping for 60.00 seconds {{(pid=96462) _run_loop /opt/stack/data/venv/lib/python3.12/site-packages/oslo_service/backend/_threading/loopingcall.py:125}}
Jul 19 20:00:37.073277 np0000005462 nova-scheduler[96472]: DEBUG oslo.service.backend._threading.loopingcall [None req-4294abc2-f679-4deb-bb16-9e9ff6e14c01 None None] Dynamic interval looping call 'nova.service.Service.periodic_tasks' sleeping for 60.00 seconds {{(pid=96472) _run_loop /opt/stack/data/venv/lib/python3.12/site-packages/oslo_service/backend/_threading/loopingcall.py:125}}
Jul 19 20:00:43.252924 np0000005462 nova-scheduler[96466]: DEBUG nova.scheduler.manager [None req-d70ab4bb-4baa-4068-8493-c92789a1af22 tempest-DeleteServersTestJSON-1976669914 tempest-DeleteServersTestJSON-1976669914-project-member] Starting to schedule for instances: ['699f2008-d9c0-4dec-a6fc-7ff7a93a8ce3'] {{(pid=96466) select_destinations /opt/stack/nova/nova/scheduler/manager.py:209}}
Jul 19 20:00:43.253542 np0000005462 nova-scheduler[96466]: DEBUG nova.scheduler.request_filter [None req-d70ab4bb-4baa-4068-8493-c92789a1af22 tempest-DeleteServersTestJSON-1976669914 tempest-DeleteServersTestJSON-1976669914-project-member] compute_status_filter request filter added forbidden trait COMPUTE_STATUS_DISABLED {{(pid=96466) compute_status_filter /opt/stack/nova/nova/scheduler/request_filter.py:253}}
Jul 19 20:00:43.253677 np0000005462 nova-scheduler[96466]: DEBUG nova.scheduler.request_filter [None req-d70ab4bb-4baa-4068-8493-c92789a1af22 tempest-DeleteServersTestJSON-1976669914 tempest-DeleteServersTestJSON-1976669914-project-member] Request filter 'compute_status_filter' took 0.0 seconds {{(pid=96466) wrapper /opt/stack/nova/nova/scheduler/request_filter.py:46}}
Jul 19 20:00:43.253925 np0000005462 nova-scheduler[96466]: DEBUG nova.scheduler.request_filter [None req-d70ab4bb-4baa-4068-8493-c92789a1af22 tempest-DeleteServersTestJSON-1976669914 tempest-DeleteServersTestJSON-1976669914-project-member] Request filter 'accelerators_filter' took 0.0 seconds {{(pid=96466) wrapper /opt/stack/nova/nova/scheduler/request_filter.py:46}}
Jul 19 20:00:43.254643 np0000005462 nova-scheduler[96466]: DEBUG nova.scheduler.request_filter [None req-d70ab4bb-4baa-4068-8493-c92789a1af22 tempest-DeleteServersTestJSON-1976669914 tempest-DeleteServersTestJSON-1976669914-project-member] Request filter 'packed_virtqueue_filter' took 0.0 seconds {{(pid=96466) wrapper /opt/stack/nova/nova/scheduler/request_filter.py:46}}
Jul 19 20:00:43.254643 np0000005462 nova-scheduler[96466]: DEBUG nova.scheduler.request_filter [None req-d70ab4bb-4baa-4068-8493-c92789a1af22 tempest-DeleteServersTestJSON-1976669914 tempest-DeleteServersTestJSON-1976669914-project-member] Request filter 'remote_managed_ports_filter' took 0.0 seconds {{(pid=96466) wrapper /opt/stack/nova/nova/scheduler/request_filter.py:46}}
Jul 19 20:00:43.254739 np0000005462 nova-scheduler[96466]: DEBUG nova.scheduler.request_filter [None req-d70ab4bb-4baa-4068-8493-c92789a1af22 tempest-DeleteServersTestJSON-1976669914 tempest-DeleteServersTestJSON-1976669914-project-member] ephemeral_encryption_filter skipped {{(pid=96466) ephemeral_encryption_filter /opt/stack/nova/nova/scheduler/request_filter.py:426}}
Jul 19 20:00:43.254927 np0000005462 nova-scheduler[96466]: DEBUG nova.scheduler.request_filter [None req-d70ab4bb-4baa-4068-8493-c92789a1af22 tempest-DeleteServersTestJSON-1976669914 tempest-DeleteServersTestJSON-1976669914-project-member] virtio_sound_filter skipped {{(pid=96466) virtio_sound_filter /opt/stack/nova/nova/scheduler/request_filter.py:460}}
Jul 19 20:00:43.255073 np0000005462 nova-scheduler[96466]: DEBUG nova.scheduler.request_filter [None req-d70ab4bb-4baa-4068-8493-c92789a1af22 tempest-DeleteServersTestJSON-1976669914 tempest-DeleteServersTestJSON-1976669914-project-member] tpm_secret_security_filter skipped {{(pid=96466) tpm_secret_security_filter /opt/stack/nova/nova/scheduler/request_filter.py:477}}
Jul 19 20:00:43.755338 np0000005462 nova-scheduler[96466]: INFO nova.utils [None req-d70ab4bb-4baa-4068-8493-c92789a1af22 tempest-DeleteServersTestJSON-1976669914 tempest-DeleteServersTestJSON-1976669914-project-member] The cell worker thread pool ForkProcess-3.cell_worker is initialized
Jul 19 20:00:43.755769 np0000005462 nova-scheduler[96466]: DEBUG oslo_concurrency.lockutils [None req-d70ab4bb-4baa-4068-8493-c92789a1af22 tempest-DeleteServersTestJSON-1976669914 tempest-DeleteServersTestJSON-1976669914-project-member] Acquiring lock "25e20e85-5158-4d8d-a138-212b7f1319c6" by "nova.context.set_target_cell..get_or_set_cached_cell_and_set_connections" {{(pid=96466) inner /opt/stack/data/venv/lib/python3.12/site-packages/oslo_concurrency/lockutils.py:512}}
Jul 19 20:00:43.756332 np0000005462 nova-scheduler[96466]: DEBUG oslo_concurrency.lockutils [None req-d70ab4bb-4baa-4068-8493-c92789a1af22 tempest-DeleteServersTestJSON-1976669914 tempest-DeleteServersTestJSON-1976669914-project-member] Lock "25e20e85-5158-4d8d-a138-212b7f1319c6" acquired by "nova.context.set_target_cell..get_or_set_cached_cell_and_set_connections" :: waited 0.000s {{(pid=96466) inner /opt/stack/data/venv/lib/python3.12/site-packages/oslo_concurrency/lockutils.py:525}}
Jul 19 20:00:43.757577 np0000005462 nova-scheduler[96466]: DEBUG oslo_concurrency.lockutils [None req-d70ab4bb-4baa-4068-8493-c92789a1af22 tempest-DeleteServersTestJSON-1976669914 tempest-DeleteServersTestJSON-1976669914-project-member] Lock "25e20e85-5158-4d8d-a138-212b7f1319c6" "released" by "nova.context.set_target_cell..get_or_set_cached_cell_and_set_connections" :: held 0.002s {{(pid=96466) inner /opt/stack/data/venv/lib/python3.12/site-packages/oslo_concurrency/lockutils.py:544}}
Jul 19 20:00:43.759124 np0000005462 nova-scheduler[96466]: INFO dbcounter [None req-d70ab4bb-4baa-4068-8493-c92789a1af22 tempest-DeleteServersTestJSON-1976669914 tempest-DeleteServersTestJSON-1976669914-project-member] Registered counter for database nova_cell1
Jul 19 20:00:43.811268 np0000005462 nova-scheduler[96466]: DEBUG oslo_db.sqlalchemy.engines [None req-d70ab4bb-4baa-4068-8493-c92789a1af22 tempest-DeleteServersTestJSON-1976669914 tempest-DeleteServersTestJSON-1976669914-project-member] MySQL server mode set to STRICT_TRANS_TABLES,STRICT_ALL_TABLES,NO_ZERO_IN_DATE,NO_ZERO_DATE,ERROR_FOR_DIVISION_BY_ZERO,TRADITIONAL,NO_ENGINE_SUBSTITUTION {{(pid=96466) _check_effective_sql_mode /opt/stack/data/venv/lib/python3.12/site-packages/oslo_db/sqlalchemy/engines.py:325}}
Jul 19 20:00:43.816359 np0000005462 nova-scheduler[96466]: DEBUG dbcounter [-] [96466] Writer thread running {{(pid=96466) stat_writer /opt/stack/data/venv/lib/python3.12/site-packages/dbcounter.py:102}}
Jul 19 20:00:43.831690 np0000005462 nova-scheduler[96466]: DEBUG oslo_db.sqlalchemy.engines [None req-d70ab4bb-4baa-4068-8493-c92789a1af22 tempest-DeleteServersTestJSON-1976669914 tempest-DeleteServersTestJSON-1976669914-project-member] Parent process 95259 forked (96466) with an open database connection, which is being discarded and recreated. {{(pid=96466) checkout /opt/stack/data/venv/lib/python3.12/site-packages/oslo_db/sqlalchemy/engines.py:402}}
Jul 19 20:00:43.892261 np0000005462 nova-scheduler[96466]: DEBUG dbcounter [-] [96466] Writer thread running {{(pid=96466) stat_writer /opt/stack/data/venv/lib/python3.12/site-packages/dbcounter.py:102}}
Jul 19 20:00:43.897779 np0000005462 nova-scheduler[96466]: DEBUG oslo_concurrency.lockutils [None req-d70ab4bb-4baa-4068-8493-c92789a1af22 tempest-DeleteServersTestJSON-1976669914 tempest-DeleteServersTestJSON-1976669914-project-member] Acquiring lock "25e20e85-5158-4d8d-a138-212b7f1319c6" by "nova.context.set_target_cell..get_or_set_cached_cell_and_set_connections" {{(pid=96466) inner /opt/stack/data/venv/lib/python3.12/site-packages/oslo_concurrency/lockutils.py:512}}
Jul 19 20:00:43.897917 np0000005462 nova-scheduler[96466]: DEBUG oslo_concurrency.lockutils [None req-d70ab4bb-4baa-4068-8493-c92789a1af22 tempest-DeleteServersTestJSON-1976669914 tempest-DeleteServersTestJSON-1976669914-project-member] Lock "25e20e85-5158-4d8d-a138-212b7f1319c6" acquired by "nova.context.set_target_cell..get_or_set_cached_cell_and_set_connections" :: waited 0.000s {{(pid=96466) inner /opt/stack/data/venv/lib/python3.12/site-packages/oslo_concurrency/lockutils.py:525}}
