Jul 27 02:53:57.489777 np0000005864 devstack@g-api.service[102988]: DEBUG glance.common.config [None req-e2e31607-bb3b-40d5-bd88-1f28c9fec64b None None] healthcheck.detailed = False {{(pid=102988) log_opt_values /opt/stack/data/venv/lib/python3.12/site-packages/oslo_config/cfg.py:3253}}
Jul 27 02:53:57.489820 np0000005864 devstack@g-api.service[102986]: DEBUG glance.common.config [None req-69fe8949-e7d4-4fba-ab17-93c31b65a0b6 None None] database.asyncio_connection = **** {{(pid=102986) log_opt_values /opt/stack/data/venv/lib/python3.12/site-packages/oslo_config/cfg.py:3253}}
Jul 27 02:53:57.489849 np0000005864 devstack@g-api.service[102989]: DEBUG glance.common.config [None req-32ad4440-e906-4c24-a9f9-7db0fbe0822f None None] database.use_db_reconnect = False {{(pid=102989) log_opt_values /opt/stack/data/venv/lib/python3.12/site-packages/oslo_config/cfg.py:3253}}
Jul 27 02:53:57.489881 np0000005864 devstack@g-api.service[102988]: DEBUG glance.common.config [None req-e2e31607-bb3b-40d5-bd88-1f28c9fec64b None None] healthcheck.disable_by_file_path = None {{(pid=102988) log_opt_values /opt/stack/data/venv/lib/python3.12/site-packages/oslo_config/cfg.py:3253}}
Jul 27 02:53:57.489910 np0000005864 devstack@g-api.service[102986]: DEBUG glance.common.config [None req-69fe8949-e7d4-4fba-ab17-93c31b65a0b6 None None] database.asyncio_slave_connection = **** {{(pid=102986) log_opt_values /opt/stack/data/venv/lib/python3.12/site-packages/oslo_config/cfg.py:3253}}
Jul 27 02:53:57.489939 np0000005864 devstack@g-api.service[102989]: DEBUG glance.common.config [None req-32ad4440-e906-4c24-a9f9-7db0fbe0822f None None] healthcheck.allowed_source_ranges = [] {{(pid=102989) log_opt_values /opt/stack/data/venv/lib/python3.12/site-packages/oslo_config/cfg.py:3253}}
Jul 27 02:53:57.489965 np0000005864 devstack@g-api.service[102988]: DEBUG glance.common.config [None req-e2e31607-bb3b-40d5-bd88-1f28c9fec64b None None] healthcheck.ignore_proxied_requests = False {{(pid=102988) log_opt_values /opt/stack/data/venv/lib/python3.12/site-packages/oslo_config/cfg.py:3253}}
Jul 27 02:53:57.489986 np0000005864 devstack@g-api.service[102986]: DEBUG glance.common.config [None req-69fe8949-e7d4-4fba-ab17-93c31b65a0b6 None None] database.backend = sqlalchemy {{(pid=102986) log_opt_values /opt/stack/data/venv/lib/python3.12/site-packages/oslo_config/cfg.py:3253}}
Jul 27 02:53:57.490009 np0000005864 devstack@g-api.service[102989]: DEBUG glance.common.config [None req-32ad4440-e906-4c24-a9f9-7db0fbe0822f None None] healthcheck.backends = ['disable_by_file'] {{(pid=102989) log_opt_values /opt/stack/data/venv/lib/python3.12/site-packages/oslo_config/cfg.py:3253}}
Jul 27 02:53:57.490033 np0000005864 devstack@g-api.service[102988]: DEBUG glance.common.config [None req-e2e31607-bb3b-40d5-bd88-1f28c9fec64b None None] ******************************************************************************** {{(pid=102988) log_opt_values /opt/stack/data/venv/lib/python3.12/site-packages/oslo_config/cfg.py:3260}}
Jul 27 02:53:57.490058 np0000005864 devstack@g-api.service[102986]: DEBUG glance.common.config [None req-69fe8949-e7d4-4fba-ab17-93c31b65a0b6 None None] database.connection = **** {{(pid=102986) log_opt_values /opt/stack/data/venv/lib/python3.12/site-packages/oslo_config/cfg.py:3253}}
Jul 27 02:53:57.490130 np0000005864 devstack@g-api.service[102989]: DEBUG glance.common.config [None req-32ad4440-e906-4c24-a9f9-7db0fbe0822f None None] healthcheck.detailed = False {{(pid=102989) log_opt_values /opt/stack/data/venv/lib/python3.12/site-packages/oslo_config/cfg.py:3253}}
Jul 27 02:53:57.490158 np0000005864 devstack@g-api.service[102988]: WSGI app 0 (mountpoint='') ready in 2 seconds on interpreter 0x74a84c8a4668 pid: 102988 (default app)
Jul 27 02:53:57.490187 np0000005864 devstack@g-api.service[102986]: DEBUG glance.common.config [None req-69fe8949-e7d4-4fba-ab17-93c31b65a0b6 None None] database.connection_debug = 0 {{(pid=102986) log_opt_values /opt/stack/data/venv/lib/python3.12/site-packages/oslo_config/cfg.py:3253}}
Jul 27 02:53:57.490213 np0000005864 devstack@g-api.service[102989]: DEBUG glance.common.config [None req-32ad4440-e906-4c24-a9f9-7db0fbe0822f None None] healthcheck.disable_by_file_path = None {{(pid=102989) log_opt_values /opt/stack/data/venv/lib/python3.12/site-packages/oslo_config/cfg.py:3253}}
Jul 27 02:53:57.490213 np0000005864 devstack@g-api.service[102989]: DEBUG glance.common.config [None req-32ad4440-e906-4c24-a9f9-7db0fbe0822f None None] healthcheck.ignore_proxied_requests = False {{(pid=102989) log_opt_values /opt/stack/data/venv/lib/python3.12/site-packages/oslo_config/cfg.py:3253}}
Jul 27 02:53:57.490291 np0000005864 devstack@g-api.service[102986]: DEBUG glance.common.config [None req-69fe8949-e7d4-4fba-ab17-93c31b65a0b6 None None] database.connection_parameters = {{(pid=102986) log_opt_values /opt/stack/data/venv/lib/python3.12/site-packages/oslo_config/cfg.py:3253}}
Jul 27 02:53:57.490318 np0000005864 devstack@g-api.service[102989]: DEBUG glance.common.config [None req-32ad4440-e906-4c24-a9f9-7db0fbe0822f None None] ******************************************************************************** {{(pid=102989) log_opt_values /opt/stack/data/venv/lib/python3.12/site-packages/oslo_config/cfg.py:3260}}
Jul 27 02:53:57.490343 np0000005864 devstack@g-api.service[102986]: DEBUG glance.common.config [None req-69fe8949-e7d4-4fba-ab17-93c31b65a0b6 None None] database.connection_recycle_time = 3600 {{(pid=102986) log_opt_values /opt/stack/data/venv/lib/python3.12/site-packages/oslo_config/cfg.py:3253}}
Jul 27 02:53:57.490366 np0000005864 devstack@g-api.service[102989]: WSGI app 0 (mountpoint='') ready in 2 seconds on interpreter 0x74a84c8a4668 pid: 102989 (default app)
Jul 27 02:53:57.490388 np0000005864 devstack@g-api.service[102986]: DEBUG glance.common.config [None req-69fe8949-e7d4-4fba-ab17-93c31b65a0b6 None None] database.connection_trace = False {{(pid=102986) log_opt_values /opt/stack/data/venv/lib/python3.12/site-packages/oslo_config/cfg.py:3253}}
Jul 27 02:53:57.490388 np0000005864 devstack@g-api.service[102986]: DEBUG glance.common.config [None req-69fe8949-e7d4-4fba-ab17-93c31b65a0b6 None None] database.db_inc_retry_interval = True {{(pid=102986) log_opt_values /opt/stack/data/venv/lib/python3.12/site-packages/oslo_config/cfg.py:3253}}
Jul 27 02:53:57.490388 np0000005864 devstack@g-api.service[102986]: DEBUG glance.common.config [None req-69fe8949-e7d4-4fba-ab17-93c31b65a0b6 None None] database.db_max_retries = 20 {{(pid=102986) log_opt_values /opt/stack/data/venv/lib/python3.12/site-packages/oslo_config/cfg.py:3253}}
Jul 27 02:53:57.490388 np0000005864 devstack@g-api.service[102986]: DEBUG glance.common.config [None req-69fe8949-e7d4-4fba-ab17-93c31b65a0b6 None None] database.db_max_retry_interval = 10 {{(pid=102986) log_opt_values /opt/stack/data/venv/lib/python3.12/site-packages/oslo_config/cfg.py:3253}}
Jul 27 02:53:57.490388 np0000005864 devstack@g-api.service[102986]: DEBUG glance.common.config [None req-69fe8949-e7d4-4fba-ab17-93c31b65a0b6 None None] database.db_retry_interval = 1 {{(pid=102986) log_opt_values /opt/stack/data/venv/lib/python3.12/site-packages/oslo_config/cfg.py:3253}}
Jul 27 02:53:57.490388 np0000005864 devstack@g-api.service[102986]: DEBUG glance.common.config [None req-69fe8949-e7d4-4fba-ab17-93c31b65a0b6 None None] database.max_overflow = 50 {{(pid=102986) log_opt_values /opt/stack/data/venv/lib/python3.12/site-packages/oslo_config/cfg.py:3253}}
Jul 27 02:53:57.490388 np0000005864 devstack@g-api.service[102986]: DEBUG glance.common.config [None req-69fe8949-e7d4-4fba-ab17-93c31b65a0b6 None None] database.max_pool_size = 5 {{(pid=102986) log_opt_values /opt/stack/data/venv/lib/python3.12/site-packages/oslo_config/cfg.py:3253}}
Jul 27 02:53:57.490552 np0000005864 devstack@g-api.service[102986]: DEBUG glance.common.config [None req-69fe8949-e7d4-4fba-ab17-93c31b65a0b6 None None] database.max_retries = 10 {{(pid=102986) log_opt_values /opt/stack/data/venv/lib/python3.12/site-packages/oslo_config/cfg.py:3253}}
Jul 27 02:53:57.490552 np0000005864 devstack@g-api.service[102986]: DEBUG glance.common.config [None req-69fe8949-e7d4-4fba-ab17-93c31b65a0b6 None None] database.mysql_sql_mode = TRADITIONAL {{(pid=102986) log_opt_values /opt/stack/data/venv/lib/python3.12/site-packages/oslo_config/cfg.py:3253}}
Jul 27 02:53:57.490552 np0000005864 devstack@g-api.service[102986]: DEBUG glance.common.config [None req-69fe8949-e7d4-4fba-ab17-93c31b65a0b6 None None] database.mysql_wsrep_sync_wait = None {{(pid=102986) log_opt_values /opt/stack/data/venv/lib/python3.12/site-packages/oslo_config/cfg.py:3253}}
Jul 27 02:53:57.490552 np0000005864 devstack@g-api.service[102986]: DEBUG glance.common.config [None req-69fe8949-e7d4-4fba-ab17-93c31b65a0b6 None None] database.pool_timeout = None {{(pid=102986) log_opt_values /opt/stack/data/venv/lib/python3.12/site-packages/oslo_config/cfg.py:3253}}
Jul 27 02:53:57.490552 np0000005864 devstack@g-api.service[102986]: DEBUG glance.common.config [None req-69fe8949-e7d4-4fba-ab17-93c31b65a0b6 None None] database.retry_interval = 10 {{(pid=102986) log_opt_values /opt/stack/data/venv/lib/python3.12/site-packages/oslo_config/cfg.py:3253}}
Jul 27 02:53:57.490552 np0000005864 devstack@g-api.service[102986]: DEBUG glance.common.config [None req-69fe8949-e7d4-4fba-ab17-93c31b65a0b6 None None] database.slave_connection = **** {{(pid=102986) log_opt_values /opt/stack/data/venv/lib/python3.12/site-packages/oslo_config/cfg.py:3253}}
Jul 27 02:53:57.490552 np0000005864 devstack@g-api.service[102986]: DEBUG glance.common.config [None req-69fe8949-e7d4-4fba-ab17-93c31b65a0b6 None None] database.sqlite_synchronous = True {{(pid=102986) log_opt_values /opt/stack/data/venv/lib/python3.12/site-packages/oslo_config/cfg.py:3253}}
Jul 27 02:53:57.490693 np0000005864 devstack@g-api.service[102986]: DEBUG glance.common.config [None req-69fe8949-e7d4-4fba-ab17-93c31b65a0b6 None None] database.synchronous_reader = True {{(pid=102986) log_opt_values /opt/stack/data/venv/lib/python3.12/site-packages/oslo_config/cfg.py:3253}}
Jul 27 02:53:57.490693 np0000005864 devstack@g-api.service[102986]: DEBUG glance.common.config [None req-69fe8949-e7d4-4fba-ab17-93c31b65a0b6 None None] database.use_db_reconnect = False {{(pid=102986) log_opt_values /opt/stack/data/venv/lib/python3.12/site-packages/oslo_config/cfg.py:3253}}
Jul 27 02:53:57.490693 np0000005864 devstack@g-api.service[102986]: DEBUG glance.common.config [None req-69fe8949-e7d4-4fba-ab17-93c31b65a0b6 None None] healthcheck.allowed_source_ranges = [] {{(pid=102986) log_opt_values /opt/stack/data/venv/lib/python3.12/site-packages/oslo_config/cfg.py:3253}}
Jul 27 02:53:57.490693 np0000005864 devstack@g-api.service[102986]: DEBUG glance.common.config [None req-69fe8949-e7d4-4fba-ab17-93c31b65a0b6 None None] healthcheck.backends = ['disable_by_file'] {{(pid=102986) log_opt_values /opt/stack/data/venv/lib/python3.12/site-packages/oslo_config/cfg.py:3253}}
Jul 27 02:53:57.490693 np0000005864 devstack@g-api.service[102986]: DEBUG glance.common.config [None req-69fe8949-e7d4-4fba-ab17-93c31b65a0b6 None None] healthcheck.detailed = False {{(pid=102986) log_opt_values /opt/stack/data/venv/lib/python3.12/site-packages/oslo_config/cfg.py:3253}}
Jul 27 02:53:57.490693 np0000005864 devstack@g-api.service[102986]: DEBUG glance.common.config [None req-69fe8949-e7d4-4fba-ab17-93c31b65a0b6 None None] healthcheck.disable_by_file_path = None {{(pid=102986) log_opt_values /opt/stack/data/venv/lib/python3.12/site-packages/oslo_config/cfg.py:3253}}
Jul 27 02:53:57.490693 np0000005864 devstack@g-api.service[102986]: DEBUG glance.common.config [None req-69fe8949-e7d4-4fba-ab17-93c31b65a0b6 None None] healthcheck.ignore_proxied_requests = False {{(pid=102986) log_opt_values /opt/stack/data/venv/lib/python3.12/site-packages/oslo_config/cfg.py:3253}}
Jul 27 02:53:57.490833 np0000005864 devstack@g-api.service[102986]: DEBUG glance.common.config [None req-69fe8949-e7d4-4fba-ab17-93c31b65a0b6 None None] ******************************************************************************** {{(pid=102986) log_opt_values /opt/stack/data/venv/lib/python3.12/site-packages/oslo_config/cfg.py:3260}}
Jul 27 02:53:57.490833 np0000005864 devstack@g-api.service[102986]: WSGI app 0 (mountpoint='') ready in 2 seconds on interpreter 0x74a84c8a4668 pid: 102986 (default app)
Jul 27 02:53:58.872187 np0000005864 devstack@g-api.service[102987]: DEBUG glance.api.middleware.version_negotiation [None req-c808f262-6d6c-47cb-b835-bb486149c55b None None] Determining version of request: GET / Accept: application/json {{(pid=102987) process_request /opt/stack/glance/glance/api/middleware/version_negotiation.py:44}}
Jul 27 02:53:58.872667 np0000005864 devstack@g-api.service[102987]: DEBUG glance.api.middleware.version_negotiation [None req-c808f262-6d6c-47cb-b835-bb486149c55b None None] Using url versioning {{(pid=102987) process_request /opt/stack/glance/glance/api/middleware/version_negotiation.py:57}}
Jul 27 02:53:58.872667 np0000005864 devstack@g-api.service[102987]: DEBUG glance.api.middleware.version_negotiation [None req-c808f262-6d6c-47cb-b835-bb486149c55b None None] Unknown version. Returning version choices. {{(pid=102987) process_request /opt/stack/glance/glance/api/middleware/version_negotiation.py:64}}
Jul 27 02:53:58.873171 np0000005864 devstack@g-api.service[102987]: [pid: 102987|app: 0|req: 2/2] 127.0.0.1 () {36 vars in 573 bytes} [Mon Jul 27 02:53:58 2026] GET / => generated 1515 bytes in 1 msecs (HTTP/1.1 300) 3 headers in 106 bytes (1 switches on core 0)
Jul 27 02:53:58.886310 np0000005864 devstack@g-api.service[102988]: DEBUG glance.api.middleware.version_negotiation [None req-e2e31607-bb3b-40d5-bd88-1f28c9fec64b None None] Determining version of request: POST /v2/images Accept: */* {{(pid=102988) process_request /opt/stack/glance/glance/api/middleware/version_negotiation.py:44}}
Jul 27 02:53:58.886665 np0000005864 devstack@g-api.service[102988]: DEBUG glance.api.middleware.version_negotiation [None req-e2e31607-bb3b-40d5-bd88-1f28c9fec64b None None] Using url versioning {{(pid=102988) process_request /opt/stack/glance/glance/api/middleware/version_negotiation.py:57}}
Jul 27 02:53:58.886924 np0000005864 devstack@g-api.service[102988]: DEBUG glance.api.middleware.version_negotiation [None req-e2e31607-bb3b-40d5-bd88-1f28c9fec64b None None] Matched version: v2 {{(pid=102988) process_request /opt/stack/glance/glance/api/middleware/version_negotiation.py:69}}
Jul 27 02:53:58.887035 np0000005864 devstack@g-api.service[102988]: DEBUG glance.api.middleware.version_negotiation [None req-e2e31607-bb3b-40d5-bd88-1f28c9fec64b None None] new path /v2/images {{(pid=102988) process_request /opt/stack/glance/glance/api/middleware/version_negotiation.py:70}}
Jul 27 02:53:59.837932 np0000005864 devstack@g-api.service[102988]: [pid: 102988|app: 0|req: 1/3] 127.0.0.1 () {42 vars in 836 bytes} [Mon Jul 27 02:53:58 2026] POST /v2/images => generated 807 bytes in 952 msecs (HTTP/1.1 201) 6 headers in 315 bytes (1 switches on core 0)
Jul 27 02:53:59.846360 np0000005864 devstack@g-api.service[102989]: DEBUG glance.api.middleware.version_negotiation [None req-32ad4440-e906-4c24-a9f9-7db0fbe0822f None None] Determining version of request: PUT /v2/images/e90e2c5f-6fec-4fbc-9f82-630703cdc0cc/stage Accept: {{(pid=102989) process_request /opt/stack/glance/glance/api/middleware/version_negotiation.py:44}}
Jul 27 02:53:59.846761 np0000005864 devstack@g-api.service[102989]: DEBUG glance.api.middleware.version_negotiation [None req-32ad4440-e906-4c24-a9f9-7db0fbe0822f None None] Using url versioning {{(pid=102989) process_request /opt/stack/glance/glance/api/middleware/version_negotiation.py:57}}
Jul 27 02:53:59.847294 np0000005864 devstack@g-api.service[102989]: DEBUG glance.api.middleware.version_negotiation [None req-32ad4440-e906-4c24-a9f9-7db0fbe0822f None None] Matched version: v2 {{(pid=102989) process_request /opt/stack/glance/glance/api/middleware/version_negotiation.py:69}}
Jul 27 02:53:59.847364 np0000005864 devstack@g-api.service[102989]: DEBUG glance.api.middleware.version_negotiation [None req-32ad4440-e906-4c24-a9f9-7db0fbe0822f None None] new path /v2/images/e90e2c5f-6fec-4fbc-9f82-630703cdc0cc/stage {{(pid=102989) process_request /opt/stack/glance/glance/api/middleware/version_negotiation.py:70}}
Jul 27 02:54:00.450288 np0000005864 devstack@g-api.service[102989]: DEBUG glance_store.backend [None req-06980a4a-8d64-4569-a273-12b7292b53e1 admin admin] Attempting to import store cinder {{(pid=102989) _load_store /opt/stack/data/venv/lib/python3.12/site-packages/glance_store/backend.py:215}}
Jul 27 02:54:00.450402 np0000005864 devstack@g-api.service[102989]: DEBUG glance_store.backend [None req-06980a4a-8d64-4569-a273-12b7292b53e1 admin admin] Attempting to import store file {{(pid=102989) _load_store /opt/stack/data/venv/lib/python3.12/site-packages/glance_store/backend.py:215}}
Jul 27 02:54:00.450503 np0000005864 devstack@g-api.service[102989]: DEBUG glance_store.backend [None req-06980a4a-8d64-4569-a273-12b7292b53e1 admin admin] Attempting to import store glance.store.cinder.Store {{(pid=102989) _load_store /opt/stack/data/venv/lib/python3.12/site-packages/glance_store/backend.py:215}}
Jul 27 02:54:00.450588 np0000005864 devstack@g-api.service[102989]: DEBUG glance_store.backend [None req-06980a4a-8d64-4569-a273-12b7292b53e1 admin admin] Attempting to import store glance.store.filesystem.Store {{(pid=102989) _load_store /opt/stack/data/venv/lib/python3.12/site-packages/glance_store/backend.py:215}}
Jul 27 02:54:00.450686 np0000005864 devstack@g-api.service[102989]: DEBUG glance_store.backend [None req-06980a4a-8d64-4569-a273-12b7292b53e1 admin admin] Attempting to import store glance.store.http.Store {{(pid=102989) _load_store /opt/stack/data/venv/lib/python3.12/site-packages/glance_store/backend.py:215}}
Jul 27 02:54:00.450777 np0000005864 devstack@g-api.service[102989]: DEBUG glance_store.backend [None req-06980a4a-8d64-4569-a273-12b7292b53e1 admin admin] Attempting to import store glance.store.rbd.Store {{(pid=102989) _load_store /opt/stack/data/venv/lib/python3.12/site-packages/glance_store/backend.py:215}}
Jul 27 02:54:00.450861 np0000005864 devstack@g-api.service[102989]: DEBUG glance_store.backend [None req-06980a4a-8d64-4569-a273-12b7292b53e1 admin admin] Attempting to import store glance.store.s3.Store {{(pid=102989) _load_store /opt/stack/data/venv/lib/python3.12/site-packages/glance_store/backend.py:215}}
Jul 27 02:54:00.450952 np0000005864 devstack@g-api.service[102989]: DEBUG glance_store.backend [None req-06980a4a-8d64-4569-a273-12b7292b53e1 admin admin] Attempting to import store glance.store.swift.Store {{(pid=102989) _load_store /opt/stack/data/venv/lib/python3.12/site-packages/glance_store/backend.py:215}}
Jul 27 02:54:00.451041 np0000005864 devstack@g-api.service[102989]: DEBUG glance_store.backend [None req-06980a4a-8d64-4569-a273-12b7292b53e1 admin admin] Attempting to import store glance.store.vmware_datastore.Store {{(pid=102989) _load_store /opt/stack/data/venv/lib/python3.12/site-packages/glance_store/backend.py:215}}
Jul 27 02:54:00.451152 np0000005864 devstack@g-api.service[102989]: DEBUG glance_store.backend [None req-06980a4a-8d64-4569-a273-12b7292b53e1 admin admin] Attempting to import store http {{(pid=102989) _load_store /opt/stack/data/venv/lib/python3.12/site-packages/glance_store/backend.py:215}}
Jul 27 02:54:00.451238 np0000005864 devstack@g-api.service[102989]: DEBUG glance_store.backend [None req-06980a4a-8d64-4569-a273-12b7292b53e1 admin admin] Attempting to import store no_conf {{(pid=102989) _load_store /opt/stack/data/venv/lib/python3.12/site-packages/glance_store/backend.py:215}}
Jul 27 02:54:00.451340 np0000005864 devstack@g-api.service[102989]: DEBUG glance_store.backend [None req-06980a4a-8d64-4569-a273-12b7292b53e1 admin admin] Attempting to import store rbd {{(pid=102989) _load_store /opt/stack/data/venv/lib/python3.12/site-packages/glance_store/backend.py:215}}
Jul 27 02:54:00.451426 np0000005864 devstack@g-api.service[102989]: DEBUG glance_store.backend [None req-06980a4a-8d64-4569-a273-12b7292b53e1 admin admin] Attempting to import store s3 {{(pid=102989) _load_store /opt/stack/data/venv/lib/python3.12/site-packages/glance_store/backend.py:215}}
Jul 27 02:54:00.451511 np0000005864 devstack@g-api.service[102989]: DEBUG glance_store.backend [None req-06980a4a-8d64-4569-a273-12b7292b53e1 admin admin] Attempting to import store swift {{(pid=102989) _load_store /opt/stack/data/venv/lib/python3.12/site-packages/glance_store/backend.py:215}}
Jul 27 02:54:00.451594 np0000005864 devstack@g-api.service[102989]: DEBUG glance_store.backend [None req-06980a4a-8d64-4569-a273-12b7292b53e1 admin admin] Attempting to import store vmware {{(pid=102989) _load_store /opt/stack/data/venv/lib/python3.12/site-packages/glance_store/backend.py:215}}
Jul 27 02:54:00.451692 np0000005864 devstack@g-api.service[102989]: DEBUG glance_store.backend [None req-06980a4a-8d64-4569-a273-12b7292b53e1 admin admin] Registering options for group glance_store {{(pid=102989) register_opts /opt/stack/data/venv/lib/python3.12/site-packages/glance_store/backend.py:144}}
Jul 27 02:54:00.451784 np0000005864 devstack@g-api.service[102989]: DEBUG glance_store.backend [None req-06980a4a-8d64-4569-a273-12b7292b53e1 admin admin] Registering options for group glance_store {{(pid=102989) register_opts /opt/stack/data/venv/lib/python3.12/site-packages/glance_store/backend.py:144}}
Jul 27 02:54:00.452116 np0000005864 devstack@g-api.service[102989]: DEBUG glance_store.backend [None req-06980a4a-8d64-4569-a273-12b7292b53e1 admin admin] Attempting to import store file {{(pid=102989) _load_store /opt/stack/data/venv/lib/python3.12/site-packages/glance_store/backend.py:215}}
Jul 27 02:54:00.452452 np0000005864 devstack@g-api.service[102989]: INFO glance_store._drivers.filesystem [None req-06980a4a-8d64-4569-a273-12b7292b53e1 admin admin] Directory to write image files does not exist (/tmp/staging/). Creating.
Jul 27 02:54:00.452668 np0000005864 devstack@g-api.service[102989]: DEBUG glance_store.capabilities [None req-06980a4a-8d64-4569-a273-12b7292b53e1 admin admin] Store glance_store._drivers.filesystem.Store doesn't support updating dynamic storage capabilities. Please overwrite 'update_capabilities' method of the store to implement updating logics if needed. {{(pid=102989) update_capabilities /opt/stack/data/venv/lib/python3.12/site-packages/glance_store/capabilities.py:91}}
Jul 27 02:54:01.043199 np0000005864 devstack@g-api.service[102989]: DEBUG glance_store._drivers.filesystem [None req-06980a4a-8d64-4569-a273-12b7292b53e1 admin admin] Wrote 21430272 bytes to /tmp/staging/e90e2c5f-6fec-4fbc-9f82-630703cdc0cc with checksum c8fc807773e5354afe61636071771906 and multihash c8fc807773e5354afe61636071771906 {{(pid=102989) add /opt/stack/data/venv/lib/python3.12/site-packages/glance_store/_drivers/filesystem.py:899}}
Jul 27 02:54:01.065614 np0000005864 devstack@g-api.service[102989]: [pid: 102989|app: 0|req: 1/4] 127.0.0.1 () {42 vars in 931 bytes} [Mon Jul 27 02:53:59 2026] PUT /v2/images/e90e2c5f-6fec-4fbc-9f82-630703cdc0cc/stage => generated 0 bytes in 1220 msecs (HTTP/1.1 204) 4 headers in 171 bytes (1 switches on core 0)
Jul 27 02:54:01.074362 np0000005864 devstack@g-api.service[102986]: DEBUG glance.api.middleware.version_negotiation [None req-69fe8949-e7d4-4fba-ab17-93c31b65a0b6 None None] Determining version of request: POST /v2/images/e90e2c5f-6fec-4fbc-9f82-630703cdc0cc/import Accept: */* {{(pid=102986) process_request /opt/stack/glance/glance/api/middleware/version_negotiation.py:44}}
Jul 27 02:54:01.074720 np0000005864 devstack@g-api.service[102986]: DEBUG glance.api.middleware.version_negotiation [None req-69fe8949-e7d4-4fba-ab17-93c31b65a0b6 None None] Using url versioning {{(pid=102986) process_request /opt/stack/glance/glance/api/middleware/version_negotiation.py:57}}
Jul 27 02:54:01.075131 np0000005864 devstack@g-api.service[102986]: DEBUG glance.api.middleware.version_negotiation [None req-69fe8949-e7d4-4fba-ab17-93c31b65a0b6 None None] Matched version: v2 {{(pid=102986) process_request /opt/stack/glance/glance/api/middleware/version_negotiation.py:69}}
Jul 27 02:54:01.075251 np0000005864 devstack@g-api.service[102986]: DEBUG glance.api.middleware.version_negotiation [None req-69fe8949-e7d4-4fba-ab17-93c31b65a0b6 None None] new path /v2/images/e90e2c5f-6fec-4fbc-9f82-630703cdc0cc/import {{(pid=102986) process_request /opt/stack/glance/glance/api/middleware/version_negotiation.py:70}}
Jul 27 02:54:01.773232 np0000005864 devstack@g-api.service[102986]: DEBUG glance.domain [None req-1b3e146c-d567-461f-8e60-384598c95269 admin admin] Loading taskflow executor {{(pid=102986) new_task_executor /opt/stack/glance/glance/domain/__init__.py:515}}
Jul 27 02:54:01.954233 np0000005864 devstack@g-api.service[102986]: DEBUG oslo_concurrency.lockutils [None req-1b3e146c-d567-461f-8e60-384598c95269 admin admin] Acquiring lock "tasks_pool" by "glance.api.common.memoize..memoizer_wrapper..memoizer" {{(pid=102986) inner /opt/stack/data/venv/lib/python3.12/site-packages/oslo_concurrency/lockutils.py:512}}
Jul 27 02:54:01.954406 np0000005864 devstack@g-api.service[102986]: DEBUG oslo_concurrency.lockutils [None req-1b3e146c-d567-461f-8e60-384598c95269 admin admin] Lock "tasks_pool" acquired by "glance.api.common.memoize..memoizer_wrapper..memoizer" :: waited 0.000s {{(pid=102986) inner /opt/stack/data/venv/lib/python3.12/site-packages/oslo_concurrency/lockutils.py:525}}
Jul 27 02:54:01.954807 np0000005864 devstack@g-api.service[102986]: DEBUG glance.api.common [None req-1b3e146c-d567-461f-8e60-384598c95269 admin admin] Initializing named threadpool 'tasks_pool' {{(pid=102986) _get_thread_pool /opt/stack/glance/glance/api/common.py:242}}
Jul 27 02:54:01.955278 np0000005864 devstack@g-api.service[102986]: DEBUG glance.async_ [None req-1b3e146c-d567-461f-8e60-384598c95269 admin admin] Creating threadpool model 'ThreadPoolExecutor' with size 16 {{(pid=102986) __init__ /opt/stack/glance/glance/async_/__init__.py:100}}
Jul 27 02:54:01.955447 np0000005864 devstack@g-api.service[102986]: DEBUG oslo_concurrency.lockutils [None req-1b3e146c-d567-461f-8e60-384598c95269 admin admin] Lock "tasks_pool" "released" by "glance.api.common.memoize..memoizer_wrapper..memoizer" :: held 0.001s {{(pid=102986) inner /opt/stack/data/venv/lib/python3.12/site-packages/oslo_concurrency/lockutils.py:544}}
Jul 27 02:54:01.955585 np0000005864 devstack@g-api.service[102986]: DEBUG glance.async_ [None req-1b3e146c-d567-461f-8e60-384598c95269 admin admin] Spawning with ThreadPoolExecutor: >((,), {}) {{(pid=102986) spawn /opt/stack/glance/glance/async_/__init__.py:106}}
Jul 27 02:54:01.957685 np0000005864 devstack@g-api.service[102986]: [pid: 102986|app: 0|req: 1/5] 127.0.0.1 () {42 vars in 923 bytes} [Mon Jul 27 02:54:01 2026] POST /v2/images/e90e2c5f-6fec-4fbc-9f82-630703cdc0cc/import => generated 0 bytes in 883 msecs (HTTP/1.1 202) 4 headers in 169 bytes (1 switches on core 0)
Jul 27 02:54:01.960253 np0000005864 devstack@g-api.service[102986]: INFO glance.domain [-] Task [2836504d-3631-4298-82b0-1549f06ca8c8] status changing from pending to processing
Jul 27 02:54:01.965901 np0000005864 devstack@g-api.service[102987]: DEBUG glance.api.middleware.version_negotiation [None req-c808f262-6d6c-47cb-b835-bb486149c55b None None] Determining version of request: GET /v2/images/e90e2c5f-6fec-4fbc-9f82-630703cdc0cc Accept: */* {{(pid=102987) process_request /opt/stack/glance/glance/api/middleware/version_negotiation.py:44}}
Jul 27 02:54:01.966404 np0000005864 devstack@g-api.service[102987]: DEBUG glance.api.middleware.version_negotiation [None req-c808f262-6d6c-47cb-b835-bb486149c55b None None] Using url versioning {{(pid=102987) process_request /opt/stack/glance/glance/api/middleware/version_negotiation.py:57}}
Jul 27 02:54:01.966469 np0000005864 devstack@g-api.service[102987]: DEBUG glance.api.middleware.version_negotiation [None req-c808f262-6d6c-47cb-b835-bb486149c55b None None] Matched version: v2 {{(pid=102987) process_request /opt/stack/glance/glance/api/middleware/version_negotiation.py:69}}
Jul 27 02:54:01.966566 np0000005864 devstack@g-api.service[102987]: DEBUG glance.api.middleware.version_negotiation [None req-c808f262-6d6c-47cb-b835-bb486149c55b None None] new path /v2/images/e90e2c5f-6fec-4fbc-9f82-630703cdc0cc {{(pid=102987) process_request /opt/stack/glance/glance/api/middleware/version_negotiation.py:70}}
Jul 27 02:54:01.973228 np0000005864 devstack@g-api.service[102986]: DEBUG glance.async_.taskflow_executor [-] Taskflow executor picked up the execution of task ID 2836504d-3631-4298-82b0-1549f06ca8c8 of task type api_image_import {{(pid=102986) _run /opt/stack/glance/glance/async_/taskflow_executor.py:175}}
Jul 27 02:54:01.993843 np0000005864 devstack@g-api.service[102986]: DEBUG glance_store.backend [-] Attempting to import store cinder {{(pid=102986) _load_store /opt/stack/data/venv/lib/python3.12/site-packages/glance_store/backend.py:215}}
Jul 27 02:54:01.993973 np0000005864 devstack@g-api.service[102986]: DEBUG glance_store.backend [-] Attempting to import store file {{(pid=102986) _load_store /opt/stack/data/venv/lib/python3.12/site-packages/glance_store/backend.py:215}}
Jul 27 02:54:01.994079 np0000005864 devstack@g-api.service[102986]: DEBUG glance_store.backend [-] Attempting to import store glance.store.cinder.Store {{(pid=102986) _load_store /opt/stack/data/venv/lib/python3.12/site-packages/glance_store/backend.py:215}}
Jul 27 02:54:01.994205 np0000005864 devstack@g-api.service[102986]: DEBUG glance_store.backend [-] Attempting to import store glance.store.filesystem.Store {{(pid=102986) _load_store /opt/stack/data/venv/lib/python3.12/site-packages/glance_store/backend.py:215}}
Jul 27 02:54:01.994314 np0000005864 devstack@g-api.service[102986]: DEBUG glance_store.backend [-] Attempting to import store glance.store.http.Store {{(pid=102986) _load_store /opt/stack/data/venv/lib/python3.12/site-packages/glance_store/backend.py:215}}
Jul 27 02:54:01.994394 np0000005864 devstack@g-api.service[102986]: DEBUG glance_store.backend [-] Attempting to import store glance.store.rbd.Store {{(pid=102986) _load_store /opt/stack/data/venv/lib/python3.12/site-packages/glance_store/backend.py:215}}
Jul 27 02:54:01.994501 np0000005864 devstack@g-api.service[102986]: DEBUG glance_store.backend [-] Attempting to import store glance.store.s3.Store {{(pid=102986) _load_store /opt/stack/data/venv/lib/python3.12/site-packages/glance_store/backend.py:215}}
Jul 27 02:54:01.994575 np0000005864 devstack@g-api.service[102986]: DEBUG glance_store.backend [-] Attempting to import store glance.store.swift.Store {{(pid=102986) _load_store /opt/stack/data/venv/lib/python3.12/site-packages/glance_store/backend.py:215}}
Jul 27 02:54:01.994649 np0000005864 devstack@g-api.service[102986]: DEBUG glance_store.backend [-] Attempting to import store glance.store.vmware_datastore.Store {{(pid=102986) _load_store /opt/stack/data/venv/lib/python3.12/site-packages/glance_store/backend.py:215}}
Jul 27 02:54:01.994718 np0000005864 devstack@g-api.service[102986]: DEBUG glance_store.backend [-] Attempting to import store http {{(pid=102986) _load_store /opt/stack/data/venv/lib/python3.12/site-packages/glance_store/backend.py:215}}
Jul 27 02:54:01.994782 np0000005864 devstack@g-api.service[102986]: DEBUG glance_store.backend [-] Attempting to import store no_conf {{(pid=102986) _load_store /opt/stack/data/venv/lib/python3.12/site-packages/glance_store/backend.py:215}}
Jul 27 02:54:01.994850 np0000005864 devstack@g-api.service[102986]: DEBUG glance_store.backend [-] Attempting to import store rbd {{(pid=102986) _load_store /opt/stack/data/venv/lib/python3.12/site-packages/glance_store/backend.py:215}}
Jul 27 02:54:01.994917 np0000005864 devstack@g-api.service[102986]: DEBUG glance_store.backend [-] Attempting to import store s3 {{(pid=102986) _load_store /opt/stack/data/venv/lib/python3.12/site-packages/glance_store/backend.py:215}}
Jul 27 02:54:01.994982 np0000005864 devstack@g-api.service[102986]: DEBUG glance_store.backend [-] Attempting to import store swift {{(pid=102986) _load_store /opt/stack/data/venv/lib/python3.12/site-packages/glance_store/backend.py:215}}
Jul 27 02:54:01.995096 np0000005864 devstack@g-api.service[102986]: DEBUG glance_store.backend [-] Attempting to import store vmware {{(pid=102986) _load_store /opt/stack/data/venv/lib/python3.12/site-packages/glance_store/backend.py:215}}
Jul 27 02:54:01.995172 np0000005864 devstack@g-api.service[102986]: DEBUG glance_store.backend [-] Registering options for group glance_store {{(pid=102986) register_opts /opt/stack/data/venv/lib/python3.12/site-packages/glance_store/backend.py:144}}
Jul 27 02:54:01.995258 np0000005864 devstack@g-api.service[102986]: DEBUG glance_store.backend [-] Registering options for group glance_store {{(pid=102986) register_opts /opt/stack/data/venv/lib/python3.12/site-packages/glance_store/backend.py:144}}
Jul 27 02:54:01.995543 np0000005864 devstack@g-api.service[102986]: DEBUG glance_store.backend [-] Attempting to import store file {{(pid=102986) _load_store /opt/stack/data/venv/lib/python3.12/site-packages/glance_store/backend.py:215}}
Jul 27 02:54:01.995853 np0000005864 devstack@g-api.service[102986]: DEBUG glance_store.capabilities [-] Store glance_store._drivers.filesystem.Store doesn't support updating dynamic storage capabilities. Please overwrite 'update_capabilities' method of the store to implement updating logics if needed. {{(pid=102986) update_capabilities /opt/stack/data/venv/lib/python3.12/site-packages/glance_store/capabilities.py:91}}
Jul 27 02:54:02.000435 np0000005864 devstack@g-api.service[102987]: [pid: 102987|app: 0|req: 3/6] 127.0.0.1 () {38 vars in 856 bytes} [Mon Jul 27 02:54:01 2026] GET /v2/images/e90e2c5f-6fec-4fbc-9f82-630703cdc0cc => generated 879 bytes in 34 msecs (HTTP/1.1 200) 4 headers in 157 bytes (1 switches on core 0)
Jul 27 02:54:02.002140 np0000005864 devstack@g-api.service[102986]: DEBUG glance.async_.flows.api_image_import [-] Image e90e2c5f-6fec-4fbc-9f82-630703cdc0cc os_glance_importing_to_stores= {{(pid=102986) merge_store_list /opt/stack/glance/glance/async_/flows/api_image_import.py:297}}
Jul 27 02:54:02.002269 np0000005864 devstack@g-api.service[102986]: DEBUG glance.async_.flows.api_image_import [-] Image e90e2c5f-6fec-4fbc-9f82-630703cdc0cc os_glance_failed_import= {{(pid=102986) merge_store_list /opt/stack/glance/glance/async_/flows/api_image_import.py:297}}
Jul 27 02:54:02.006516 np0000005864 devstack@g-api.service[102986]: DEBUG glance.async_.flows.api_image_import [-] Image e90e2c5f-6fec-4fbc-9f82-630703cdc0cc status changing from uploading to importing {{(pid=102986) __exit__ /opt/stack/glance/glance/async_/flows/api_image_import.py:184}}
Jul 27 02:54:02.444080 np0000005864 devstack@g-api.service[102986]: DEBUG glance.async_ [-] Creating threadpool model 'ThreadPoolExecutor' with size 10 {{(pid=102986) __init__ /opt/stack/glance/glance/async_/__init__.py:100}}
Jul 27 02:54:02.459208 np0000005864 devstack@g-api.service[102986]: DEBUG glance.async_.taskflow_executor [-] Flow 'api_image_import' (7a946fac-00df-4007-bde2-bcc06d83bae8) transitioned into state 'RUNNING' from state 'PENDING' {{(pid=102986) _flow_receiver /opt/stack/data/venv/lib/python3.12/site-packages/taskflow/listeners/logging.py:160}}
Jul 27 02:54:02.460954 np0000005864 devstack@g-api.service[102986]: DEBUG glance.async_.taskflow_executor [-] Task 'api_image_import-ImageLock-2836504d-3631-4298-82b0-1549f06ca8c8' (0712685b-58ff-4671-968c-6f85105cbd80) transitioned into state 'RUNNING' from state 'PENDING' {{(pid=102986) _task_receiver /opt/stack/data/venv/lib/python3.12/site-packages/taskflow/listeners/logging.py:242}}
Jul 27 02:54:02.467054 np0000005864 devstack@g-api.service[102986]: DEBUG glance.async_.flows.api_image_import [-] Image e90e2c5f-6fec-4fbc-9f82-630703cdc0cc import task 2836504d-3631-4298-82b0-1549f06ca8c8 lock confirmed {{(pid=102986) execute /opt/stack/glance/glance/async_/flows/api_image_import.py:497}}
Jul 27 02:54:02.467731 np0000005864 devstack@g-api.service[102986]: DEBUG glance.async_.taskflow_executor [-] Task 'api_image_import-ImageLock-2836504d-3631-4298-82b0-1549f06ca8c8' (0712685b-58ff-4671-968c-6f85105cbd80) transitioned into state 'SUCCESS' from state 'RUNNING' with result 'None' {{(pid=102986) _task_receiver /opt/stack/data/venv/lib/python3.12/site-packages/taskflow/listeners/logging.py:218}}
Jul 27 02:54:02.468406 np0000005864 devstack@g-api.service[102986]: DEBUG glance.async_.taskflow_executor [-] Task 'api_image_import-ConfigureStaging-2836504d-3631-4298-82b0-1549f06ca8c8' (88a0f90d-bdad-4da8-888e-e0d24e71f1fa) transitioned into state 'RUNNING' from state 'PENDING' {{(pid=102986) _task_receiver /opt/stack/data/venv/lib/python3.12/site-packages/taskflow/listeners/logging.py:242}}
Jul 27 02:54:02.469032 np0000005864 devstack@g-api.service[102986]: DEBUG glance.async_.taskflow_executor [-] Task 'api_image_import-ConfigureStaging-2836504d-3631-4298-82b0-1549f06ca8c8' (88a0f90d-bdad-4da8-888e-e0d24e71f1fa) transitioned into state 'SUCCESS' from state 'RUNNING' with result 'file:///tmp/staging/e90e2c5f-6fec-4fbc-9f82-630703cdc0cc' {{(pid=102986) _task_receiver /opt/stack/data/venv/lib/python3.12/site-packages/taskflow/listeners/logging.py:218}}
Jul 27 02:54:02.469648 np0000005864 devstack@g-api.service[102986]: DEBUG glance.async_.taskflow_executor [-] Task 'api_image_import--ImportToStore-2836504d-3631-4298-82b0-1549f06ca8c8' (5f10aa2c-5f10-4e64-8286-f69d5cde61cb) transitioned into state 'RUNNING' from state 'PENDING' {{(pid=102986) _task_receiver /opt/stack/data/venv/lib/python3.12/site-packages/taskflow/listeners/logging.py:242}}
Jul 27 02:54:02.474675 np0000005864 devstack@g-api.service[102986]: INFO glance.common.scripts.image_import.main [-] Task 2836504d-3631-4298-82b0-1549f06ca8c8: Got image data uri file:///tmp/staging/e90e2c5f-6fec-4fbc-9f82-630703cdc0cc to be imported
Jul 27 02:54:02.475952 np0000005864 devstack@g-api.service[102986]: DEBUG glance.location [-] Enabling in-flight format inspection for qcow2 {{(pid=102986) set_data /opt/stack/glance/glance/location.py:596}}
Jul 27 02:54:02.476342 np0000005864 devstack@g-api.service[102986]: DEBUG glance_store.backend [-] Attempting to import store swift {{(pid=102986) _load_store /opt/stack/data/venv/lib/python3.12/site-packages/glance_store/backend.py:215}}
Jul 27 02:54:02.477592 np0000005864 devstack@g-api.service[102986]: DEBUG glance_store.capabilities [-] Store glance_store._drivers.swift.store.SingleTenantStore doesn't support updating dynamic storage capabilities. Please overwrite 'update_capabilities' method of the store to implement updating logics if needed. {{(pid=102986) update_capabilities /opt/stack/data/venv/lib/python3.12/site-packages/glance_store/capabilities.py:91}}
Jul 27 02:54:02.477652 np0000005864 devstack@g-api.service[102986]: DEBUG glance_store.driver [-] Late loading location class glance_store._drivers.swift.store.StoreLocation {{(pid=102986) get_store_location_class /opt/stack/data/venv/lib/python3.12/site-packages/glance_store/driver.py:134}}
Jul 27 02:54:02.477737 np0000005864 devstack@g-api.service[102986]: DEBUG glance_store.location [-] Registering scheme swift+https with {'store': , 'location_class': , 'store_entry': 'swift'} {{(pid=102986) register_scheme_map /opt/stack/data/venv/lib/python3.12/site-packages/glance_store/location.py:146}}
Jul 27 02:54:02.477792 np0000005864 devstack@g-api.service[102986]: DEBUG glance_store.location [-] Registering scheme swift+https with {'store': , 'location_class': , 'store_entry': 'swift'} {{(pid=102986) register_scheme_map /opt/stack/data/venv/lib/python3.12/site-packages/glance_store/location.py:146}}
Jul 27 02:54:02.477845 np0000005864 devstack@g-api.service[102986]: DEBUG glance_store.location [-] Registering scheme swift with {'store': , 'location_class': , 'store_entry': 'swift'} {{(pid=102986) register_scheme_map /opt/stack/data/venv/lib/python3.12/site-packages/glance_store/location.py:146}}
Jul 27 02:54:02.477896 np0000005864 devstack@g-api.service[102986]: DEBUG glance_store.location [-] Registering scheme swift+https with {'store': , 'location_class': , 'store_entry': 'swift'} {{(pid=102986) register_scheme_map /opt/stack/data/venv/lib/python3.12/site-packages/glance_store/location.py:146}}
Jul 27 02:54:02.477947 np0000005864 devstack@g-api.service[102986]: DEBUG glance_store.location [-] Registering scheme swift with {'store': , 'location_class': , 'store_entry': 'swift'} {{(pid=102986) register_scheme_map /opt/stack/data/venv/lib/python3.12/site-packages/glance_store/location.py:146}}
Jul 27 02:54:02.477995 np0000005864 devstack@g-api.service[102986]: DEBUG glance_store.location [-] Registering scheme swift+http with {'store': , 'location_class': , 'store_entry': 'swift'} {{(pid=102986) register_scheme_map /opt/stack/data/venv/lib/python3.12/site-packages/glance_store/location.py:146}}
Jul 27 02:54:02.478044 np0000005864 devstack@g-api.service[102986]: DEBUG glance_store.location [-] Registering scheme swift+https with {'store': , 'location_class': , 'store_entry': 'swift'} {{(pid=102986) register_scheme_map /opt/stack/data/venv/lib/python3.12/site-packages/glance_store/location.py:146}}
Jul 27 02:54:02.478118 np0000005864 devstack@g-api.service[102986]: DEBUG glance_store.location [-] Registering scheme swift with {'store': , 'location_class': , 'store_entry': 'swift'} {{(pid=102986) register_scheme_map /opt/stack/data/venv/lib/python3.12/site-packages/glance_store/location.py:146}}
Jul 27 02:54:02.478177 np0000005864 devstack@g-api.service[102986]: DEBUG glance_store.location [-] Registering scheme swift+http with {'store': , 'location_class': , 'store_entry': 'swift'} {{(pid=102986) register_scheme_map /opt/stack/data/venv/lib/python3.12/site-packages/glance_store/location.py:146}}
Jul 27 02:54:02.478208 np0000005864 devstack@g-api.service[102986]: DEBUG glance_store.location [-] Registering scheme swift+config with {'store': , 'location_class': , 'store_entry': 'swift'} {{(pid=102986) register_scheme_map /opt/stack/data/venv/lib/python3.12/site-packages/glance_store/location.py:146}}
Jul 27 02:54:02.903489 np0000005864 devstack@g-api.service[102986]: INFO swiftclient [-] REQ: curl -i https://10.4.3.160:8080/v1/AUTH_8cba2d002d824c8c8e8cd748d8164baa/glance -I -H "X-Auth-Token: gAAAAABqZshKaYnW..."
Jul 27 02:54:02.903552 np0000005864 devstack@g-api.service[102986]: INFO swiftclient [-] RESP STATUS: 404 Not Found
Jul 27 02:54:02.903642 np0000005864 devstack@g-api.service[102986]: INFO swiftclient [-] RESP HEADERS: {'Date': 'Mon, 27 Jul 2026 02:54:02 GMT', 'Server': 'Apache/2.4.58 (Ubuntu)', 'Content-Type': 'text/html; charset=UTF-8', 'X-Trans-Id': 'tx42029402df99450193fb0-006a66c84a', 'X-Openstack-Request-Id': 'tx42029402df99450193fb0-006a66c84a', 'Connection': 'close'}
Jul 27 02:54:02.903830 np0000005864 devstack@g-api.service[102986]: INFO glance_store._drivers.swift.store [-] Creating swift container glance
Jul 27 02:54:02.961014 np0000005864 devstack@g-api.service[102986]: DEBUG swiftclient [-] REQ: curl -i https://10.4.3.160:8080/v1/AUTH_8cba2d002d824c8c8e8cd748d8164baa/glance -X PUT -H "X-Auth-Token: gAAAAABqZshKaYnW..." -H "Content-Length: 0" {{(pid=102986) http_log /opt/stack/data/venv/lib/python3.12/site-packages/swiftclient/client.py:160}}
Jul 27 02:54:02.961149 np0000005864 devstack@g-api.service[102986]: DEBUG swiftclient [-] RESP STATUS: 201 Created {{(pid=102986) http_log /opt/stack/data/venv/lib/python3.12/site-packages/swiftclient/client.py:161}}
Jul 27 02:54:02.961321 np0000005864 devstack@g-api.service[102986]: DEBUG swiftclient [-] RESP HEADERS: {'Date': 'Mon, 27 Jul 2026 02:54:02 GMT', 'Server': 'Apache/2.4.58 (Ubuntu)', 'Content-Type': 'text/html; charset=UTF-8', 'Content-Length': '0', 'X-Trans-Id': 'tx97b5e112735b475d97d0c-006a66c84a', 'X-Openstack-Request-Id': 'tx97b5e112735b475d97d0c-006a66c84a', 'Connection': 'close'} {{(pid=102986) http_log /opt/stack/data/venv/lib/python3.12/site-packages/swiftclient/client.py:162}}
Jul 27 02:54:02.961449 np0000005864 devstack@g-api.service[102986]: DEBUG glance_store._drivers.swift.store [-] Adding image object 'e90e2c5f-6fec-4fbc-9f82-630703cdc0cc' to Swift {{(pid=102986) add /opt/stack/data/venv/lib/python3.12/site-packages/glance_store/_drivers/swift/store.py:970}}
Jul 27 02:54:02.966953 np0000005864 devstack@g-api.service[102986]: DEBUG oslo_utils.imageutils.format_inspector [-] Format inspector for vmdk does not match, excluding from consideration (Signature KDMV not found: b'QFI\xfb') {{(pid=102986) _process_chunk /opt/stack/data/venv/lib/python3.12/site-packages/oslo_utils/imageutils/format_inspector.py:1758}}
Jul 27 02:54:02.970540 np0000005864 devstack@g-api.service[102986]: DEBUG oslo_utils.imageutils.format_inspector [-] Format inspector for vhdx does not match, excluding from consideration (Region signature not found at 30000) {{(pid=102986) _process_chunk /opt/stack/data/venv/lib/python3.12/site-packages/oslo_utils/imageutils/format_inspector.py:1758}}
Jul 27 02:54:03.190559 np0000005864 devstack@g-api.service[102988]: DEBUG glance.api.middleware.version_negotiation [None req-995312b6-546c-418c-a092-044f4c5216cb admin admin] Determining version of request: POST /v2/images Accept: */* {{(pid=102988) process_request /opt/stack/glance/glance/api/middleware/version_negotiation.py:44}}
Jul 27 02:54:03.190952 np0000005864 devstack@g-api.service[102988]: DEBUG glance.api.middleware.version_negotiation [None req-995312b6-546c-418c-a092-044f4c5216cb admin admin] Using url versioning {{(pid=102988) process_request /opt/stack/glance/glance/api/middleware/version_negotiation.py:57}}
Jul 27 02:54:03.190952 np0000005864 devstack@g-api.service[102988]: DEBUG glance.api.middleware.version_negotiation [None req-995312b6-546c-418c-a092-044f4c5216cb admin admin] Matched version: v2 {{(pid=102988) process_request /opt/stack/glance/glance/api/middleware/version_negotiation.py:69}}
Jul 27 02:54:03.191019 np0000005864 devstack@g-api.service[102988]: DEBUG glance.api.middleware.version_negotiation [None req-995312b6-546c-418c-a092-044f4c5216cb admin admin] new path /v2/images {{(pid=102988) process_request /opt/stack/glance/glance/api/middleware/version_negotiation.py:70}}
Jul 27 02:54:03.270017 np0000005864 devstack@g-api.service[102986]: DEBUG swiftclient [-] REQ: curl -i https://10.4.3.160:8080/v1/AUTH_8cba2d002d824c8c8e8cd748d8164baa/glance/e90e2c5f-6fec-4fbc-9f82-630703cdc0cc -X PUT -H "X-Auth-Token: gAAAAABqZshKaYnW..." -H "Content-Length: 21430272" {{(pid=102986) http_log /opt/stack/data/venv/lib/python3.12/site-packages/swiftclient/client.py:160}}
Jul 27 02:54:03.270138 np0000005864 devstack@g-api.service[102986]: DEBUG swiftclient [-] RESP STATUS: 201 Created {{(pid=102986) http_log /opt/stack/data/venv/lib/python3.12/site-packages/swiftclient/client.py:161}}
Jul 27 02:54:03.270262 np0000005864 devstack@g-api.service[102986]: DEBUG swiftclient [-] RESP HEADERS: {'Date': 'Mon, 27 Jul 2026 02:54:03 GMT', 'Server': 'Apache/2.4.58 (Ubuntu)', 'Content-Type': 'text/html; charset=UTF-8', 'Content-Length': '0', 'Etag': 'c8fc807773e5354afe61636071771906', 'Last-Modified': 'Mon, 27 Jul 2026 02:54:03 GMT', 'X-Trans-Id': 'txfc2c3c869db949d18b531-006a66c84a', 'X-Openstack-Request-Id': 'txfc2c3c869db949d18b531-006a66c84a', 'Connection': 'close'} {{(pid=102986) http_log /opt/stack/data/venv/lib/python3.12/site-packages/swiftclient/client.py:162}}
Jul 27 02:54:03.284850 np0000005864 devstack@g-api.service[102986]: INFO glance.location [-] Image format matched and virtual size computed: 117440512
Jul 27 02:54:03.292481 np0000005864 devstack@g-api.service[102986]: DEBUG glance.async_.flows.api_image_import [-] Image e90e2c5f-6fec-4fbc-9f82-630703cdc0cc status changing from importing to active {{(pid=102986) __exit__ /opt/stack/glance/glance/async_/flows/api_image_import.py:184}}
Jul 27 02:54:03.315053 np0000005864 devstack@g-api.service[102986]: DEBUG glance_store.backend [-] Attempting to import store swift {{(pid=102986) _load_store /opt/stack/data/venv/lib/python3.12/site-packages/glance_store/backend.py:215}}
Jul 27 02:54:03.316246 np0000005864 devstack@g-api.service[102986]: DEBUG glance_store.capabilities [-] Store glance_store._drivers.swift.store.SingleTenantStore doesn't support updating dynamic storage capabilities. Please overwrite 'update_capabilities' method of the store to implement updating logics if needed. {{(pid=102986) update_capabilities /opt/stack/data/venv/lib/python3.12/site-packages/glance_store/capabilities.py:91}}
Jul 27 02:54:03.316384 np0000005864 devstack@g-api.service[102986]: DEBUG glance_store.driver [-] Late loading location class glance_store._drivers.swift.store.StoreLocation {{(pid=102986) get_store_location_class /opt/stack/data/venv/lib/python3.12/site-packages/glance_store/driver.py:134}}
Jul 27 02:54:03.316384 np0000005864 devstack@g-api.service[102986]: DEBUG glance_store.location [-] Registering scheme swift+https with {'store': , 'location_class': , 'store_entry': 'swift'} {{(pid=102986) register_scheme_map /opt/stack/data/venv/lib/python3.12/site-packages/glance_store/location.py:146}}
Jul 27 02:54:03.316489 np0000005864 devstack@g-api.service[102986]: DEBUG glance_store.location [-] Registering scheme swift+https with {'store': , 'location_class': , 'store_entry': 'swift'} {{(pid=102986) register_scheme_map /opt/stack/data/venv/lib/python3.12/site-packages/glance_store/location.py:146}}
