Jul 29 15:45:57.371950 np0000006095 nova-scheduler[96733]: DEBUG cotyledon.oslo_config_glue [-] workarounds.disable_rootwrap = False {{(pid=96733) log_opt_values /opt/stack/data/venv/lib/python3.12/site-packages/oslo_config/cfg.py:3253}}
Jul 29 15:45:57.371994 np0000006095 nova-scheduler[96733]: DEBUG cotyledon.oslo_config_glue [-] workarounds.enable_numa_live_migration = False {{(pid=96733) log_opt_values /opt/stack/data/venv/lib/python3.12/site-packages/oslo_config/cfg.py:3253}}
Jul 29 15:45:57.372039 np0000006095 nova-scheduler[96733]: DEBUG cotyledon.oslo_config_glue [-] workarounds.enable_qemu_monitor_announce_self = False {{(pid=96733) log_opt_values /opt/stack/data/venv/lib/python3.12/site-packages/oslo_config/cfg.py:3253}}
Jul 29 15:45:57.372083 np0000006095 nova-scheduler[96733]: DEBUG cotyledon.oslo_config_glue [-] workarounds.ensure_libvirt_rbd_instance_dir_cleanup = False {{(pid=96733) log_opt_values /opt/stack/data/venv/lib/python3.12/site-packages/oslo_config/cfg.py:3253}}
Jul 29 15:45:57.372131 np0000006095 nova-scheduler[96733]: DEBUG cotyledon.oslo_config_glue [-] workarounds.handle_virt_lifecycle_events = True {{(pid=96733) log_opt_values /opt/stack/data/venv/lib/python3.12/site-packages/oslo_config/cfg.py:3253}}
Jul 29 15:45:57.372164 np0000006095 nova-scheduler[96733]: DEBUG cotyledon.oslo_config_glue [-] workarounds.libvirt_disable_apic = False {{(pid=96733) log_opt_values /opt/stack/data/venv/lib/python3.12/site-packages/oslo_config/cfg.py:3253}}
Jul 29 15:45:57.372192 np0000006095 nova-scheduler[96733]: DEBUG cotyledon.oslo_config_glue [-] workarounds.never_download_image_if_on_rbd = False {{(pid=96733) log_opt_values /opt/stack/data/venv/lib/python3.12/site-packages/oslo_config/cfg.py:3253}}
Jul 29 15:45:57.372219 np0000006095 nova-scheduler[96733]: DEBUG cotyledon.oslo_config_glue [-] workarounds.qemu_monitor_announce_self_count = 3 {{(pid=96733) log_opt_values /opt/stack/data/venv/lib/python3.12/site-packages/oslo_config/cfg.py:3253}}
Jul 29 15:45:57.372243 np0000006095 nova-scheduler[96733]: DEBUG cotyledon.oslo_config_glue [-] workarounds.qemu_monitor_announce_self_interval = 1 {{(pid=96733) log_opt_values /opt/stack/data/venv/lib/python3.12/site-packages/oslo_config/cfg.py:3253}}
Jul 29 15:45:57.372300 np0000006095 nova-scheduler[96733]: DEBUG cotyledon.oslo_config_glue [-] workarounds.reserve_disk_resource_for_image_cache = False {{(pid=96733) log_opt_values /opt/stack/data/venv/lib/python3.12/site-packages/oslo_config/cfg.py:3253}}
Jul 29 15:45:57.372353 np0000006095 nova-scheduler[96733]: DEBUG cotyledon.oslo_config_glue [-] workarounds.skip_cpu_compare_at_startup = False {{(pid=96733) log_opt_values /opt/stack/data/venv/lib/python3.12/site-packages/oslo_config/cfg.py:3253}}
Jul 29 15:45:57.372395 np0000006095 nova-scheduler[96733]: DEBUG cotyledon.oslo_config_glue [-] workarounds.skip_cpu_compare_on_dest = False {{(pid=96733) log_opt_values /opt/stack/data/venv/lib/python3.12/site-packages/oslo_config/cfg.py:3253}}
Jul 29 15:45:57.372430 np0000006095 nova-scheduler[96733]: DEBUG cotyledon.oslo_config_glue [-] workarounds.skip_hypervisor_version_check_on_lm = False {{(pid=96733) log_opt_values /opt/stack/data/venv/lib/python3.12/site-packages/oslo_config/cfg.py:3253}}
Jul 29 15:45:57.372463 np0000006095 nova-scheduler[96733]: DEBUG cotyledon.oslo_config_glue [-] workarounds.skip_reserve_in_use_ironic_nodes = False {{(pid=96733) log_opt_values /opt/stack/data/venv/lib/python3.12/site-packages/oslo_config/cfg.py:3253}}
Jul 29 15:45:57.372507 np0000006095 nova-scheduler[96733]: DEBUG cotyledon.oslo_config_glue [-] workarounds.unified_limits_count_pcpu_as_vcpu = False {{(pid=96733) log_opt_values /opt/stack/data/venv/lib/python3.12/site-packages/oslo_config/cfg.py:3253}}
Jul 29 15:45:57.372568 np0000006095 nova-scheduler[96733]: DEBUG cotyledon.oslo_config_glue [-] workarounds.wait_for_vif_plugged_event_during_hard_reboot = [] {{(pid=96733) log_opt_values /opt/stack/data/venv/lib/python3.12/site-packages/oslo_config/cfg.py:3253}}
Jul 29 15:45:57.372643 np0000006095 nova-scheduler[96733]: DEBUG cotyledon.oslo_config_glue [-] wsgi.api_paste_config = /etc/nova/api-paste.ini {{(pid=96733) log_opt_values /opt/stack/data/venv/lib/python3.12/site-packages/oslo_config/cfg.py:3253}}
Jul 29 15:45:57.372692 np0000006095 nova-scheduler[96733]: DEBUG cotyledon.oslo_config_glue [-] wsgi.secure_proxy_ssl_header = None {{(pid=96733) log_opt_values /opt/stack/data/venv/lib/python3.12/site-packages/oslo_config/cfg.py:3253}}
Jul 29 15:45:57.372741 np0000006095 nova-scheduler[96733]: DEBUG cotyledon.oslo_config_glue [-] zvm.ca_file = None {{(pid=96733) log_opt_values /opt/stack/data/venv/lib/python3.12/site-packages/oslo_config/cfg.py:3253}}
Jul 29 15:45:57.372787 np0000006095 nova-scheduler[96733]: DEBUG cotyledon.oslo_config_glue [-] zvm.cloud_connector_url = None {{(pid=96733) log_opt_values /opt/stack/data/venv/lib/python3.12/site-packages/oslo_config/cfg.py:3253}}
Jul 29 15:45:57.372832 np0000006095 nova-scheduler[96733]: DEBUG cotyledon.oslo_config_glue [-] zvm.image_tmp_path = /opt/stack/data/nova/images {{(pid=96733) log_opt_values /opt/stack/data/venv/lib/python3.12/site-packages/oslo_config/cfg.py:3253}}
Jul 29 15:45:57.372877 np0000006095 nova-scheduler[96733]: DEBUG cotyledon.oslo_config_glue [-] zvm.reachable_timeout = 300 {{(pid=96733) log_opt_values /opt/stack/data/venv/lib/python3.12/site-packages/oslo_config/cfg.py:3253}}
Jul 29 15:45:57.372951 np0000006095 nova-scheduler[96733]: DEBUG cotyledon.oslo_config_glue [-] oslo_versionedobjects.fatal_exception_format_errors = False {{(pid=96733) log_opt_values /opt/stack/data/venv/lib/python3.12/site-packages/oslo_config/cfg.py:3253}}
Jul 29 15:45:57.373011 np0000006095 nova-scheduler[96733]: DEBUG cotyledon.oslo_config_glue [-] oslo_middleware.http_basic_auth_user_file = /etc/htpasswd {{(pid=96733) log_opt_values /opt/stack/data/venv/lib/python3.12/site-packages/oslo_config/cfg.py:3253}}
Jul 29 15:45:57.373066 np0000006095 nova-scheduler[96733]: DEBUG cotyledon.oslo_config_glue [-] oslo_messaging_metrics.metrics_buffer_size = 1000 {{(pid=96733) log_opt_values /opt/stack/data/venv/lib/python3.12/site-packages/oslo_config/cfg.py:3253}}
Jul 29 15:45:57.373105 np0000006095 nova-scheduler[96733]: DEBUG cotyledon.oslo_config_glue [-] oslo_messaging_metrics.metrics_enabled = False {{(pid=96733) log_opt_values /opt/stack/data/venv/lib/python3.12/site-packages/oslo_config/cfg.py:3253}}
Jul 29 15:45:57.373131 np0000006095 nova-scheduler[96733]: DEBUG cotyledon.oslo_config_glue [-] oslo_messaging_metrics.metrics_process_name = {{(pid=96733) log_opt_values /opt/stack/data/venv/lib/python3.12/site-packages/oslo_config/cfg.py:3253}}
Jul 29 15:45:57.373177 np0000006095 nova-scheduler[96733]: DEBUG cotyledon.oslo_config_glue [-] oslo_messaging_metrics.metrics_socket_file = /var/tmp/metrics_collector.sock {{(pid=96733) log_opt_values /opt/stack/data/venv/lib/python3.12/site-packages/oslo_config/cfg.py:3253}}
Jul 29 15:45:57.373293 np0000006095 nova-scheduler[96733]: DEBUG cotyledon.oslo_config_glue [-] oslo_messaging_metrics.metrics_thread_stop_timeout = 10 {{(pid=96733) log_opt_values /opt/stack/data/venv/lib/python3.12/site-packages/oslo_config/cfg.py:3253}}
Jul 29 15:45:57.373376 np0000006095 nova-scheduler[96733]: DEBUG cotyledon.oslo_config_glue [-] profiler.connection_string = messaging:// {{(pid=96733) log_opt_values /opt/stack/data/venv/lib/python3.12/site-packages/oslo_config/cfg.py:3253}}
Jul 29 15:45:57.373430 np0000006095 nova-scheduler[96733]: DEBUG cotyledon.oslo_config_glue [-] profiler.enabled = False {{(pid=96733) log_opt_values /opt/stack/data/venv/lib/python3.12/site-packages/oslo_config/cfg.py:3253}}
Jul 29 15:45:57.373477 np0000006095 nova-scheduler[96733]: DEBUG cotyledon.oslo_config_glue [-] profiler.es_doc_type = notification {{(pid=96733) log_opt_values /opt/stack/data/venv/lib/python3.12/site-packages/oslo_config/cfg.py:3253}}
Jul 29 15:45:57.373536 np0000006095 nova-scheduler[96733]: DEBUG cotyledon.oslo_config_glue [-] profiler.es_scroll_size = 10000 {{(pid=96733) log_opt_values /opt/stack/data/venv/lib/python3.12/site-packages/oslo_config/cfg.py:3253}}
Jul 29 15:45:57.373610 np0000006095 nova-scheduler[96733]: DEBUG cotyledon.oslo_config_glue [-] profiler.es_scroll_time = 2m {{(pid=96733) log_opt_values /opt/stack/data/venv/lib/python3.12/site-packages/oslo_config/cfg.py:3253}}
Jul 29 15:45:57.373656 np0000006095 nova-scheduler[96733]: DEBUG cotyledon.oslo_config_glue [-] profiler.filter_error_trace = False {{(pid=96733) log_opt_values /opt/stack/data/venv/lib/python3.12/site-packages/oslo_config/cfg.py:3253}}
Jul 29 15:45:57.373704 np0000006095 nova-scheduler[96733]: DEBUG cotyledon.oslo_config_glue [-] profiler.hmac_keys = **** {{(pid=96733) log_opt_values /opt/stack/data/venv/lib/python3.12/site-packages/oslo_config/cfg.py:3253}}
Jul 29 15:45:57.373758 np0000006095 nova-scheduler[96733]: DEBUG cotyledon.oslo_config_glue [-] profiler.sentinel_service_name = mymaster {{(pid=96733) log_opt_values /opt/stack/data/venv/lib/python3.12/site-packages/oslo_config/cfg.py:3253}}
Jul 29 15:45:57.373809 np0000006095 nova-scheduler[96733]: DEBUG cotyledon.oslo_config_glue [-] profiler.socket_timeout = 0.1 {{(pid=96733) log_opt_values /opt/stack/data/venv/lib/python3.12/site-packages/oslo_config/cfg.py:3253}}
Jul 29 15:45:57.373858 np0000006095 nova-scheduler[96733]: DEBUG cotyledon.oslo_config_glue [-] profiler.trace_requests = False {{(pid=96733) log_opt_values /opt/stack/data/venv/lib/python3.12/site-packages/oslo_config/cfg.py:3253}}
Jul 29 15:45:57.373909 np0000006095 nova-scheduler[96733]: DEBUG cotyledon.oslo_config_glue [-] profiler.trace_sqlalchemy = False {{(pid=96733) log_opt_values /opt/stack/data/venv/lib/python3.12/site-packages/oslo_config/cfg.py:3253}}
Jul 29 15:45:57.373956 np0000006095 nova-scheduler[96733]: DEBUG cotyledon.oslo_config_glue [-] profiler_jaeger.process_tags = {} {{(pid=96733) log_opt_values /opt/stack/data/venv/lib/python3.12/site-packages/oslo_config/cfg.py:3253}}
Jul 29 15:45:57.373992 np0000006095 nova-scheduler[96733]: DEBUG cotyledon.oslo_config_glue [-] profiler_jaeger.service_name_prefix = None {{(pid=96733) log_opt_values /opt/stack/data/venv/lib/python3.12/site-packages/oslo_config/cfg.py:3253}}
Jul 29 15:45:57.374036 np0000006095 nova-scheduler[96733]: DEBUG cotyledon.oslo_config_glue [-] profiler_otlp.service_name_prefix = None {{(pid=96733) log_opt_values /opt/stack/data/venv/lib/python3.12/site-packages/oslo_config/cfg.py:3253}}
Jul 29 15:45:57.374102 np0000006095 nova-scheduler[96733]: DEBUG cotyledon.oslo_config_glue [-] oslo_messaging_rabbit.amqp_auto_delete = False {{(pid=96733) log_opt_values /opt/stack/data/venv/lib/python3.12/site-packages/oslo_config/cfg.py:3253}}
Jul 29 15:45:57.374143 np0000006095 nova-scheduler[96733]: DEBUG cotyledon.oslo_config_glue [-] oslo_messaging_rabbit.amqp_durable_queues = False {{(pid=96733) log_opt_values /opt/stack/data/venv/lib/python3.12/site-packages/oslo_config/cfg.py:3253}}
Jul 29 15:45:57.374193 np0000006095 nova-scheduler[96733]: DEBUG cotyledon.oslo_config_glue [-] oslo_messaging_rabbit.conn_pool_min_size = 2 {{(pid=96733) log_opt_values /opt/stack/data/venv/lib/python3.12/site-packages/oslo_config/cfg.py:3253}}
Jul 29 15:45:57.374264 np0000006095 nova-scheduler[96733]: DEBUG cotyledon.oslo_config_glue [-] oslo_messaging_rabbit.conn_pool_ttl = 1200 {{(pid=96733) log_opt_values /opt/stack/data/venv/lib/python3.12/site-packages/oslo_config/cfg.py:3253}}
Jul 29 15:45:57.374314 np0000006095 nova-scheduler[96733]: DEBUG cotyledon.oslo_config_glue [-] oslo_messaging_rabbit.direct_mandatory_flag = True {{(pid=96733) log_opt_values /opt/stack/data/venv/lib/python3.12/site-packages/oslo_config/cfg.py:3253}}
Jul 29 15:45:57.374359 np0000006095 nova-scheduler[96733]: DEBUG cotyledon.oslo_config_glue [-] oslo_messaging_rabbit.enable_cancel_on_failover = False {{(pid=96733) log_opt_values /opt/stack/data/venv/lib/python3.12/site-packages/oslo_config/cfg.py:3253}}
Jul 29 15:45:57.374407 np0000006095 nova-scheduler[96733]: DEBUG cotyledon.oslo_config_glue [-] oslo_messaging_rabbit.heartbeat_rate = 3 {{(pid=96733) log_opt_values /opt/stack/data/venv/lib/python3.12/site-packages/oslo_config/cfg.py:3253}}
Jul 29 15:45:57.374443 np0000006095 nova-scheduler[96733]: DEBUG cotyledon.oslo_config_glue [-] oslo_messaging_rabbit.heartbeat_timeout_threshold = 60 {{(pid=96733) log_opt_values /opt/stack/data/venv/lib/python3.12/site-packages/oslo_config/cfg.py:3253}}
Jul 29 15:45:57.374495 np0000006095 nova-scheduler[96733]: DEBUG cotyledon.oslo_config_glue [-] oslo_messaging_rabbit.hostname = np0000006095 {{(pid=96733) log_opt_values /opt/stack/data/venv/lib/python3.12/site-packages/oslo_config/cfg.py:3253}}
Jul 29 15:45:57.374561 np0000006095 nova-scheduler[96733]: DEBUG cotyledon.oslo_config_glue [-] oslo_messaging_rabbit.kombu_compression = None {{(pid=96733) log_opt_values /opt/stack/data/venv/lib/python3.12/site-packages/oslo_config/cfg.py:3253}}
Jul 29 15:45:57.374621 np0000006095 nova-scheduler[96733]: DEBUG cotyledon.oslo_config_glue [-] oslo_messaging_rabbit.kombu_failover_strategy = round-robin {{(pid=96733) log_opt_values /opt/stack/data/venv/lib/python3.12/site-packages/oslo_config/cfg.py:3253}}
Jul 29 15:45:57.374669 np0000006095 nova-scheduler[96733]: DEBUG cotyledon.oslo_config_glue [-] oslo_messaging_rabbit.kombu_missing_consumer_retry_timeout = 60 {{(pid=96733) log_opt_values /opt/stack/data/venv/lib/python3.12/site-packages/oslo_config/cfg.py:3253}}
Jul 29 15:45:57.374725 np0000006095 nova-scheduler[96733]: DEBUG cotyledon.oslo_config_glue [-] oslo_messaging_rabbit.kombu_reconnect_delay = 1.0 {{(pid=96733) log_opt_values /opt/stack/data/venv/lib/python3.12/site-packages/oslo_config/cfg.py:3253}}
Jul 29 15:45:57.374772 np0000006095 nova-scheduler[96733]: DEBUG cotyledon.oslo_config_glue [-] oslo_messaging_rabbit.kombu_reconnect_splay = 0.0 {{(pid=96733) log_opt_values /opt/stack/data/venv/lib/python3.12/site-packages/oslo_config/cfg.py:3253}}
Jul 29 15:45:57.374826 np0000006095 nova-scheduler[96733]: DEBUG cotyledon.oslo_config_glue [-] oslo_messaging_rabbit.processname = nova-scheduler {{(pid=96733) log_opt_values /opt/stack/data/venv/lib/python3.12/site-packages/oslo_config/cfg.py:3253}}
Jul 29 15:45:57.374878 np0000006095 nova-scheduler[96733]: DEBUG cotyledon.oslo_config_glue [-] oslo_messaging_rabbit.rabbit_ha_queues = False {{(pid=96733) log_opt_values /opt/stack/data/venv/lib/python3.12/site-packages/oslo_config/cfg.py:3253}}
Jul 29 15:45:57.374913 np0000006095 nova-scheduler[96733]: DEBUG cotyledon.oslo_config_glue [-] oslo_messaging_rabbit.rabbit_interval_max = 30 {{(pid=96733) log_opt_values /opt/stack/data/venv/lib/python3.12/site-packages/oslo_config/cfg.py:3253}}
Jul 29 15:45:57.374949 np0000006095 nova-scheduler[96733]: DEBUG cotyledon.oslo_config_glue [-] oslo_messaging_rabbit.rabbit_login_method = AMQPLAIN {{(pid=96733) log_opt_values /opt/stack/data/venv/lib/python3.12/site-packages/oslo_config/cfg.py:3253}}
Jul 29 15:45:57.374980 np0000006095 nova-scheduler[96733]: DEBUG cotyledon.oslo_config_glue [-] oslo_messaging_rabbit.rabbit_qos_prefetch_count = 0 {{(pid=96733) log_opt_values /opt/stack/data/venv/lib/python3.12/site-packages/oslo_config/cfg.py:3253}}
Jul 29 15:45:57.375010 np0000006095 nova-scheduler[96733]: DEBUG cotyledon.oslo_config_glue [-] oslo_messaging_rabbit.rabbit_quorum_delivery_limit = 0 {{(pid=96733) log_opt_values /opt/stack/data/venv/lib/python3.12/site-packages/oslo_config/cfg.py:3253}}
Jul 29 15:45:57.375043 np0000006095 nova-scheduler[96733]: DEBUG cotyledon.oslo_config_glue [-] oslo_messaging_rabbit.rabbit_quorum_max_memory_bytes = 0 {{(pid=96733) log_opt_values /opt/stack/data/venv/lib/python3.12/site-packages/oslo_config/cfg.py:3253}}
Jul 29 15:45:57.375076 np0000006095 nova-scheduler[96733]: DEBUG cotyledon.oslo_config_glue [-] oslo_messaging_rabbit.rabbit_quorum_max_memory_length = 0 {{(pid=96733) log_opt_values /opt/stack/data/venv/lib/python3.12/site-packages/oslo_config/cfg.py:3253}}
Jul 29 15:45:57.375121 np0000006095 nova-scheduler[96733]: DEBUG cotyledon.oslo_config_glue [-] oslo_messaging_rabbit.rabbit_quorum_queue = False {{(pid=96733) log_opt_values /opt/stack/data/venv/lib/python3.12/site-packages/oslo_config/cfg.py:3253}}
Jul 29 15:45:57.375157 np0000006095 nova-scheduler[96733]: DEBUG cotyledon.oslo_config_glue [-] oslo_messaging_rabbit.rabbit_retry_backoff = 2 {{(pid=96733) log_opt_values /opt/stack/data/venv/lib/python3.12/site-packages/oslo_config/cfg.py:3253}}
Jul 29 15:45:57.375205 np0000006095 nova-scheduler[96733]: DEBUG cotyledon.oslo_config_glue [-] oslo_messaging_rabbit.rabbit_retry_interval = 1 {{(pid=96733) log_opt_values /opt/stack/data/venv/lib/python3.12/site-packages/oslo_config/cfg.py:3253}}
Jul 29 15:45:57.375259 np0000006095 nova-scheduler[96733]: DEBUG cotyledon.oslo_config_glue [-] oslo_messaging_rabbit.rabbit_stream_fanout = False {{(pid=96733) log_opt_values /opt/stack/data/venv/lib/python3.12/site-packages/oslo_config/cfg.py:3253}}
Jul 29 15:45:57.375306 np0000006095 nova-scheduler[96733]: DEBUG cotyledon.oslo_config_glue [-] oslo_messaging_rabbit.rabbit_transient_queues_ttl = 1800 {{(pid=96733) log_opt_values /opt/stack/data/venv/lib/python3.12/site-packages/oslo_config/cfg.py:3253}}
Jul 29 15:45:57.375349 np0000006095 nova-scheduler[96733]: DEBUG cotyledon.oslo_config_glue [-] oslo_messaging_rabbit.rabbit_transient_quorum_queue = False {{(pid=96733) log_opt_values /opt/stack/data/venv/lib/python3.12/site-packages/oslo_config/cfg.py:3253}}
Jul 29 15:45:57.375393 np0000006095 nova-scheduler[96733]: DEBUG cotyledon.oslo_config_glue [-] oslo_messaging_rabbit.rpc_conn_pool_size = 30 {{(pid=96733) log_opt_values /opt/stack/data/venv/lib/python3.12/site-packages/oslo_config/cfg.py:3253}}
Jul 29 15:45:57.375436 np0000006095 nova-scheduler[96733]: DEBUG cotyledon.oslo_config_glue [-] oslo_messaging_rabbit.ssl = False {{(pid=96733) log_opt_values /opt/stack/data/venv/lib/python3.12/site-packages/oslo_config/cfg.py:3253}}
Jul 29 15:45:57.375480 np0000006095 nova-scheduler[96733]: DEBUG cotyledon.oslo_config_glue [-] oslo_messaging_rabbit.ssl_ca_file = {{(pid=96733) log_opt_values /opt/stack/data/venv/lib/python3.12/site-packages/oslo_config/cfg.py:3253}}
Jul 29 15:45:57.375538 np0000006095 nova-scheduler[96733]: DEBUG cotyledon.oslo_config_glue [-] oslo_messaging_rabbit.ssl_cert_file = {{(pid=96733) log_opt_values /opt/stack/data/venv/lib/python3.12/site-packages/oslo_config/cfg.py:3253}}
Jul 29 15:45:57.375591 np0000006095 nova-scheduler[96733]: DEBUG cotyledon.oslo_config_glue [-] oslo_messaging_rabbit.ssl_enforce_fips_mode = False {{(pid=96733) log_opt_values /opt/stack/data/venv/lib/python3.12/site-packages/oslo_config/cfg.py:3253}}
Jul 29 15:45:57.375650 np0000006095 nova-scheduler[96733]: DEBUG cotyledon.oslo_config_glue [-] oslo_messaging_rabbit.ssl_enforce_hostname_verification = True {{(pid=96733) log_opt_values /opt/stack/data/venv/lib/python3.12/site-packages/oslo_config/cfg.py:3253}}
Jul 29 15:45:57.375698 np0000006095 nova-scheduler[96733]: DEBUG cotyledon.oslo_config_glue [-] oslo_messaging_rabbit.ssl_key_file = {{(pid=96733) log_opt_values /opt/stack/data/venv/lib/python3.12/site-packages/oslo_config/cfg.py:3253}}
Jul 29 15:45:57.375749 np0000006095 nova-scheduler[96733]: DEBUG cotyledon.oslo_config_glue [-] oslo_messaging_rabbit.ssl_version = {{(pid=96733) log_opt_values /opt/stack/data/venv/lib/python3.12/site-packages/oslo_config/cfg.py:3253}}
Jul 29 15:45:57.375797 np0000006095 nova-scheduler[96733]: DEBUG cotyledon.oslo_config_glue [-] oslo_messaging_rabbit.use_queue_manager = False {{(pid=96733) log_opt_values /opt/stack/data/venv/lib/python3.12/site-packages/oslo_config/cfg.py:3253}}
Jul 29 15:45:57.375868 np0000006095 nova-scheduler[96733]: DEBUG cotyledon.oslo_config_glue [-] oslo_messaging_notifications.driver = ['messagingv2'] {{(pid=96733) log_opt_values /opt/stack/data/venv/lib/python3.12/site-packages/oslo_config/cfg.py:3253}}
Jul 29 15:45:57.375938 np0000006095 nova-scheduler[96733]: DEBUG cotyledon.oslo_config_glue [-] oslo_messaging_notifications.retry = -1 {{(pid=96733) log_opt_values /opt/stack/data/venv/lib/python3.12/site-packages/oslo_config/cfg.py:3253}}
Jul 29 15:45:57.375982 np0000006095 nova-scheduler[96733]: DEBUG cotyledon.oslo_config_glue [-] oslo_messaging_notifications.topics = ['notifications'] {{(pid=96733) log_opt_values /opt/stack/data/venv/lib/python3.12/site-packages/oslo_config/cfg.py:3253}}
Jul 29 15:45:57.376028 np0000006095 nova-scheduler[96733]: DEBUG cotyledon.oslo_config_glue [-] oslo_messaging_notifications.transport_url = **** {{(pid=96733) log_opt_values /opt/stack/data/venv/lib/python3.12/site-packages/oslo_config/cfg.py:3253}}
Jul 29 15:45:57.376083 np0000006095 nova-scheduler[96733]: DEBUG cotyledon.oslo_config_glue [-] oslo_limit.auth_section = None {{(pid=96733) log_opt_values /opt/stack/data/venv/lib/python3.12/site-packages/oslo_config/cfg.py:3253}}
Jul 29 15:45:57.376118 np0000006095 nova-scheduler[96733]: DEBUG cotyledon.oslo_config_glue [-] oslo_limit.auth_type = None {{(pid=96733) log_opt_values /opt/stack/data/venv/lib/python3.12/site-packages/oslo_config/cfg.py:3253}}
Jul 29 15:45:57.376163 np0000006095 nova-scheduler[96733]: DEBUG cotyledon.oslo_config_glue [-] oslo_limit.cafile = None {{(pid=96733) log_opt_values /opt/stack/data/venv/lib/python3.12/site-packages/oslo_config/cfg.py:3253}}
Jul 29 15:45:57.376198 np0000006095 nova-scheduler[96733]: DEBUG cotyledon.oslo_config_glue [-] oslo_limit.certfile = None {{(pid=96733) log_opt_values /opt/stack/data/venv/lib/python3.12/site-packages/oslo_config/cfg.py:3253}}
Jul 29 15:45:57.376233 np0000006095 nova-scheduler[96733]: DEBUG cotyledon.oslo_config_glue [-] oslo_limit.collect_timing = False {{(pid=96733) log_opt_values /opt/stack/data/venv/lib/python3.12/site-packages/oslo_config/cfg.py:3253}}
Jul 29 15:45:57.376274 np0000006095 nova-scheduler[96733]: DEBUG cotyledon.oslo_config_glue [-] oslo_limit.connect_retries = None {{(pid=96733) log_opt_values /opt/stack/data/venv/lib/python3.12/site-packages/oslo_config/cfg.py:3253}}
Jul 29 15:45:57.376309 np0000006095 nova-scheduler[96733]: DEBUG cotyledon.oslo_config_glue [-] oslo_limit.connect_retry_delay = None {{(pid=96733) log_opt_values /opt/stack/data/venv/lib/python3.12/site-packages/oslo_config/cfg.py:3253}}
Jul 29 15:45:57.376357 np0000006095 nova-scheduler[96733]: DEBUG cotyledon.oslo_config_glue [-] oslo_limit.endpoint_id = None {{(pid=96733) log_opt_values /opt/stack/data/venv/lib/python3.12/site-packages/oslo_config/cfg.py:3253}}
Jul 29 15:45:57.376411 np0000006095 nova-scheduler[96733]: DEBUG cotyledon.oslo_config_glue [-] oslo_limit.endpoint_interface = public {{(pid=96733) log_opt_values /opt/stack/data/venv/lib/python3.12/site-packages/oslo_config/cfg.py:3253}}
Jul 29 15:45:57.376458 np0000006095 nova-scheduler[96733]: DEBUG cotyledon.oslo_config_glue [-] oslo_limit.endpoint_override = None {{(pid=96733) log_opt_values /opt/stack/data/venv/lib/python3.12/site-packages/oslo_config/cfg.py:3253}}
Jul 29 15:45:57.376501 np0000006095 nova-scheduler[96733]: DEBUG cotyledon.oslo_config_glue [-] oslo_limit.endpoint_region_name = None {{(pid=96733) log_opt_values /opt/stack/data/venv/lib/python3.12/site-packages/oslo_config/cfg.py:3253}}
Jul 29 15:45:57.376571 np0000006095 nova-scheduler[96733]: DEBUG cotyledon.oslo_config_glue [-] oslo_limit.endpoint_service_name = None {{(pid=96733) log_opt_values /opt/stack/data/venv/lib/python3.12/site-packages/oslo_config/cfg.py:3253}}
Jul 29 15:45:57.376629 np0000006095 nova-scheduler[96733]: DEBUG cotyledon.oslo_config_glue [-] oslo_limit.endpoint_service_type = None {{(pid=96733) log_opt_values /opt/stack/data/venv/lib/python3.12/site-packages/oslo_config/cfg.py:3253}}
Jul 29 15:45:57.376673 np0000006095 nova-scheduler[96733]: DEBUG cotyledon.oslo_config_glue [-] oslo_limit.insecure = False {{(pid=96733) log_opt_values /opt/stack/data/venv/lib/python3.12/site-packages/oslo_config/cfg.py:3253}}
Jul 29 15:45:57.376707 np0000006095 nova-scheduler[96733]: DEBUG cotyledon.oslo_config_glue [-] oslo_limit.keyfile = None {{(pid=96733) log_opt_values /opt/stack/data/venv/lib/python3.12/site-packages/oslo_config/cfg.py:3253}}
Jul 29 15:45:57.376759 np0000006095 nova-scheduler[96733]: DEBUG cotyledon.oslo_config_glue [-] oslo_limit.max_version = None {{(pid=96733) log_opt_values /opt/stack/data/venv/lib/python3.12/site-packages/oslo_config/cfg.py:3253}}
Jul 29 15:45:57.376805 np0000006095 nova-scheduler[96733]: DEBUG cotyledon.oslo_config_glue [-] oslo_limit.min_version = None {{(pid=96733) log_opt_values /opt/stack/data/venv/lib/python3.12/site-packages/oslo_config/cfg.py:3253}}
Jul 29 15:45:57.376857 np0000006095 nova-scheduler[96733]: DEBUG cotyledon.oslo_config_glue [-] oslo_limit.region_name = None {{(pid=96733) log_opt_values /opt/stack/data/venv/lib/python3.12/site-packages/oslo_config/cfg.py:3253}}
Jul 29 15:45:57.376906 np0000006095 nova-scheduler[96733]: DEBUG cotyledon.oslo_config_glue [-] oslo_limit.retriable_status_codes = None {{(pid=96733) log_opt_values /opt/stack/data/venv/lib/python3.12/site-packages/oslo_config/cfg.py:3253}}
Jul 29 15:45:57.376960 np0000006095 nova-scheduler[96733]: DEBUG cotyledon.oslo_config_glue [-] oslo_limit.service_name = None {{(pid=96733) log_opt_values /opt/stack/data/venv/lib/python3.12/site-packages/oslo_config/cfg.py:3253}}
Jul 29 15:45:57.377009 np0000006095 nova-scheduler[96733]: DEBUG cotyledon.oslo_config_glue [-] oslo_limit.service_type = None {{(pid=96733) log_opt_values /opt/stack/data/venv/lib/python3.12/site-packages/oslo_config/cfg.py:3253}}
Jul 29 15:45:57.377054 np0000006095 nova-scheduler[96733]: DEBUG cotyledon.oslo_config_glue [-] oslo_limit.split_loggers = False {{(pid=96733) log_opt_values /opt/stack/data/venv/lib/python3.12/site-packages/oslo_config/cfg.py:3253}}
Jul 29 15:45:57.377090 np0000006095 nova-scheduler[96733]: DEBUG cotyledon.oslo_config_glue [-] oslo_limit.status_code_retries = None {{(pid=96733) log_opt_values /opt/stack/data/venv/lib/python3.12/site-packages/oslo_config/cfg.py:3253}}
Jul 29 15:45:57.377121 np0000006095 nova-scheduler[96733]: DEBUG cotyledon.oslo_config_glue [-] oslo_limit.status_code_retry_delay = None {{(pid=96733) log_opt_values /opt/stack/data/venv/lib/python3.12/site-packages/oslo_config/cfg.py:3253}}
Jul 29 15:45:57.377158 np0000006095 nova-scheduler[96733]: DEBUG cotyledon.oslo_config_glue [-] oslo_limit.timeout = None {{(pid=96733) log_opt_values /opt/stack/data/venv/lib/python3.12/site-packages/oslo_config/cfg.py:3253}}
Jul 29 15:45:57.377186 np0000006095 nova-scheduler[96733]: DEBUG cotyledon.oslo_config_glue [-] oslo_limit.valid_interfaces = None {{(pid=96733) log_opt_values /opt/stack/data/venv/lib/python3.12/site-packages/oslo_config/cfg.py:3253}}
Jul 29 15:45:57.377221 np0000006095 nova-scheduler[96733]: DEBUG cotyledon.oslo_config_glue [-] oslo_limit.version = None {{(pid=96733) log_opt_values /opt/stack/data/venv/lib/python3.12/site-packages/oslo_config/cfg.py:3253}}
Jul 29 15:45:57.377273 np0000006095 nova-scheduler[96733]: DEBUG cotyledon.oslo_config_glue [-] oslo_reports.file_event_handler = None {{(pid=96733) log_opt_values /opt/stack/data/venv/lib/python3.12/site-packages/oslo_config/cfg.py:3253}}
Jul 29 15:45:57.377311 np0000006095 nova-scheduler[96733]: DEBUG cotyledon.oslo_config_glue [-] oslo_reports.file_event_handler_interval = 1 {{(pid=96733) log_opt_values /opt/stack/data/venv/lib/python3.12/site-packages/oslo_config/cfg.py:3253}}
Jul 29 15:45:57.377343 np0000006095 nova-scheduler[96733]: DEBUG cotyledon.oslo_config_glue [-] oslo_reports.log_dir = None {{(pid=96733) log_opt_values /opt/stack/data/venv/lib/python3.12/site-packages/oslo_config/cfg.py:3253}}
Jul 29 15:45:57.377380 np0000006095 nova-scheduler[96733]: DEBUG cotyledon.oslo_config_glue [-] ******************************************************************************** {{(pid=96733) log_opt_values /opt/stack/data/venv/lib/python3.12/site-packages/oslo_config/cfg.py:3260}}
Jul 29 15:45:57.377528 np0000006095 nova-scheduler[96733]: DEBUG cotyledon._service_worker [-] Run service ServiceWrapper(3) [96733] {{(pid=96733) wait_forever /opt/stack/data/venv/lib/python3.12/site-packages/cotyledon/_service_worker.py:218}}
Jul 29 15:45:57.378659 np0000006095 nova-scheduler[96733]: INFO nova.service [-] Starting scheduler node (version 33.1.0)
Jul 29 15:45:57.379889 np0000006095 nova-scheduler[96723]: DEBUG dbcounter [-] [96723] Writer thread running {{(pid=96723) stat_writer /opt/stack/data/venv/lib/python3.12/site-packages/dbcounter.py:102}}
Jul 29 15:45:57.382771 np0000006095 nova-scheduler[96733]: INFO dbcounter [None req-a58da52b-a3f6-41de-8541-1cf6188efd0a None None] Registered counter for database nova_cell0
Jul 29 15:45:57.384565 np0000006095 nova-scheduler[96725]: DEBUG oslo_db.sqlalchemy.engines [None req-908af058-afce-4154-a976-85c2191098c0 None None] MySQL server mode set to STRICT_TRANS_TABLES,STRICT_ALL_TABLES,NO_ZERO_IN_DATE,NO_ZERO_DATE,ERROR_FOR_DIVISION_BY_ZERO,TRADITIONAL,NO_ENGINE_SUBSTITUTION {{(pid=96725) _check_effective_sql_mode /opt/stack/data/venv/lib/python3.12/site-packages/oslo_db/sqlalchemy/engines.py:325}}
Jul 29 15:45:57.391893 np0000006095 nova-scheduler[96727]: DEBUG oslo_db.sqlalchemy.engines [None req-524c484c-8b45-49d9-9a07-d67387a22435 None None] MySQL server mode set to STRICT_TRANS_TABLES,STRICT_ALL_TABLES,NO_ZERO_IN_DATE,NO_ZERO_DATE,ERROR_FOR_DIVISION_BY_ZERO,TRADITIONAL,NO_ENGINE_SUBSTITUTION {{(pid=96727) _check_effective_sql_mode /opt/stack/data/venv/lib/python3.12/site-packages/oslo_db/sqlalchemy/engines.py:325}}
Jul 29 15:45:57.394542 np0000006095 nova-scheduler[96725]: DEBUG dbcounter [-] [96725] Writer thread running {{(pid=96725) stat_writer /opt/stack/data/venv/lib/python3.12/site-packages/dbcounter.py:102}}
Jul 29 15:45:57.398221 np0000006095 nova-scheduler[96723]: DEBUG nova.service [None req-ad6cb5b0-1e68-4380-8f6d-4f936749dade None None] Creating RPC server for service: nova-scheduler on topic: scheduler {{(pid=96723) start /opt/stack/nova/nova/service.py:196}}
Jul 29 15:45:57.405858 np0000006095 nova-scheduler[96727]: DEBUG dbcounter [-] [96727] Writer thread running {{(pid=96727) stat_writer /opt/stack/data/venv/lib/python3.12/site-packages/dbcounter.py:102}}
Jul 29 15:45:57.410066 np0000006095 nova-scheduler[96727]: DEBUG nova.service [None req-524c484c-8b45-49d9-9a07-d67387a22435 None None] Creating RPC server for service: nova-scheduler on topic: scheduler {{(pid=96727) start /opt/stack/nova/nova/service.py:196}}
Jul 29 15:45:57.416780 np0000006095 nova-scheduler[96725]: DEBUG nova.service [None req-908af058-afce-4154-a976-85c2191098c0 None None] Creating RPC server for service: nova-scheduler on topic: scheduler {{(pid=96725) start /opt/stack/nova/nova/service.py:196}}
Jul 29 15:45:57.426000 np0000006095 nova-scheduler[96733]: DEBUG oslo_db.sqlalchemy.engines [None req-a58da52b-a3f6-41de-8541-1cf6188efd0a None None] MySQL server mode set to STRICT_TRANS_TABLES,STRICT_ALL_TABLES,NO_ZERO_IN_DATE,NO_ZERO_DATE,ERROR_FOR_DIVISION_BY_ZERO,TRADITIONAL,NO_ENGINE_SUBSTITUTION {{(pid=96733) _check_effective_sql_mode /opt/stack/data/venv/lib/python3.12/site-packages/oslo_db/sqlalchemy/engines.py:325}}
Jul 29 15:45:57.428287 np0000006095 nova-scheduler[96723]: DEBUG nova.service [None req-ad6cb5b0-1e68-4380-8f6d-4f936749dade None None] Join ServiceGroup membership for this service scheduler {{(pid=96723) start /opt/stack/nova/nova/service.py:222}}
Jul 29 15:45:57.428493 np0000006095 nova-scheduler[96723]: DEBUG nova.servicegroup.drivers.db [None req-ad6cb5b0-1e68-4380-8f6d-4f936749dade None None] DB_Driver: join new ServiceGroup member np0000006095 to the scheduler group, service = {{(pid=96723) join /opt/stack/nova/nova/servicegroup/drivers/db.py:44}}
Jul 29 15:45:57.433803 np0000006095 nova-scheduler[96727]: DEBUG nova.service [None req-524c484c-8b45-49d9-9a07-d67387a22435 None None] Join ServiceGroup membership for this service scheduler {{(pid=96727) start /opt/stack/nova/nova/service.py:222}}
Jul 29 15:45:57.433803 np0000006095 nova-scheduler[96727]: DEBUG nova.servicegroup.drivers.db [None req-524c484c-8b45-49d9-9a07-d67387a22435 None None] DB_Driver: join new ServiceGroup member np0000006095 to the scheduler group, service = {{(pid=96727) join /opt/stack/nova/nova/servicegroup/drivers/db.py:44}}
Jul 29 15:45:57.435153 np0000006095 nova-scheduler[96725]: DEBUG nova.service [None req-908af058-afce-4154-a976-85c2191098c0 None None] Join ServiceGroup membership for this service scheduler {{(pid=96725) start /opt/stack/nova/nova/service.py:222}}
Jul 29 15:45:57.435340 np0000006095 nova-scheduler[96725]: DEBUG nova.servicegroup.drivers.db [None req-908af058-afce-4154-a976-85c2191098c0 None None] DB_Driver: join new ServiceGroup member np0000006095 to the scheduler group, service = {{(pid=96725) join /opt/stack/nova/nova/servicegroup/drivers/db.py:44}}
Jul 29 15:45:57.436023 np0000006095 nova-scheduler[96733]: DEBUG dbcounter [-] [96733] Writer thread running {{(pid=96733) stat_writer /opt/stack/data/venv/lib/python3.12/site-packages/dbcounter.py:102}}
Jul 29 15:45:57.436264 np0000006095 nova-scheduler[96727]: DEBUG oslo.service.backend._threading.loopingcall [None req-7d3ab4f1-db50-41cd-8402-c876f68adac5 None None] Dynamic interval looping call 'nova.service.Service.periodic_tasks' sleeping for 60.00 seconds {{(pid=96727) _run_loop /opt/stack/data/venv/lib/python3.12/site-packages/oslo_service/backend/_threading/loopingcall.py:125}}
Jul 29 15:45:57.439004 np0000006095 nova-scheduler[96733]: DEBUG nova.service [None req-a58da52b-a3f6-41de-8541-1cf6188efd0a None None] Creating RPC server for service: nova-scheduler on topic: scheduler {{(pid=96733) start /opt/stack/nova/nova/service.py:196}}
Jul 29 15:45:57.454360 np0000006095 nova-scheduler[96733]: DEBUG nova.service [None req-a58da52b-a3f6-41de-8541-1cf6188efd0a None None] Join ServiceGroup membership for this service scheduler {{(pid=96733) start /opt/stack/nova/nova/service.py:222}}
Jul 29 15:45:57.454558 np0000006095 nova-scheduler[96733]: DEBUG nova.servicegroup.drivers.db [None req-a58da52b-a3f6-41de-8541-1cf6188efd0a None None] DB_Driver: join new ServiceGroup member np0000006095 to the scheduler group, service = {{(pid=96733) join /opt/stack/nova/nova/servicegroup/drivers/db.py:44}}
Jul 29 15:45:58.456573 np0000006095 nova-scheduler[96733]: DEBUG oslo.service.backend._threading.loopingcall [None req-d8396f48-df6a-49ca-8a3f-4765ccef272d None None] Dynamic interval looping call 'nova.service.Service.periodic_tasks' sleeping for 60.00 seconds {{(pid=96733) _run_loop /opt/stack/data/venv/lib/python3.12/site-packages/oslo_service/backend/_threading/loopingcall.py:125}}
Jul 29 15:46:02.445729 np0000006095 nova-scheduler[96723]: DEBUG oslo.service.backend._threading.loopingcall [-] Fixed interval looping call 'nova.servicegroup.drivers.db.DbDriver._report_state' sleeping for 119.99 seconds {{(pid=96723) _run_loop /opt/stack/data/venv/lib/python3.12/site-packages/oslo_service/backend/_threading/loopingcall.py:125}}
Jul 29 15:46:02.446343 np0000006095 nova-scheduler[96725]: DEBUG oslo.service.backend._threading.loopingcall [-] Fixed interval looping call 'nova.servicegroup.drivers.db.DbDriver._report_state' sleeping for 119.99 seconds {{(pid=96725) _run_loop /opt/stack/data/venv/lib/python3.12/site-packages/oslo_service/backend/_threading/loopingcall.py:125}}
Jul 29 15:46:02.448995 np0000006095 nova-scheduler[96727]: DEBUG oslo.service.backend._threading.loopingcall [-] Fixed interval looping call 'nova.servicegroup.drivers.db.DbDriver._report_state' sleeping for 119.99 seconds {{(pid=96727) _run_loop /opt/stack/data/venv/lib/python3.12/site-packages/oslo_service/backend/_threading/loopingcall.py:125}}
Jul 29 15:46:02.465618 np0000006095 nova-scheduler[96733]: DEBUG oslo.service.backend._threading.loopingcall [-] Fixed interval looping call 'nova.servicegroup.drivers.db.DbDriver._report_state' sleeping for 119.99 seconds {{(pid=96733) _run_loop /opt/stack/data/venv/lib/python3.12/site-packages/oslo_service/backend/_threading/loopingcall.py:125}}
Jul 29 15:46:05.997540 np0000006095 nova-scheduler[95521]: DEBUG dbcounter [-] [95521] Writing DB stats nova_api:SELECT=3 {{(pid=95521) stat_writer /opt/stack/data/venv/lib/python3.12/site-packages/dbcounter.py:115}}
Jul 29 15:46:06.124552 np0000006095 nova-scheduler[95521]: DEBUG dbcounter [-] [95521] Writing DB stats nova_cell0:SELECT=1 {{(pid=95521) stat_writer /opt/stack/data/venv/lib/python3.12/site-packages/dbcounter.py:115}}
Jul 29 15:46:06.129169 np0000006095 nova-scheduler[95521]: DEBUG dbcounter [-] [95521] Writing DB stats nova_cell1:SELECT=1 {{(pid=95521) stat_writer /opt/stack/data/venv/lib/python3.12/site-packages/dbcounter.py:115}}
Jul 29 15:46:09.431102 np0000006095 nova-scheduler[96723]: DEBUG oslo.service.backend._threading.loopingcall [None req-618c140c-8c66-4923-93a7-8a84e51443ef None None] Dynamic interval looping call 'nova.service.Service.periodic_tasks' sleeping for 60.00 seconds {{(pid=96723) _run_loop /opt/stack/data/venv/lib/python3.12/site-packages/oslo_service/backend/_threading/loopingcall.py:125}}
Jul 29 15:46:11.437343 np0000006095 nova-scheduler[96725]: DEBUG oslo.service.backend._threading.loopingcall [None req-2119e674-c608-451f-ac5c-aaa213b7eb01 None None] Dynamic interval looping call 'nova.service.Service.periodic_tasks' sleeping for 60.00 seconds {{(pid=96725) _run_loop /opt/stack/data/venv/lib/python3.12/site-packages/oslo_service/backend/_threading/loopingcall.py:125}}
Jul 29 15:46:12.438290 np0000006095 nova-scheduler[96723]: DEBUG dbcounter [-] [96723] Writing DB stats nova_cell0:SELECT=4,nova_cell0:INSERT=1,nova_cell0:UPDATE=1 {{(pid=96723) stat_writer /opt/stack/data/venv/lib/python3.12/site-packages/dbcounter.py:115}}
Jul 29 15:46:12.442888 np0000006095 nova-scheduler[96725]: DEBUG dbcounter [-] [96725] Writing DB stats nova_cell0:SELECT=4,nova_cell0:INSERT=1,nova_cell0:UPDATE=1 {{(pid=96725) stat_writer /opt/stack/data/venv/lib/python3.12/site-packages/dbcounter.py:115}}
Jul 29 15:46:12.447446 np0000006095 nova-scheduler[96727]: DEBUG dbcounter [-] [96727] Writing DB stats nova_cell0:SELECT=3,nova_cell0:UPDATE=1 {{(pid=96727) stat_writer /opt/stack/data/venv/lib/python3.12/site-packages/dbcounter.py:115}}
Jul 29 15:46:12.463837 np0000006095 nova-scheduler[96733]: DEBUG dbcounter [-] [96733] Writing DB stats nova_cell0:SELECT=3 {{(pid=96733) stat_writer /opt/stack/data/venv/lib/python3.12/site-packages/dbcounter.py:115}}
Jul 29 15:46:57.436796 np0000006095 nova-scheduler[96727]: DEBUG oslo.service.backend._threading.loopingcall [None req-7d3ab4f1-db50-41cd-8402-c876f68adac5 None None] Dynamic interval looping call 'nova.service.Service.periodic_tasks' sleeping for 60.00 seconds {{(pid=96727) _run_loop /opt/stack/data/venv/lib/python3.12/site-packages/oslo_service/backend/_threading/loopingcall.py:125}}
Jul 29 15:46:58.457034 np0000006095 nova-scheduler[96733]: DEBUG oslo.service.backend._threading.loopingcall [None req-d8396f48-df6a-49ca-8a3f-4765ccef272d None None] Dynamic interval looping call 'nova.service.Service.periodic_tasks' sleeping for 60.00 seconds {{(pid=96733) _run_loop /opt/stack/data/venv/lib/python3.12/site-packages/oslo_service/backend/_threading/loopingcall.py:125}}
Jul 29 15:47:09.431745 np0000006095 nova-scheduler[96723]: DEBUG oslo.service.backend._threading.loopingcall [None req-618c140c-8c66-4923-93a7-8a84e51443ef None None] Dynamic interval looping call 'nova.service.Service.periodic_tasks' sleeping for 60.00 seconds {{(pid=96723) _run_loop /opt/stack/data/venv/lib/python3.12/site-packages/oslo_service/backend/_threading/loopingcall.py:125}}
Jul 29 15:47:11.437777 np0000006095 nova-scheduler[96725]: DEBUG oslo.service.backend._threading.loopingcall [None req-2119e674-c608-451f-ac5c-aaa213b7eb01 None None] Dynamic interval looping call 'nova.service.Service.periodic_tasks' sleeping for 60.00 seconds {{(pid=96725) _run_loop /opt/stack/data/venv/lib/python3.12/site-packages/oslo_service/backend/_threading/loopingcall.py:125}}
Jul 29 15:47:57.437225 np0000006095 nova-scheduler[96727]: DEBUG oslo.service.backend._threading.loopingcall [None req-7d3ab4f1-db50-41cd-8402-c876f68adac5 None None] Dynamic interval looping call 'nova.service.Service.periodic_tasks' sleeping for 60.00 seconds {{(pid=96727) _run_loop /opt/stack/data/venv/lib/python3.12/site-packages/oslo_service/backend/_threading/loopingcall.py:125}}
Jul 29 15:47:58.457462 np0000006095 nova-scheduler[96733]: DEBUG oslo.service.backend._threading.loopingcall [None req-d8396f48-df6a-49ca-8a3f-4765ccef272d None None] Dynamic interval looping call 'nova.service.Service.periodic_tasks' sleeping for 60.00 seconds {{(pid=96733) _run_loop /opt/stack/data/venv/lib/python3.12/site-packages/oslo_service/backend/_threading/loopingcall.py:125}}
Jul 29 15:48:02.447985 np0000006095 nova-scheduler[96725]: DEBUG oslo.service.backend._threading.loopingcall [-] Fixed interval looping call 'nova.servicegroup.drivers.db.DbDriver._report_state' sleeping for 119.99 seconds {{(pid=96725) _run_loop /opt/stack/data/venv/lib/python3.12/site-packages/oslo_service/backend/_threading/loopingcall.py:125}}
Jul 29 15:48:02.448437 np0000006095 nova-scheduler[96727]: DEBUG oslo.service.backend._threading.loopingcall [-] Fixed interval looping call 'nova.servicegroup.drivers.db.DbDriver._report_state' sleeping for 119.99 seconds {{(pid=96727) _run_loop /opt/stack/data/venv/lib/python3.12/site-packages/oslo_service/backend/_threading/loopingcall.py:125}}
Jul 29 15:48:02.448737 np0000006095 nova-scheduler[96723]: DEBUG oslo.service.backend._threading.loopingcall [-] Fixed interval looping call 'nova.servicegroup.drivers.db.DbDriver._report_state' sleeping for 119.99 seconds {{(pid=96723) _run_loop /opt/stack/data/venv/lib/python3.12/site-packages/oslo_service/backend/_threading/loopingcall.py:125}}
Jul 29 15:48:02.460099 np0000006095 nova-scheduler[96733]: DEBUG oslo.service.backend._threading.loopingcall [-] Fixed interval looping call 'nova.servicegroup.drivers.db.DbDriver._report_state' sleeping for 120.00 seconds {{(pid=96733) _run_loop /opt/stack/data/venv/lib/python3.12/site-packages/oslo_service/backend/_threading/loopingcall.py:125}}
Jul 29 15:48:09.432212 np0000006095 nova-scheduler[96723]: DEBUG oslo.service.backend._threading.loopingcall [None req-618c140c-8c66-4923-93a7-8a84e51443ef None None] Dynamic interval looping call 'nova.service.Service.periodic_tasks' sleeping for 60.00 seconds {{(pid=96723) _run_loop /opt/stack/data/venv/lib/python3.12/site-packages/oslo_service/backend/_threading/loopingcall.py:125}}
Jul 29 15:48:11.438212 np0000006095 nova-scheduler[96725]: DEBUG oslo.service.backend._threading.loopingcall [None req-2119e674-c608-451f-ac5c-aaa213b7eb01 None None] Dynamic interval looping call 'nova.service.Service.periodic_tasks' sleeping for 60.00 seconds {{(pid=96725) _run_loop /opt/stack/data/venv/lib/python3.12/site-packages/oslo_service/backend/_threading/loopingcall.py:125}}
Jul 29 15:48:12.439359 np0000006095 nova-scheduler[96723]: DEBUG dbcounter [-] [96723] Writing DB stats nova_cell0:SELECT=1,nova_cell0:UPDATE=1 {{(pid=96723) stat_writer /opt/stack/data/venv/lib/python3.12/site-packages/dbcounter.py:115}}
Jul 29 15:48:12.440016 np0000006095 nova-scheduler[96725]: DEBUG dbcounter [-] [96725] Writing DB stats nova_cell0:SELECT=1,nova_cell0:UPDATE=1 {{(pid=96725) stat_writer /opt/stack/data/venv/lib/python3.12/site-packages/dbcounter.py:115}}
Jul 29 15:48:12.443053 np0000006095 nova-scheduler[96727]: DEBUG dbcounter [-] [96727] Writing DB stats nova_cell0:SELECT=1,nova_cell0:UPDATE=1 {{(pid=96727) stat_writer /opt/stack/data/venv/lib/python3.12/site-packages/dbcounter.py:115}}
Jul 29 15:48:12.458220 np0000006095 nova-scheduler[96733]: DEBUG dbcounter [-] [96733] Writing DB stats nova_cell0:SELECT=1 {{(pid=96733) stat_writer /opt/stack/data/venv/lib/python3.12/site-packages/dbcounter.py:115}}
Jul 29 15:48:33.364620 np0000006095 nova-scheduler[96723]: DEBUG nova.scheduler.manager [None req-ad4e5be3-d4a4-44af-8dd7-d7cf107f28db tempest-AttachSCSIVolumeTestJSON-56725995 tempest-AttachSCSIVolumeTestJSON-56725995-project-member] Starting to schedule for instances: ['42eb6a59-d05d-4a79-b728-ac4a2cbe288e'] {{(pid=96723) select_destinations /opt/stack/nova/nova/scheduler/manager.py:209}}
Jul 29 15:48:33.365232 np0000006095 nova-scheduler[96723]: DEBUG nova.scheduler.request_filter [None req-ad4e5be3-d4a4-44af-8dd7-d7cf107f28db tempest-AttachSCSIVolumeTestJSON-56725995 tempest-AttachSCSIVolumeTestJSON-56725995-project-member] compute_status_filter request filter added forbidden trait COMPUTE_STATUS_DISABLED {{(pid=96723) compute_status_filter /opt/stack/nova/nova/scheduler/request_filter.py:253}}
Jul 29 15:48:33.365516 np0000006095 nova-scheduler[96723]: DEBUG nova.scheduler.request_filter [None req-ad4e5be3-d4a4-44af-8dd7-d7cf107f28db tempest-AttachSCSIVolumeTestJSON-56725995 tempest-AttachSCSIVolumeTestJSON-56725995-project-member] Request filter 'compute_status_filter' took 0.0 seconds {{(pid=96723) wrapper /opt/stack/nova/nova/scheduler/request_filter.py:46}}
Jul 29 15:48:33.365991 np0000006095 nova-scheduler[96723]: DEBUG nova.scheduler.request_filter [None req-ad4e5be3-d4a4-44af-8dd7-d7cf107f28db tempest-AttachSCSIVolumeTestJSON-56725995 tempest-AttachSCSIVolumeTestJSON-56725995-project-member] Request filter 'accelerators_filter' took 0.0 seconds {{(pid=96723) wrapper /opt/stack/nova/nova/scheduler/request_filter.py:46}}
Jul 29 15:48:33.366220 np0000006095 nova-scheduler[96723]: DEBUG nova.scheduler.request_filter [None req-ad4e5be3-d4a4-44af-8dd7-d7cf107f28db tempest-AttachSCSIVolumeTestJSON-56725995 tempest-AttachSCSIVolumeTestJSON-56725995-project-member] Request filter 'packed_virtqueue_filter' took 0.0 seconds {{(pid=96723) wrapper /opt/stack/nova/nova/scheduler/request_filter.py:46}}
Jul 29 15:48:33.366555 np0000006095 nova-scheduler[96723]: DEBUG nova.scheduler.request_filter [None req-ad4e5be3-d4a4-44af-8dd7-d7cf107f28db tempest-AttachSCSIVolumeTestJSON-56725995 tempest-AttachSCSIVolumeTestJSON-56725995-project-member] Request filter 'remote_managed_ports_filter' took 0.0 seconds {{(pid=96723) wrapper /opt/stack/nova/nova/scheduler/request_filter.py:46}}
Jul 29 15:48:33.366734 np0000006095 nova-scheduler[96723]: DEBUG nova.scheduler.request_filter [None req-ad4e5be3-d4a4-44af-8dd7-d7cf107f28db tempest-AttachSCSIVolumeTestJSON-56725995 tempest-AttachSCSIVolumeTestJSON-56725995-project-member] ephemeral_encryption_filter skipped {{(pid=96723) ephemeral_encryption_filter /opt/stack/nova/nova/scheduler/request_filter.py:426}}
Jul 29 15:48:33.366922 np0000006095 nova-scheduler[96723]: DEBUG nova.scheduler.request_filter [None req-ad4e5be3-d4a4-44af-8dd7-d7cf107f28db tempest-AttachSCSIVolumeTestJSON-56725995 tempest-AttachSCSIVolumeTestJSON-56725995-project-member] virtio_sound_filter skipped {{(pid=96723) virtio_sound_filter /opt/stack/nova/nova/scheduler/request_filter.py:460}}
Jul 29 15:48:33.367080 np0000006095 nova-scheduler[96723]: DEBUG nova.scheduler.request_filter [None req-ad4e5be3-d4a4-44af-8dd7-d7cf107f28db tempest-AttachSCSIVolumeTestJSON-56725995 tempest-AttachSCSIVolumeTestJSON-56725995-project-member] tpm_secret_security_filter skipped {{(pid=96723) tpm_secret_security_filter /opt/stack/nova/nova/scheduler/request_filter.py:477}}
Jul 29 15:48:33.735975 np0000006095 nova-scheduler[96723]: INFO nova.utils [None req-ad4e5be3-d4a4-44af-8dd7-d7cf107f28db tempest-AttachSCSIVolumeTestJSON-56725995 tempest-AttachSCSIVolumeTestJSON-56725995-project-member] The cell worker thread pool ForkProcess-1.cell_worker is initialized
Jul 29 15:48:33.736271 np0000006095 nova-scheduler[96723]: DEBUG oslo_concurrency.lockutils [None req-ad4e5be3-d4a4-44af-8dd7-d7cf107f28db tempest-AttachSCSIVolumeTestJSON-56725995 tempest-AttachSCSIVolumeTestJSON-56725995-project-member] Acquiring lock "053dca8d-0038-4047-854c-faf6c7849dd6" by "nova.context.set_target_cell..get_or_set_cached_cell_and_set_connections" {{(pid=96723) inner /opt/stack/data/venv/lib/python3.12/site-packages/oslo_concurrency/lockutils.py:512}}
Jul 29 15:48:33.736451 np0000006095 nova-scheduler[96723]: DEBUG oslo_concurrency.lockutils [None req-ad4e5be3-d4a4-44af-8dd7-d7cf107f28db tempest-AttachSCSIVolumeTestJSON-56725995 tempest-AttachSCSIVolumeTestJSON-56725995-project-member] Lock "053dca8d-0038-4047-854c-faf6c7849dd6" acquired by "nova.context.set_target_cell..get_or_set_cached_cell_and_set_connections" :: waited 0.000s {{(pid=96723) inner /opt/stack/data/venv/lib/python3.12/site-packages/oslo_concurrency/lockutils.py:525}}
Jul 29 15:48:33.737724 np0000006095 nova-scheduler[96723]: DEBUG oslo_concurrency.lockutils [None req-ad4e5be3-d4a4-44af-8dd7-d7cf107f28db tempest-AttachSCSIVolumeTestJSON-56725995 tempest-AttachSCSIVolumeTestJSON-56725995-project-member] Lock "053dca8d-0038-4047-854c-faf6c7849dd6" "released" by "nova.context.set_target_cell..get_or_set_cached_cell_and_set_connections" :: held 0.001s {{(pid=96723) inner /opt/stack/data/venv/lib/python3.12/site-packages/oslo_concurrency/lockutils.py:544}}
Jul 29 15:48:33.740022 np0000006095 nova-scheduler[96723]: INFO dbcounter [None req-ad4e5be3-d4a4-44af-8dd7-d7cf107f28db tempest-AttachSCSIVolumeTestJSON-56725995 tempest-AttachSCSIVolumeTestJSON-56725995-project-member] Registered counter for database nova_cell1
