Aug 24 15:01:39.304014 np0000007976 devstack@neutron-api.service[90869]: DEBUG neutron_lib.callbacks.manager [None req-6d395b6a-e0f9-4b76-8fcb-86f378611c26 None None] Subscribe: > router_interface after_delete 55550000, False {{(pid=90869) subscribe /opt/stack/data/venv/lib/python3.12/site-packages/neutron_lib/callbacks/manager.py:52}}
Aug 24 15:01:39.304183 np0000007976 devstack@neutron-api.service[90867]: DEBUG neutron_lib.callbacks.manager [None req-bba5025e-2943-4f88-9238-0580065818df None None] Subscribe: > address_group after_create 55550000, False {{(pid=90867) subscribe /opt/stack/data/venv/lib/python3.12/site-packages/neutron_lib/callbacks/manager.py:52}}
Aug 24 15:01:39.304372 np0000007976 devstack@neutron-api.service[90869]: DEBUG neutron_lib.callbacks.manager [None req-6d395b6a-e0f9-4b76-8fcb-86f378611c26 None None] Subscribe: > router after_create 55550000, False {{(pid=90869) subscribe /opt/stack/data/venv/lib/python3.12/site-packages/neutron_lib/callbacks/manager.py:52}}
Aug 24 15:01:39.304507 np0000007976 devstack@neutron-api.service[90867]: DEBUG neutron_lib.callbacks.manager [None req-bba5025e-2943-4f88-9238-0580065818df None None] Subscribe: > address_group after_update 55550000, False {{(pid=90867) subscribe /opt/stack/data/venv/lib/python3.12/site-packages/neutron_lib/callbacks/manager.py:52}}
Aug 24 15:01:39.304639 np0000007976 devstack@neutron-api.service[90869]: DEBUG neutron_lib.callbacks.manager [None req-6d395b6a-e0f9-4b76-8fcb-86f378611c26 None None] Subscribe: > router precommit_create 55550000, False {{(pid=90869) subscribe /opt/stack/data/venv/lib/python3.12/site-packages/neutron_lib/callbacks/manager.py:52}}
Aug 24 15:01:39.304943 np0000007976 devstack@neutron-api.service[90867]: DEBUG neutron_lib.callbacks.manager [None req-bba5025e-2943-4f88-9238-0580065818df None None] Subscribe: > address_group after_delete 55550000, False {{(pid=90867) subscribe /opt/stack/data/venv/lib/python3.12/site-packages/neutron_lib/callbacks/manager.py:52}}
Aug 24 15:01:39.305109 np0000007976 devstack@neutron-api.service[90869]: DEBUG neutron_lib.callbacks.manager [None req-6d395b6a-e0f9-4b76-8fcb-86f378611c26 None None] Subscribe: > router after_delete 55550000, False {{(pid=90869) subscribe /opt/stack/data/venv/lib/python3.12/site-packages/neutron_lib/callbacks/manager.py:52}}
Aug 24 15:01:39.305501 np0000007976 devstack@neutron-api.service[90867]: DEBUG neutron.plugins.ml2.ovo_rpc [None req-bba5025e-2943-4f88-9238-0580065818df None None] ML2 OVO RPC backend initialized. {{(pid=90867) __init__ /opt/stack/neutron/neutron/plugins/ml2/ovo_rpc.py:117}}
Aug 24 15:01:39.305725 np0000007976 devstack@neutron-api.service[90869]: DEBUG neutron_lib.callbacks.manager [None req-6d395b6a-e0f9-4b76-8fcb-86f378611c26 None None] Subscribe: > router after_update 55550000, False {{(pid=90869) subscribe /opt/stack/data/venv/lib/python3.12/site-packages/neutron_lib/callbacks/manager.py:52}}
Aug 24 15:01:39.305725 np0000007976 devstack@neutron-api.service[90869]: DEBUG neutron.services.service_base [None req-6d395b6a-e0f9-4b76-8fcb-86f378611c26 None None] Loaded 'neutron.services.ovn_l3.service_providers.ovn.OvnDriver' provider for service L3_ROUTER_NAT {{(pid=90869) load_drivers /opt/stack/neutron/neutron/services/service_base.py:49}}
Aug 24 15:01:39.305725 np0000007976 devstack@neutron-api.service[90869]: DEBUG neutron_lib.callbacks.manager [None req-6d395b6a-e0f9-4b76-8fcb-86f378611c26 None None] Subscribe: > process after_init 55550001, True {{(pid=90869) subscribe /opt/stack/data/venv/lib/python3.12/site-packages/neutron_lib/callbacks/manager.py:52}}
Aug 24 15:01:39.305725 np0000007976 devstack@neutron-api.service[90869]: DEBUG neutron.manager [None req-6d395b6a-e0f9-4b76-8fcb-86f378611c26 None None] Successfully loaded L3_ROUTER_NAT plugin. Description: L3 Router Service Plugin for basic L3 forwarding using OVN {{(pid=90869) _create_and_add_service_plugin /opt/stack/neutron/neutron/manager.py:236}}
Aug 24 15:01:39.305725 np0000007976 devstack@neutron-api.service[90869]: INFO neutron.manager [None req-6d395b6a-e0f9-4b76-8fcb-86f378611c26 None None] Loading Plugin: auto_allocate
Aug 24 15:01:39.306044 np0000007976 devstack@neutron-api.service[90867]: INFO neutron.quota [None req-bba5025e-2943-4f88-9238-0580065818df None None] Loaded quota_driver: .
Aug 24 15:01:39.306044 np0000007976 devstack@neutron-api.service[90867]: INFO neutron.plugins.ml2.plugin [None req-bba5025e-2943-4f88-9238-0580065818df None None] Modular L2 Plugin initialization complete
Aug 24 15:01:39.306044 np0000007976 devstack@neutron-api.service[90867]: DEBUG neutron.manager [None req-bba5025e-2943-4f88-9238-0580065818df None None] Loading services supported by the core plugin {{(pid=90867) _load_services_from_core_plugin /opt/stack/neutron/neutron/manager.py:167}}
Aug 24 15:01:39.306044 np0000007976 devstack@neutron-api.service[90867]: INFO neutron.plugins.ml2.managers [None req-bba5025e-2943-4f88-9238-0580065818df None None] Got port-security extension from driver 'port_security'
Aug 24 15:01:39.306044 np0000007976 devstack@neutron-api.service[90867]: DEBUG neutron.manager [None req-bba5025e-2943-4f88-9238-0580065818df None None] Loading service plugins: ['ovn-router', 'auto_allocate', 'tag', 'timestamp', 'network_ip_availability', 'flavors', 'revisions'] {{(pid=90867) _load_service_plugins /opt/stack/neutron/neutron/manager.py:192}}
Aug 24 15:01:39.306044 np0000007976 devstack@neutron-api.service[90867]: INFO neutron.manager [None req-bba5025e-2943-4f88-9238-0580065818df None None] Loading Plugin: ovn-router
Aug 24 15:01:39.306708 np0000007976 devstack@neutron-api.service[90869]: DEBUG neutron_lib.callbacks.manager [None req-6d395b6a-e0f9-4b76-8fcb-86f378611c26 None None] Subscribe: network precommit_update 55550000, False {{(pid=90869) subscribe /opt/stack/data/venv/lib/python3.12/site-packages/neutron_lib/callbacks/manager.py:52}}
Aug 24 15:01:39.306708 np0000007976 devstack@neutron-api.service[90869]: DEBUG neutron_lib.callbacks.manager [None req-6d395b6a-e0f9-4b76-8fcb-86f378611c26 None None] Subscribe: network precommit_create 55550000, False {{(pid=90869) subscribe /opt/stack/data/venv/lib/python3.12/site-packages/neutron_lib/callbacks/manager.py:52}}
Aug 24 15:01:39.306708 np0000007976 devstack@neutron-api.service[90869]: DEBUG neutron.manager [None req-6d395b6a-e0f9-4b76-8fcb-86f378611c26 None None] Successfully loaded auto-allocated-topology plugin. Description: Auto Allocated Topology - aka get me a network. {{(pid=90869) _create_and_add_service_plugin /opt/stack/neutron/neutron/manager.py:236}}
Aug 24 15:01:39.306708 np0000007976 devstack@neutron-api.service[90869]: INFO neutron.manager [None req-6d395b6a-e0f9-4b76-8fcb-86f378611c26 None None] Loading Plugin: tag
Aug 24 15:01:39.308778 np0000007976 devstack@neutron-api.service[90869]: DEBUG neutron.manager [None req-6d395b6a-e0f9-4b76-8fcb-86f378611c26 None None] Successfully loaded TAG plugin. Description: Tag support {{(pid=90869) _create_and_add_service_plugin /opt/stack/neutron/neutron/manager.py:236}}
Aug 24 15:01:39.309216 np0000007976 devstack@neutron-api.service[90869]: INFO neutron.manager [None req-6d395b6a-e0f9-4b76-8fcb-86f378611c26 None None] Loading Plugin: timestamp
Aug 24 15:01:39.311382 np0000007976 devstack@neutron-api.service[90869]: DEBUG neutron.manager [None req-6d395b6a-e0f9-4b76-8fcb-86f378611c26 None None] Successfully loaded timestamp plugin. Description: Adds timestamps to Neutron resources with standard attributes {{(pid=90869) _create_and_add_service_plugin /opt/stack/neutron/neutron/manager.py:236}}
Aug 24 15:01:39.311382 np0000007976 devstack@neutron-api.service[90869]: INFO neutron.manager [None req-6d395b6a-e0f9-4b76-8fcb-86f378611c26 None None] Loading Plugin: network_ip_availability
Aug 24 15:01:39.313232 np0000007976 devstack@neutron-api.service[90869]: DEBUG neutron.manager [None req-6d395b6a-e0f9-4b76-8fcb-86f378611c26 None None] Successfully loaded network-ip-availability plugin. Description: Provides IP availability data for each network and subnet. {{(pid=90869) _create_and_add_service_plugin /opt/stack/neutron/neutron/manager.py:236}}
Aug 24 15:01:39.313232 np0000007976 devstack@neutron-api.service[90869]: INFO neutron.manager [None req-6d395b6a-e0f9-4b76-8fcb-86f378611c26 None None] Loading Plugin: flavors
Aug 24 15:01:39.314197 np0000007976 devstack@neutron-api.service[90869]: DEBUG neutron.manager [None req-6d395b6a-e0f9-4b76-8fcb-86f378611c26 None None] Successfully loaded FLAVORS plugin. Description: Neutron Flavors and Service Profiles manager plugin {{(pid=90869) _create_and_add_service_plugin /opt/stack/neutron/neutron/manager.py:236}}
Aug 24 15:01:39.314197 np0000007976 devstack@neutron-api.service[90869]: INFO neutron.manager [None req-6d395b6a-e0f9-4b76-8fcb-86f378611c26 None None] Loading Plugin: revisions
Aug 24 15:01:39.315551 np0000007976 devstack@neutron-api.service[90869]: DEBUG neutron.manager [None req-6d395b6a-e0f9-4b76-8fcb-86f378611c26 None None] Successfully loaded revision_plugin plugin. Description: Adds revision numbers to resources. {{(pid=90869) _create_and_add_service_plugin /opt/stack/neutron/neutron/manager.py:236}}
Aug 24 15:01:39.315551 np0000007976 devstack@neutron-api.service[90869]: DEBUG oslo_concurrency.lockutils [None req-6d395b6a-e0f9-4b76-8fcb-86f378611c26 None None] Lock "manager" "released" by "neutron.manager.NeutronManager._create_instance" :: held 4.386s {{(pid=90869) inner /opt/stack/data/venv/lib/python3.12/site-packages/oslo_concurrency/lockutils.py:544}}
Aug 24 15:01:39.316129 np0000007976 devstack@neutron-api.service[90869]: DEBUG neutron.api.extensions [None req-6d395b6a-e0f9-4b76-8fcb-86f378611c26 None None] get_extension_paths = OrderedDict({'/opt/stack/neutron/neutron/extensions': 1}) {{(pid=90869) get_extensions_path /opt/stack/neutron/neutron/api/extensions.py:640}}
Aug 24 15:01:39.316129 np0000007976 devstack@neutron-api.service[90869]: INFO neutron.api.extensions [None req-6d395b6a-e0f9-4b76-8fcb-86f378611c26 None None] Initializing extension manager.
Aug 24 15:01:39.316653 np0000007976 devstack@neutron-api.service[90869]: DEBUG neutron.api.extensions [None req-6d395b6a-e0f9-4b76-8fcb-86f378611c26 None None] Loading extension file: __init__.py {{(pid=90869) _load_all_extensions_from_path /opt/stack/neutron/neutron/api/extensions.py:449}}
Aug 24 15:01:39.316653 np0000007976 devstack@neutron-api.service[90869]: DEBUG neutron.api.extensions [None req-6d395b6a-e0f9-4b76-8fcb-86f378611c26 None None] Loading extension file: __pycache__ {{(pid=90869) _load_all_extensions_from_path /opt/stack/neutron/neutron/api/extensions.py:449}}
Aug 24 15:01:39.316653 np0000007976 devstack@neutron-api.service[90869]: DEBUG neutron.api.extensions [None req-6d395b6a-e0f9-4b76-8fcb-86f378611c26 None None] Loading extension file: aap_reject_multicast.py {{(pid=90869) _load_all_extensions_from_path /opt/stack/neutron/neutron/api/extensions.py:449}}
Aug 24 15:01:39.317453 np0000007976 devstack@neutron-api.service[90869]: DEBUG neutron.api.extensions [None req-6d395b6a-e0f9-4b76-8fcb-86f378611c26 None None] Ext name="Allowed address pairs reject multicast extension" alias="aap-reject-multicast" description="Reject multicast addresses in Allowed Address Pairs" updated="2026-04-01T00:00:00-00:00" {{(pid=90869) _check_extension /opt/stack/neutron/neutron/api/extensions.py:415}}
Aug 24 15:01:39.317453 np0000007976 devstack@neutron-api.service[90869]: INFO neutron.api.extensions [None req-6d395b6a-e0f9-4b76-8fcb-86f378611c26 None None] Extension aap-reject-multicast not supported by any of loaded plugins
Aug 24 15:01:39.317453 np0000007976 devstack@neutron-api.service[90869]: DEBUG neutron.api.extensions [None req-6d395b6a-e0f9-4b76-8fcb-86f378611c26 None None] Loading extension file: address_group.py {{(pid=90869) _load_all_extensions_from_path /opt/stack/neutron/neutron/api/extensions.py:449}}
Aug 24 15:01:39.318061 np0000007976 devstack@neutron-api.service[90867]: DEBUG neutron_lib.callbacks.manager [None req-bba5025e-2943-4f88-9238-0580065818df None None] Subscribe: > router before_delete 55550000, False {{(pid=90867) subscribe /opt/stack/data/venv/lib/python3.12/site-packages/neutron_lib/callbacks/manager.py:52}}
Aug 24 15:01:39.318061 np0000007976 devstack@neutron-api.service[90867]: DEBUG neutron_lib.callbacks.manager [None req-bba5025e-2943-4f88-9238-0580065818df None None] Subscribe: port before_update 55550000, False {{(pid=90867) subscribe /opt/stack/data/venv/lib/python3.12/site-packages/neutron_lib/callbacks/manager.py:52}}
Aug 24 15:01:39.318061 np0000007976 devstack@neutron-api.service[90867]: DEBUG neutron_lib.callbacks.manager [None req-bba5025e-2943-4f88-9238-0580065818df None None] Subscribe: port after_update 55550000, False {{(pid=90867) subscribe /opt/stack/data/venv/lib/python3.12/site-packages/neutron_lib/callbacks/manager.py:52}}
Aug 24 15:01:39.318737 np0000007976 devstack@neutron-api.service[90869]: DEBUG neutron.api.extensions [None req-6d395b6a-e0f9-4b76-8fcb-86f378611c26 None None] Ext name="Address group" alias="address-group" description="Support address group" updated="2020-07-15T10:00:00-00:00" {{(pid=90869) _check_extension /opt/stack/neutron/neutron/api/extensions.py:415}}
Aug 24 15:01:39.319516 np0000007976 devstack@neutron-api.service[90867]: DEBUG neutron_lib.callbacks.manager [None req-bba5025e-2943-4f88-9238-0580065818df None None] Subscribe: > port precommit_delete 55550000, False {{(pid=90867) subscribe /opt/stack/data/venv/lib/python3.12/site-packages/neutron_lib/callbacks/manager.py:52}}
Aug 24 15:01:39.319516 np0000007976 devstack@neutron-api.service[90867]: DEBUG neutron_lib.callbacks.manager [None req-bba5025e-2943-4f88-9238-0580065818df None None] Subscribe: port before_update 55550000, False {{(pid=90867) subscribe /opt/stack/data/venv/lib/python3.12/site-packages/neutron_lib/callbacks/manager.py:52}}
Aug 24 15:01:39.320618 np0000007976 devstack@neutron-api.service[90869]: INFO neutron.api.extensions [None req-6d395b6a-e0f9-4b76-8fcb-86f378611c26 None None] Loaded extension: address-group
Aug 24 15:01:39.321254 np0000007976 devstack@neutron-api.service[90867]: DEBUG neutron_lib.callbacks.manager [None req-bba5025e-2943-4f88-9238-0580065818df None None] Subscribe: port before_delete 55550000, False {{(pid=90867) subscribe /opt/stack/data/venv/lib/python3.12/site-packages/neutron_lib/callbacks/manager.py:52}}
Aug 24 15:01:39.321746 np0000007976 devstack@neutron-api.service[90869]: DEBUG neutron.api.extensions [None req-6d395b6a-e0f9-4b76-8fcb-86f378611c26 None None] Loading extension file: address_scope.py {{(pid=90869) _load_all_extensions_from_path /opt/stack/neutron/neutron/api/extensions.py:449}}
Aug 24 15:01:39.322280 np0000007976 devstack@neutron-api.service[90867]: DEBUG neutron_lib.callbacks.manager [None req-bba5025e-2943-4f88-9238-0580065818df None None] Subscribe: > router precommit_create 55550000, False {{(pid=90867) subscribe /opt/stack/data/venv/lib/python3.12/site-packages/neutron_lib/callbacks/manager.py:52}}
Aug 24 15:01:39.322280 np0000007976 devstack@neutron-api.service[90867]: DEBUG neutron_lib.callbacks.manager [None req-bba5025e-2943-4f88-9238-0580065818df None None] Subscribe: > router precommit_create 55550000, False {{(pid=90867) subscribe /opt/stack/data/venv/lib/python3.12/site-packages/neutron_lib/callbacks/manager.py:52}}
Aug 24 15:01:39.322280 np0000007976 devstack@neutron-api.service[90867]: DEBUG neutron_lib.callbacks.manager [None req-bba5025e-2943-4f88-9238-0580065818df None None] Subscribe: > router precommit_update 55550000, False {{(pid=90867) subscribe /opt/stack/data/venv/lib/python3.12/site-packages/neutron_lib/callbacks/manager.py:52}}
Aug 24 15:01:39.322280 np0000007976 devstack@neutron-api.service[90867]: DEBUG neutron_lib.callbacks.manager [None req-bba5025e-2943-4f88-9238-0580065818df None None] Subscribe: subnet after_update 55550000, False {{(pid=90867) subscribe /opt/stack/data/venv/lib/python3.12/site-packages/neutron_lib/callbacks/manager.py:52}}
Aug 24 15:01:39.323032 np0000007976 devstack@neutron-api.service[90869]: DEBUG neutron.api.extensions [None req-6d395b6a-e0f9-4b76-8fcb-86f378611c26 None None] Ext name="Address scope" alias="address-scope" description="Address scopes extension." updated="2015-07-26T10:00:00-00:00" {{(pid=90869) _check_extension /opt/stack/neutron/neutron/api/extensions.py:415}}
Aug 24 15:01:39.323032 np0000007976 devstack@neutron-api.service[90869]: INFO neutron.api.extensions [None req-6d395b6a-e0f9-4b76-8fcb-86f378611c26 None None] Loaded extension: address-scope
Aug 24 15:01:39.323443 np0000007976 devstack@neutron-api.service[90867]: DEBUG neutron.quota.resource_registry [None req-bba5025e-2943-4f88-9238-0580065818df None None] Tracking information for resource: router configured {{(pid=90867) set_tracked_resource /opt/stack/neutron/neutron/quota/resource_registry.py:203}}
Aug 24 15:01:39.323698 np0000007976 devstack@neutron-api.service[90869]: DEBUG neutron.api.extensions [None req-6d395b6a-e0f9-4b76-8fcb-86f378611c26 None None] Loading extension file: admin_state_down_before_update.py {{(pid=90869) _load_all_extensions_from_path /opt/stack/neutron/neutron/api/extensions.py:449}}
Aug 24 15:01:39.324038 np0000007976 devstack@neutron-api.service[90867]: DEBUG neutron.quota.resource_registry [None req-bba5025e-2943-4f88-9238-0580065818df None None] Tracking information for resource: floatingip configured {{(pid=90867) set_tracked_resource /opt/stack/neutron/neutron/quota/resource_registry.py:203}}
Aug 24 15:01:39.324038 np0000007976 devstack@neutron-api.service[90867]: INFO neutron.services.ovn_l3.plugin [None req-bba5025e-2943-4f88-9238-0580065818df None None] Starting OVNL3RouterPlugin
Aug 24 15:01:39.324510 np0000007976 devstack@neutron-api.service[90869]: DEBUG neutron.api.extensions [None req-6d395b6a-e0f9-4b76-8fcb-86f378611c26 None None] Ext name="Enforce Router's Admin State Down Before Update Extension" alias="router-admin-state-down-before-update" description="Ensure that the admin state of a router is DOWN (admin_state_up=False) before updating the distributed attribute" updated="2019-07-02T15:56:00" {{(pid=90869) _check_extension /opt/stack/neutron/neutron/api/extensions.py:415}}
Aug 24 15:01:39.324510 np0000007976 devstack@neutron-api.service[90869]: INFO neutron.api.extensions [None req-6d395b6a-e0f9-4b76-8fcb-86f378611c26 None None] Extension router-admin-state-down-before-update not supported by any of loaded plugins
Aug 24 15:01:39.325154 np0000007976 devstack@neutron-api.service[90867]: DEBUG neutron_lib.callbacks.manager [None req-bba5025e-2943-4f88-9238-0580065818df None None] Subscribe: > port_forwarding_plugin after_init 55550000, False {{(pid=90867) subscribe /opt/stack/data/venv/lib/python3.12/site-packages/neutron_lib/callbacks/manager.py:52}}
Aug 24 15:01:39.325773 np0000007976 devstack@neutron-api.service[90869]: DEBUG neutron.api.extensions [None req-6d395b6a-e0f9-4b76-8fcb-86f378611c26 None None] Loading extension file: agent.py {{(pid=90869) _load_all_extensions_from_path /opt/stack/neutron/neutron/api/extensions.py:449}}
Aug 24 15:01:39.326457 np0000007976 devstack@neutron-api.service[90867]: DEBUG neutron_lib.callbacks.manager [None req-bba5025e-2943-4f88-9238-0580065818df None None] Subscribe: > router before_create 55550100, False {{(pid=90867) subscribe /opt/stack/data/venv/lib/python3.12/site-packages/neutron_lib/callbacks/manager.py:52}}
Aug 24 15:01:39.326457 np0000007976 devstack@neutron-api.service[90867]: DEBUG neutron_lib.callbacks.manager [None req-bba5025e-2943-4f88-9238-0580065818df None None] Subscribe: > router precommit_delete 55550100, False {{(pid=90867) subscribe /opt/stack/data/venv/lib/python3.12/site-packages/neutron_lib/callbacks/manager.py:52}}
Aug 24 15:01:39.326915 np0000007976 devstack@neutron-api.service[90869]: DEBUG neutron.api.extensions [None req-6d395b6a-e0f9-4b76-8fcb-86f378611c26 None None] Ext name="agent" alias="agent" description="The agent management extension." updated="2013-02-03T10:00:00-00:00" {{(pid=90869) _check_extension /opt/stack/neutron/neutron/api/extensions.py:415}}
Aug 24 15:01:39.327323 np0000007976 devstack@neutron-api.service[90867]: DEBUG neutron_lib.callbacks.manager [None req-bba5025e-2943-4f88-9238-0580065818df None None] Subscribe: > router precommit_create 55550100, False {{(pid=90867) subscribe /opt/stack/data/venv/lib/python3.12/site-packages/neutron_lib/callbacks/manager.py:52}}
Aug 24 15:01:39.327632 np0000007976 devstack@neutron-api.service[90869]: INFO neutron.api.extensions [None req-6d395b6a-e0f9-4b76-8fcb-86f378611c26 None None] Loaded extension: agent
Aug 24 15:01:39.327828 np0000007976 devstack@neutron-api.service[90867]: DEBUG neutron_lib.callbacks.manager [None req-bba5025e-2943-4f88-9238-0580065818df None None] Subscribe: > router precommit_update 55550100, False {{(pid=90867) subscribe /opt/stack/data/venv/lib/python3.12/site-packages/neutron_lib/callbacks/manager.py:52}}
Aug 24 15:01:39.328042 np0000007976 devstack@neutron-api.service[90869]: DEBUG neutron.api.extensions [None req-6d395b6a-e0f9-4b76-8fcb-86f378611c26 None None] Loading extension file: agent_resources_synced.py {{(pid=90869) _load_all_extensions_from_path /opt/stack/neutron/neutron/api/extensions.py:449}}
Aug 24 15:01:39.328042 np0000007976 devstack@neutron-api.service[90869]: DEBUG neutron.api.extensions [None req-6d395b6a-e0f9-4b76-8fcb-86f378611c26 None None] Ext name="Agent's Resource View Synced to Placement" alias="agent-resources-synced" description="Stores success/failure of last sync to Placement" updated="2018-12-19T00:00:00-00:00" {{(pid=90869) _check_extension /opt/stack/neutron/neutron/api/extensions.py:415}}
Aug 24 15:01:39.328042 np0000007976 devstack@neutron-api.service[90869]: INFO neutron.api.extensions [None req-6d395b6a-e0f9-4b76-8fcb-86f378611c26 None None] Extension agent-resources-synced not supported by any of loaded plugins
Aug 24 15:01:39.328042 np0000007976 devstack@neutron-api.service[90869]: DEBUG neutron.api.extensions [None req-6d395b6a-e0f9-4b76-8fcb-86f378611c26 None None] Loading extension file: agent_sort_key.py {{(pid=90869) _load_all_extensions_from_path /opt/stack/neutron/neutron/api/extensions.py:449}}
Aug 24 15:01:39.328042 np0000007976 devstack@neutron-api.service[90869]: DEBUG neutron.api.extensions [None req-6d395b6a-e0f9-4b76-8fcb-86f378611c26 None None] Ext name="Agents Sort Key" alias="agent_sort_key" description="Enabling the keyword sort_key for sorting in agents." updated="2013-02-03T10:00:00-00:00" {{(pid=90869) _check_extension /opt/stack/neutron/neutron/api/extensions.py:415}}
Aug 24 15:01:39.328042 np0000007976 devstack@neutron-api.service[90869]: INFO neutron.api.extensions [None req-6d395b6a-e0f9-4b76-8fcb-86f378611c26 None None] Extension agent_sort_key not supported by any of loaded plugins
Aug 24 15:01:39.328042 np0000007976 devstack@neutron-api.service[90869]: DEBUG neutron.api.extensions [None req-6d395b6a-e0f9-4b76-8fcb-86f378611c26 None None] Loading extension file: allowedaddresspairs.py {{(pid=90869) _load_all_extensions_from_path /opt/stack/neutron/neutron/api/extensions.py:449}}
Aug 24 15:01:39.328319 np0000007976 devstack@neutron-api.service[90869]: DEBUG neutron.api.extensions [None req-6d395b6a-e0f9-4b76-8fcb-86f378611c26 None None] Ext name="Allowed Address Pairs" alias="allowed-address-pairs" description="Provides allowed address pairs" updated="2013-07-23T10:00:00-00:00" {{(pid=90869) _check_extension /opt/stack/neutron/neutron/api/extensions.py:415}}
Aug 24 15:01:39.328319 np0000007976 devstack@neutron-api.service[90869]: INFO neutron.api.extensions [None req-6d395b6a-e0f9-4b76-8fcb-86f378611c26 None None] Loaded extension: allowed-address-pairs
Aug 24 15:01:39.328319 np0000007976 devstack@neutron-api.service[90869]: DEBUG neutron.api.extensions [None req-6d395b6a-e0f9-4b76-8fcb-86f378611c26 None None] Loading extension file: auto_allocated_topology.py {{(pid=90869) _load_all_extensions_from_path /opt/stack/neutron/neutron/api/extensions.py:449}}
Aug 24 15:01:39.328319 np0000007976 devstack@neutron-api.service[90869]: DEBUG neutron.api.extensions [None req-6d395b6a-e0f9-4b76-8fcb-86f378611c26 None None] Ext name="Auto Allocated Topology Services" alias="auto-allocated-topology" description="Auto Allocated Topology Services." updated="2016-01-01T00:00:00-00:00" {{(pid=90869) _check_extension /opt/stack/neutron/neutron/api/extensions.py:415}}
Aug 24 15:01:39.328319 np0000007976 devstack@neutron-api.service[90869]: INFO neutron.api.extensions [None req-6d395b6a-e0f9-4b76-8fcb-86f378611c26 None None] Loaded extension: auto-allocated-topology
Aug 24 15:01:39.328319 np0000007976 devstack@neutron-api.service[90869]: DEBUG neutron.api.extensions [None req-6d395b6a-e0f9-4b76-8fcb-86f378611c26 None None] Loading extension file: availability_zone.py {{(pid=90869) _load_all_extensions_from_path /opt/stack/neutron/neutron/api/extensions.py:449}}
Aug 24 15:01:39.328319 np0000007976 devstack@neutron-api.service[90869]: DEBUG neutron.api.extensions [None req-6d395b6a-e0f9-4b76-8fcb-86f378611c26 None None] Ext name="Availability Zone" alias="availability_zone" description="The availability zone extension." updated="2015-01-01T10:00:00-00:00" {{(pid=90869) _check_extension /opt/stack/neutron/neutron/api/extensions.py:415}}
Aug 24 15:01:39.328610 np0000007976 devstack@neutron-api.service[90869]: INFO neutron.api.extensions [None req-6d395b6a-e0f9-4b76-8fcb-86f378611c26 None None] Loaded extension: availability_zone
Aug 24 15:01:39.328610 np0000007976 devstack@neutron-api.service[90869]: DEBUG neutron.api.extensions [None req-6d395b6a-e0f9-4b76-8fcb-86f378611c26 None None] Loading extension file: availability_zone_filter.py {{(pid=90869) _load_all_extensions_from_path /opt/stack/neutron/neutron/api/extensions.py:449}}
Aug 24 15:01:39.328816 np0000007976 devstack@neutron-api.service[90867]: DEBUG neutron.services.provider_configuration [None req-bba5025e-2943-4f88-9238-0580065818df None None] Service providers = [] {{(pid=90867) parse_service_provider_opt /opt/stack/neutron/neutron/services/provider_configuration.py:170}}
Aug 24 15:01:39.328816 np0000007976 devstack@neutron-api.service[90867]: DEBUG neutron.db.servicetype_db [None req-bba5025e-2943-4f88-9238-0580065818df None None] Adding provider configuration for service L3_ROUTER_NAT {{(pid=90867) add_provider_configuration /opt/stack/neutron/neutron/db/servicetype_db.py:45}}
Aug 24 15:01:39.329015 np0000007976 devstack@neutron-api.service[90869]: DEBUG neutron.api.extensions [None req-6d395b6a-e0f9-4b76-8fcb-86f378611c26 None None] Ext name="Availability Zone Filter Extension" alias="availability_zone_filter" description="Add filter parameters to AvailabilityZone resource" updated="2018-06-22T10:00:00-00:00" {{(pid=90869) _check_extension /opt/stack/neutron/neutron/api/extensions.py:415}}
Aug 24 15:01:39.329015 np0000007976 devstack@neutron-api.service[90869]: INFO neutron.api.extensions [None req-6d395b6a-e0f9-4b76-8fcb-86f378611c26 None None] Extension availability_zone_filter not supported by any of loaded plugins
Aug 24 15:01:39.329015 np0000007976 devstack@neutron-api.service[90869]: DEBUG neutron.api.extensions [None req-6d395b6a-e0f9-4b76-8fcb-86f378611c26 None None] Loading extension file: data_plane_status.py {{(pid=90869) _load_all_extensions_from_path /opt/stack/neutron/neutron/api/extensions.py:449}}
Aug 24 15:01:39.329015 np0000007976 devstack@neutron-api.service[90869]: DEBUG neutron.api.extensions [None req-6d395b6a-e0f9-4b76-8fcb-86f378611c26 None None] Ext name="Port data plane status extension" alias="data-plane-status" description="Expose status of underlying data plane" updated="2017-01-24T10:00:00-00:00" {{(pid=90869) _check_extension /opt/stack/neutron/neutron/api/extensions.py:415}}
Aug 24 15:01:39.329015 np0000007976 devstack@neutron-api.service[90869]: INFO neutron.api.extensions [None req-6d395b6a-e0f9-4b76-8fcb-86f378611c26 None None] Extension data-plane-status not supported by any of loaded plugins
Aug 24 15:01:39.329015 np0000007976 devstack@neutron-api.service[90869]: DEBUG neutron.api.extensions [None req-6d395b6a-e0f9-4b76-8fcb-86f378611c26 None None] Loading extension file: default_subnetpools.py {{(pid=90869) _load_all_extensions_from_path /opt/stack/neutron/neutron/api/extensions.py:449}}
Aug 24 15:01:39.329270 np0000007976 devstack@neutron-api.service[90869]: DEBUG neutron.api.extensions [None req-6d395b6a-e0f9-4b76-8fcb-86f378611c26 None None] Ext name="Default Subnetpools" alias="default-subnetpools" description="Provides ability to mark and use a subnetpool as the default." updated="2016-02-18T18:00:00-00:00" {{(pid=90869) _check_extension /opt/stack/neutron/neutron/api/extensions.py:415}}
Aug 24 15:01:39.329270 np0000007976 devstack@neutron-api.service[90869]: INFO neutron.api.extensions [None req-6d395b6a-e0f9-4b76-8fcb-86f378611c26 None None] Loaded extension: default-subnetpools
Aug 24 15:01:39.329270 np0000007976 devstack@neutron-api.service[90869]: DEBUG neutron.api.extensions [None req-6d395b6a-e0f9-4b76-8fcb-86f378611c26 None None] Loading extension file: dhcpagentscheduler.py {{(pid=90869) _load_all_extensions_from_path /opt/stack/neutron/neutron/api/extensions.py:449}}
Aug 24 15:01:39.329507 np0000007976 devstack@neutron-api.service[90867]: DEBUG neutron_lib.callbacks.manager [None req-bba5025e-2943-4f88-9238-0580065818df None None] Subscribe: > router precommit_create 55549900, False {{(pid=90867) subscribe /opt/stack/data/venv/lib/python3.12/site-packages/neutron_lib/callbacks/manager.py:52}}
Aug 24 15:01:39.329620 np0000007976 devstack@neutron-api.service[90869]: DEBUG neutron.api.extensions [None req-6d395b6a-e0f9-4b76-8fcb-86f378611c26 None None] Ext name="DHCP Agent Scheduler" alias="dhcp_agent_scheduler" description="Schedule networks among dhcp agents" updated="2013-02-07T10:00:00-00:00" {{(pid=90869) _check_extension /opt/stack/neutron/neutron/api/extensions.py:415}}
Aug 24 15:01:39.329728 np0000007976 devstack@neutron-api.service[90867]: DEBUG neutron_lib.callbacks.manager [None req-bba5025e-2943-4f88-9238-0580065818df None None] Subscribe: > router_interface after_create 55550000, False {{(pid=90867) subscribe /opt/stack/data/venv/lib/python3.12/site-packages/neutron_lib/callbacks/manager.py:52}}
Aug 24 15:01:39.329876 np0000007976 devstack@neutron-api.service[90869]: INFO neutron.api.extensions [None req-6d395b6a-e0f9-4b76-8fcb-86f378611c26 None None] Loaded extension: dhcp_agent_scheduler
Aug 24 15:01:39.330070 np0000007976 devstack@neutron-api.service[90867]: DEBUG neutron_lib.callbacks.manager [None req-bba5025e-2943-4f88-9238-0580065818df None None] Subscribe: > floatingip after_create 55550000, False {{(pid=90867) subscribe /opt/stack/data/venv/lib/python3.12/site-packages/neutron_lib/callbacks/manager.py:52}}
Aug 24 15:01:39.330227 np0000007976 devstack@neutron-api.service[90869]: DEBUG neutron.api.extensions [None req-6d395b6a-e0f9-4b76-8fcb-86f378611c26 None None] Loading extension file: dns.py {{(pid=90869) _load_all_extensions_from_path /opt/stack/neutron/neutron/api/extensions.py:449}}
Aug 24 15:01:39.330611 np0000007976 devstack@neutron-api.service[90867]: DEBUG neutron_lib.callbacks.manager [None req-bba5025e-2943-4f88-9238-0580065818df None None] Subscribe: > floatingip precommit_create 55550000, False {{(pid=90867) subscribe /opt/stack/data/venv/lib/python3.12/site-packages/neutron_lib/callbacks/manager.py:52}}
Aug 24 15:01:39.330611 np0000007976 devstack@neutron-api.service[90867]: DEBUG neutron_lib.callbacks.manager [None req-bba5025e-2943-4f88-9238-0580065818df None None] Subscribe: > floatingip precommit_update 55550000, False {{(pid=90867) subscribe /opt/stack/data/venv/lib/python3.12/site-packages/neutron_lib/callbacks/manager.py:52}}
Aug 24 15:01:39.331130 np0000007976 devstack@neutron-api.service[90869]: DEBUG neutron.api.extensions [None req-6d395b6a-e0f9-4b76-8fcb-86f378611c26 None None] Ext name="DNS Integration" alias="dns-integration" description="Provides integration with DNS." updated="2015-08-15T18:00:00-00:00" {{(pid=90869) _check_extension /opt/stack/neutron/neutron/api/extensions.py:415}}
Aug 24 15:01:39.331596 np0000007976 devstack@neutron-api.service[90867]: DEBUG neutron_lib.callbacks.manager [None req-bba5025e-2943-4f88-9238-0580065818df None None] Subscribe: > floatingip after_delete 55550000, False {{(pid=90867) subscribe /opt/stack/data/venv/lib/python3.12/site-packages/neutron_lib/callbacks/manager.py:52}}
Aug 24 15:01:39.332087 np0000007976 devstack@neutron-api.service[90869]: INFO neutron.api.extensions [None req-6d395b6a-e0f9-4b76-8fcb-86f378611c26 None None] Loaded extension: dns-integration
Aug 24 15:01:39.332546 np0000007976 devstack@neutron-api.service[90867]: DEBUG neutron_lib.callbacks.manager [None req-bba5025e-2943-4f88-9238-0580065818df None None] Subscribe: > floatingip after_status_update 55550000, False {{(pid=90867) subscribe /opt/stack/data/venv/lib/python3.12/site-packages/neutron_lib/callbacks/manager.py:52}}
Aug 24 15:01:39.333101 np0000007976 devstack@neutron-api.service[90869]: DEBUG neutron.api.extensions [None req-6d395b6a-e0f9-4b76-8fcb-86f378611c26 None None] Loading extension file: dns_domain_ports.py {{(pid=90869) _load_all_extensions_from_path /opt/stack/neutron/neutron/api/extensions.py:449}}
Aug 24 15:01:39.333571 np0000007976 devstack@neutron-api.service[90867]: DEBUG neutron_lib.callbacks.manager [None req-bba5025e-2943-4f88-9238-0580065818df None None] Subscribe: > floatingip after_update 55550000, False {{(pid=90867) subscribe /opt/stack/data/venv/lib/python3.12/site-packages/neutron_lib/callbacks/manager.py:52}}
Aug 24 15:01:39.333571 np0000007976 devstack@neutron-api.service[90867]: DEBUG neutron_lib.callbacks.manager [None req-bba5025e-2943-4f88-9238-0580065818df None None] Subscribe: > port_forwarding after_create 55550000, False {{(pid=90867) subscribe /opt/stack/data/venv/lib/python3.12/site-packages/neutron_lib/callbacks/manager.py:52}}
Aug 24 15:01:39.333571 np0000007976 devstack@neutron-api.service[90867]: DEBUG neutron_lib.callbacks.manager [None req-bba5025e-2943-4f88-9238-0580065818df None None] Subscribe: > router_interface after_delete 55550000, False {{(pid=90867) subscribe /opt/stack/data/venv/lib/python3.12/site-packages/neutron_lib/callbacks/manager.py:52}}
Aug 24 15:01:39.334110 np0000007976 devstack@neutron-api.service[90869]: DEBUG neutron.api.extensions [None req-6d395b6a-e0f9-4b76-8fcb-86f378611c26 None None] Ext name="dns_domain for ports" alias="dns-domain-ports" description="Allows the DNS domain to be specified for a network port." updated="2017-04-24T10:00:00-00:00" {{(pid=90869) _check_extension /opt/stack/neutron/neutron/api/extensions.py:415}}
Aug 24 15:01:39.334546 np0000007976 devstack@neutron-api.service[90867]: DEBUG neutron_lib.callbacks.manager [None req-bba5025e-2943-4f88-9238-0580065818df None None] Subscribe: > router after_create 55550000, False {{(pid=90867) subscribe /opt/stack/data/venv/lib/python3.12/site-packages/neutron_lib/callbacks/manager.py:52}}
Aug 24 15:01:39.335045 np0000007976 devstack@neutron-api.service[90869]: INFO neutron.api.extensions [None req-6d395b6a-e0f9-4b76-8fcb-86f378611c26 None None] Loaded extension: dns-domain-ports
Aug 24 15:01:39.335532 np0000007976 devstack@neutron-api.service[90867]: DEBUG neutron_lib.callbacks.manager [None req-bba5025e-2943-4f88-9238-0580065818df None None] Subscribe: > router precommit_create 55550000, False {{(pid=90867) subscribe /opt/stack/data/venv/lib/python3.12/site-packages/neutron_lib/callbacks/manager.py:52}}
Aug 24 15:01:39.336022 np0000007976 devstack@neutron-api.service[90869]: DEBUG neutron.api.extensions [None req-6d395b6a-e0f9-4b76-8fcb-86f378611c26 None None] Loading extension file: dns_integration_domain_keywords.py {{(pid=90869) _load_all_extensions_from_path /opt/stack/neutron/neutron/api/extensions.py:449}}
Aug 24 15:01:39.336487 np0000007976 devstack@neutron-api.service[90867]: DEBUG neutron_lib.callbacks.manager [None req-bba5025e-2943-4f88-9238-0580065818df None None] Subscribe: > router after_delete 55550000, False {{(pid=90867) subscribe /opt/stack/data/venv/lib/python3.12/site-packages/neutron_lib/callbacks/manager.py:52}}
Aug 24 15:01:39.336487 np0000007976 devstack@neutron-api.service[90867]: DEBUG neutron_lib.callbacks.manager [None req-bba5025e-2943-4f88-9238-0580065818df None None] Subscribe: > router after_update 55550000, False {{(pid=90867) subscribe /opt/stack/data/venv/lib/python3.12/site-packages/neutron_lib/callbacks/manager.py:52}}
Aug 24 15:01:39.336972 np0000007976 devstack@neutron-api.service[90869]: DEBUG neutron.api.extensions [None req-6d395b6a-e0f9-4b76-8fcb-86f378611c26 None None] Ext name="DNS domain names with keywords allowed" alias="dns-integration-domain-keywords" description="Allows to use keywords like , , and as DNS domain name" updated="2020-06-15T18:00:00-00:00" {{(pid=90869) _check_extension /opt/stack/neutron/neutron/api/extensions.py:415}}
Aug 24 15:01:39.337376 np0000007976 devstack@neutron-api.service[90867]: DEBUG neutron.services.service_base [None req-bba5025e-2943-4f88-9238-0580065818df None None] Loaded 'neutron.services.ovn_l3.service_providers.ovn.OvnDriver' provider for service L3_ROUTER_NAT {{(pid=90867) load_drivers /opt/stack/neutron/neutron/services/service_base.py:49}}
Aug 24 15:01:39.337863 np0000007976 devstack@neutron-api.service[90869]: INFO neutron.api.extensions [None req-6d395b6a-e0f9-4b76-8fcb-86f378611c26 None None] Loaded extension: dns-integration-domain-keywords
Aug 24 15:01:39.338363 np0000007976 devstack@neutron-api.service[90867]: DEBUG neutron_lib.callbacks.manager [None req-bba5025e-2943-4f88-9238-0580065818df None None] Subscribe: > process after_init 55550001, True {{(pid=90867) subscribe /opt/stack/data/venv/lib/python3.12/site-packages/neutron_lib/callbacks/manager.py:52}}
Aug 24 15:01:39.338818 np0000007976 devstack@neutron-api.service[90869]: DEBUG neutron.api.extensions [None req-6d395b6a-e0f9-4b76-8fcb-86f378611c26 None None] Loading extension file: dvr.py {{(pid=90869) _load_all_extensions_from_path /opt/stack/neutron/neutron/api/extensions.py:449}}
Aug 24 15:01:39.339292 np0000007976 devstack@neutron-api.service[90867]: DEBUG neutron.manager [None req-bba5025e-2943-4f88-9238-0580065818df None None] Successfully loaded L3_ROUTER_NAT plugin. Description: L3 Router Service Plugin for basic L3 forwarding using OVN {{(pid=90867) _create_and_add_service_plugin /opt/stack/neutron/neutron/manager.py:236}}
Aug 24 15:01:39.339292 np0000007976 devstack@neutron-api.service[90867]: INFO neutron.manager [None req-bba5025e-2943-4f88-9238-0580065818df None None] Loading Plugin: auto_allocate
Aug 24 15:01:39.339697 np0000007976 devstack@neutron-api.service[90869]: DEBUG neutron.api.extensions [None req-6d395b6a-e0f9-4b76-8fcb-86f378611c26 None None] Ext name="Distributed Virtual Router" alias="dvr" description="Enables configuration of Distributed Virtual Routers." updated="2014-06-1T10:00:00-00:00" {{(pid=90869) _check_extension /opt/stack/neutron/neutron/api/extensions.py:415}}
Aug 24 15:01:39.339697 np0000007976 devstack@neutron-api.service[90869]: INFO neutron.api.extensions [None req-6d395b6a-e0f9-4b76-8fcb-86f378611c26 None None] Extension dvr not supported by any of loaded plugins
Aug 24 15:01:39.339697 np0000007976 devstack@neutron-api.service[90869]: DEBUG neutron.api.extensions [None req-6d395b6a-e0f9-4b76-8fcb-86f378611c26 None None] Loading extension file: ecmp_routes.py {{(pid=90869) _load_all_extensions_from_path /opt/stack/neutron/neutron/api/extensions.py:449}}
Aug 24 15:01:39.339697 np0000007976 devstack@neutron-api.service[90869]: DEBUG neutron.api.extensions [None req-6d395b6a-e0f9-4b76-8fcb-86f378611c26 None None] Ext name="Equal Cost Multipath Routing" alias="ecmp_routes" description="Allows traffic to reach thesame destination via multiple different links " updated="2020-11-26T18:00:00-00:00" {{(pid=90869) _check_extension /opt/stack/neutron/neutron/api/extensions.py:415}}
Aug 24 15:01:39.339697 np0000007976 devstack@neutron-api.service[90869]: INFO neutron.api.extensions [None req-6d395b6a-e0f9-4b76-8fcb-86f378611c26 None None] Extension ecmp_routes not supported by any of loaded plugins
Aug 24 15:01:39.339697 np0000007976 devstack@neutron-api.service[90869]: DEBUG neutron.api.extensions [None req-6d395b6a-e0f9-4b76-8fcb-86f378611c26 None None] Loading extension file: empty_string_filtering.py {{(pid=90869) _load_all_extensions_from_path /opt/stack/neutron/neutron/api/extensions.py:449}}
Aug 24 15:01:39.339697 np0000007976 devstack@neutron-api.service[90869]: DEBUG neutron.api.extensions [None req-6d395b6a-e0f9-4b76-8fcb-86f378611c26 None None] Ext name="Empty String Filtering Extension" alias="empty-string-filtering" description="Allow filtering by attributes with empty string value" updated="2018-05-01T10:00:00-00:00" {{(pid=90869) _check_extension /opt/stack/neutron/neutron/api/extensions.py:415}}
Aug 24 15:01:39.340338 np0000007976 devstack@neutron-api.service[90869]: INFO neutron.api.extensions [None req-6d395b6a-e0f9-4b76-8fcb-86f378611c26 None None] Loaded extension: empty-string-filtering
Aug 24 15:01:39.340338 np0000007976 devstack@neutron-api.service[90869]: DEBUG neutron.api.extensions [None req-6d395b6a-e0f9-4b76-8fcb-86f378611c26 None None] Loading extension file: evpn.py {{(pid=90869) _load_all_extensions_from_path /opt/stack/neutron/neutron/api/extensions.py:449}}
Aug 24 15:01:39.340722 np0000007976 devstack@neutron-api.service[90867]: DEBUG neutron_lib.callbacks.manager [None req-bba5025e-2943-4f88-9238-0580065818df None None] Subscribe: network precommit_update 55550000, False {{(pid=90867) subscribe /opt/stack/data/venv/lib/python3.12/site-packages/neutron_lib/callbacks/manager.py:52}}
Aug 24 15:01:39.340722 np0000007976 devstack@neutron-api.service[90867]: DEBUG neutron_lib.callbacks.manager [None req-bba5025e-2943-4f88-9238-0580065818df None None] Subscribe: network precommit_create 55550000, False {{(pid=90867) subscribe /opt/stack/data/venv/lib/python3.12/site-packages/neutron_lib/callbacks/manager.py:52}}
Aug 24 15:01:39.340990 np0000007976 devstack@neutron-api.service[90869]: DEBUG neutron.api.extensions [None req-6d395b6a-e0f9-4b76-8fcb-86f378611c26 None None] Ext name="EVPN" alias="evpn" description="Router extension to support EVPN Type-5 route advertisement" updated="2026-04-28T00:00:00-00:00" {{(pid=90869) _check_extension /opt/stack/neutron/neutron/api/extensions.py:415}}
Aug 24 15:01:39.340990 np0000007976 devstack@neutron-api.service[90869]: INFO neutron.api.extensions [None req-6d395b6a-e0f9-4b76-8fcb-86f378611c26 None None] Extension evpn not supported by any of loaded plugins
Aug 24 15:01:39.341156 np0000007976 devstack@neutron-api.service[90867]: DEBUG neutron.manager [None req-bba5025e-2943-4f88-9238-0580065818df None None] Successfully loaded auto-allocated-topology plugin. Description: Auto Allocated Topology - aka get me a network. {{(pid=90867) _create_and_add_service_plugin /opt/stack/neutron/neutron/manager.py:236}}
Aug 24 15:01:39.341292 np0000007976 devstack@neutron-api.service[90869]: DEBUG neutron.api.extensions [None req-6d395b6a-e0f9-4b76-8fcb-86f378611c26 None None] Loading extension file: expose_l3_conntrack_helper.py {{(pid=90869) _load_all_extensions_from_path /opt/stack/neutron/neutron/api/extensions.py:449}}
Aug 24 15:01:39.341438 np0000007976 devstack@neutron-api.service[90867]: INFO neutron.manager [None req-bba5025e-2943-4f88-9238-0580065818df None None] Loading Plugin: tag
Aug 24 15:01:39.341609 np0000007976 devstack@neutron-api.service[90869]: DEBUG neutron.api.extensions [None req-6d395b6a-e0f9-4b76-8fcb-86f378611c26 None None] Ext name="Expose CT target rules for conntrack helper" alias="expose-l3-conntrack-helper" description="Expose allow adding CT target rules for conntrack helper" updated="2019-04-04T10:00:00-00:00" {{(pid=90869) _check_extension /opt/stack/neutron/neutron/api/extensions.py:415}}
Aug 24 15:01:39.341609 np0000007976 devstack@neutron-api.service[90869]: INFO neutron.api.extensions [None req-6d395b6a-e0f9-4b76-8fcb-86f378611c26 None None] Extension expose-l3-conntrack-helper not supported by any of loaded plugins
Aug 24 15:01:39.341609 np0000007976 devstack@neutron-api.service[90869]: DEBUG neutron.api.extensions [None req-6d395b6a-e0f9-4b76-8fcb-86f378611c26 None None] Loading extension file: expose_port_forwarding_in_fip.py {{(pid=90869) _load_all_extensions_from_path /opt/stack/neutron/neutron/api/extensions.py:449}}
Aug 24 15:01:39.341609 np0000007976 devstack@neutron-api.service[90869]: DEBUG neutron.api.extensions [None req-6d395b6a-e0f9-4b76-8fcb-86f378611c26 None None] Ext name="Expose Floating IP port forwardings" alias="expose-port-forwarding-in-fip" description="Expose port forwarding fields in floating IP response" updated="2018-06-28T16:00:00-00:00" {{(pid=90869) _check_extension /opt/stack/neutron/neutron/api/extensions.py:415}}
Aug 24 15:01:39.341609 np0000007976 devstack@neutron-api.service[90869]: INFO neutron.api.extensions [None req-6d395b6a-e0f9-4b76-8fcb-86f378611c26 None None] Extension expose-port-forwarding-in-fip not supported by any of loaded plugins
Aug 24 15:01:39.341609 np0000007976 devstack@neutron-api.service[90869]: DEBUG neutron.api.extensions [None req-6d395b6a-e0f9-4b76-8fcb-86f378611c26 None None] Loading extension file: external_net.py {{(pid=90869) _load_all_extensions_from_path /opt/stack/neutron/neutron/api/extensions.py:449}}
Aug 24 15:01:39.341975 np0000007976 devstack@neutron-api.service[90869]: DEBUG neutron.api.extensions [None req-6d395b6a-e0f9-4b76-8fcb-86f378611c26 None None] Ext name="Neutron external network" alias="external-net" description="Adds external network attribute to network resource." updated="2013-01-14T10:00:00-00:00" {{(pid=90869) _check_extension /opt/stack/neutron/neutron/api/extensions.py:415}}
Aug 24 15:01:39.341975 np0000007976 devstack@neutron-api.service[90869]: INFO neutron.api.extensions [None req-6d395b6a-e0f9-4b76-8fcb-86f378611c26 None None] Loaded extension: external-net
Aug 24 15:01:39.341975 np0000007976 devstack@neutron-api.service[90869]: DEBUG neutron.api.extensions [None req-6d395b6a-e0f9-4b76-8fcb-86f378611c26 None None] Loading extension file: extra_dhcp_opt.py {{(pid=90869) _load_all_extensions_from_path /opt/stack/neutron/neutron/api/extensions.py:449}}
Aug 24 15:01:39.341975 np0000007976 devstack@neutron-api.service[90869]: DEBUG neutron.api.extensions [None req-6d395b6a-e0f9-4b76-8fcb-86f378611c26 None None] Ext name="Neutron Extra DHCP options" alias="extra_dhcp_opt" description="Extra options configuration for DHCP. For example PXE boot options to DHCP clients can be specified (e.g. tftp-server, server-ip-address, bootfile-name)" updated="2013-03-17T12:00:00-00:00" {{(pid=90869) _check_extension /opt/stack/neutron/neutron/api/extensions.py:415}}
Aug 24 15:01:39.341975 np0000007976 devstack@neutron-api.service[90869]: INFO neutron.api.extensions [None req-6d395b6a-e0f9-4b76-8fcb-86f378611c26 None None] Loaded extension: extra_dhcp_opt
Aug 24 15:01:39.341975 np0000007976 devstack@neutron-api.service[90869]: DEBUG neutron.api.extensions [None req-6d395b6a-e0f9-4b76-8fcb-86f378611c26 None None] Loading extension file: extraroute.py {{(pid=90869) _load_all_extensions_from_path /opt/stack/neutron/neutron/api/extensions.py:449}}
Aug 24 15:01:39.341975 np0000007976 devstack@neutron-api.service[90869]: DEBUG neutron.api.extensions [None req-6d395b6a-e0f9-4b76-8fcb-86f378611c26 None None] Ext name="Neutron Extra Route" alias="extraroute" description="Extra routes configuration for L3 router" updated="2013-02-01T10:00:00-00:00" {{(pid=90869) _check_extension /opt/stack/neutron/neutron/api/extensions.py:415}}
Aug 24 15:01:39.342290 np0000007976 devstack@neutron-api.service[90869]: INFO neutron.api.extensions [None req-6d395b6a-e0f9-4b76-8fcb-86f378611c26 None None] Loaded extension: extraroute
Aug 24 15:01:39.342290 np0000007976 devstack@neutron-api.service[90869]: DEBUG neutron.api.extensions [None req-6d395b6a-e0f9-4b76-8fcb-86f378611c26 None None] Loading extension file: extraroute_atomic.py {{(pid=90869) _load_all_extensions_from_path /opt/stack/neutron/neutron/api/extensions.py:449}}
Aug 24 15:01:39.342290 np0000007976 devstack@neutron-api.service[90869]: DEBUG neutron.api.extensions [None req-6d395b6a-e0f9-4b76-8fcb-86f378611c26 None None] Ext name="Atomically add/remove extra routes" alias="extraroute-atomic" description="Edit extra routes of a router on server side by atomically adding/removing extra routes" updated="2019-07-10T00:00:00+00:00" {{(pid=90869) _check_extension /opt/stack/neutron/neutron/api/extensions.py:415}}
Aug 24 15:01:39.342290 np0000007976 devstack@neutron-api.service[90869]: INFO neutron.api.extensions [None req-6d395b6a-e0f9-4b76-8fcb-86f378611c26 None None] Loaded extension: extraroute-atomic
Aug 24 15:01:39.342290 np0000007976 devstack@neutron-api.service[90869]: DEBUG neutron.api.extensions [None req-6d395b6a-e0f9-4b76-8fcb-86f378611c26 None None] Loading extension file: filter_validation.py {{(pid=90869) _load_all_extensions_from_path /opt/stack/neutron/neutron/api/extensions.py:449}}
Aug 24 15:01:39.342505 np0000007976 devstack@neutron-api.service[90867]: DEBUG neutron.manager [None req-bba5025e-2943-4f88-9238-0580065818df None None] Successfully loaded TAG plugin. Description: Tag support {{(pid=90867) _create_and_add_service_plugin /opt/stack/neutron/neutron/manager.py:236}}
Aug 24 15:01:39.342651 np0000007976 devstack@neutron-api.service[90869]: DEBUG neutron.api.extensions [None req-6d395b6a-e0f9-4b76-8fcb-86f378611c26 None None] Ext name="Filter parameters validation" alias="filter-validation" description="Provides validation on filter parameters." updated="2018-07-04T10:00:00-00:00" {{(pid=90869) _check_extension /opt/stack/neutron/neutron/api/extensions.py:415}}
