Jul 29 04:55:05.577027 np0000006056 devstack@g-api.service[99749]: DEBUG glance_store.capabilities [-] Store glance_store._drivers.swift.store.SingleTenantStore doesn't support updating dynamic storage capabilities. Please overwrite 'update_capabilities' method of the store to implement updating logics if needed. {{(pid=99749) update_capabilities /opt/stack/data/venv/lib/python3.12/site-packages/glance_store/capabilities.py:91}}
Jul 29 04:55:05.577069 np0000006056 devstack@g-api.service[99747]: DEBUG glance_store.location [-] Registering scheme swift+https with {'store': , 'location_class': , 'store_entry': 'swift'} {{(pid=99747) register_scheme_map /opt/stack/data/venv/lib/python3.12/site-packages/glance_store/location.py:146}}
Jul 29 04:55:05.577120 np0000006056 devstack@g-api.service[99749]: DEBUG glance_store.driver [-] Late loading location class glance_store._drivers.swift.store.StoreLocation {{(pid=99749) get_store_location_class /opt/stack/data/venv/lib/python3.12/site-packages/glance_store/driver.py:134}}
Jul 29 04:55:05.577159 np0000006056 devstack@g-api.service[99747]: DEBUG glance_store.location [-] Registering scheme swift+https with {'store': , 'location_class': , 'store_entry': 'swift'} {{(pid=99747) register_scheme_map /opt/stack/data/venv/lib/python3.12/site-packages/glance_store/location.py:146}}
Jul 29 04:55:05.577200 np0000006056 devstack@g-api.service[99749]: DEBUG glance_store.location [-] Registering scheme swift+https with {'store': , 'location_class': , 'store_entry': 'swift'} {{(pid=99749) register_scheme_map /opt/stack/data/venv/lib/python3.12/site-packages/glance_store/location.py:146}}
Jul 29 04:55:05.577271 np0000006056 devstack@g-api.service[99748]: DEBUG glance.sqlite_migration [-] SQLite caching database not located, skipping migration {{(pid=99748) get_db_path /opt/stack/glance/glance/sqlite_migration.py:68}}
Jul 29 04:55:05.577319 np0000006056 devstack@g-api.service[99747]: DEBUG glance_store.location [-] Registering scheme swift with {'store': , 'location_class': , 'store_entry': 'swift'} {{(pid=99747) register_scheme_map /opt/stack/data/venv/lib/python3.12/site-packages/glance_store/location.py:146}}
Jul 29 04:55:05.577379 np0000006056 devstack@g-api.service[99749]: DEBUG glance_store.location [-] Registering scheme swift+https with {'store': , 'location_class': , 'store_entry': 'swift'} {{(pid=99749) register_scheme_map /opt/stack/data/venv/lib/python3.12/site-packages/glance_store/location.py:146}}
Jul 29 04:55:05.577422 np0000006056 devstack@g-api.service[99747]: DEBUG glance_store.location [-] Registering scheme swift+https with {'store': , 'location_class': , 'store_entry': 'swift'} {{(pid=99747) register_scheme_map /opt/stack/data/venv/lib/python3.12/site-packages/glance_store/location.py:146}}
Jul 29 04:55:05.577463 np0000006056 devstack@g-api.service[99749]: DEBUG glance_store.location [-] Registering scheme swift with {'store': , 'location_class': , 'store_entry': 'swift'} {{(pid=99749) register_scheme_map /opt/stack/data/venv/lib/python3.12/site-packages/glance_store/location.py:146}}
Jul 29 04:55:05.577521 np0000006056 devstack@g-api.service[99747]: DEBUG glance_store.location [-] Registering scheme swift with {'store': , 'location_class': , 'store_entry': 'swift'} {{(pid=99747) register_scheme_map /opt/stack/data/venv/lib/python3.12/site-packages/glance_store/location.py:146}}
Jul 29 04:55:05.577571 np0000006056 devstack@g-api.service[99749]: DEBUG glance_store.location [-] Registering scheme swift+https with {'store': , 'location_class': , 'store_entry': 'swift'} {{(pid=99749) register_scheme_map /opt/stack/data/venv/lib/python3.12/site-packages/glance_store/location.py:146}}
Jul 29 04:55:05.577612 np0000006056 devstack@g-api.service[99747]: DEBUG glance_store.location [-] Registering scheme swift+http with {'store': , 'location_class': , 'store_entry': 'swift'} {{(pid=99747) register_scheme_map /opt/stack/data/venv/lib/python3.12/site-packages/glance_store/location.py:146}}
Jul 29 04:55:05.577667 np0000006056 devstack@g-api.service[99748]: WARNING glance.common.wsgi_app [-] Import methods are enabled but staging directory /tmp/staging/ does not exist; Imports will fail!
Jul 29 04:55:05.577714 np0000006056 devstack@g-api.service[99749]: DEBUG glance_store.location [-] Registering scheme swift with {'store': , 'location_class': , 'store_entry': 'swift'} {{(pid=99749) register_scheme_map /opt/stack/data/venv/lib/python3.12/site-packages/glance_store/location.py:146}}
Jul 29 04:55:05.577753 np0000006056 devstack@g-api.service[99747]: DEBUG glance_store.location [-] Registering scheme swift+https with {'store': , 'location_class': , 'store_entry': 'swift'} {{(pid=99747) register_scheme_map /opt/stack/data/venv/lib/python3.12/site-packages/glance_store/location.py:146}}
Jul 29 04:55:05.577794 np0000006056 devstack@g-api.service[99749]: DEBUG glance_store.location [-] Registering scheme swift+http with {'store': , 'location_class': , 'store_entry': 'swift'} {{(pid=99749) register_scheme_map /opt/stack/data/venv/lib/python3.12/site-packages/glance_store/location.py:146}}
Jul 29 04:55:05.577842 np0000006056 devstack@g-api.service[99747]: DEBUG glance_store.location [-] Registering scheme swift with {'store': , 'location_class': , 'store_entry': 'swift'} {{(pid=99747) register_scheme_map /opt/stack/data/venv/lib/python3.12/site-packages/glance_store/location.py:146}}
Jul 29 04:55:05.577882 np0000006056 devstack@g-api.service[99749]: DEBUG glance_store.location [-] Registering scheme swift+https with {'store': , 'location_class': , 'store_entry': 'swift'} {{(pid=99749) register_scheme_map /opt/stack/data/venv/lib/python3.12/site-packages/glance_store/location.py:146}}
Jul 29 04:55:05.577921 np0000006056 devstack@g-api.service[99747]: DEBUG glance_store.location [-] Registering scheme swift+http with {'store': , 'location_class': , 'store_entry': 'swift'} {{(pid=99747) register_scheme_map /opt/stack/data/venv/lib/python3.12/site-packages/glance_store/location.py:146}}
Jul 29 04:55:05.577962 np0000006056 devstack@g-api.service[99749]: DEBUG glance_store.location [-] Registering scheme swift with {'store': , 'location_class': , 'store_entry': 'swift'} {{(pid=99749) register_scheme_map /opt/stack/data/venv/lib/python3.12/site-packages/glance_store/location.py:146}}
Jul 29 04:55:05.578001 np0000006056 devstack@g-api.service[99747]: DEBUG glance_store.location [-] Registering scheme swift+config with {'store': , 'location_class': , 'store_entry': 'swift'} {{(pid=99747) register_scheme_map /opt/stack/data/venv/lib/python3.12/site-packages/glance_store/location.py:146}}
Jul 29 04:55:05.578052 np0000006056 devstack@g-api.service[99749]: DEBUG glance_store.location [-] Registering scheme swift+http with {'store': , 'location_class': , 'store_entry': 'swift'} {{(pid=99749) register_scheme_map /opt/stack/data/venv/lib/python3.12/site-packages/glance_store/location.py:146}}
Jul 29 04:55:05.578052 np0000006056 devstack@g-api.service[99749]: DEBUG glance_store.location [-] Registering scheme swift+config with {'store': , 'location_class': , 'store_entry': 'swift'} {{(pid=99749) register_scheme_map /opt/stack/data/venv/lib/python3.12/site-packages/glance_store/location.py:146}}
Jul 29 04:55:05.578130 np0000006056 devstack@g-api.service[99747]: DEBUG glance.sqlite_migration [-] SQLite caching database not located, skipping migration {{(pid=99747) get_db_path /opt/stack/glance/glance/sqlite_migration.py:68}}
Jul 29 04:55:05.578181 np0000006056 devstack@g-api.service[99749]: DEBUG glance.sqlite_migration [-] SQLite caching database not located, skipping migration {{(pid=99749) get_db_path /opt/stack/glance/glance/sqlite_migration.py:68}}
Jul 29 04:55:05.578181 np0000006056 devstack@g-api.service[99749]: WARNING glance.common.wsgi_app [-] Import methods are enabled but staging directory /tmp/staging/ does not exist; Imports will fail!
Jul 29 04:55:05.578267 np0000006056 devstack@g-api.service[99747]: WARNING glance.common.wsgi_app [-] Import methods are enabled but staging directory /tmp/staging/ does not exist; Imports will fail!
Jul 29 04:55:05.700908 np0000006056 devstack@g-api.service[99748]: DEBUG glance.common.config [None req-f022491a-8abc-4983-bb19-298455c7fb40 None None] Loading glance-api-keystone+cachemanagement from /etc/glance/glance-api-paste.ini {{(pid=99748) load_paste_app /opt/stack/glance/glance/common/config.py:765}}
Jul 29 04:55:05.702674 np0000006056 devstack@g-api.service[99749]: DEBUG glance.common.config [None req-bbedf223-e3ad-471c-aa4b-f96d15a2c6f1 None None] Loading glance-api-keystone+cachemanagement from /etc/glance/glance-api-paste.ini {{(pid=99749) load_paste_app /opt/stack/glance/glance/common/config.py:765}}
Jul 29 04:55:05.710284 np0000006056 devstack@g-api.service[99747]: DEBUG glance.common.config [None req-06d87365-3ea2-4207-819e-3cb8a7bec092 None None] Loading glance-api-keystone+cachemanagement from /etc/glance/glance-api-paste.ini {{(pid=99747) load_paste_app /opt/stack/glance/glance/common/config.py:765}}
Jul 29 04:55:06.316488 np0000006056 devstack@g-api.service[99749]: INFO glance.image_cache [None req-bbedf223-e3ad-471c-aa4b-f96d15a2c6f1 None None] Image cache loaded driver 'centralized_db'.
Jul 29 04:55:06.318990 np0000006056 devstack@g-api.service[99748]: INFO glance.image_cache [None req-f022491a-8abc-4983-bb19-298455c7fb40 None None] Image cache loaded driver 'centralized_db'.
Jul 29 04:55:06.324216 np0000006056 devstack@g-api.service[99747]: INFO glance.image_cache [None req-06d87365-3ea2-4207-819e-3cb8a7bec092 None None] Image cache loaded driver 'centralized_db'.
Jul 29 04:55:06.363008 np0000006056 devstack@g-api.service[99749]: INFO dbcounter [None req-bbedf223-e3ad-471c-aa4b-f96d15a2c6f1 None None] Registered counter for database glance
Jul 29 04:55:06.371067 np0000006056 devstack@g-api.service[99747]: INFO dbcounter [None req-06d87365-3ea2-4207-819e-3cb8a7bec092 None None] Registered counter for database glance
Jul 29 04:55:06.376291 np0000006056 devstack@g-api.service[99748]: INFO dbcounter [None req-f022491a-8abc-4983-bb19-298455c7fb40 None None] Registered counter for database glance
Jul 29 04:55:06.400576 np0000006056 devstack@g-api.service[99749]: DEBUG oslo_db.sqlalchemy.engines [None req-bbedf223-e3ad-471c-aa4b-f96d15a2c6f1 None None] MySQL server mode set to STRICT_TRANS_TABLES,STRICT_ALL_TABLES,NO_ZERO_IN_DATE,NO_ZERO_DATE,ERROR_FOR_DIVISION_BY_ZERO,TRADITIONAL,NO_ENGINE_SUBSTITUTION {{(pid=99749) _check_effective_sql_mode /opt/stack/data/venv/lib/python3.12/site-packages/oslo_db/sqlalchemy/engines.py:325}}
Jul 29 04:55:06.413305 np0000006056 devstack@g-api.service[99747]: DEBUG oslo_db.sqlalchemy.engines [None req-06d87365-3ea2-4207-819e-3cb8a7bec092 None None] MySQL server mode set to STRICT_TRANS_TABLES,STRICT_ALL_TABLES,NO_ZERO_IN_DATE,NO_ZERO_DATE,ERROR_FOR_DIVISION_BY_ZERO,TRADITIONAL,NO_ENGINE_SUBSTITUTION {{(pid=99747) _check_effective_sql_mode /opt/stack/data/venv/lib/python3.12/site-packages/oslo_db/sqlalchemy/engines.py:325}}
Jul 29 04:55:06.424810 np0000006056 devstack@g-api.service[99748]: DEBUG oslo_db.sqlalchemy.engines [None req-f022491a-8abc-4983-bb19-298455c7fb40 None None] MySQL server mode set to STRICT_TRANS_TABLES,STRICT_ALL_TABLES,NO_ZERO_IN_DATE,NO_ZERO_DATE,ERROR_FOR_DIVISION_BY_ZERO,TRADITIONAL,NO_ENGINE_SUBSTITUTION {{(pid=99748) _check_effective_sql_mode /opt/stack/data/venv/lib/python3.12/site-packages/oslo_db/sqlalchemy/engines.py:325}}
Jul 29 04:55:06.427912 np0000006056 devstack@g-api.service[99749]: DEBUG dbcounter [-] [99749] Writer thread running {{(pid=99749) stat_writer /opt/stack/data/venv/lib/python3.12/site-packages/dbcounter.py:102}}
Jul 29 04:55:06.439539 np0000006056 devstack@g-api.service[99747]: DEBUG dbcounter [-] [99747] Writer thread running {{(pid=99747) stat_writer /opt/stack/data/venv/lib/python3.12/site-packages/dbcounter.py:102}}
Jul 29 04:55:06.443518 np0000006056 devstack@g-api.service[99747]: DEBUG glance.image_cache.drivers.centralized_db [None req-06d87365-3ea2-4207-819e-3cb8a7bec092 None None] Node reference is already recorded, ignoring it {{(pid=99747) configure /opt/stack/glance/glance/image_cache/drivers/centralized_db.py:71}}
Jul 29 04:55:06.448580 np0000006056 devstack@g-api.service[99748]: DEBUG dbcounter [-] [99748] Writer thread running {{(pid=99748) stat_writer /opt/stack/data/venv/lib/python3.12/site-packages/dbcounter.py:102}}
Jul 29 04:55:06.451635 np0000006056 devstack@g-api.service[99748]: DEBUG glance.image_cache.drivers.centralized_db [None req-f022491a-8abc-4983-bb19-298455c7fb40 None None] Node reference is already recorded, ignoring it {{(pid=99748) configure /opt/stack/glance/glance/image_cache/drivers/centralized_db.py:71}}
Jul 29 04:55:06.452439 np0000006056 devstack@g-api.service[99747]: INFO glance.image_cache [None req-06d87365-3ea2-4207-819e-3cb8a7bec092 None None] Image cache loaded driver 'centralized_db'.
Jul 29 04:55:06.535662 np0000006056 devstack@g-api.service[99749]: INFO glance.image_cache [None req-bbedf223-e3ad-471c-aa4b-f96d15a2c6f1 None None] Image cache loaded driver 'centralized_db'.
Jul 29 04:55:06.543277 np0000006056 devstack@g-api.service[99749]: DEBUG glance.image_cache.drivers.centralized_db [None req-bbedf223-e3ad-471c-aa4b-f96d15a2c6f1 None None] Node reference is already recorded, ignoring it {{(pid=99749) configure /opt/stack/glance/glance/image_cache/drivers/centralized_db.py:71}}
Jul 29 04:55:06.547850 np0000006056 devstack@g-api.service[99749]: DEBUG glance.api.v2.cached_images [None req-bbedf223-e3ad-471c-aa4b-f96d15a2c6f1 None None] Started cache worker thread {{(pid=99749) __init__ /opt/stack/glance/glance/api/v2/cached_images.py:71}}
Jul 29 04:55:06.548676 np0000006056 devstack@g-api.service[99749]: INFO glance.image_cache [None req-bbedf223-e3ad-471c-aa4b-f96d15a2c6f1 None None] Image cache loaded driver 'centralized_db'.
Jul 29 04:55:06.549723 np0000006056 devstack@g-api.service[99748]: INFO glance.image_cache [None req-f022491a-8abc-4983-bb19-298455c7fb40 None None] Image cache loaded driver 'centralized_db'.
Jul 29 04:55:06.555605 np0000006056 devstack@g-api.service[99749]: DEBUG glance.image_cache.drivers.centralized_db [None req-bbedf223-e3ad-471c-aa4b-f96d15a2c6f1 None None] Node reference is already recorded, ignoring it {{(pid=99749) configure /opt/stack/glance/glance/image_cache/drivers/centralized_db.py:71}}
Jul 29 04:55:06.557128 np0000006056 devstack@g-api.service[99747]: DEBUG glance.image_cache.drivers.centralized_db [None req-06d87365-3ea2-4207-819e-3cb8a7bec092 None None] Node reference is already recorded, ignoring it {{(pid=99747) configure /opt/stack/glance/glance/image_cache/drivers/centralized_db.py:71}}
Jul 29 04:55:06.558716 np0000006056 devstack@g-api.service[99748]: DEBUG glance.image_cache.drivers.centralized_db [None req-f022491a-8abc-4983-bb19-298455c7fb40 None None] Node reference is already recorded, ignoring it {{(pid=99748) configure /opt/stack/glance/glance/image_cache/drivers/centralized_db.py:71}}
Jul 29 04:55:06.559987 np0000006056 devstack@g-api.service[99749]: INFO glance.api.middleware.cache_manage [None req-bbedf223-e3ad-471c-aa4b-f96d15a2c6f1 None None] Initialized image cache management middleware
Jul 29 04:55:06.560169 np0000006056 devstack@g-api.service[99749]: INFO glance.image_cache [None req-bbedf223-e3ad-471c-aa4b-f96d15a2c6f1 None None] Image cache loaded driver 'centralized_db'.
Jul 29 04:55:06.561964 np0000006056 devstack@g-api.service[99747]: DEBUG glance.api.v2.cached_images [None req-06d87365-3ea2-4207-819e-3cb8a7bec092 None None] Started cache worker thread {{(pid=99747) __init__ /opt/stack/glance/glance/api/v2/cached_images.py:71}}
Jul 29 04:55:06.562615 np0000006056 devstack@g-api.service[99747]: INFO glance.image_cache [None req-06d87365-3ea2-4207-819e-3cb8a7bec092 None None] Image cache loaded driver 'centralized_db'.
Jul 29 04:55:06.563416 np0000006056 devstack@g-api.service[99748]: DEBUG glance.api.v2.cached_images [None req-f022491a-8abc-4983-bb19-298455c7fb40 None None] Started cache worker thread {{(pid=99748) __init__ /opt/stack/glance/glance/api/v2/cached_images.py:71}}
Jul 29 04:55:06.564109 np0000006056 devstack@g-api.service[99748]: INFO glance.image_cache [None req-f022491a-8abc-4983-bb19-298455c7fb40 None None] Image cache loaded driver 'centralized_db'.
Jul 29 04:55:06.567078 np0000006056 devstack@g-api.service[99749]: DEBUG glance.image_cache.drivers.centralized_db [None req-bbedf223-e3ad-471c-aa4b-f96d15a2c6f1 None None] Node reference is already recorded, ignoring it {{(pid=99749) configure /opt/stack/glance/glance/image_cache/drivers/centralized_db.py:71}}
Jul 29 04:55:06.570989 np0000006056 devstack@g-api.service[99747]: DEBUG glance.image_cache.drivers.centralized_db [None req-06d87365-3ea2-4207-819e-3cb8a7bec092 None None] Node reference is already recorded, ignoring it {{(pid=99747) configure /opt/stack/glance/glance/image_cache/drivers/centralized_db.py:71}}
Jul 29 04:55:06.571045 np0000006056 devstack@g-api.service[99748]: DEBUG glance.image_cache.drivers.centralized_db [None req-f022491a-8abc-4983-bb19-298455c7fb40 None None] Node reference is already recorded, ignoring it {{(pid=99748) configure /opt/stack/glance/glance/image_cache/drivers/centralized_db.py:71}}
Jul 29 04:55:06.571572 np0000006056 devstack@g-api.service[99749]: INFO glance.api.middleware.cache [None req-bbedf223-e3ad-471c-aa4b-f96d15a2c6f1 None None] Initialized image cache middleware
Jul 29 04:55:06.575639 np0000006056 devstack@g-api.service[99748]: INFO glance.api.middleware.cache_manage [None req-f022491a-8abc-4983-bb19-298455c7fb40 None None] Initialized image cache management middleware
Jul 29 04:55:06.575804 np0000006056 devstack@g-api.service[99748]: INFO glance.image_cache [None req-f022491a-8abc-4983-bb19-298455c7fb40 None None] Image cache loaded driver 'centralized_db'.
Jul 29 04:55:06.576616 np0000006056 devstack@g-api.service[99747]: INFO glance.api.middleware.cache_manage [None req-06d87365-3ea2-4207-819e-3cb8a7bec092 None None] Initialized image cache management middleware
Jul 29 04:55:06.576778 np0000006056 devstack@g-api.service[99747]: INFO glance.image_cache [None req-06d87365-3ea2-4207-819e-3cb8a7bec092 None None] Image cache loaded driver 'centralized_db'.
Jul 29 04:55:06.581402 np0000006056 devstack@g-api.service[99749]: DEBUG glance.common.config [None req-bbedf223-e3ad-471c-aa4b-f96d15a2c6f1 None None] ******************************************************************************** {{(pid=99749) log_opt_values /opt/stack/data/venv/lib/python3.12/site-packages/oslo_config/cfg.py:3226}}
Jul 29 04:55:06.581487 np0000006056 devstack@g-api.service[99749]: DEBUG glance.common.config [None req-bbedf223-e3ad-471c-aa4b-f96d15a2c6f1 None None] Configuration options gathered from: {{(pid=99749) log_opt_values /opt/stack/data/venv/lib/python3.12/site-packages/oslo_config/cfg.py:3227}}
Jul 29 04:55:06.581815 np0000006056 devstack@g-api.service[99749]: DEBUG glance.common.config [None req-bbedf223-e3ad-471c-aa4b-f96d15a2c6f1 None None] command line args: [] {{(pid=99749) log_opt_values /opt/stack/data/venv/lib/python3.12/site-packages/oslo_config/cfg.py:3228}}
Jul 29 04:55:06.581971 np0000006056 devstack@g-api.service[99749]: DEBUG glance.common.config [None req-bbedf223-e3ad-471c-aa4b-f96d15a2c6f1 None None] config files: ['/etc/glance/glance-image-import.conf', '/etc/glance/glance-api.conf'] {{(pid=99749) log_opt_values /opt/stack/data/venv/lib/python3.12/site-packages/oslo_config/cfg.py:3229}}
Jul 29 04:55:06.582095 np0000006056 devstack@g-api.service[99749]: DEBUG glance.common.config [None req-bbedf223-e3ad-471c-aa4b-f96d15a2c6f1 None None] ================================================================================ {{(pid=99749) log_opt_values /opt/stack/data/venv/lib/python3.12/site-packages/oslo_config/cfg.py:3234}}
Jul 29 04:55:06.582252 np0000006056 devstack@g-api.service[99749]: DEBUG glance.common.config [None req-bbedf223-e3ad-471c-aa4b-f96d15a2c6f1 None None] allow_anonymous_access = False {{(pid=99749) log_opt_values /opt/stack/data/venv/lib/python3.12/site-packages/oslo_config/cfg.py:3242}}
Jul 29 04:55:06.582408 np0000006056 devstack@g-api.service[99749]: DEBUG glance.common.config [None req-bbedf223-e3ad-471c-aa4b-f96d15a2c6f1 None None] api_limit_max = 1000 {{(pid=99749) log_opt_values /opt/stack/data/venv/lib/python3.12/site-packages/oslo_config/cfg.py:3242}}
Jul 29 04:55:06.582550 np0000006056 devstack@g-api.service[99749]: DEBUG glance.common.config [None req-bbedf223-e3ad-471c-aa4b-f96d15a2c6f1 None None] config_dir = [] {{(pid=99749) log_opt_values /opt/stack/data/venv/lib/python3.12/site-packages/oslo_config/cfg.py:3242}}
Jul 29 04:55:06.582656 np0000006056 devstack@g-api.service[99749]: DEBUG glance.common.config [None req-bbedf223-e3ad-471c-aa4b-f96d15a2c6f1 None None] config_file = ['/etc/glance/glance-image-import.conf', '/etc/glance/glance-api.conf'] {{(pid=99749) log_opt_values /opt/stack/data/venv/lib/python3.12/site-packages/oslo_config/cfg.py:3242}}
Jul 29 04:55:06.582731 np0000006056 devstack@g-api.service[99748]: DEBUG glance.image_cache.drivers.centralized_db [None req-f022491a-8abc-4983-bb19-298455c7fb40 None None] Node reference is already recorded, ignoring it {{(pid=99748) configure /opt/stack/glance/glance/image_cache/drivers/centralized_db.py:71}}
Jul 29 04:55:06.582825 np0000006056 devstack@g-api.service[99749]: DEBUG glance.common.config [None req-bbedf223-e3ad-471c-aa4b-f96d15a2c6f1 None None] config_source = [] {{(pid=99749) log_opt_values /opt/stack/data/venv/lib/python3.12/site-packages/oslo_config/cfg.py:3242}}
Jul 29 04:55:06.582965 np0000006056 devstack@g-api.service[99749]: DEBUG glance.common.config [None req-bbedf223-e3ad-471c-aa4b-f96d15a2c6f1 None None] control_exchange = glance {{(pid=99749) log_opt_values /opt/stack/data/venv/lib/python3.12/site-packages/oslo_config/cfg.py:3242}}
Jul 29 04:55:06.583062 np0000006056 devstack@g-api.service[99749]: DEBUG glance.common.config [None req-bbedf223-e3ad-471c-aa4b-f96d15a2c6f1 None None] debug = True {{(pid=99749) log_opt_values /opt/stack/data/venv/lib/python3.12/site-packages/oslo_config/cfg.py:3242}}
Jul 29 04:55:06.583275 np0000006056 devstack@g-api.service[99749]: DEBUG glance.common.config [None req-bbedf223-e3ad-471c-aa4b-f96d15a2c6f1 None None] default_log_levels = ['amqp=WARN', 'boto=WARN', 'sqlalchemy=WARN', 'suds=INFO', 'oslo.messaging=INFO', 'oslo_messaging=INFO', 'iso8601=WARN', 'requests.packages.urllib3.connectionpool=WARN', 'urllib3.connectionpool=WARN', 'websocket=WARN', 'requests.packages.urllib3.util.retry=WARN', 'urllib3.util.retry=WARN', 'keystonemiddleware=WARN', 'routes.middleware=WARN', 'stevedore=WARN', 'taskflow=WARN', 'keystoneauth=WARN', 'oslo.cache=INFO', 'oslo_policy=INFO', 'dogpile.core.dogpile=INFO'] {{(pid=99749) log_opt_values /opt/stack/data/venv/lib/python3.12/site-packages/oslo_config/cfg.py:3242}}
Jul 29 04:55:06.583632 np0000006056 devstack@g-api.service[99749]: DEBUG glance.common.config [None req-bbedf223-e3ad-471c-aa4b-f96d15a2c6f1 None None] default_publisher_id = image.localhost {{(pid=99749) log_opt_values /opt/stack/data/venv/lib/python3.12/site-packages/oslo_config/cfg.py:3242}}
Jul 29 04:55:06.583632 np0000006056 devstack@g-api.service[99749]: DEBUG glance.common.config [None req-bbedf223-e3ad-471c-aa4b-f96d15a2c6f1 None None] delayed_delete = False {{(pid=99749) log_opt_values /opt/stack/data/venv/lib/python3.12/site-packages/oslo_config/cfg.py:3242}}
Jul 29 04:55:06.583632 np0000006056 devstack@g-api.service[99749]: DEBUG glance.common.config [None req-bbedf223-e3ad-471c-aa4b-f96d15a2c6f1 None None] digest_algorithm = sha256 {{(pid=99749) log_opt_values /opt/stack/data/venv/lib/python3.12/site-packages/oslo_config/cfg.py:3242}}
Jul 29 04:55:06.583772 np0000006056 devstack@g-api.service[99749]: DEBUG glance.common.config [None req-bbedf223-e3ad-471c-aa4b-f96d15a2c6f1 None None] disabled_notifications = [] {{(pid=99749) log_opt_values /opt/stack/data/venv/lib/python3.12/site-packages/oslo_config/cfg.py:3242}}
Jul 29 04:55:06.583921 np0000006056 devstack@g-api.service[99749]: DEBUG glance.common.config [None req-bbedf223-e3ad-471c-aa4b-f96d15a2c6f1 None None] do_secure_hash = True {{(pid=99749) log_opt_values /opt/stack/data/venv/lib/python3.12/site-packages/oslo_config/cfg.py:3242}}
Jul 29 04:55:06.584048 np0000006056 devstack@g-api.service[99749]: DEBUG glance.common.config [None req-bbedf223-e3ad-471c-aa4b-f96d15a2c6f1 None None] enabled_backends = None {{(pid=99749) log_opt_values /opt/stack/data/venv/lib/python3.12/site-packages/oslo_config/cfg.py:3242}}
Jul 29 04:55:06.584185 np0000006056 devstack@g-api.service[99749]: DEBUG glance.common.config [None req-bbedf223-e3ad-471c-aa4b-f96d15a2c6f1 None None] enabled_import_methods = ['glance-direct', 'web-download', 'copy-image'] {{(pid=99749) log_opt_values /opt/stack/data/venv/lib/python3.12/site-packages/oslo_config/cfg.py:3242}}
Jul 29 04:55:06.584337 np0000006056 devstack@g-api.service[99749]: DEBUG glance.common.config [None req-bbedf223-e3ad-471c-aa4b-f96d15a2c6f1 None None] fatal_deprecations = False {{(pid=99749) log_opt_values /opt/stack/data/venv/lib/python3.12/site-packages/oslo_config/cfg.py:3242}}
Jul 29 04:55:06.584471 np0000006056 devstack@g-api.service[99749]: DEBUG glance.common.config [None req-bbedf223-e3ad-471c-aa4b-f96d15a2c6f1 None None] hashing_algorithm = sha512 {{(pid=99749) log_opt_values /opt/stack/data/venv/lib/python3.12/site-packages/oslo_config/cfg.py:3242}}
Jul 29 04:55:06.584652 np0000006056 devstack@g-api.service[99749]: DEBUG glance.common.config [None req-bbedf223-e3ad-471c-aa4b-f96d15a2c6f1 None None] http_retries = 3 {{(pid=99749) log_opt_values /opt/stack/data/venv/lib/python3.12/site-packages/oslo_config/cfg.py:3242}}
Jul 29 04:55:06.584697 np0000006056 devstack@g-api.service[99749]: DEBUG glance.common.config [None req-bbedf223-e3ad-471c-aa4b-f96d15a2c6f1 None None] image_cache_dir = /opt/stack/data/glance/cache/ {{(pid=99749) log_opt_values /opt/stack/data/venv/lib/python3.12/site-packages/oslo_config/cfg.py:3242}}
Jul 29 04:55:06.584832 np0000006056 devstack@g-api.service[99749]: DEBUG glance.common.config [None req-bbedf223-e3ad-471c-aa4b-f96d15a2c6f1 None None] image_cache_driver = centralized_db {{(pid=99749) log_opt_values /opt/stack/data/venv/lib/python3.12/site-packages/oslo_config/cfg.py:3242}}
Jul 29 04:55:06.584956 np0000006056 devstack@g-api.service[99749]: DEBUG glance.common.config [None req-bbedf223-e3ad-471c-aa4b-f96d15a2c6f1 None None] image_cache_max_size = 10737418240 {{(pid=99749) log_opt_values /opt/stack/data/venv/lib/python3.12/site-packages/oslo_config/cfg.py:3242}}
Jul 29 04:55:06.585016 np0000006056 devstack@g-api.service[99747]: DEBUG glance.image_cache.drivers.centralized_db [None req-06d87365-3ea2-4207-819e-3cb8a7bec092 None None] Node reference is already recorded, ignoring it {{(pid=99747) configure /opt/stack/glance/glance/image_cache/drivers/centralized_db.py:71}}
Jul 29 04:55:06.585116 np0000006056 devstack@g-api.service[99749]: DEBUG glance.common.config [None req-bbedf223-e3ad-471c-aa4b-f96d15a2c6f1 None None] image_cache_sqlite_db = cache.db {{(pid=99749) log_opt_values /opt/stack/data/venv/lib/python3.12/site-packages/oslo_config/cfg.py:3242}}
Jul 29 04:55:06.585270 np0000006056 devstack@g-api.service[99749]: DEBUG glance.common.config [None req-bbedf223-e3ad-471c-aa4b-f96d15a2c6f1 None None] image_cache_stall_time = 86400 {{(pid=99749) log_opt_values /opt/stack/data/venv/lib/python3.12/site-packages/oslo_config/cfg.py:3242}}
Jul 29 04:55:06.585410 np0000006056 devstack@g-api.service[99749]: DEBUG glance.common.config [None req-bbedf223-e3ad-471c-aa4b-f96d15a2c6f1 None None] image_location_quota = 10 {{(pid=99749) log_opt_values /opt/stack/data/venv/lib/python3.12/site-packages/oslo_config/cfg.py:3242}}
Jul 29 04:55:06.585530 np0000006056 devstack@g-api.service[99749]: DEBUG glance.common.config [None req-bbedf223-e3ad-471c-aa4b-f96d15a2c6f1 None None] image_member_quota = 128 {{(pid=99749) log_opt_values /opt/stack/data/venv/lib/python3.12/site-packages/oslo_config/cfg.py:3242}}
Jul 29 04:55:06.585651 np0000006056 devstack@g-api.service[99749]: DEBUG glance.common.config [None req-bbedf223-e3ad-471c-aa4b-f96d15a2c6f1 None None] image_property_quota = 128 {{(pid=99749) log_opt_values /opt/stack/data/venv/lib/python3.12/site-packages/oslo_config/cfg.py:3242}}
Jul 29 04:55:06.585775 np0000006056 devstack@g-api.service[99749]: DEBUG glance.common.config [None req-bbedf223-e3ad-471c-aa4b-f96d15a2c6f1 None None] image_size_cap = 1099511627776 {{(pid=99749) log_opt_values /opt/stack/data/venv/lib/python3.12/site-packages/oslo_config/cfg.py:3242}}
Jul 29 04:55:06.585897 np0000006056 devstack@g-api.service[99749]: DEBUG glance.common.config [None req-bbedf223-e3ad-471c-aa4b-f96d15a2c6f1 None None] image_tag_quota = 128 {{(pid=99749) log_opt_values /opt/stack/data/venv/lib/python3.12/site-packages/oslo_config/cfg.py:3242}}
Jul 29 04:55:06.586023 np0000006056 devstack@g-api.service[99749]: DEBUG glance.common.config [None req-bbedf223-e3ad-471c-aa4b-f96d15a2c6f1 None None] instance_format = [instance: %(uuid)s] {{(pid=99749) log_opt_values /opt/stack/data/venv/lib/python3.12/site-packages/oslo_config/cfg.py:3242}}
Jul 29 04:55:06.586151 np0000006056 devstack@g-api.service[99749]: DEBUG glance.common.config [None req-bbedf223-e3ad-471c-aa4b-f96d15a2c6f1 None None] instance_uuid_format = [instance: %(uuid)s] {{(pid=99749) log_opt_values /opt/stack/data/venv/lib/python3.12/site-packages/oslo_config/cfg.py:3242}}
Jul 29 04:55:06.586292 np0000006056 devstack@g-api.service[99749]: DEBUG glance.common.config [None req-bbedf223-e3ad-471c-aa4b-f96d15a2c6f1 None None] limit_param_default = 25 {{(pid=99749) log_opt_values /opt/stack/data/venv/lib/python3.12/site-packages/oslo_config/cfg.py:3242}}
Jul 29 04:55:06.586437 np0000006056 devstack@g-api.service[99749]: DEBUG glance.common.config [None req-bbedf223-e3ad-471c-aa4b-f96d15a2c6f1 None None] log_color = False {{(pid=99749) log_opt_values /opt/stack/data/venv/lib/python3.12/site-packages/oslo_config/cfg.py:3242}}
Jul 29 04:55:06.586575 np0000006056 devstack@g-api.service[99749]: DEBUG glance.common.config [None req-bbedf223-e3ad-471c-aa4b-f96d15a2c6f1 None None] log_config_append = None {{(pid=99749) log_opt_values /opt/stack/data/venv/lib/python3.12/site-packages/oslo_config/cfg.py:3242}}
Jul 29 04:55:06.586704 np0000006056 devstack@g-api.service[99749]: DEBUG glance.common.config [None req-bbedf223-e3ad-471c-aa4b-f96d15a2c6f1 None None] log_date_format = %Y-%m-%d %H:%M:%S {{(pid=99749) log_opt_values /opt/stack/data/venv/lib/python3.12/site-packages/oslo_config/cfg.py:3242}}
Jul 29 04:55:06.586836 np0000006056 devstack@g-api.service[99749]: DEBUG glance.common.config [None req-bbedf223-e3ad-471c-aa4b-f96d15a2c6f1 None None] log_dir = None {{(pid=99749) log_opt_values /opt/stack/data/venv/lib/python3.12/site-packages/oslo_config/cfg.py:3242}}
Jul 29 04:55:06.586936 np0000006056 devstack@g-api.service[99748]: INFO glance.api.middleware.cache [None req-f022491a-8abc-4983-bb19-298455c7fb40 None None] Initialized image cache middleware
Jul 29 04:55:06.586980 np0000006056 devstack@g-api.service[99749]: DEBUG glance.common.config [None req-bbedf223-e3ad-471c-aa4b-f96d15a2c6f1 None None] log_file = None {{(pid=99749) log_opt_values /opt/stack/data/venv/lib/python3.12/site-packages/oslo_config/cfg.py:3242}}
Jul 29 04:55:06.587098 np0000006056 devstack@g-api.service[99749]: DEBUG glance.common.config [None req-bbedf223-e3ad-471c-aa4b-f96d15a2c6f1 None None] log_rotate_interval = 1 {{(pid=99749) log_opt_values /opt/stack/data/venv/lib/python3.12/site-packages/oslo_config/cfg.py:3242}}
Jul 29 04:55:06.587236 np0000006056 devstack@g-api.service[99749]: DEBUG glance.common.config [None req-bbedf223-e3ad-471c-aa4b-f96d15a2c6f1 None None] log_rotate_interval_type = days {{(pid=99749) log_opt_values /opt/stack/data/venv/lib/python3.12/site-packages/oslo_config/cfg.py:3242}}
Jul 29 04:55:06.587386 np0000006056 devstack@g-api.service[99749]: DEBUG glance.common.config [None req-bbedf223-e3ad-471c-aa4b-f96d15a2c6f1 None None] log_rotation_type = none {{(pid=99749) log_opt_values /opt/stack/data/venv/lib/python3.12/site-packages/oslo_config/cfg.py:3242}}
Jul 29 04:55:06.587491 np0000006056 devstack@g-api.service[99749]: DEBUG glance.common.config [None req-bbedf223-e3ad-471c-aa4b-f96d15a2c6f1 None None] logging_context_format_string = %(color)s%(levelname)s %(name)s [%(global_request_id)s %(request_id)s %(project_name)s %(user_name)s%(color)s] %(instance)s%(color)s%(message)s {{(pid=99749) log_opt_values /opt/stack/data/venv/lib/python3.12/site-packages/oslo_config/cfg.py:3242}}
Jul 29 04:55:06.587593 np0000006056 devstack@g-api.service[99749]: DEBUG glance.common.config [None req-bbedf223-e3ad-471c-aa4b-f96d15a2c6f1 None None] logging_debug_format_suffix = {{(pid=%(process)d) %(funcName)s %(pathname)s:%(lineno)d}} {{(pid=99749) log_opt_values /opt/stack/data/venv/lib/python3.12/site-packages/oslo_config/cfg.py:3242}}
Jul 29 04:55:06.587724 np0000006056 devstack@g-api.service[99749]: DEBUG glance.common.config [None req-bbedf223-e3ad-471c-aa4b-f96d15a2c6f1 None None] logging_default_format_string = %(color)s%(levelname)s %(name)s [-%(color)s] %(instance)s%(color)s%(message)s {{(pid=99749) log_opt_values /opt/stack/data/venv/lib/python3.12/site-packages/oslo_config/cfg.py:3242}}
Jul 29 04:55:06.587873 np0000006056 devstack@g-api.service[99749]: DEBUG glance.common.config [None req-bbedf223-e3ad-471c-aa4b-f96d15a2c6f1 None None] logging_exception_prefix = ERROR %(name)s %(instance)s {{(pid=99749) log_opt_values /opt/stack/data/venv/lib/python3.12/site-packages/oslo_config/cfg.py:3242}}
Jul 29 04:55:06.587976 np0000006056 devstack@g-api.service[99749]: DEBUG glance.common.config [None req-bbedf223-e3ad-471c-aa4b-f96d15a2c6f1 None None] logging_user_identity_format = %(user)s %(project)s %(domain)s %(system_scope)s %(user_domain)s %(project_domain)s {{(pid=99749) log_opt_values /opt/stack/data/venv/lib/python3.12/site-packages/oslo_config/cfg.py:3242}}
Jul 29 04:55:06.588104 np0000006056 devstack@g-api.service[99749]: DEBUG glance.common.config [None req-bbedf223-e3ad-471c-aa4b-f96d15a2c6f1 None None] max_logfile_count = 30 {{(pid=99749) log_opt_values /opt/stack/data/venv/lib/python3.12/site-packages/oslo_config/cfg.py:3242}}
Jul 29 04:55:06.588233 np0000006056 devstack@g-api.service[99749]: DEBUG glance.common.config [None req-bbedf223-e3ad-471c-aa4b-f96d15a2c6f1 None None] max_logfile_size_mb = 200 {{(pid=99749) log_opt_values /opt/stack/data/venv/lib/python3.12/site-packages/oslo_config/cfg.py:3242}}
Jul 29 04:55:06.588380 np0000006056 devstack@g-api.service[99749]: DEBUG glance.common.config [None req-bbedf223-e3ad-471c-aa4b-f96d15a2c6f1 None None] max_request_id_length = 64 {{(pid=99749) log_opt_values /opt/stack/data/venv/lib/python3.12/site-packages/oslo_config/cfg.py:3242}}
Jul 29 04:55:06.588501 np0000006056 devstack@g-api.service[99749]: DEBUG glance.common.config [None req-bbedf223-e3ad-471c-aa4b-f96d15a2c6f1 None None] metadata_encryption_key = **** {{(pid=99749) log_opt_values /opt/stack/data/venv/lib/python3.12/site-packages/oslo_config/cfg.py:3242}}
Jul 29 04:55:06.588628 np0000006056 devstack@g-api.service[99749]: DEBUG glance.common.config [None req-bbedf223-e3ad-471c-aa4b-f96d15a2c6f1 None None] node_staging_uri = file:///tmp/staging/ {{(pid=99749) log_opt_values /opt/stack/data/venv/lib/python3.12/site-packages/oslo_config/cfg.py:3242}}
Jul 29 04:55:06.588748 np0000006056 devstack@g-api.service[99749]: DEBUG glance.common.config [None req-bbedf223-e3ad-471c-aa4b-f96d15a2c6f1 None None] property_protection_file = None {{(pid=99749) log_opt_values /opt/stack/data/venv/lib/python3.12/site-packages/oslo_config/cfg.py:3242}}
Jul 29 04:55:06.588877 np0000006056 devstack@g-api.service[99749]: DEBUG glance.common.config [None req-bbedf223-e3ad-471c-aa4b-f96d15a2c6f1 None None] property_protection_rule_format = roles {{(pid=99749) log_opt_values /opt/stack/data/venv/lib/python3.12/site-packages/oslo_config/cfg.py:3242}}
Jul 29 04:55:06.589003 np0000006056 devstack@g-api.service[99749]: DEBUG glance.common.config [None req-bbedf223-e3ad-471c-aa4b-f96d15a2c6f1 None None] public_endpoint = https://10.4.3.230/image {{(pid=99749) log_opt_values /opt/stack/data/venv/lib/python3.12/site-packages/oslo_config/cfg.py:3242}}
Jul 29 04:55:06.589122 np0000006056 devstack@g-api.service[99749]: DEBUG glance.common.config [None req-bbedf223-e3ad-471c-aa4b-f96d15a2c6f1 None None] publish_errors = False {{(pid=99749) log_opt_values /opt/stack/data/venv/lib/python3.12/site-packages/oslo_config/cfg.py:3242}}
Jul 29 04:55:06.589270 np0000006056 devstack@g-api.service[99749]: DEBUG glance.common.config [None req-bbedf223-e3ad-471c-aa4b-f96d15a2c6f1 None None] pydev_worker_debug_host = None {{(pid=99749) log_opt_values /opt/stack/data/venv/lib/python3.12/site-packages/oslo_config/cfg.py:3242}}
Jul 29 04:55:06.589374 np0000006056 devstack@g-api.service[99747]: INFO glance.api.middleware.cache [None req-06d87365-3ea2-4207-819e-3cb8a7bec092 None None] Initialized image cache middleware
Jul 29 04:55:06.589449 np0000006056 devstack@g-api.service[99749]: DEBUG glance.common.config [None req-bbedf223-e3ad-471c-aa4b-f96d15a2c6f1 None None] pydev_worker_debug_port = 5678 {{(pid=99749) log_opt_values /opt/stack/data/venv/lib/python3.12/site-packages/oslo_config/cfg.py:3242}}
Jul 29 04:55:06.589577 np0000006056 devstack@g-api.service[99749]: DEBUG glance.common.config [None req-bbedf223-e3ad-471c-aa4b-f96d15a2c6f1 None None] rate_limit_burst = 0 {{(pid=99749) log_opt_values /opt/stack/data/venv/lib/python3.12/site-packages/oslo_config/cfg.py:3242}}
Jul 29 04:55:06.589704 np0000006056 devstack@g-api.service[99749]: DEBUG glance.common.config [None req-bbedf223-e3ad-471c-aa4b-f96d15a2c6f1 None None] rate_limit_except_level = CRITICAL {{(pid=99749) log_opt_values /opt/stack/data/venv/lib/python3.12/site-packages/oslo_config/cfg.py:3242}}
Jul 29 04:55:06.589859 np0000006056 devstack@g-api.service[99749]: DEBUG glance.common.config [None req-bbedf223-e3ad-471c-aa4b-f96d15a2c6f1 None None] rate_limit_interval = 0 {{(pid=99749) log_opt_values /opt/stack/data/venv/lib/python3.12/site-packages/oslo_config/cfg.py:3242}}
Jul 29 04:55:06.589988 np0000006056 devstack@g-api.service[99749]: DEBUG glance.common.config [None req-bbedf223-e3ad-471c-aa4b-f96d15a2c6f1 None None] scrub_pool_size = 1 {{(pid=99749) log_opt_values /opt/stack/data/venv/lib/python3.12/site-packages/oslo_config/cfg.py:3242}}
Jul 29 04:55:06.590109 np0000006056 devstack@g-api.service[99749]: DEBUG glance.common.config [None req-bbedf223-e3ad-471c-aa4b-f96d15a2c6f1 None None] scrub_time = 0 {{(pid=99749) log_opt_values /opt/stack/data/venv/lib/python3.12/site-packages/oslo_config/cfg.py:3242}}
Jul 29 04:55:06.590239 np0000006056 devstack@g-api.service[99749]: DEBUG glance.common.config [None req-bbedf223-e3ad-471c-aa4b-f96d15a2c6f1 None None] shell_completion = None {{(pid=99749) log_opt_values /opt/stack/data/venv/lib/python3.12/site-packages/oslo_config/cfg.py:3242}}
Jul 29 04:55:06.590389 np0000006056 devstack@g-api.service[99749]: DEBUG glance.common.config [None req-bbedf223-e3ad-471c-aa4b-f96d15a2c6f1 None None] show_image_direct_url = False {{(pid=99749) log_opt_values /opt/stack/data/venv/lib/python3.12/site-packages/oslo_config/cfg.py:3242}}
Jul 29 04:55:06.590629 np0000006056 devstack@g-api.service[99749]: WARNING oslo_config.cfg [None req-bbedf223-e3ad-471c-aa4b-f96d15a2c6f1 None None] Deprecated: Option "show_multiple_locations" from group "DEFAULT" is deprecated for removal (Use of this option, deprecated since Newton, is a security risk and will be removed once we figure out a way to satisfy those use cases that currently require it. An earlier announcement that the same functionality can be achieved with greater granularity by using policies is incorrect. You cannot work around this option via policy configuration at the present time, though that is the direction we believe the fix will take. Please keep an eye on the Glance release notes to stay up to date on progress in addressing this issue.). Its value may be silently ignored in the future.
Jul 29 04:55:06.590783 np0000006056 devstack@g-api.service[99749]: DEBUG glance.common.config [None req-bbedf223-e3ad-471c-aa4b-f96d15a2c6f1 None None] show_multiple_locations = False {{(pid=99749) log_opt_values /opt/stack/data/venv/lib/python3.12/site-packages/oslo_config/cfg.py:3242}}
Jul 29 04:55:06.590916 np0000006056 devstack@g-api.service[99749]: DEBUG glance.common.config [None req-bbedf223-e3ad-471c-aa4b-f96d15a2c6f1 None None] syslog_log_facility = LOG_USER {{(pid=99749) log_opt_values /opt/stack/data/venv/lib/python3.12/site-packages/oslo_config/cfg.py:3242}}
Jul 29 04:55:06.591043 np0000006056 devstack@g-api.service[99749]: DEBUG glance.common.config [None req-bbedf223-e3ad-471c-aa4b-f96d15a2c6f1 None None] transport_url = **** {{(pid=99749) log_opt_values /opt/stack/data/venv/lib/python3.12/site-packages/oslo_config/cfg.py:3242}}
Jul 29 04:55:06.591166 np0000006056 devstack@g-api.service[99749]: DEBUG glance.common.config [None req-bbedf223-e3ad-471c-aa4b-f96d15a2c6f1 None None] use_journal = False {{(pid=99749) log_opt_values /opt/stack/data/venv/lib/python3.12/site-packages/oslo_config/cfg.py:3242}}
Jul 29 04:55:06.591316 np0000006056 devstack@g-api.service[99749]: DEBUG glance.common.config [None req-bbedf223-e3ad-471c-aa4b-f96d15a2c6f1 None None] use_json = False {{(pid=99749) log_opt_values /opt/stack/data/venv/lib/python3.12/site-packages/oslo_config/cfg.py:3242}}
Jul 29 04:55:06.591458 np0000006056 devstack@g-api.service[99749]: DEBUG glance.common.config [None req-bbedf223-e3ad-471c-aa4b-f96d15a2c6f1 None None] use_keystone_limits = True {{(pid=99749) log_opt_values /opt/stack/data/venv/lib/python3.12/site-packages/oslo_config/cfg.py:3242}}
Jul 29 04:55:06.591584 np0000006056 devstack@g-api.service[99749]: DEBUG glance.common.config [None req-bbedf223-e3ad-471c-aa4b-f96d15a2c6f1 None None] use_stderr = False {{(pid=99749) log_opt_values /opt/stack/data/venv/lib/python3.12/site-packages/oslo_config/cfg.py:3242}}
Jul 29 04:55:06.591709 np0000006056 devstack@g-api.service[99749]: DEBUG glance.common.config [None req-bbedf223-e3ad-471c-aa4b-f96d15a2c6f1 None None] use_syslog = False {{(pid=99749) log_opt_values /opt/stack/data/venv/lib/python3.12/site-packages/oslo_config/cfg.py:3242}}
Jul 29 04:55:06.591836 np0000006056 devstack@g-api.service[99749]: DEBUG glance.common.config [None req-bbedf223-e3ad-471c-aa4b-f96d15a2c6f1 None None] user_storage_quota = 0 {{(pid=99749) log_opt_values /opt/stack/data/venv/lib/python3.12/site-packages/oslo_config/cfg.py:3242}}
Jul 29 04:55:06.591961 np0000006056 devstack@g-api.service[99749]: DEBUG glance.common.config [None req-bbedf223-e3ad-471c-aa4b-f96d15a2c6f1 None None] worker_self_reference_url = http://127.0.0.1:60999 {{(pid=99749) log_opt_values /opt/stack/data/venv/lib/python3.12/site-packages/oslo_config/cfg.py:3242}}
Jul 29 04:55:06.592115 np0000006056 devstack@g-api.service[99749]: DEBUG glance.common.config [None req-bbedf223-e3ad-471c-aa4b-f96d15a2c6f1 None None] oslo_concurrency.disable_process_locking = False {{(pid=99749) log_opt_values /opt/stack/data/venv/lib/python3.12/site-packages/oslo_config/cfg.py:3253}}
Jul 29 04:55:06.592272 np0000006056 devstack@g-api.service[99749]: DEBUG glance.common.config [None req-bbedf223-e3ad-471c-aa4b-f96d15a2c6f1 None None] oslo_concurrency.lock_path = /opt/stack/data/glance/locks {{(pid=99749) log_opt_values /opt/stack/data/venv/lib/python3.12/site-packages/oslo_config/cfg.py:3253}}
Jul 29 04:55:06.592432 np0000006056 devstack@g-api.service[99749]: DEBUG glance.common.config [None req-bbedf223-e3ad-471c-aa4b-f96d15a2c6f1 None None] oslo_middleware.enable_proxy_headers_parsing = False {{(pid=99749) log_opt_values /opt/stack/data/venv/lib/python3.12/site-packages/oslo_config/cfg.py:3253}}
Jul 29 04:55:06.592565 np0000006056 devstack@g-api.service[99749]: DEBUG glance.common.config [None req-bbedf223-e3ad-471c-aa4b-f96d15a2c6f1 None None] oslo_middleware.http_basic_auth_user_file = /etc/htpasswd {{(pid=99749) log_opt_values /opt/stack/data/venv/lib/python3.12/site-packages/oslo_config/cfg.py:3253}}
Jul 29 04:55:06.592693 np0000006056 devstack@g-api.service[99749]: DEBUG glance.common.config [None req-bbedf223-e3ad-471c-aa4b-f96d15a2c6f1 None None] paste_deploy.config_file = None {{(pid=99749) log_opt_values /opt/stack/data/venv/lib/python3.12/site-packages/oslo_config/cfg.py:3253}}
Jul 29 04:55:06.592822 np0000006056 devstack@g-api.service[99749]: DEBUG glance.common.config [None req-bbedf223-e3ad-471c-aa4b-f96d15a2c6f1 None None] paste_deploy.flavor = keystone+cachemanagement {{(pid=99749) log_opt_values /opt/stack/data/venv/lib/python3.12/site-packages/oslo_config/cfg.py:3253}}
Jul 29 04:55:06.592986 np0000006056 devstack@g-api.service[99749]: DEBUG glance.common.config [None req-bbedf223-e3ad-471c-aa4b-f96d15a2c6f1 None None] image_format.container_formats = ['ami', 'ari', 'aki', 'bare', 'ovf', 'ova', 'docker', 'compressed'] {{(pid=99749) log_opt_values /opt/stack/data/venv/lib/python3.12/site-packages/oslo_config/cfg.py:3253}}
Jul 29 04:55:06.593147 np0000006056 devstack@g-api.service[99749]: DEBUG glance.common.config [None req-bbedf223-e3ad-471c-aa4b-f96d15a2c6f1 None None] image_format.disk_formats = ['ami', 'ari', 'aki', 'vhd', 'vhdx', 'vmdk', 'raw', 'qcow2', 'vdi', 'iso', 'ploop'] {{(pid=99749) log_opt_values /opt/stack/data/venv/lib/python3.12/site-packages/oslo_config/cfg.py:3253}}
Jul 29 04:55:06.593291 np0000006056 devstack@g-api.service[99749]: DEBUG glance.common.config [None req-bbedf223-e3ad-471c-aa4b-f96d15a2c6f1 None None] image_format.gpt_safety_checks_nonfatal = [] {{(pid=99749) log_opt_values /opt/stack/data/venv/lib/python3.12/site-packages/oslo_config/cfg.py:3253}}
Jul 29 04:55:06.593438 np0000006056 devstack@g-api.service[99749]: DEBUG glance.common.config [None req-bbedf223-e3ad-471c-aa4b-f96d15a2c6f1 None None] image_format.require_image_format_match = True {{(pid=99749) log_opt_values /opt/stack/data/venv/lib/python3.12/site-packages/oslo_config/cfg.py:3253}}
Jul 29 04:55:06.593585 np0000006056 devstack@g-api.service[99749]: DEBUG glance.common.config [None req-bbedf223-e3ad-471c-aa4b-f96d15a2c6f1 None None] image_format.vmdk_allowed_types = ['streamOptimized', 'monolithicSparse'] {{(pid=99749) log_opt_values /opt/stack/data/venv/lib/python3.12/site-packages/oslo_config/cfg.py:3253}}
Jul 29 04:55:06.593727 np0000006056 devstack@g-api.service[99749]: DEBUG glance.common.config [None req-bbedf223-e3ad-471c-aa4b-f96d15a2c6f1 None None] task.task_executor = taskflow {{(pid=99749) log_opt_values /opt/stack/data/venv/lib/python3.12/site-packages/oslo_config/cfg.py:3253}}
Jul 29 04:55:06.593868 np0000006056 devstack@g-api.service[99749]: DEBUG glance.common.config [None req-bbedf223-e3ad-471c-aa4b-f96d15a2c6f1 None None] task.task_time_to_live = 48 {{(pid=99749) log_opt_values /opt/stack/data/venv/lib/python3.12/site-packages/oslo_config/cfg.py:3253}}
Jul 29 04:55:06.593993 np0000006056 devstack@g-api.service[99749]: DEBUG glance.common.config [None req-bbedf223-e3ad-471c-aa4b-f96d15a2c6f1 None None] task.work_dir = None {{(pid=99749) log_opt_values /opt/stack/data/venv/lib/python3.12/site-packages/oslo_config/cfg.py:3253}}
Jul 29 04:55:06.594127 np0000006056 devstack@g-api.service[99749]: DEBUG glance.common.config [None req-bbedf223-e3ad-471c-aa4b-f96d15a2c6f1 None None] wsgi.python_interpreter = /opt/stack/data/venv/bin/python3 {{(pid=99749) log_opt_values /opt/stack/data/venv/lib/python3.12/site-packages/oslo_config/cfg.py:3253}}
Jul 29 04:55:06.594265 np0000006056 devstack@g-api.service[99749]: DEBUG glance.common.config [None req-bbedf223-e3ad-471c-aa4b-f96d15a2c6f1 None None] wsgi.task_pool_threads = 16 {{(pid=99749) log_opt_values /opt/stack/data/venv/lib/python3.12/site-packages/oslo_config/cfg.py:3253}}
Jul 29 04:55:06.594410 np0000006056 devstack@g-api.service[99749]: DEBUG glance.common.config [None req-bbedf223-e3ad-471c-aa4b-f96d15a2c6f1 None None] import_filtering_opts.allowed_hosts = [] {{(pid=99749) log_opt_values /opt/stack/data/venv/lib/python3.12/site-packages/oslo_config/cfg.py:3253}}
Jul 29 04:55:06.594541 np0000006056 devstack@g-api.service[99749]: DEBUG glance.common.config [None req-bbedf223-e3ad-471c-aa4b-f96d15a2c6f1 None None] import_filtering_opts.allowed_ports = [80, 443] {{(pid=99749) log_opt_values /opt/stack/data/venv/lib/python3.12/site-packages/oslo_config/cfg.py:3253}}
Jul 29 04:55:06.594680 np0000006056 devstack@g-api.service[99749]: DEBUG glance.common.config [None req-bbedf223-e3ad-471c-aa4b-f96d15a2c6f1 None None] import_filtering_opts.allowed_schemes = ['http', 'https'] {{(pid=99749) log_opt_values /opt/stack/data/venv/lib/python3.12/site-packages/oslo_config/cfg.py:3253}}
Jul 29 04:55:06.594804 np0000006056 devstack@g-api.service[99749]: DEBUG glance.common.config [None req-bbedf223-e3ad-471c-aa4b-f96d15a2c6f1 None None] import_filtering_opts.disallowed_hosts = [] {{(pid=99749) log_opt_values /opt/stack/data/venv/lib/python3.12/site-packages/oslo_config/cfg.py:3253}}
Jul 29 04:55:06.594925 np0000006056 devstack@g-api.service[99749]: DEBUG glance.common.config [None req-bbedf223-e3ad-471c-aa4b-f96d15a2c6f1 None None] import_filtering_opts.disallowed_ports = [] {{(pid=99749) log_opt_values /opt/stack/data/venv/lib/python3.12/site-packages/oslo_config/cfg.py:3253}}
Jul 29 04:55:06.595047 np0000006056 devstack@g-api.service[99749]: DEBUG glance.common.config [None req-bbedf223-e3ad-471c-aa4b-f96d15a2c6f1 None None] import_filtering_opts.disallowed_schemes = [] {{(pid=99749) log_opt_values /opt/stack/data/venv/lib/python3.12/site-packages/oslo_config/cfg.py:3253}}
