Jun 02 12:57:36.839808 np0000001928 devstack@g-api.service[101982]: DEBUG glance_store.location [-] Registering scheme swift+config with {'store': , 'location_class': , 'store_entry': 'swift'} {{(pid=101982) register_scheme_map /opt/stack/data/venv/lib/python3.12/site-packages/glance_store/location.py:146}}
Jun 02 12:57:36.839952 np0000001928 devstack@g-api.service[101981]: WARNING oslo_config.cfg [-] Deprecated: Option "default_store" from group "glance_store" is deprecated for removal (
Jun 02 12:57:36.839952 np0000001928 devstack@g-api.service[101981]: This option is deprecated against new config option
Jun 02 12:57:36.839952 np0000001928 devstack@g-api.service[101981]: ``default_backend`` which acts similar to ``default_store`` config
Jun 02 12:57:36.839952 np0000001928 devstack@g-api.service[101981]: option.
Jun 02 12:57:36.839952 np0000001928 devstack@g-api.service[101981]: This option is scheduled for removal in the U development
Jun 02 12:57:36.839952 np0000001928 devstack@g-api.service[101981]: cycle.
Jun 02 12:57:36.839952 np0000001928 devstack@g-api.service[101981]: ). Its value may be silently ignored in the future.
Jun 02 12:57:36.840148 np0000001928 devstack@g-api.service[101982]: DEBUG glance.sqlite_migration [-] SQLite caching database not located, skipping migration {{(pid=101982) get_db_path /opt/stack/glance/glance/sqlite_migration.py:68}}
Jun 02 12:57:36.840188 np0000001928 devstack@g-api.service[101982]: WARNING glance.common.wsgi_app [-] Import methods are enabled but staging directory /tmp/staging/ does not exist; Imports will fail!
Jun 02 12:57:36.841128 np0000001928 devstack@g-api.service[101981]: DEBUG glance_store.capabilities [-] Store glance_store._drivers.swift.store.SingleTenantStore doesn't support updating dynamic storage capabilities. Please overwrite 'update_capabilities' method of the store to implement updating logics if needed. {{(pid=101981) update_capabilities /opt/stack/data/venv/lib/python3.12/site-packages/glance_store/capabilities.py:91}}
Jun 02 12:57:36.841216 np0000001928 devstack@g-api.service[101981]: DEBUG glance_store.backend [-] Registering store swift with schemes ('swift+https', 'swift', 'swift+http', 'swift+config') {{(pid=101981) create_stores /opt/stack/data/venv/lib/python3.12/site-packages/glance_store/backend.py:261}}
Jun 02 12:57:36.841290 np0000001928 devstack@g-api.service[101981]: DEBUG glance_store.driver [-] Late loading location class glance_store._drivers.swift.store.StoreLocation {{(pid=101981) get_store_location_class /opt/stack/data/venv/lib/python3.12/site-packages/glance_store/driver.py:134}}
Jun 02 12:57:36.841398 np0000001928 devstack@g-api.service[101981]: DEBUG glance_store.location [-] Registering scheme swift+https with {'store': , 'location_class': , 'store_entry': 'swift'} {{(pid=101981) register_scheme_map /opt/stack/data/venv/lib/python3.12/site-packages/glance_store/location.py:146}}
Jun 02 12:57:36.841498 np0000001928 devstack@g-api.service[101981]: DEBUG glance_store.location [-] Registering scheme swift with {'store': , 'location_class': , 'store_entry': 'swift'} {{(pid=101981) register_scheme_map /opt/stack/data/venv/lib/python3.12/site-packages/glance_store/location.py:146}}
Jun 02 12:57:36.841589 np0000001928 devstack@g-api.service[101981]: DEBUG glance_store.location [-] Registering scheme swift+http with {'store': , 'location_class': , 'store_entry': 'swift'} {{(pid=101981) register_scheme_map /opt/stack/data/venv/lib/python3.12/site-packages/glance_store/location.py:146}}
Jun 02 12:57:36.841669 np0000001928 devstack@g-api.service[101981]: DEBUG glance_store.location [-] Registering scheme swift+config with {'store': , 'location_class': , 'store_entry': 'swift'} {{(pid=101981) register_scheme_map /opt/stack/data/venv/lib/python3.12/site-packages/glance_store/location.py:146}}
Jun 02 12:57:36.841812 np0000001928 devstack@g-api.service[101981]: DEBUG glance_store.backend [-] Attempting to import store swift {{(pid=101981) _load_store /opt/stack/data/venv/lib/python3.12/site-packages/glance_store/backend.py:215}}
Jun 02 12:57:36.842894 np0000001928 devstack@g-api.service[101981]: DEBUG glance_store.capabilities [-] Store glance_store._drivers.swift.store.SingleTenantStore doesn't support updating dynamic storage capabilities. Please overwrite 'update_capabilities' method of the store to implement updating logics if needed. {{(pid=101981) update_capabilities /opt/stack/data/venv/lib/python3.12/site-packages/glance_store/capabilities.py:91}}
Jun 02 12:57:36.842971 np0000001928 devstack@g-api.service[101981]: DEBUG glance_store.driver [-] Late loading location class glance_store._drivers.swift.store.StoreLocation {{(pid=101981) get_store_location_class /opt/stack/data/venv/lib/python3.12/site-packages/glance_store/driver.py:134}}
Jun 02 12:57:36.843073 np0000001928 devstack@g-api.service[101981]: DEBUG glance_store.location [-] Registering scheme swift+https with {'store': , 'location_class': , 'store_entry': 'swift'} {{(pid=101981) register_scheme_map /opt/stack/data/venv/lib/python3.12/site-packages/glance_store/location.py:146}}
Jun 02 12:57:36.843159 np0000001928 devstack@g-api.service[101981]: DEBUG glance_store.location [-] Registering scheme swift+https with {'store': , 'location_class': , 'store_entry': 'swift'} {{(pid=101981) register_scheme_map /opt/stack/data/venv/lib/python3.12/site-packages/glance_store/location.py:146}}
Jun 02 12:57:36.843251 np0000001928 devstack@g-api.service[101981]: DEBUG glance_store.location [-] Registering scheme swift with {'store': , 'location_class': , 'store_entry': 'swift'} {{(pid=101981) register_scheme_map /opt/stack/data/venv/lib/python3.12/site-packages/glance_store/location.py:146}}
Jun 02 12:57:36.843324 np0000001928 devstack@g-api.service[101981]: DEBUG glance_store.location [-] Registering scheme swift+https with {'store': , 'location_class': , 'store_entry': 'swift'} {{(pid=101981) register_scheme_map /opt/stack/data/venv/lib/python3.12/site-packages/glance_store/location.py:146}}
Jun 02 12:57:36.843416 np0000001928 devstack@g-api.service[101981]: DEBUG glance_store.location [-] Registering scheme swift with {'store': , 'location_class': , 'store_entry': 'swift'} {{(pid=101981) register_scheme_map /opt/stack/data/venv/lib/python3.12/site-packages/glance_store/location.py:146}}
Jun 02 12:57:36.843510 np0000001928 devstack@g-api.service[101981]: DEBUG glance_store.location [-] Registering scheme swift+http with {'store': , 'location_class': , 'store_entry': 'swift'} {{(pid=101981) register_scheme_map /opt/stack/data/venv/lib/python3.12/site-packages/glance_store/location.py:146}}
Jun 02 12:57:36.843596 np0000001928 devstack@g-api.service[101981]: DEBUG glance_store.location [-] Registering scheme swift+https with {'store': , 'location_class': , 'store_entry': 'swift'} {{(pid=101981) register_scheme_map /opt/stack/data/venv/lib/python3.12/site-packages/glance_store/location.py:146}}
Jun 02 12:57:36.843678 np0000001928 devstack@g-api.service[101981]: DEBUG glance_store.location [-] Registering scheme swift with {'store': , 'location_class': , 'store_entry': 'swift'} {{(pid=101981) register_scheme_map /opt/stack/data/venv/lib/python3.12/site-packages/glance_store/location.py:146}}
Jun 02 12:57:36.843764 np0000001928 devstack@g-api.service[101981]: DEBUG glance_store.location [-] Registering scheme swift+http with {'store': , 'location_class': , 'store_entry': 'swift'} {{(pid=101981) register_scheme_map /opt/stack/data/venv/lib/python3.12/site-packages/glance_store/location.py:146}}
Jun 02 12:57:36.843847 np0000001928 devstack@g-api.service[101981]: DEBUG glance_store.location [-] Registering scheme swift+config with {'store': , 'location_class': , 'store_entry': 'swift'} {{(pid=101981) register_scheme_map /opt/stack/data/venv/lib/python3.12/site-packages/glance_store/location.py:146}}
Jun 02 12:57:36.844145 np0000001928 devstack@g-api.service[101981]: DEBUG glance.sqlite_migration [-] SQLite caching database not located, skipping migration {{(pid=101981) get_db_path /opt/stack/glance/glance/sqlite_migration.py:68}}
Jun 02 12:57:36.844361 np0000001928 devstack@g-api.service[101981]: WARNING glance.common.wsgi_app [-] Import methods are enabled but staging directory /tmp/staging/ does not exist; Imports will fail!
Jun 02 12:57:37.088201 np0000001928 devstack@g-api.service[101980]: DEBUG glance.common.config [None req-d85af7df-392b-49b4-bf55-44f8e4c50f45 None None] Loading glance-api-keystone+cachemanagement from /etc/glance/glance-api-paste.ini {{(pid=101980) load_paste_app /opt/stack/glance/glance/common/config.py:758}}
Jun 02 12:57:37.088637 np0000001928 devstack@g-api.service[101982]: DEBUG glance.common.config [None req-45aacf46-6b8e-4f41-a5a2-ef66e9034715 None None] Loading glance-api-keystone+cachemanagement from /etc/glance/glance-api-paste.ini {{(pid=101982) load_paste_app /opt/stack/glance/glance/common/config.py:758}}
Jun 02 12:57:37.100107 np0000001928 devstack@g-api.service[101981]: DEBUG glance.common.config [None req-411dac7b-fb8e-478f-a05c-3ff113fb5d67 None None] Loading glance-api-keystone+cachemanagement from /etc/glance/glance-api-paste.ini {{(pid=101981) load_paste_app /opt/stack/glance/glance/common/config.py:758}}
Jun 02 12:57:37.642257 np0000001928 devstack@g-api.service[101980]: INFO glance.image_cache [None req-d85af7df-392b-49b4-bf55-44f8e4c50f45 None None] Image cache loaded driver 'centralized_db'.
Jun 02 12:57:37.643853 np0000001928 devstack@g-api.service[101981]: INFO glance.image_cache [None req-411dac7b-fb8e-478f-a05c-3ff113fb5d67 None None] Image cache loaded driver 'centralized_db'.
Jun 02 12:57:37.645740 np0000001928 devstack@g-api.service[101982]: INFO glance.image_cache [None req-45aacf46-6b8e-4f41-a5a2-ef66e9034715 None None] Image cache loaded driver 'centralized_db'.
Jun 02 12:57:37.684644 np0000001928 devstack@g-api.service[101980]: INFO dbcounter [None req-d85af7df-392b-49b4-bf55-44f8e4c50f45 None None] Registered counter for database glance
Jun 02 12:57:37.685534 np0000001928 devstack@g-api.service[101981]: INFO dbcounter [None req-411dac7b-fb8e-478f-a05c-3ff113fb5d67 None None] Registered counter for database glance
Jun 02 12:57:37.686712 np0000001928 devstack@g-api.service[101982]: INFO dbcounter [None req-45aacf46-6b8e-4f41-a5a2-ef66e9034715 None None] Registered counter for database glance
Jun 02 12:57:37.725591 np0000001928 devstack@g-api.service[101980]: DEBUG oslo_db.sqlalchemy.engines [None req-d85af7df-392b-49b4-bf55-44f8e4c50f45 None None] MySQL server mode set to STRICT_TRANS_TABLES,STRICT_ALL_TABLES,NO_ZERO_IN_DATE,NO_ZERO_DATE,ERROR_FOR_DIVISION_BY_ZERO,TRADITIONAL,NO_ENGINE_SUBSTITUTION {{(pid=101980) _check_effective_sql_mode /opt/stack/data/venv/lib/python3.12/site-packages/oslo_db/sqlalchemy/engines.py:325}}
Jun 02 12:57:37.728219 np0000001928 devstack@g-api.service[101981]: DEBUG oslo_db.sqlalchemy.engines [None req-411dac7b-fb8e-478f-a05c-3ff113fb5d67 None None] MySQL server mode set to STRICT_TRANS_TABLES,STRICT_ALL_TABLES,NO_ZERO_IN_DATE,NO_ZERO_DATE,ERROR_FOR_DIVISION_BY_ZERO,TRADITIONAL,NO_ENGINE_SUBSTITUTION {{(pid=101981) _check_effective_sql_mode /opt/stack/data/venv/lib/python3.12/site-packages/oslo_db/sqlalchemy/engines.py:325}}
Jun 02 12:57:37.730877 np0000001928 devstack@g-api.service[101982]: DEBUG oslo_db.sqlalchemy.engines [None req-45aacf46-6b8e-4f41-a5a2-ef66e9034715 None None] MySQL server mode set to STRICT_TRANS_TABLES,STRICT_ALL_TABLES,NO_ZERO_IN_DATE,NO_ZERO_DATE,ERROR_FOR_DIVISION_BY_ZERO,TRADITIONAL,NO_ENGINE_SUBSTITUTION {{(pid=101982) _check_effective_sql_mode /opt/stack/data/venv/lib/python3.12/site-packages/oslo_db/sqlalchemy/engines.py:325}}
Jun 02 12:57:37.745560 np0000001928 devstack@g-api.service[101980]: DEBUG dbcounter [-] [101980] Writer thread running {{(pid=101980) stat_writer /opt/stack/data/venv/lib/python3.12/site-packages/dbcounter.py:102}}
Jun 02 12:57:37.749550 np0000001928 devstack@g-api.service[101981]: DEBUG dbcounter [-] [101981] Writer thread running {{(pid=101981) stat_writer /opt/stack/data/venv/lib/python3.12/site-packages/dbcounter.py:102}}
Jun 02 12:57:37.751479 np0000001928 devstack@g-api.service[101982]: DEBUG dbcounter [-] [101982] Writer thread running {{(pid=101982) stat_writer /opt/stack/data/venv/lib/python3.12/site-packages/dbcounter.py:102}}
Jun 02 12:57:37.752402 np0000001928 devstack@g-api.service[101981]: DEBUG glance.image_cache.drivers.centralized_db [None req-411dac7b-fb8e-478f-a05c-3ff113fb5d67 None None] Node reference is already recorded, ignoring it {{(pid=101981) configure /opt/stack/glance/glance/image_cache/drivers/centralized_db.py:71}}
Jun 02 12:57:37.753732 np0000001928 devstack@g-api.service[101982]: DEBUG glance.image_cache.drivers.centralized_db [None req-45aacf46-6b8e-4f41-a5a2-ef66e9034715 None None] Node reference is already recorded, ignoring it {{(pid=101982) configure /opt/stack/glance/glance/image_cache/drivers/centralized_db.py:71}}
Jun 02 12:57:37.757935 np0000001928 devstack@g-api.service[101980]: INFO glance.image_cache [None req-d85af7df-392b-49b4-bf55-44f8e4c50f45 None None] Image cache loaded driver 'centralized_db'.
Jun 02 12:57:37.758774 np0000001928 devstack@g-api.service[101982]: INFO glance.image_cache [None req-45aacf46-6b8e-4f41-a5a2-ef66e9034715 None None] Image cache loaded driver 'centralized_db'.
Jun 02 12:57:37.760954 np0000001928 devstack@g-api.service[101981]: INFO glance.image_cache [None req-411dac7b-fb8e-478f-a05c-3ff113fb5d67 None None] Image cache loaded driver 'centralized_db'.
Jun 02 12:57:37.764671 np0000001928 devstack@g-api.service[101982]: DEBUG glance.image_cache.drivers.centralized_db [None req-45aacf46-6b8e-4f41-a5a2-ef66e9034715 None None] Node reference is already recorded, ignoring it {{(pid=101982) configure /opt/stack/glance/glance/image_cache/drivers/centralized_db.py:71}}
Jun 02 12:57:37.766594 np0000001928 devstack@g-api.service[101980]: DEBUG glance.image_cache.drivers.centralized_db [None req-d85af7df-392b-49b4-bf55-44f8e4c50f45 None None] Node reference is already recorded, ignoring it {{(pid=101980) configure /opt/stack/glance/glance/image_cache/drivers/centralized_db.py:71}}
Jun 02 12:57:37.768829 np0000001928 devstack@g-api.service[101982]: DEBUG glance.api.v2.cached_images [None req-45aacf46-6b8e-4f41-a5a2-ef66e9034715 None None] Started cache worker thread {{(pid=101982) __init__ /opt/stack/glance/glance/api/v2/cached_images.py:69}}
Jun 02 12:57:37.768881 np0000001928 devstack@g-api.service[101981]: DEBUG glance.image_cache.drivers.centralized_db [None req-411dac7b-fb8e-478f-a05c-3ff113fb5d67 None None] Node reference is already recorded, ignoring it {{(pid=101981) configure /opt/stack/glance/glance/image_cache/drivers/centralized_db.py:71}}
Jun 02 12:57:37.769325 np0000001928 devstack@g-api.service[101982]: INFO glance.image_cache [None req-45aacf46-6b8e-4f41-a5a2-ef66e9034715 None None] Image cache loaded driver 'centralized_db'.
Jun 02 12:57:37.773046 np0000001928 devstack@g-api.service[101980]: DEBUG glance.api.v2.cached_images [None req-d85af7df-392b-49b4-bf55-44f8e4c50f45 None None] Started cache worker thread {{(pid=101980) __init__ /opt/stack/glance/glance/api/v2/cached_images.py:69}}
Jun 02 12:57:37.773901 np0000001928 devstack@g-api.service[101980]: INFO glance.image_cache [None req-d85af7df-392b-49b4-bf55-44f8e4c50f45 None None] Image cache loaded driver 'centralized_db'.
Jun 02 12:57:37.774996 np0000001928 devstack@g-api.service[101982]: DEBUG glance.image_cache.drivers.centralized_db [None req-45aacf46-6b8e-4f41-a5a2-ef66e9034715 None None] Node reference is already recorded, ignoring it {{(pid=101982) configure /opt/stack/glance/glance/image_cache/drivers/centralized_db.py:71}}
Jun 02 12:57:37.775262 np0000001928 devstack@g-api.service[101981]: DEBUG glance.api.v2.cached_images [None req-411dac7b-fb8e-478f-a05c-3ff113fb5d67 None None] Started cache worker thread {{(pid=101981) __init__ /opt/stack/glance/glance/api/v2/cached_images.py:69}}
Jun 02 12:57:37.776063 np0000001928 devstack@g-api.service[101981]: INFO glance.image_cache [None req-411dac7b-fb8e-478f-a05c-3ff113fb5d67 None None] Image cache loaded driver 'centralized_db'.
Jun 02 12:57:37.778965 np0000001928 devstack@g-api.service[101982]: INFO glance.api.middleware.cache_manage [None req-45aacf46-6b8e-4f41-a5a2-ef66e9034715 None None] Initialized image cache management middleware
Jun 02 12:57:37.779098 np0000001928 devstack@g-api.service[101982]: INFO glance.image_cache [None req-45aacf46-6b8e-4f41-a5a2-ef66e9034715 None None] Image cache loaded driver 'centralized_db'.
Jun 02 12:57:37.781974 np0000001928 devstack@g-api.service[101980]: DEBUG glance.image_cache.drivers.centralized_db [None req-d85af7df-392b-49b4-bf55-44f8e4c50f45 None None] Node reference is already recorded, ignoring it {{(pid=101980) configure /opt/stack/glance/glance/image_cache/drivers/centralized_db.py:71}}
Jun 02 12:57:37.783656 np0000001928 devstack@g-api.service[101981]: DEBUG glance.image_cache.drivers.centralized_db [None req-411dac7b-fb8e-478f-a05c-3ff113fb5d67 None None] Node reference is already recorded, ignoring it {{(pid=101981) configure /opt/stack/glance/glance/image_cache/drivers/centralized_db.py:71}}
Jun 02 12:57:37.784662 np0000001928 devstack@g-api.service[101982]: DEBUG glance.image_cache.drivers.centralized_db [None req-45aacf46-6b8e-4f41-a5a2-ef66e9034715 None None] Node reference is already recorded, ignoring it {{(pid=101982) configure /opt/stack/glance/glance/image_cache/drivers/centralized_db.py:71}}
Jun 02 12:57:37.788316 np0000001928 devstack@g-api.service[101980]: INFO glance.api.middleware.cache_manage [None req-d85af7df-392b-49b4-bf55-44f8e4c50f45 None None] Initialized image cache management middleware
Jun 02 12:57:37.788493 np0000001928 devstack@g-api.service[101980]: INFO glance.image_cache [None req-d85af7df-392b-49b4-bf55-44f8e4c50f45 None None] Image cache loaded driver 'centralized_db'.
Jun 02 12:57:37.788615 np0000001928 devstack@g-api.service[101982]: INFO glance.api.middleware.cache [None req-45aacf46-6b8e-4f41-a5a2-ef66e9034715 None None] Initialized image cache middleware
Jun 02 12:57:37.790102 np0000001928 devstack@g-api.service[101981]: INFO glance.api.middleware.cache_manage [None req-411dac7b-fb8e-478f-a05c-3ff113fb5d67 None None] Initialized image cache management middleware
Jun 02 12:57:37.790263 np0000001928 devstack@g-api.service[101981]: INFO glance.image_cache [None req-411dac7b-fb8e-478f-a05c-3ff113fb5d67 None None] Image cache loaded driver 'centralized_db'.
Jun 02 12:57:37.796308 np0000001928 devstack@g-api.service[101980]: DEBUG glance.image_cache.drivers.centralized_db [None req-d85af7df-392b-49b4-bf55-44f8e4c50f45 None None] Node reference is already recorded, ignoring it {{(pid=101980) configure /opt/stack/glance/glance/image_cache/drivers/centralized_db.py:71}}
Jun 02 12:57:37.797702 np0000001928 devstack@g-api.service[101981]: DEBUG glance.image_cache.drivers.centralized_db [None req-411dac7b-fb8e-478f-a05c-3ff113fb5d67 None None] Node reference is already recorded, ignoring it {{(pid=101981) configure /opt/stack/glance/glance/image_cache/drivers/centralized_db.py:71}}
Jun 02 12:57:37.801391 np0000001928 devstack@g-api.service[101980]: INFO glance.api.middleware.cache [None req-d85af7df-392b-49b4-bf55-44f8e4c50f45 None None] Initialized image cache middleware
Jun 02 12:57:37.802860 np0000001928 devstack@g-api.service[101981]: INFO glance.api.middleware.cache [None req-411dac7b-fb8e-478f-a05c-3ff113fb5d67 None None] Initialized image cache middleware
Jun 02 12:57:37.817952 np0000001928 devstack@g-api.service[101981]: DEBUG glance.common.config [None req-411dac7b-fb8e-478f-a05c-3ff113fb5d67 None None] ******************************************************************************** {{(pid=101981) log_opt_values /opt/stack/data/venv/lib/python3.12/site-packages/oslo_config/cfg.py:3229}}
Jun 02 12:57:37.818042 np0000001928 devstack@g-api.service[101981]: DEBUG glance.common.config [None req-411dac7b-fb8e-478f-a05c-3ff113fb5d67 None None] Configuration options gathered from: {{(pid=101981) log_opt_values /opt/stack/data/venv/lib/python3.12/site-packages/oslo_config/cfg.py:3230}}
Jun 02 12:57:37.818414 np0000001928 devstack@g-api.service[101981]: DEBUG glance.common.config [None req-411dac7b-fb8e-478f-a05c-3ff113fb5d67 None None] command line args: [] {{(pid=101981) log_opt_values /opt/stack/data/venv/lib/python3.12/site-packages/oslo_config/cfg.py:3231}}
Jun 02 12:57:37.818580 np0000001928 devstack@g-api.service[101981]: DEBUG glance.common.config [None req-411dac7b-fb8e-478f-a05c-3ff113fb5d67 None None] config files: ['/etc/glance/glance-image-import.conf', '/etc/glance/glance-api.conf'] {{(pid=101981) log_opt_values /opt/stack/data/venv/lib/python3.12/site-packages/oslo_config/cfg.py:3232}}
Jun 02 12:57:37.818663 np0000001928 devstack@g-api.service[101981]: DEBUG glance.common.config [None req-411dac7b-fb8e-478f-a05c-3ff113fb5d67 None None] ================================================================================ {{(pid=101981) log_opt_values /opt/stack/data/venv/lib/python3.12/site-packages/oslo_config/cfg.py:3237}}
Jun 02 12:57:37.818815 np0000001928 devstack@g-api.service[101981]: DEBUG glance.common.config [None req-411dac7b-fb8e-478f-a05c-3ff113fb5d67 None None] allow_anonymous_access = False {{(pid=101981) log_opt_values /opt/stack/data/venv/lib/python3.12/site-packages/oslo_config/cfg.py:3245}}
Jun 02 12:57:37.818939 np0000001928 devstack@g-api.service[101981]: DEBUG glance.common.config [None req-411dac7b-fb8e-478f-a05c-3ff113fb5d67 None None] api_limit_max = 1000 {{(pid=101981) log_opt_values /opt/stack/data/venv/lib/python3.12/site-packages/oslo_config/cfg.py:3245}}
Jun 02 12:57:37.819059 np0000001928 devstack@g-api.service[101981]: DEBUG glance.common.config [None req-411dac7b-fb8e-478f-a05c-3ff113fb5d67 None None] backlog = 4096 {{(pid=101981) log_opt_values /opt/stack/data/venv/lib/python3.12/site-packages/oslo_config/cfg.py:3245}}
Jun 02 12:57:37.819214 np0000001928 devstack@g-api.service[101981]: DEBUG glance.common.config [None req-411dac7b-fb8e-478f-a05c-3ff113fb5d67 None None] bind_host = 0.0.0.0 {{(pid=101981) log_opt_values /opt/stack/data/venv/lib/python3.12/site-packages/oslo_config/cfg.py:3245}}
Jun 02 12:57:37.819349 np0000001928 devstack@g-api.service[101981]: DEBUG glance.common.config [None req-411dac7b-fb8e-478f-a05c-3ff113fb5d67 None None] bind_port = 19292 {{(pid=101981) log_opt_values /opt/stack/data/venv/lib/python3.12/site-packages/oslo_config/cfg.py:3245}}
Jun 02 12:57:37.819479 np0000001928 devstack@g-api.service[101981]: DEBUG glance.common.config [None req-411dac7b-fb8e-478f-a05c-3ff113fb5d67 None None] client_socket_timeout = 900 {{(pid=101981) log_opt_values /opt/stack/data/venv/lib/python3.12/site-packages/oslo_config/cfg.py:3245}}
Jun 02 12:57:37.819620 np0000001928 devstack@g-api.service[101981]: DEBUG glance.common.config [None req-411dac7b-fb8e-478f-a05c-3ff113fb5d67 None None] config_dir = [] {{(pid=101981) log_opt_values /opt/stack/data/venv/lib/python3.12/site-packages/oslo_config/cfg.py:3245}}
Jun 02 12:57:37.819707 np0000001928 devstack@g-api.service[101981]: DEBUG glance.common.config [None req-411dac7b-fb8e-478f-a05c-3ff113fb5d67 None None] config_file = ['/etc/glance/glance-image-import.conf', '/etc/glance/glance-api.conf'] {{(pid=101981) log_opt_values /opt/stack/data/venv/lib/python3.12/site-packages/oslo_config/cfg.py:3245}}
Jun 02 12:57:37.819823 np0000001928 devstack@g-api.service[101981]: DEBUG glance.common.config [None req-411dac7b-fb8e-478f-a05c-3ff113fb5d67 None None] config_source = [] {{(pid=101981) log_opt_values /opt/stack/data/venv/lib/python3.12/site-packages/oslo_config/cfg.py:3245}}
Jun 02 12:57:37.819952 np0000001928 devstack@g-api.service[101981]: DEBUG glance.common.config [None req-411dac7b-fb8e-478f-a05c-3ff113fb5d67 None None] control_exchange = glance {{(pid=101981) log_opt_values /opt/stack/data/venv/lib/python3.12/site-packages/oslo_config/cfg.py:3245}}
Jun 02 12:57:37.820037 np0000001928 devstack@g-api.service[101981]: DEBUG glance.common.config [None req-411dac7b-fb8e-478f-a05c-3ff113fb5d67 None None] debug = True {{(pid=101981) log_opt_values /opt/stack/data/venv/lib/python3.12/site-packages/oslo_config/cfg.py:3245}}
Jun 02 12:57:37.820271 np0000001928 devstack@g-api.service[101981]: DEBUG glance.common.config [None req-411dac7b-fb8e-478f-a05c-3ff113fb5d67 None None] default_log_levels = ['amqp=WARN', 'boto=WARN', 'sqlalchemy=WARN', 'suds=INFO', 'oslo.messaging=INFO', 'oslo_messaging=INFO', 'iso8601=WARN', 'requests.packages.urllib3.connectionpool=WARN', 'urllib3.connectionpool=WARN', 'websocket=WARN', 'requests.packages.urllib3.util.retry=WARN', 'urllib3.util.retry=WARN', 'keystonemiddleware=WARN', 'routes.middleware=WARN', 'stevedore=WARN', 'taskflow=WARN', 'keystoneauth=WARN', 'oslo.cache=INFO', 'oslo_policy=INFO', 'dogpile.core.dogpile=INFO'] {{(pid=101981) log_opt_values /opt/stack/data/venv/lib/python3.12/site-packages/oslo_config/cfg.py:3245}}
Jun 02 12:57:37.820389 np0000001928 devstack@g-api.service[101981]: DEBUG glance.common.config [None req-411dac7b-fb8e-478f-a05c-3ff113fb5d67 None None] default_publisher_id = image.localhost {{(pid=101981) log_opt_values /opt/stack/data/venv/lib/python3.12/site-packages/oslo_config/cfg.py:3245}}
Jun 02 12:57:37.820520 np0000001928 devstack@g-api.service[101981]: DEBUG glance.common.config [None req-411dac7b-fb8e-478f-a05c-3ff113fb5d67 None None] delayed_delete = False {{(pid=101981) log_opt_values /opt/stack/data/venv/lib/python3.12/site-packages/oslo_config/cfg.py:3245}}
Jun 02 12:57:37.820642 np0000001928 devstack@g-api.service[101981]: DEBUG glance.common.config [None req-411dac7b-fb8e-478f-a05c-3ff113fb5d67 None None] digest_algorithm = sha256 {{(pid=101981) log_opt_values /opt/stack/data/venv/lib/python3.12/site-packages/oslo_config/cfg.py:3245}}
Jun 02 12:57:37.820759 np0000001928 devstack@g-api.service[101981]: DEBUG glance.common.config [None req-411dac7b-fb8e-478f-a05c-3ff113fb5d67 None None] disabled_notifications = [] {{(pid=101981) log_opt_values /opt/stack/data/venv/lib/python3.12/site-packages/oslo_config/cfg.py:3245}}
Jun 02 12:57:37.820873 np0000001928 devstack@g-api.service[101981]: DEBUG glance.common.config [None req-411dac7b-fb8e-478f-a05c-3ff113fb5d67 None None] do_secure_hash = True {{(pid=101981) log_opt_values /opt/stack/data/venv/lib/python3.12/site-packages/oslo_config/cfg.py:3245}}
Jun 02 12:57:37.820994 np0000001928 devstack@g-api.service[101981]: DEBUG glance.common.config [None req-411dac7b-fb8e-478f-a05c-3ff113fb5d67 None None] enabled_backends = None {{(pid=101981) log_opt_values /opt/stack/data/venv/lib/python3.12/site-packages/oslo_config/cfg.py:3245}}
Jun 02 12:57:37.821143 np0000001928 devstack@g-api.service[101981]: DEBUG glance.common.config [None req-411dac7b-fb8e-478f-a05c-3ff113fb5d67 None None] enabled_import_methods = ['glance-direct', 'web-download', 'copy-image'] {{(pid=101981) log_opt_values /opt/stack/data/venv/lib/python3.12/site-packages/oslo_config/cfg.py:3245}}
Jun 02 12:57:37.821259 np0000001928 devstack@g-api.service[101981]: DEBUG glance.common.config [None req-411dac7b-fb8e-478f-a05c-3ff113fb5d67 None None] fatal_deprecations = False {{(pid=101981) log_opt_values /opt/stack/data/venv/lib/python3.12/site-packages/oslo_config/cfg.py:3245}}
Jun 02 12:57:37.821380 np0000001928 devstack@g-api.service[101981]: DEBUG glance.common.config [None req-411dac7b-fb8e-478f-a05c-3ff113fb5d67 None None] hashing_algorithm = sha512 {{(pid=101981) log_opt_values /opt/stack/data/venv/lib/python3.12/site-packages/oslo_config/cfg.py:3245}}
Jun 02 12:57:37.821509 np0000001928 devstack@g-api.service[101981]: DEBUG glance.common.config [None req-411dac7b-fb8e-478f-a05c-3ff113fb5d67 None None] http_keepalive = True {{(pid=101981) log_opt_values /opt/stack/data/venv/lib/python3.12/site-packages/oslo_config/cfg.py:3245}}
Jun 02 12:57:37.821631 np0000001928 devstack@g-api.service[101981]: DEBUG glance.common.config [None req-411dac7b-fb8e-478f-a05c-3ff113fb5d67 None None] http_retries = 3 {{(pid=101981) log_opt_values /opt/stack/data/venv/lib/python3.12/site-packages/oslo_config/cfg.py:3245}}
Jun 02 12:57:37.821752 np0000001928 devstack@g-api.service[101981]: DEBUG glance.common.config [None req-411dac7b-fb8e-478f-a05c-3ff113fb5d67 None None] image_cache_dir = /opt/stack/data/glance/cache/ {{(pid=101981) log_opt_values /opt/stack/data/venv/lib/python3.12/site-packages/oslo_config/cfg.py:3245}}
Jun 02 12:57:37.821873 np0000001928 devstack@g-api.service[101981]: DEBUG glance.common.config [None req-411dac7b-fb8e-478f-a05c-3ff113fb5d67 None None] image_cache_driver = centralized_db {{(pid=101981) log_opt_values /opt/stack/data/venv/lib/python3.12/site-packages/oslo_config/cfg.py:3245}}
Jun 02 12:57:37.821992 np0000001928 devstack@g-api.service[101981]: DEBUG glance.common.config [None req-411dac7b-fb8e-478f-a05c-3ff113fb5d67 None None] image_cache_max_size = 10737418240 {{(pid=101981) log_opt_values /opt/stack/data/venv/lib/python3.12/site-packages/oslo_config/cfg.py:3245}}
Jun 02 12:57:37.822124 np0000001928 devstack@g-api.service[101981]: DEBUG glance.common.config [None req-411dac7b-fb8e-478f-a05c-3ff113fb5d67 None None] image_cache_sqlite_db = cache.db {{(pid=101981) log_opt_values /opt/stack/data/venv/lib/python3.12/site-packages/oslo_config/cfg.py:3245}}
Jun 02 12:57:37.822248 np0000001928 devstack@g-api.service[101981]: DEBUG glance.common.config [None req-411dac7b-fb8e-478f-a05c-3ff113fb5d67 None None] image_cache_stall_time = 86400 {{(pid=101981) log_opt_values /opt/stack/data/venv/lib/python3.12/site-packages/oslo_config/cfg.py:3245}}
Jun 02 12:57:37.822358 np0000001928 devstack@g-api.service[101981]: DEBUG glance.common.config [None req-411dac7b-fb8e-478f-a05c-3ff113fb5d67 None None] image_location_quota = 10 {{(pid=101981) log_opt_values /opt/stack/data/venv/lib/python3.12/site-packages/oslo_config/cfg.py:3245}}
Jun 02 12:57:37.822477 np0000001928 devstack@g-api.service[101981]: DEBUG glance.common.config [None req-411dac7b-fb8e-478f-a05c-3ff113fb5d67 None None] image_member_quota = 128 {{(pid=101981) log_opt_values /opt/stack/data/venv/lib/python3.12/site-packages/oslo_config/cfg.py:3245}}
Jun 02 12:57:37.822605 np0000001928 devstack@g-api.service[101981]: DEBUG glance.common.config [None req-411dac7b-fb8e-478f-a05c-3ff113fb5d67 None None] image_property_quota = 128 {{(pid=101981) log_opt_values /opt/stack/data/venv/lib/python3.12/site-packages/oslo_config/cfg.py:3245}}
Jun 02 12:57:37.822720 np0000001928 devstack@g-api.service[101981]: DEBUG glance.common.config [None req-411dac7b-fb8e-478f-a05c-3ff113fb5d67 None None] image_size_cap = 1099511627776 {{(pid=101981) log_opt_values /opt/stack/data/venv/lib/python3.12/site-packages/oslo_config/cfg.py:3245}}
Jun 02 12:57:37.822832 np0000001928 devstack@g-api.service[101981]: DEBUG glance.common.config [None req-411dac7b-fb8e-478f-a05c-3ff113fb5d67 None None] image_tag_quota = 128 {{(pid=101981) log_opt_values /opt/stack/data/venv/lib/python3.12/site-packages/oslo_config/cfg.py:3245}}
Jun 02 12:57:37.822952 np0000001928 devstack@g-api.service[101981]: DEBUG glance.common.config [None req-411dac7b-fb8e-478f-a05c-3ff113fb5d67 None None] instance_format = [instance: %(uuid)s] {{(pid=101981) log_opt_values /opt/stack/data/venv/lib/python3.12/site-packages/oslo_config/cfg.py:3245}}
Jun 02 12:57:37.823069 np0000001928 devstack@g-api.service[101981]: DEBUG glance.common.config [None req-411dac7b-fb8e-478f-a05c-3ff113fb5d67 None None] instance_uuid_format = [instance: %(uuid)s] {{(pid=101981) log_opt_values /opt/stack/data/venv/lib/python3.12/site-packages/oslo_config/cfg.py:3245}}
Jun 02 12:57:37.823197 np0000001928 devstack@g-api.service[101981]: DEBUG glance.common.config [None req-411dac7b-fb8e-478f-a05c-3ff113fb5d67 None None] limit_param_default = 25 {{(pid=101981) log_opt_values /opt/stack/data/venv/lib/python3.12/site-packages/oslo_config/cfg.py:3245}}
Jun 02 12:57:37.823320 np0000001928 devstack@g-api.service[101981]: DEBUG glance.common.config [None req-411dac7b-fb8e-478f-a05c-3ff113fb5d67 None None] log_color = False {{(pid=101981) log_opt_values /opt/stack/data/venv/lib/python3.12/site-packages/oslo_config/cfg.py:3245}}
Jun 02 12:57:37.823442 np0000001928 devstack@g-api.service[101981]: DEBUG glance.common.config [None req-411dac7b-fb8e-478f-a05c-3ff113fb5d67 None None] log_config_append = None {{(pid=101981) log_opt_values /opt/stack/data/venv/lib/python3.12/site-packages/oslo_config/cfg.py:3245}}
Jun 02 12:57:37.823583 np0000001928 devstack@g-api.service[101981]: DEBUG glance.common.config [None req-411dac7b-fb8e-478f-a05c-3ff113fb5d67 None None] log_date_format = %Y-%m-%d %H:%M:%S {{(pid=101981) log_opt_values /opt/stack/data/venv/lib/python3.12/site-packages/oslo_config/cfg.py:3245}}
Jun 02 12:57:37.823702 np0000001928 devstack@g-api.service[101981]: DEBUG glance.common.config [None req-411dac7b-fb8e-478f-a05c-3ff113fb5d67 None None] log_dir = None {{(pid=101981) log_opt_values /opt/stack/data/venv/lib/python3.12/site-packages/oslo_config/cfg.py:3245}}
Jun 02 12:57:37.823816 np0000001928 devstack@g-api.service[101981]: DEBUG glance.common.config [None req-411dac7b-fb8e-478f-a05c-3ff113fb5d67 None None] log_file = None {{(pid=101981) log_opt_values /opt/stack/data/venv/lib/python3.12/site-packages/oslo_config/cfg.py:3245}}
Jun 02 12:57:37.823931 np0000001928 devstack@g-api.service[101981]: DEBUG glance.common.config [None req-411dac7b-fb8e-478f-a05c-3ff113fb5d67 None None] log_rotate_interval = 1 {{(pid=101981) log_opt_values /opt/stack/data/venv/lib/python3.12/site-packages/oslo_config/cfg.py:3245}}
Jun 02 12:57:37.824052 np0000001928 devstack@g-api.service[101981]: DEBUG glance.common.config [None req-411dac7b-fb8e-478f-a05c-3ff113fb5d67 None None] log_rotate_interval_type = days {{(pid=101981) log_opt_values /opt/stack/data/venv/lib/python3.12/site-packages/oslo_config/cfg.py:3245}}
Jun 02 12:57:37.824198 np0000001928 devstack@g-api.service[101981]: DEBUG glance.common.config [None req-411dac7b-fb8e-478f-a05c-3ff113fb5d67 None None] log_rotation_type = none {{(pid=101981) log_opt_values /opt/stack/data/venv/lib/python3.12/site-packages/oslo_config/cfg.py:3245}}
Jun 02 12:57:37.824285 np0000001928 devstack@g-api.service[101981]: DEBUG glance.common.config [None req-411dac7b-fb8e-478f-a05c-3ff113fb5d67 None None] logging_context_format_string = %(color)s%(levelname)s %(name)s [%(global_request_id)s %(request_id)s %(project_name)s %(user_name)s%(color)s] %(instance)s%(color)s%(message)s {{(pid=101981) log_opt_values /opt/stack/data/venv/lib/python3.12/site-packages/oslo_config/cfg.py:3245}}
Jun 02 12:57:37.824368 np0000001928 devstack@g-api.service[101981]: DEBUG glance.common.config [None req-411dac7b-fb8e-478f-a05c-3ff113fb5d67 None None] logging_debug_format_suffix = {{(pid=%(process)d) %(funcName)s %(pathname)s:%(lineno)d}} {{(pid=101981) log_opt_values /opt/stack/data/venv/lib/python3.12/site-packages/oslo_config/cfg.py:3245}}
Jun 02 12:57:37.824504 np0000001928 devstack@g-api.service[101981]: DEBUG glance.common.config [None req-411dac7b-fb8e-478f-a05c-3ff113fb5d67 None None] logging_default_format_string = %(color)s%(levelname)s %(name)s [-%(color)s] %(instance)s%(color)s%(message)s {{(pid=101981) log_opt_values /opt/stack/data/venv/lib/python3.12/site-packages/oslo_config/cfg.py:3245}}
Jun 02 12:57:37.824627 np0000001928 devstack@g-api.service[101981]: DEBUG glance.common.config [None req-411dac7b-fb8e-478f-a05c-3ff113fb5d67 None None] logging_exception_prefix = ERROR %(name)s %(instance)s {{(pid=101981) log_opt_values /opt/stack/data/venv/lib/python3.12/site-packages/oslo_config/cfg.py:3245}}
Jun 02 12:57:37.824714 np0000001928 devstack@g-api.service[101981]: DEBUG glance.common.config [None req-411dac7b-fb8e-478f-a05c-3ff113fb5d67 None None] logging_user_identity_format = %(user)s %(project)s %(domain)s %(system_scope)s %(user_domain)s %(project_domain)s {{(pid=101981) log_opt_values /opt/stack/data/venv/lib/python3.12/site-packages/oslo_config/cfg.py:3245}}
Jun 02 12:57:37.824830 np0000001928 devstack@g-api.service[101981]: DEBUG glance.common.config [None req-411dac7b-fb8e-478f-a05c-3ff113fb5d67 None None] max_header_line = 16384 {{(pid=101981) log_opt_values /opt/stack/data/venv/lib/python3.12/site-packages/oslo_config/cfg.py:3245}}
Jun 02 12:57:37.824944 np0000001928 devstack@g-api.service[101981]: DEBUG glance.common.config [None req-411dac7b-fb8e-478f-a05c-3ff113fb5d67 None None] max_logfile_count = 30 {{(pid=101981) log_opt_values /opt/stack/data/venv/lib/python3.12/site-packages/oslo_config/cfg.py:3245}}
Jun 02 12:57:37.825057 np0000001928 devstack@g-api.service[101981]: DEBUG glance.common.config [None req-411dac7b-fb8e-478f-a05c-3ff113fb5d67 None None] max_logfile_size_mb = 200 {{(pid=101981) log_opt_values /opt/stack/data/venv/lib/python3.12/site-packages/oslo_config/cfg.py:3245}}
Jun 02 12:57:37.825183 np0000001928 devstack@g-api.service[101981]: DEBUG glance.common.config [None req-411dac7b-fb8e-478f-a05c-3ff113fb5d67 None None] max_request_id_length = 64 {{(pid=101981) log_opt_values /opt/stack/data/venv/lib/python3.12/site-packages/oslo_config/cfg.py:3245}}
Jun 02 12:57:37.825273 np0000001928 devstack@g-api.service[101981]: DEBUG glance.common.config [None req-411dac7b-fb8e-478f-a05c-3ff113fb5d67 None None] metadata_encryption_key = **** {{(pid=101981) log_opt_values /opt/stack/data/venv/lib/python3.12/site-packages/oslo_config/cfg.py:3245}}
Jun 02 12:57:37.825365 np0000001928 devstack@g-api.service[101981]: DEBUG glance.common.config [None req-411dac7b-fb8e-478f-a05c-3ff113fb5d67 None None] node_staging_uri = file:///tmp/staging/ {{(pid=101981) log_opt_values /opt/stack/data/venv/lib/python3.12/site-packages/oslo_config/cfg.py:3245}}
Jun 02 12:57:37.825451 np0000001928 devstack@g-api.service[101981]: DEBUG glance.common.config [None req-411dac7b-fb8e-478f-a05c-3ff113fb5d67 None None] property_protection_file = None {{(pid=101981) log_opt_values /opt/stack/data/venv/lib/python3.12/site-packages/oslo_config/cfg.py:3245}}
Jun 02 12:57:37.825556 np0000001928 devstack@g-api.service[101981]: DEBUG glance.common.config [None req-411dac7b-fb8e-478f-a05c-3ff113fb5d67 None None] property_protection_rule_format = roles {{(pid=101981) log_opt_values /opt/stack/data/venv/lib/python3.12/site-packages/oslo_config/cfg.py:3245}}
Jun 02 12:57:37.825660 np0000001928 devstack@g-api.service[101981]: DEBUG glance.common.config [None req-411dac7b-fb8e-478f-a05c-3ff113fb5d67 None None] public_endpoint = https://10.4.3.32/image {{(pid=101981) log_opt_values /opt/stack/data/venv/lib/python3.12/site-packages/oslo_config/cfg.py:3245}}
Jun 02 12:57:37.825733 np0000001928 devstack@g-api.service[101981]: DEBUG glance.common.config [None req-411dac7b-fb8e-478f-a05c-3ff113fb5d67 None None] publish_errors = False {{(pid=101981) log_opt_values /opt/stack/data/venv/lib/python3.12/site-packages/oslo_config/cfg.py:3245}}
Jun 02 12:57:37.825813 np0000001928 devstack@g-api.service[101981]: DEBUG glance.common.config [None req-411dac7b-fb8e-478f-a05c-3ff113fb5d67 None None] pydev_worker_debug_host = None {{(pid=101981) log_opt_values /opt/stack/data/venv/lib/python3.12/site-packages/oslo_config/cfg.py:3245}}
Jun 02 12:57:37.825899 np0000001928 devstack@g-api.service[101981]: DEBUG glance.common.config [None req-411dac7b-fb8e-478f-a05c-3ff113fb5d67 None None] pydev_worker_debug_port = 5678 {{(pid=101981) log_opt_values /opt/stack/data/venv/lib/python3.12/site-packages/oslo_config/cfg.py:3245}}
Jun 02 12:57:37.825982 np0000001928 devstack@g-api.service[101981]: DEBUG glance.common.config [None req-411dac7b-fb8e-478f-a05c-3ff113fb5d67 None None] rate_limit_burst = 0 {{(pid=101981) log_opt_values /opt/stack/data/venv/lib/python3.12/site-packages/oslo_config/cfg.py:3245}}
Jun 02 12:57:37.826069 np0000001928 devstack@g-api.service[101981]: DEBUG glance.common.config [None req-411dac7b-fb8e-478f-a05c-3ff113fb5d67 None None] rate_limit_except_level = CRITICAL {{(pid=101981) log_opt_values /opt/stack/data/venv/lib/python3.12/site-packages/oslo_config/cfg.py:3245}}
Jun 02 12:57:37.826167 np0000001928 devstack@g-api.service[101981]: DEBUG glance.common.config [None req-411dac7b-fb8e-478f-a05c-3ff113fb5d67 None None] rate_limit_interval = 0 {{(pid=101981) log_opt_values /opt/stack/data/venv/lib/python3.12/site-packages/oslo_config/cfg.py:3245}}
Jun 02 12:57:37.826251 np0000001928 devstack@g-api.service[101981]: DEBUG glance.common.config [None req-411dac7b-fb8e-478f-a05c-3ff113fb5d67 None None] scrub_pool_size = 1 {{(pid=101981) log_opt_values /opt/stack/data/venv/lib/python3.12/site-packages/oslo_config/cfg.py:3245}}
Jun 02 12:57:37.826337 np0000001928 devstack@g-api.service[101981]: DEBUG glance.common.config [None req-411dac7b-fb8e-478f-a05c-3ff113fb5d67 None None] scrub_time = 0 {{(pid=101981) log_opt_values /opt/stack/data/venv/lib/python3.12/site-packages/oslo_config/cfg.py:3245}}
Jun 02 12:57:37.826418 np0000001928 devstack@g-api.service[101981]: DEBUG glance.common.config [None req-411dac7b-fb8e-478f-a05c-3ff113fb5d67 None None] shell_completion = None {{(pid=101981) log_opt_values /opt/stack/data/venv/lib/python3.12/site-packages/oslo_config/cfg.py:3245}}
Jun 02 12:57:37.826532 np0000001928 devstack@g-api.service[101981]: DEBUG glance.common.config [None req-411dac7b-fb8e-478f-a05c-3ff113fb5d67 None None] show_image_direct_url = False {{(pid=101981) log_opt_values /opt/stack/data/venv/lib/python3.12/site-packages/oslo_config/cfg.py:3245}}
Jun 02 12:57:37.826746 np0000001928 devstack@g-api.service[101981]: WARNING oslo_config.cfg [None req-411dac7b-fb8e-478f-a05c-3ff113fb5d67 None None] Deprecated: Option "show_multiple_locations" from group "DEFAULT" is deprecated for removal (Use of this option, deprecated since Newton, is a security risk and will be removed once we figure out a way to satisfy those use cases that currently require it. An earlier announcement that the same functionality can be achieved with greater granularity by using policies is incorrect. You cannot work around this option via policy configuration at the present time, though that is the direction we believe the fix will take. Please keep an eye on the Glance release notes to stay up to date on progress in addressing this issue.). Its value may be silently ignored in the future.
Jun 02 12:57:37.826846 np0000001928 devstack@g-api.service[101981]: DEBUG glance.common.config [None req-411dac7b-fb8e-478f-a05c-3ff113fb5d67 None None] show_multiple_locations = False {{(pid=101981) log_opt_values /opt/stack/data/venv/lib/python3.12/site-packages/oslo_config/cfg.py:3245}}
Jun 02 12:57:37.826939 np0000001928 devstack@g-api.service[101981]: DEBUG glance.common.config [None req-411dac7b-fb8e-478f-a05c-3ff113fb5d67 None None] syslog_log_facility = LOG_USER {{(pid=101981) log_opt_values /opt/stack/data/venv/lib/python3.12/site-packages/oslo_config/cfg.py:3245}}
Jun 02 12:57:37.827025 np0000001928 devstack@g-api.service[101981]: DEBUG glance.common.config [None req-411dac7b-fb8e-478f-a05c-3ff113fb5d67 None None] tcp_keepidle = 600 {{(pid=101981) log_opt_values /opt/stack/data/venv/lib/python3.12/site-packages/oslo_config/cfg.py:3245}}
Jun 02 12:57:37.827128 np0000001928 devstack@g-api.service[101981]: DEBUG glance.common.config [None req-411dac7b-fb8e-478f-a05c-3ff113fb5d67 None None] transport_url = **** {{(pid=101981) log_opt_values /opt/stack/data/venv/lib/python3.12/site-packages/oslo_config/cfg.py:3245}}
Jun 02 12:57:37.827215 np0000001928 devstack@g-api.service[101981]: DEBUG glance.common.config [None req-411dac7b-fb8e-478f-a05c-3ff113fb5d67 None None] use_journal = False {{(pid=101981) log_opt_values /opt/stack/data/venv/lib/python3.12/site-packages/oslo_config/cfg.py:3245}}
Jun 02 12:57:37.827298 np0000001928 devstack@g-api.service[101981]: DEBUG glance.common.config [None req-411dac7b-fb8e-478f-a05c-3ff113fb5d67 None None] use_json = False {{(pid=101981) log_opt_values /opt/stack/data/venv/lib/python3.12/site-packages/oslo_config/cfg.py:3245}}
Jun 02 12:57:37.827389 np0000001928 devstack@g-api.service[101981]: DEBUG glance.common.config [None req-411dac7b-fb8e-478f-a05c-3ff113fb5d67 None None] use_keystone_limits = True {{(pid=101981) log_opt_values /opt/stack/data/venv/lib/python3.12/site-packages/oslo_config/cfg.py:3245}}
Jun 02 12:57:37.827476 np0000001928 devstack@g-api.service[101981]: DEBUG glance.common.config [None req-411dac7b-fb8e-478f-a05c-3ff113fb5d67 None None] use_stderr = False {{(pid=101981) log_opt_values /opt/stack/data/venv/lib/python3.12/site-packages/oslo_config/cfg.py:3245}}
Jun 02 12:57:37.827582 np0000001928 devstack@g-api.service[101981]: DEBUG glance.common.config [None req-411dac7b-fb8e-478f-a05c-3ff113fb5d67 None None] use_syslog = False {{(pid=101981) log_opt_values /opt/stack/data/venv/lib/python3.12/site-packages/oslo_config/cfg.py:3245}}
Jun 02 12:57:37.827671 np0000001928 devstack@g-api.service[101981]: DEBUG glance.common.config [None req-411dac7b-fb8e-478f-a05c-3ff113fb5d67 None None] user_storage_quota = 0 {{(pid=101981) log_opt_values /opt/stack/data/venv/lib/python3.12/site-packages/oslo_config/cfg.py:3245}}
Jun 02 12:57:37.827759 np0000001928 devstack@g-api.service[101981]: DEBUG glance.common.config [None req-411dac7b-fb8e-478f-a05c-3ff113fb5d67 None None] worker_self_reference_url = http://127.0.0.1:60999 {{(pid=101981) log_opt_values /opt/stack/data/venv/lib/python3.12/site-packages/oslo_config/cfg.py:3245}}
Jun 02 12:57:37.827836 np0000001928 devstack@g-api.service[101981]: DEBUG glance.common.config [None req-411dac7b-fb8e-478f-a05c-3ff113fb5d67 None None] workers = None {{(pid=101981) log_opt_values /opt/stack/data/venv/lib/python3.12/site-packages/oslo_config/cfg.py:3245}}
Jun 02 12:57:37.827938 np0000001928 devstack@g-api.service[101981]: DEBUG glance.common.config [None req-411dac7b-fb8e-478f-a05c-3ff113fb5d67 None None] oslo_concurrency.disable_process_locking = False {{(pid=101981) log_opt_values /opt/stack/data/venv/lib/python3.12/site-packages/oslo_config/cfg.py:3256}}
Jun 02 12:57:37.828034 np0000001928 devstack@g-api.service[101981]: DEBUG glance.common.config [None req-411dac7b-fb8e-478f-a05c-3ff113fb5d67 None None] oslo_concurrency.lock_path = /opt/stack/data/glance/locks {{(pid=101981) log_opt_values /opt/stack/data/venv/lib/python3.12/site-packages/oslo_config/cfg.py:3256}}
Jun 02 12:57:37.828135 np0000001928 devstack@g-api.service[101981]: DEBUG glance.common.config [None req-411dac7b-fb8e-478f-a05c-3ff113fb5d67 None None] oslo_middleware.enable_proxy_headers_parsing = False {{(pid=101981) log_opt_values /opt/stack/data/venv/lib/python3.12/site-packages/oslo_config/cfg.py:3256}}
Jun 02 12:57:37.828225 np0000001928 devstack@g-api.service[101981]: DEBUG glance.common.config [None req-411dac7b-fb8e-478f-a05c-3ff113fb5d67 None None] oslo_middleware.http_basic_auth_user_file = /etc/htpasswd {{(pid=101981) log_opt_values /opt/stack/data/venv/lib/python3.12/site-packages/oslo_config/cfg.py:3256}}
Jun 02 12:57:37.828313 np0000001928 devstack@g-api.service[101981]: DEBUG glance.common.config [None req-411dac7b-fb8e-478f-a05c-3ff113fb5d67 None None] paste_deploy.config_file = None {{(pid=101981) log_opt_values /opt/stack/data/venv/lib/python3.12/site-packages/oslo_config/cfg.py:3256}}
Jun 02 12:57:37.828407 np0000001928 devstack@g-api.service[101981]: DEBUG glance.common.config [None req-411dac7b-fb8e-478f-a05c-3ff113fb5d67 None None] paste_deploy.flavor = keystone+cachemanagement {{(pid=101981) log_opt_values /opt/stack/data/venv/lib/python3.12/site-packages/oslo_config/cfg.py:3256}}
Jun 02 12:57:37.828550 np0000001928 devstack@g-api.service[101981]: DEBUG glance.common.config [None req-411dac7b-fb8e-478f-a05c-3ff113fb5d67 None None] image_format.container_formats = ['ami', 'ari', 'aki', 'bare', 'ovf', 'ova', 'docker', 'compressed'] {{(pid=101981) log_opt_values /opt/stack/data/venv/lib/python3.12/site-packages/oslo_config/cfg.py:3256}}
Jun 02 12:57:37.828673 np0000001928 devstack@g-api.service[101981]: DEBUG glance.common.config [None req-411dac7b-fb8e-478f-a05c-3ff113fb5d67 None None] image_format.disk_formats = ['ami', 'ari', 'aki', 'vhd', 'vhdx', 'vmdk', 'raw', 'qcow2', 'vdi', 'iso', 'ploop'] {{(pid=101981) log_opt_values /opt/stack/data/venv/lib/python3.12/site-packages/oslo_config/cfg.py:3256}}
Jun 02 12:57:37.828762 np0000001928 devstack@g-api.service[101981]: DEBUG glance.common.config [None req-411dac7b-fb8e-478f-a05c-3ff113fb5d67 None None] image_format.gpt_safety_checks_nonfatal = [] {{(pid=101981) log_opt_values /opt/stack/data/venv/lib/python3.12/site-packages/oslo_config/cfg.py:3256}}
Jun 02 12:57:37.828854 np0000001928 devstack@g-api.service[101981]: DEBUG glance.common.config [None req-411dac7b-fb8e-478f-a05c-3ff113fb5d67 None None] image_format.require_image_format_match = True {{(pid=101981) log_opt_values /opt/stack/data/venv/lib/python3.12/site-packages/oslo_config/cfg.py:3256}}
Jun 02 12:57:37.828950 np0000001928 devstack@g-api.service[101981]: DEBUG glance.common.config [None req-411dac7b-fb8e-478f-a05c-3ff113fb5d67 None None] image_format.vmdk_allowed_types = ['streamOptimized', 'monolithicSparse'] {{(pid=101981) log_opt_values /opt/stack/data/venv/lib/python3.12/site-packages/oslo_config/cfg.py:3256}}
Jun 02 12:57:37.829046 np0000001928 devstack@g-api.service[101981]: DEBUG glance.common.config [None req-411dac7b-fb8e-478f-a05c-3ff113fb5d67 None None] task.task_executor = taskflow {{(pid=101981) log_opt_values /opt/stack/data/venv/lib/python3.12/site-packages/oslo_config/cfg.py:3256}}
Jun 02 12:57:37.829146 np0000001928 devstack@g-api.service[101981]: DEBUG glance.common.config [None req-411dac7b-fb8e-478f-a05c-3ff113fb5d67 None None] task.task_time_to_live = 48 {{(pid=101981) log_opt_values /opt/stack/data/venv/lib/python3.12/site-packages/oslo_config/cfg.py:3256}}
