Jun 02 12:57:15.514671 np0000001928 nova-scheduler[95758]: DEBUG cotyledon.oslo_config_glue [-] oslo_limit.endpoint_interface = public {{(pid=95758) log_opt_values /opt/stack/data/venv/lib/python3.12/site-packages/oslo_config/cfg.py:3256}}
Jun 02 12:57:15.514671 np0000001928 nova-scheduler[95758]: DEBUG cotyledon.oslo_config_glue [-] oslo_limit.endpoint_override = None {{(pid=95758) log_opt_values /opt/stack/data/venv/lib/python3.12/site-packages/oslo_config/cfg.py:3256}}
Jun 02 12:57:15.514671 np0000001928 nova-scheduler[95758]: DEBUG cotyledon.oslo_config_glue [-] oslo_limit.endpoint_region_name = None {{(pid=95758) log_opt_values /opt/stack/data/venv/lib/python3.12/site-packages/oslo_config/cfg.py:3256}}
Jun 02 12:57:15.514671 np0000001928 nova-scheduler[95758]: DEBUG cotyledon.oslo_config_glue [-] oslo_limit.endpoint_service_name = None {{(pid=95758) log_opt_values /opt/stack/data/venv/lib/python3.12/site-packages/oslo_config/cfg.py:3256}}
Jun 02 12:57:15.514671 np0000001928 nova-scheduler[95758]: DEBUG cotyledon.oslo_config_glue [-] oslo_limit.endpoint_service_type = None {{(pid=95758) log_opt_values /opt/stack/data/venv/lib/python3.12/site-packages/oslo_config/cfg.py:3256}}
Jun 02 12:57:15.514671 np0000001928 nova-scheduler[95758]: DEBUG cotyledon.oslo_config_glue [-] oslo_limit.insecure = False {{(pid=95758) log_opt_values /opt/stack/data/venv/lib/python3.12/site-packages/oslo_config/cfg.py:3256}}
Jun 02 12:57:15.514671 np0000001928 nova-scheduler[95758]: DEBUG cotyledon.oslo_config_glue [-] oslo_limit.keyfile = None {{(pid=95758) log_opt_values /opt/stack/data/venv/lib/python3.12/site-packages/oslo_config/cfg.py:3256}}
Jun 02 12:57:15.514671 np0000001928 nova-scheduler[95758]: DEBUG cotyledon.oslo_config_glue [-] oslo_limit.max_version = None {{(pid=95758) log_opt_values /opt/stack/data/venv/lib/python3.12/site-packages/oslo_config/cfg.py:3256}}
Jun 02 12:57:15.514671 np0000001928 nova-scheduler[95758]: DEBUG cotyledon.oslo_config_glue [-] oslo_limit.min_version = None {{(pid=95758) log_opt_values /opt/stack/data/venv/lib/python3.12/site-packages/oslo_config/cfg.py:3256}}
Jun 02 12:57:15.514926 np0000001928 nova-scheduler[95758]: DEBUG cotyledon.oslo_config_glue [-] oslo_limit.region_name = None {{(pid=95758) log_opt_values /opt/stack/data/venv/lib/python3.12/site-packages/oslo_config/cfg.py:3256}}
Jun 02 12:57:15.514926 np0000001928 nova-scheduler[95758]: DEBUG cotyledon.oslo_config_glue [-] oslo_limit.retriable_status_codes = None {{(pid=95758) log_opt_values /opt/stack/data/venv/lib/python3.12/site-packages/oslo_config/cfg.py:3256}}
Jun 02 12:57:15.514926 np0000001928 nova-scheduler[95758]: DEBUG cotyledon.oslo_config_glue [-] oslo_limit.service_name = None {{(pid=95758) log_opt_values /opt/stack/data/venv/lib/python3.12/site-packages/oslo_config/cfg.py:3256}}
Jun 02 12:57:15.514926 np0000001928 nova-scheduler[95758]: DEBUG cotyledon.oslo_config_glue [-] oslo_limit.service_type = None {{(pid=95758) log_opt_values /opt/stack/data/venv/lib/python3.12/site-packages/oslo_config/cfg.py:3256}}
Jun 02 12:57:15.514926 np0000001928 nova-scheduler[95758]: DEBUG cotyledon.oslo_config_glue [-] oslo_limit.split_loggers = False {{(pid=95758) log_opt_values /opt/stack/data/venv/lib/python3.12/site-packages/oslo_config/cfg.py:3256}}
Jun 02 12:57:15.515071 np0000001928 nova-scheduler[95765]: INFO nova.service [-] Starting scheduler node (version 33.1.0)
Jun 02 12:57:15.515104 np0000001928 nova-scheduler[95758]: DEBUG cotyledon.oslo_config_glue [-] oslo_limit.status_code_retries = None {{(pid=95758) log_opt_values /opt/stack/data/venv/lib/python3.12/site-packages/oslo_config/cfg.py:3256}}
Jun 02 12:57:15.515104 np0000001928 nova-scheduler[95758]: DEBUG cotyledon.oslo_config_glue [-] oslo_limit.status_code_retry_delay = None {{(pid=95758) log_opt_values /opt/stack/data/venv/lib/python3.12/site-packages/oslo_config/cfg.py:3256}}
Jun 02 12:57:15.515104 np0000001928 nova-scheduler[95758]: DEBUG cotyledon.oslo_config_glue [-] oslo_limit.timeout = None {{(pid=95758) log_opt_values /opt/stack/data/venv/lib/python3.12/site-packages/oslo_config/cfg.py:3256}}
Jun 02 12:57:15.515104 np0000001928 nova-scheduler[95758]: DEBUG cotyledon.oslo_config_glue [-] oslo_limit.valid_interfaces = None {{(pid=95758) log_opt_values /opt/stack/data/venv/lib/python3.12/site-packages/oslo_config/cfg.py:3256}}
Jun 02 12:57:15.515104 np0000001928 nova-scheduler[95758]: DEBUG cotyledon.oslo_config_glue [-] oslo_limit.version = None {{(pid=95758) log_opt_values /opt/stack/data/venv/lib/python3.12/site-packages/oslo_config/cfg.py:3256}}
Jun 02 12:57:15.515104 np0000001928 nova-scheduler[95758]: DEBUG cotyledon.oslo_config_glue [-] oslo_reports.file_event_handler = None {{(pid=95758) log_opt_values /opt/stack/data/venv/lib/python3.12/site-packages/oslo_config/cfg.py:3256}}
Jun 02 12:57:15.515104 np0000001928 nova-scheduler[95758]: DEBUG cotyledon.oslo_config_glue [-] oslo_reports.file_event_handler_interval = 1 {{(pid=95758) log_opt_values /opt/stack/data/venv/lib/python3.12/site-packages/oslo_config/cfg.py:3256}}
Jun 02 12:57:15.515104 np0000001928 nova-scheduler[95758]: DEBUG cotyledon.oslo_config_glue [-] oslo_reports.log_dir = None {{(pid=95758) log_opt_values /opt/stack/data/venv/lib/python3.12/site-packages/oslo_config/cfg.py:3256}}
Jun 02 12:57:15.515104 np0000001928 nova-scheduler[95758]: DEBUG cotyledon.oslo_config_glue [-] ******************************************************************************** {{(pid=95758) log_opt_values /opt/stack/data/venv/lib/python3.12/site-packages/oslo_config/cfg.py:3263}}
Jun 02 12:57:15.515350 np0000001928 nova-scheduler[95758]: DEBUG cotyledon._service_worker [-] Run service ServiceWrapper(0) [95758] {{(pid=95758) wait_forever /opt/stack/data/venv/lib/python3.12/site-packages/cotyledon/_service_worker.py:218}}
Jun 02 12:57:15.515350 np0000001928 nova-scheduler[95758]: INFO nova.service [-] Starting scheduler node (version 33.1.0)
Jun 02 12:57:15.515406 np0000001928 nova-scheduler[95765]: INFO dbcounter [None req-cbb46b4b-0154-4867-9229-cf6949346f3e None None] Registered counter for database nova_cell0
Jun 02 12:57:15.515447 np0000001928 nova-scheduler[95758]: INFO dbcounter [None req-90a9c614-6b2d-40fb-922e-e9aa9d61c250 None None] Registered counter for database nova_cell0
Jun 02 12:57:15.537688 np0000001928 nova-scheduler[95767]: DEBUG oslo_db.sqlalchemy.engines [None req-3f95141f-cde3-4357-8160-ba71e3033035 None None] MySQL server mode set to STRICT_TRANS_TABLES,STRICT_ALL_TABLES,NO_ZERO_IN_DATE,NO_ZERO_DATE,ERROR_FOR_DIVISION_BY_ZERO,TRADITIONAL,NO_ENGINE_SUBSTITUTION {{(pid=95767) _check_effective_sql_mode /opt/stack/data/venv/lib/python3.12/site-packages/oslo_db/sqlalchemy/engines.py:325}}
Jun 02 12:57:15.540219 np0000001928 nova-scheduler[95765]: DEBUG oslo_db.sqlalchemy.engines [None req-cbb46b4b-0154-4867-9229-cf6949346f3e None None] MySQL server mode set to STRICT_TRANS_TABLES,STRICT_ALL_TABLES,NO_ZERO_IN_DATE,NO_ZERO_DATE,ERROR_FOR_DIVISION_BY_ZERO,TRADITIONAL,NO_ENGINE_SUBSTITUTION {{(pid=95765) _check_effective_sql_mode /opt/stack/data/venv/lib/python3.12/site-packages/oslo_db/sqlalchemy/engines.py:325}}
Jun 02 12:57:15.546256 np0000001928 nova-scheduler[95758]: DEBUG oslo_db.sqlalchemy.engines [None req-90a9c614-6b2d-40fb-922e-e9aa9d61c250 None None] MySQL server mode set to STRICT_TRANS_TABLES,STRICT_ALL_TABLES,NO_ZERO_IN_DATE,NO_ZERO_DATE,ERROR_FOR_DIVISION_BY_ZERO,TRADITIONAL,NO_ENGINE_SUBSTITUTION {{(pid=95758) _check_effective_sql_mode /opt/stack/data/venv/lib/python3.12/site-packages/oslo_db/sqlalchemy/engines.py:325}}
Jun 02 12:57:15.547319 np0000001928 nova-scheduler[95767]: DEBUG dbcounter [-] [95767] Writer thread running {{(pid=95767) stat_writer /opt/stack/data/venv/lib/python3.12/site-packages/dbcounter.py:102}}
Jun 02 12:57:15.548913 np0000001928 nova-scheduler[95765]: DEBUG dbcounter [-] [95765] Writer thread running {{(pid=95765) stat_writer /opt/stack/data/venv/lib/python3.12/site-packages/dbcounter.py:102}}
Jun 02 12:57:15.555811 np0000001928 nova-scheduler[95758]: DEBUG dbcounter [-] [95758] Writer thread running {{(pid=95758) stat_writer /opt/stack/data/venv/lib/python3.12/site-packages/dbcounter.py:102}}
Jun 02 12:57:15.565039 np0000001928 nova-scheduler[95767]: DEBUG nova.service [None req-3f95141f-cde3-4357-8160-ba71e3033035 None None] Creating RPC server for service: nova-scheduler on topic: scheduler {{(pid=95767) start /opt/stack/nova/nova/service.py:195}}
Jun 02 12:57:15.570924 np0000001928 nova-scheduler[95758]: DEBUG nova.service [None req-90a9c614-6b2d-40fb-922e-e9aa9d61c250 None None] Creating RPC server for service: nova-scheduler on topic: scheduler {{(pid=95758) start /opt/stack/nova/nova/service.py:195}}
Jun 02 12:57:15.571061 np0000001928 nova-scheduler[95765]: DEBUG nova.service [None req-cbb46b4b-0154-4867-9229-cf6949346f3e None None] Creating RPC server for service: nova-scheduler on topic: scheduler {{(pid=95765) start /opt/stack/nova/nova/service.py:195}}
Jun 02 12:57:15.592328 np0000001928 nova-scheduler[95767]: DEBUG nova.service [None req-3f95141f-cde3-4357-8160-ba71e3033035 None None] Join ServiceGroup membership for this service scheduler {{(pid=95767) start /opt/stack/nova/nova/service.py:221}}
Jun 02 12:57:15.592541 np0000001928 nova-scheduler[95767]: DEBUG nova.servicegroup.drivers.db [None req-3f95141f-cde3-4357-8160-ba71e3033035 None None] DB_Driver: join new ServiceGroup member np0000001928 to the scheduler group, service = {{(pid=95767) join /opt/stack/nova/nova/servicegroup/drivers/db.py:44}}
Jun 02 12:57:15.604748 np0000001928 nova-scheduler[95758]: DEBUG nova.service [None req-90a9c614-6b2d-40fb-922e-e9aa9d61c250 None None] Join ServiceGroup membership for this service scheduler {{(pid=95758) start /opt/stack/nova/nova/service.py:221}}
Jun 02 12:57:15.604901 np0000001928 nova-scheduler[95765]: DEBUG nova.service [None req-cbb46b4b-0154-4867-9229-cf6949346f3e None None] Join ServiceGroup membership for this service scheduler {{(pid=95765) start /opt/stack/nova/nova/service.py:221}}
Jun 02 12:57:15.605008 np0000001928 nova-scheduler[95758]: DEBUG nova.servicegroup.drivers.db [None req-90a9c614-6b2d-40fb-922e-e9aa9d61c250 None None] DB_Driver: join new ServiceGroup member np0000001928 to the scheduler group, service = {{(pid=95758) join /opt/stack/nova/nova/servicegroup/drivers/db.py:44}}
Jun 02 12:57:15.605267 np0000001928 nova-scheduler[95765]: DEBUG nova.servicegroup.drivers.db [None req-cbb46b4b-0154-4867-9229-cf6949346f3e None None] DB_Driver: join new ServiceGroup member np0000001928 to the scheduler group, service = {{(pid=95765) join /opt/stack/nova/nova/servicegroup/drivers/db.py:44}}
Jun 02 12:57:20.608193 np0000001928 nova-scheduler[95767]: DEBUG oslo.service.backend._threading.loopingcall [-] Fixed interval looping call 'nova.servicegroup.drivers.db.DbDriver._report_state' sleeping for 119.99 seconds {{(pid=95767) _run_loop /opt/stack/data/venv/lib/python3.12/site-packages/oslo_service/backend/_threading/loopingcall.py:125}}
Jun 02 12:57:20.616875 np0000001928 nova-scheduler[95765]: DEBUG oslo.service.backend._threading.loopingcall [-] Fixed interval looping call 'nova.servicegroup.drivers.db.DbDriver._report_state' sleeping for 119.99 seconds {{(pid=95765) _run_loop /opt/stack/data/venv/lib/python3.12/site-packages/oslo_service/backend/_threading/loopingcall.py:125}}
Jun 02 12:57:20.620115 np0000001928 nova-scheduler[95758]: DEBUG oslo.service.backend._threading.loopingcall [-] Fixed interval looping call 'nova.servicegroup.drivers.db.DbDriver._report_state' sleeping for 119.99 seconds {{(pid=95758) _run_loop /opt/stack/data/venv/lib/python3.12/site-packages/oslo_service/backend/_threading/loopingcall.py:125}}
Jun 02 12:57:24.114523 np0000001928 nova-scheduler[94487]: DEBUG dbcounter [-] [94487] Writing DB stats nova_api:SELECT=3 {{(pid=94487) stat_writer /opt/stack/data/venv/lib/python3.12/site-packages/dbcounter.py:115}}
Jun 02 12:57:24.241001 np0000001928 nova-scheduler[94487]: DEBUG dbcounter [-] [94487] Writing DB stats nova_cell1:SELECT=1 {{(pid=94487) stat_writer /opt/stack/data/venv/lib/python3.12/site-packages/dbcounter.py:115}}
Jun 02 12:57:24.250365 np0000001928 nova-scheduler[94487]: DEBUG dbcounter [-] [94487] Writing DB stats nova_cell0:SELECT=1 {{(pid=94487) stat_writer /opt/stack/data/venv/lib/python3.12/site-packages/dbcounter.py:115}}
Jun 02 12:57:30.603257 np0000001928 nova-scheduler[95767]: DEBUG dbcounter [-] [95767] Writing DB stats nova_cell0:SELECT=4,nova_cell0:INSERT=1,nova_cell0:UPDATE=1 {{(pid=95767) stat_writer /opt/stack/data/venv/lib/python3.12/site-packages/dbcounter.py:115}}
Jun 02 12:57:30.614545 np0000001928 nova-scheduler[95765]: DEBUG dbcounter [-] [95765] Writing DB stats nova_cell0:SELECT=5,nova_cell0:INSERT=1 {{(pid=95765) stat_writer /opt/stack/data/venv/lib/python3.12/site-packages/dbcounter.py:115}}
Jun 02 12:57:30.618213 np0000001928 nova-scheduler[95758]: DEBUG dbcounter [-] [95758] Writing DB stats nova_cell0:SELECT=5,nova_cell0:INSERT=1 {{(pid=95758) stat_writer /opt/stack/data/venv/lib/python3.12/site-packages/dbcounter.py:115}}
Jun 02 12:57:46.607260 np0000001928 nova-scheduler[95758]: DEBUG oslo.service.backend._threading.loopingcall [None req-c41f79cc-551b-46c4-b136-fcfb8ff6341e None None] Dynamic interval looping call 'nova.service.Service.periodic_tasks' sleeping for 60.00 seconds {{(pid=95758) _run_loop /opt/stack/data/venv/lib/python3.12/site-packages/oslo_service/backend/_threading/loopingcall.py:125}}
Jun 02 12:57:55.607930 np0000001928 nova-scheduler[95765]: DEBUG oslo.service.backend._threading.loopingcall [None req-96da339b-f246-49f0-9974-52c55d5e3c41 None None] Dynamic interval looping call 'nova.service.Service.periodic_tasks' sleeping for 60.00 seconds {{(pid=95765) _run_loop /opt/stack/data/venv/lib/python3.12/site-packages/oslo_service/backend/_threading/loopingcall.py:125}}
Jun 02 12:58:15.594557 np0000001928 nova-scheduler[95767]: DEBUG oslo.service.backend._threading.loopingcall [None req-56cf5fba-e8a8-4d0c-b257-54e6e6e73cbb None None] Dynamic interval looping call 'nova.service.Service.periodic_tasks' sleeping for 60.00 seconds {{(pid=95767) _run_loop /opt/stack/data/venv/lib/python3.12/site-packages/oslo_service/backend/_threading/loopingcall.py:125}}
Jun 02 12:58:46.607817 np0000001928 nova-scheduler[95758]: DEBUG oslo.service.backend._threading.loopingcall [None req-c41f79cc-551b-46c4-b136-fcfb8ff6341e None None] Dynamic interval looping call 'nova.service.Service.periodic_tasks' sleeping for 60.00 seconds {{(pid=95758) _run_loop /opt/stack/data/venv/lib/python3.12/site-packages/oslo_service/backend/_threading/loopingcall.py:125}}
Jun 02 12:58:55.608457 np0000001928 nova-scheduler[95765]: DEBUG oslo.service.backend._threading.loopingcall [None req-96da339b-f246-49f0-9974-52c55d5e3c41 None None] Dynamic interval looping call 'nova.service.Service.periodic_tasks' sleeping for 60.00 seconds {{(pid=95765) _run_loop /opt/stack/data/venv/lib/python3.12/site-packages/oslo_service/backend/_threading/loopingcall.py:125}}
Jun 02 12:59:15.595093 np0000001928 nova-scheduler[95767]: DEBUG oslo.service.backend._threading.loopingcall [None req-56cf5fba-e8a8-4d0c-b257-54e6e6e73cbb None None] Dynamic interval looping call 'nova.service.Service.periodic_tasks' sleeping for 60.00 seconds {{(pid=95767) _run_loop /opt/stack/data/venv/lib/python3.12/site-packages/oslo_service/backend/_threading/loopingcall.py:125}}
Jun 02 12:59:20.606076 np0000001928 nova-scheduler[95767]: DEBUG oslo.service.backend._threading.loopingcall [-] Fixed interval looping call 'nova.servicegroup.drivers.db.DbDriver._report_state' sleeping for 119.99 seconds {{(pid=95767) _run_loop /opt/stack/data/venv/lib/python3.12/site-packages/oslo_service/backend/_threading/loopingcall.py:125}}
Jun 02 12:59:20.610939 np0000001928 nova-scheduler[95765]: DEBUG oslo.service.backend._threading.loopingcall [-] Fixed interval looping call 'nova.servicegroup.drivers.db.DbDriver._report_state' sleeping for 120.00 seconds {{(pid=95765) _run_loop /opt/stack/data/venv/lib/python3.12/site-packages/oslo_service/backend/_threading/loopingcall.py:125}}
Jun 02 12:59:20.613965 np0000001928 nova-scheduler[95758]: DEBUG oslo.service.backend._threading.loopingcall [-] Fixed interval looping call 'nova.servicegroup.drivers.db.DbDriver._report_state' sleeping for 120.00 seconds {{(pid=95758) _run_loop /opt/stack/data/venv/lib/python3.12/site-packages/oslo_service/backend/_threading/loopingcall.py:125}}
Jun 02 12:59:30.602508 np0000001928 nova-scheduler[95767]: DEBUG dbcounter [-] [95767] Writing DB stats nova_cell0:SELECT=1,nova_cell0:UPDATE=1 {{(pid=95767) stat_writer /opt/stack/data/venv/lib/python3.12/site-packages/dbcounter.py:115}}
Jun 02 12:59:30.608807 np0000001928 nova-scheduler[95765]: DEBUG dbcounter [-] [95765] Writing DB stats nova_cell0:SELECT=1 {{(pid=95765) stat_writer /opt/stack/data/venv/lib/python3.12/site-packages/dbcounter.py:115}}
Jun 02 12:59:30.612115 np0000001928 nova-scheduler[95758]: DEBUG dbcounter [-] [95758] Writing DB stats nova_cell0:SELECT=1 {{(pid=95758) stat_writer /opt/stack/data/venv/lib/python3.12/site-packages/dbcounter.py:115}}
Jun 02 12:59:46.608714 np0000001928 nova-scheduler[95758]: DEBUG oslo.service.backend._threading.loopingcall [None req-c41f79cc-551b-46c4-b136-fcfb8ff6341e None None] Dynamic interval looping call 'nova.service.Service.periodic_tasks' sleeping for 60.00 seconds {{(pid=95758) _run_loop /opt/stack/data/venv/lib/python3.12/site-packages/oslo_service/backend/_threading/loopingcall.py:125}}
Jun 02 12:59:55.608942 np0000001928 nova-scheduler[95765]: DEBUG oslo.service.backend._threading.loopingcall [None req-96da339b-f246-49f0-9974-52c55d5e3c41 None None] Dynamic interval looping call 'nova.service.Service.periodic_tasks' sleeping for 60.00 seconds {{(pid=95765) _run_loop /opt/stack/data/venv/lib/python3.12/site-packages/oslo_service/backend/_threading/loopingcall.py:125}}
Jun 02 13:00:09.867455 np0000001928 nova-scheduler[95767]: DEBUG nova.scheduler.manager [None req-b0bc3b5c-0bc5-4c54-bf26-d20e600e1166 tempest-ServerStableDeviceRescueTest-1399482863 tempest-ServerStableDeviceRescueTest-1399482863-project-member] Starting to schedule for instances: ['7407d298-ff4b-467d-8046-b5511173bd67'] {{(pid=95767) select_destinations /opt/stack/nova/nova/scheduler/manager.py:210}}
Jun 02 13:00:09.871214 np0000001928 nova-scheduler[95767]: DEBUG nova.scheduler.request_filter [None req-b0bc3b5c-0bc5-4c54-bf26-d20e600e1166 tempest-ServerStableDeviceRescueTest-1399482863 tempest-ServerStableDeviceRescueTest-1399482863-project-member] compute_status_filter request filter added forbidden trait COMPUTE_STATUS_DISABLED {{(pid=95767) compute_status_filter /opt/stack/nova/nova/scheduler/request_filter.py:253}}
Jun 02 13:00:09.871352 np0000001928 nova-scheduler[95767]: DEBUG nova.scheduler.request_filter [None req-b0bc3b5c-0bc5-4c54-bf26-d20e600e1166 tempest-ServerStableDeviceRescueTest-1399482863 tempest-ServerStableDeviceRescueTest-1399482863-project-member] Request filter 'compute_status_filter' took 0.0 seconds {{(pid=95767) wrapper /opt/stack/nova/nova/scheduler/request_filter.py:46}}
Jun 02 13:00:09.871606 np0000001928 nova-scheduler[95767]: DEBUG nova.scheduler.request_filter [None req-b0bc3b5c-0bc5-4c54-bf26-d20e600e1166 tempest-ServerStableDeviceRescueTest-1399482863 tempest-ServerStableDeviceRescueTest-1399482863-project-member] Request filter 'accelerators_filter' took 0.0 seconds {{(pid=95767) wrapper /opt/stack/nova/nova/scheduler/request_filter.py:46}}
Jun 02 13:00:09.871976 np0000001928 nova-scheduler[95767]: DEBUG nova.scheduler.request_filter [None req-b0bc3b5c-0bc5-4c54-bf26-d20e600e1166 tempest-ServerStableDeviceRescueTest-1399482863 tempest-ServerStableDeviceRescueTest-1399482863-project-member] Request filter 'packed_virtqueue_filter' took 0.0 seconds {{(pid=95767) wrapper /opt/stack/nova/nova/scheduler/request_filter.py:46}}
Jun 02 13:00:09.872030 np0000001928 nova-scheduler[95767]: DEBUG nova.scheduler.request_filter [None req-b0bc3b5c-0bc5-4c54-bf26-d20e600e1166 tempest-ServerStableDeviceRescueTest-1399482863 tempest-ServerStableDeviceRescueTest-1399482863-project-member] Request filter 'remote_managed_ports_filter' took 0.0 seconds {{(pid=95767) wrapper /opt/stack/nova/nova/scheduler/request_filter.py:46}}
Jun 02 13:00:09.872153 np0000001928 nova-scheduler[95767]: DEBUG nova.scheduler.request_filter [None req-b0bc3b5c-0bc5-4c54-bf26-d20e600e1166 tempest-ServerStableDeviceRescueTest-1399482863 tempest-ServerStableDeviceRescueTest-1399482863-project-member] ephemeral_encryption_filter skipped {{(pid=95767) ephemeral_encryption_filter /opt/stack/nova/nova/scheduler/request_filter.py:426}}
Jun 02 13:00:09.872300 np0000001928 nova-scheduler[95767]: DEBUG nova.scheduler.request_filter [None req-b0bc3b5c-0bc5-4c54-bf26-d20e600e1166 tempest-ServerStableDeviceRescueTest-1399482863 tempest-ServerStableDeviceRescueTest-1399482863-project-member] virtio_sound_filter skipped {{(pid=95767) virtio_sound_filter /opt/stack/nova/nova/scheduler/request_filter.py:460}}
Jun 02 13:00:09.872416 np0000001928 nova-scheduler[95767]: DEBUG nova.scheduler.request_filter [None req-b0bc3b5c-0bc5-4c54-bf26-d20e600e1166 tempest-ServerStableDeviceRescueTest-1399482863 tempest-ServerStableDeviceRescueTest-1399482863-project-member] tpm_secret_security_filter skipped {{(pid=95767) tpm_secret_security_filter /opt/stack/nova/nova/scheduler/request_filter.py:477}}
Jun 02 13:00:10.584299 np0000001928 nova-scheduler[95767]: INFO nova.utils [None req-b0bc3b5c-0bc5-4c54-bf26-d20e600e1166 tempest-ServerStableDeviceRescueTest-1399482863 tempest-ServerStableDeviceRescueTest-1399482863-project-member] The cell worker thread pool ForkProcess-3.cell_worker is initialized
Jun 02 13:00:10.584644 np0000001928 nova-scheduler[95767]: DEBUG oslo_concurrency.lockutils [None req-b0bc3b5c-0bc5-4c54-bf26-d20e600e1166 tempest-ServerStableDeviceRescueTest-1399482863 tempest-ServerStableDeviceRescueTest-1399482863-project-member] Acquiring lock "b0425236-f0a0-4f38-ae39-446872435980" by "nova.context.set_target_cell..get_or_set_cached_cell_and_set_connections" {{(pid=95767) inner /opt/stack/data/venv/lib/python3.12/site-packages/oslo_concurrency/lockutils.py:511}}
Jun 02 13:00:10.584850 np0000001928 nova-scheduler[95767]: DEBUG oslo_concurrency.lockutils [None req-b0bc3b5c-0bc5-4c54-bf26-d20e600e1166 tempest-ServerStableDeviceRescueTest-1399482863 tempest-ServerStableDeviceRescueTest-1399482863-project-member] Lock "b0425236-f0a0-4f38-ae39-446872435980" acquired by "nova.context.set_target_cell..get_or_set_cached_cell_and_set_connections" :: waited 0.000s {{(pid=95767) inner /opt/stack/data/venv/lib/python3.12/site-packages/oslo_concurrency/lockutils.py:524}}
Jun 02 13:00:10.586107 np0000001928 nova-scheduler[95767]: DEBUG oslo_concurrency.lockutils [None req-b0bc3b5c-0bc5-4c54-bf26-d20e600e1166 tempest-ServerStableDeviceRescueTest-1399482863 tempest-ServerStableDeviceRescueTest-1399482863-project-member] Lock "b0425236-f0a0-4f38-ae39-446872435980" "released" by "nova.context.set_target_cell..get_or_set_cached_cell_and_set_connections" :: held 0.001s {{(pid=95767) inner /opt/stack/data/venv/lib/python3.12/site-packages/oslo_concurrency/lockutils.py:543}}
Jun 02 13:00:10.588089 np0000001928 nova-scheduler[95767]: INFO dbcounter [None req-b0bc3b5c-0bc5-4c54-bf26-d20e600e1166 tempest-ServerStableDeviceRescueTest-1399482863 tempest-ServerStableDeviceRescueTest-1399482863-project-member] Registered counter for database nova_cell1
Jun 02 13:00:10.642620 np0000001928 nova-scheduler[95767]: DEBUG oslo_db.sqlalchemy.engines [None req-b0bc3b5c-0bc5-4c54-bf26-d20e600e1166 tempest-ServerStableDeviceRescueTest-1399482863 tempest-ServerStableDeviceRescueTest-1399482863-project-member] MySQL server mode set to STRICT_TRANS_TABLES,STRICT_ALL_TABLES,NO_ZERO_IN_DATE,NO_ZERO_DATE,ERROR_FOR_DIVISION_BY_ZERO,TRADITIONAL,NO_ENGINE_SUBSTITUTION {{(pid=95767) _check_effective_sql_mode /opt/stack/data/venv/lib/python3.12/site-packages/oslo_db/sqlalchemy/engines.py:325}}
Jun 02 13:00:10.653646 np0000001928 nova-scheduler[95767]: DEBUG dbcounter [-] [95767] Writer thread running {{(pid=95767) stat_writer /opt/stack/data/venv/lib/python3.12/site-packages/dbcounter.py:102}}
Jun 02 13:00:10.672017 np0000001928 nova-scheduler[95767]: DEBUG oslo_db.sqlalchemy.engines [None req-b0bc3b5c-0bc5-4c54-bf26-d20e600e1166 tempest-ServerStableDeviceRescueTest-1399482863 tempest-ServerStableDeviceRescueTest-1399482863-project-member] Parent process 94487 forked (95767) with an open database connection, which is being discarded and recreated. {{(pid=95767) checkout /opt/stack/data/venv/lib/python3.12/site-packages/oslo_db/sqlalchemy/engines.py:402}}
Jun 02 13:00:10.728139 np0000001928 nova-scheduler[95767]: DEBUG dbcounter [-] [95767] Writer thread running {{(pid=95767) stat_writer /opt/stack/data/venv/lib/python3.12/site-packages/dbcounter.py:102}}
Jun 02 13:00:10.735183 np0000001928 nova-scheduler[95767]: DEBUG oslo_concurrency.lockutils [None req-b0bc3b5c-0bc5-4c54-bf26-d20e600e1166 tempest-ServerStableDeviceRescueTest-1399482863 tempest-ServerStableDeviceRescueTest-1399482863-project-member] Acquiring lock "b0425236-f0a0-4f38-ae39-446872435980" by "nova.context.set_target_cell..get_or_set_cached_cell_and_set_connections" {{(pid=95767) inner /opt/stack/data/venv/lib/python3.12/site-packages/oslo_concurrency/lockutils.py:511}}
Jun 02 13:00:10.735183 np0000001928 nova-scheduler[95767]: DEBUG oslo_concurrency.lockutils [None req-b0bc3b5c-0bc5-4c54-bf26-d20e600e1166 tempest-ServerStableDeviceRescueTest-1399482863 tempest-ServerStableDeviceRescueTest-1399482863-project-member] Lock "b0425236-f0a0-4f38-ae39-446872435980" acquired by "nova.context.set_target_cell..get_or_set_cached_cell_and_set_connections" :: waited 0.001s {{(pid=95767) inner /opt/stack/data/venv/lib/python3.12/site-packages/oslo_concurrency/lockutils.py:524}}
Jun 02 13:00:10.735183 np0000001928 nova-scheduler[95767]: DEBUG oslo_concurrency.lockutils [None req-b0bc3b5c-0bc5-4c54-bf26-d20e600e1166 tempest-ServerStableDeviceRescueTest-1399482863 tempest-ServerStableDeviceRescueTest-1399482863-project-member] Lock "b0425236-f0a0-4f38-ae39-446872435980" "released" by "nova.context.set_target_cell..get_or_set_cached_cell_and_set_connections" :: held 0.000s {{(pid=95767) inner /opt/stack/data/venv/lib/python3.12/site-packages/oslo_concurrency/lockutils.py:543}}
Jun 02 13:00:10.739907 np0000001928 nova-scheduler[95767]: DEBUG oslo_concurrency.lockutils [None req-b0bc3b5c-0bc5-4c54-bf26-d20e600e1166 tempest-ServerStableDeviceRescueTest-1399482863 tempest-ServerStableDeviceRescueTest-1399482863-project-member] Acquiring lock "('np0000001928', 'np0000001928')" by "nova.scheduler.host_manager.HostState.update.._locked_update" {{(pid=95767) inner /opt/stack/data/venv/lib/python3.12/site-packages/oslo_concurrency/lockutils.py:511}}
Jun 02 13:00:10.740020 np0000001928 nova-scheduler[95767]: DEBUG oslo_concurrency.lockutils [None req-b0bc3b5c-0bc5-4c54-bf26-d20e600e1166 tempest-ServerStableDeviceRescueTest-1399482863 tempest-ServerStableDeviceRescueTest-1399482863-project-member] Lock "('np0000001928', 'np0000001928')" acquired by "nova.scheduler.host_manager.HostState.update.._locked_update" :: waited 0.000s {{(pid=95767) inner /opt/stack/data/venv/lib/python3.12/site-packages/oslo_concurrency/lockutils.py:524}}
Jun 02 13:00:10.743102 np0000001928 nova-scheduler[95767]: DEBUG nova.scheduler.host_manager [None req-b0bc3b5c-0bc5-4c54-bf26-d20e600e1166 tempest-ServerStableDeviceRescueTest-1399482863 tempest-ServerStableDeviceRescueTest-1399482863-project-member] Update host state from compute node: ComputeNode(cpu_allocation_ratio=4.0,cpu_info='{"arch": "x86_64", "model": "EPYC-Milan", "vendor": "AMD", "topology": {"cells": 1, "sockets": 12, "cores": 1, "threads": 1}, "maxphysaddr": {"mode": "emulate", "bits": 40}, "features": ["x2apic", "pfthreshold", "3dnowprefetch", "clflush", "clwb", "f16c", "ibpb", "erms", "tsc", "xsavec", "cr8legacy", "fma", "pcid", "tsc-scale", "pni", "pku", "sse4.1", "pge", "amd-psfd", "arat", "rdctl-no", "pause-filter", "cmp_legacy", "v-vmsave-vmload", "hypervisor", "flushbyasid", "no-nested-data-bp", "cx16", "amd-stibp", "lfence-always-serializing", "fsrm", "avx", "cx8", "tsc_adjust", "fpu", "xsaves", "pdpe1gb", "fsgsbase", "xsaveopt", "lbrv", "virt-ssbd", "avx2", "lm", "umip", "nx", "abm", "mce", "ibrs", "sse2", "rdtscp", "vme", "gds-no", "sse", "topoext", "bmi1", "fxsr_opt", "bmi2", "mca", "svm", "mmx", "sse4.2", "mtrr", "amd-ssbd", "ssbd", "spec-ctrl", "npt", "pse36", "tsc-deadline", "misalignsse", "pae", "xsaveerptr", "arch-capabilities", "wbnoinvd", "xsave", "pschange-mc-no", "ssse3", "stibp-always-on", "stibp", "perfctr_core", "popcnt", "mds-no", "aes", "nrip-save", "rdseed", "svme-addr-chk", "pse", "osvw", "vaes", "sha-ni", "xgetbv1", "null-sel-clr-base", "apic", "pclmuldq", "sep", "smep", "vmcb-clean", "de", "clzero", "movbe", "rdpid", "lahf_lm", "syscall", "vpclmulqdq", "pat", "sse4a", "mmxext", "vgif", "skip-l1dfl-vmentry", "rdrand", "adx", "clflushopt", "fxsr", "msr", "cmov", "invpcid", "smap"]}',created_at=2026-06-02T12:57:40Z,current_workload=0,deleted=False,deleted_at=None,disk_allocation_ratio=1.0,disk_available_least=74,free_disk_gb=95,free_ram_mb=23518,host='np0000001928',host_ip=10.4.3.32,hypervisor_hostname='np0000001928',hypervisor_type='QEMU',hypervisor_version=8002002,id=1,local_gb=95,local_gb_used=0,mapped=1,memory_mb=24030,memory_mb_used=512,metrics='[]',numa_topology='{"nova_object.name": "NUMATopology", "nova_object.namespace": "nova", "nova_object.version": "1.2", "nova_object.data": {"cells": [{"nova_object.name": "NUMACell", "nova_object.namespace": "nova", "nova_object.version": "1.5", "nova_object.data": {"id": 0, "cpuset": [0, 1, 2, 3, 4, 5, 6, 7, 8, 9, 10, 11], "pcpuset": [0, 1, 2, 3, 4, 5, 6, 7, 8, 9, 10, 11], "memory": 24030, "cpu_usage": 0, "memory_usage": 0, "pinned_cpus": [], "siblings": [[6], [2], [5], [11], [8], [4], [1], [7], [10], [0], [3], [9]], "mempages": [{"nova_object.name": "NUMAPagesTopology", "nova_object.namespace": "nova", "nova_object.version": "1.1", "nova_object.data": {"size_kb": 4, "total": 6151797, "used": 0, "reserved": 0}, "nova_object.changes": ["reserved", "size_kb", "total", "used"]}, {"nova_object.name": "NUMAPagesTopology", "nova_object.namespace": "nova", "nova_object.version": "1.1", "nova_object.data": {"size_kb": 2048, "total": 0, "used": 0, "reserved": 0}, "nova_object.changes": ["reserved", "size_kb", "total", "used"]}, {"nova_object.name": "NUMAPagesTopology", "nova_object.namespace": "nova", "nova_object.version": "1.1", "nova_object.data": {"size_kb": 1048576, "total": 0, "used": 0, "reserved": 0}, "nova_object.changes": ["reserved", "size_kb", "total", "used"]}], "network_metadata": {"nova_object.name": "NetworkMetadata", "nova_object.namespace": "nova", "nova_object.version": "1.0", "nova_object.data": {"physnets": [], "tunneled": false}, "nova_object.changes": ["physnets", "tunneled"]}, "socket": null}, "nova_object.changes": ["memory", "memory_usage", "cpu_usage", "id", "socket", "mempages", "pcpuset", "network_metadata", "pinned_cpus", "siblings", "cpuset"]}]}, "nova_object.changes": ["cells"]}',pci_device_pools=PciDevicePoolList,ram_allocation_ratio=1.0,running_vms=0,service_id=4,stats={failed_builds='0',uptime=' 12:59:26 up 29 min, 2 users, load average: 1.43, 1.49, 0.84
Jun 02 13:00:10.743102 np0000001928 nova-scheduler[95767]: '},supported_hv_specs=[HVSpec,HVSpec,HVSpec,HVSpec,HVSpec,HVSpec,HVSpec,HVSpec,HVSpec,HVSpec,HVSpec,HVSpec,HVSpec,HVSpec,HVSpec,HVSpec,HVSpec,HVSpec,HVSpec,HVSpec,HVSpec,HVSpec,HVSpec,HVSpec,HVSpec],updated_at=2026-06-02T12:59:29Z,uuid=453b98c5-16ab-4b8a-a4c6-00375003ed5e,vcpus=12,vcpus_used=0) {{(pid=95767) _locked_update /opt/stack/nova/nova/scheduler/host_manager.py:168}}
Jun 02 13:00:10.744573 np0000001928 nova-scheduler[95767]: DEBUG nova.scheduler.host_manager [None req-b0bc3b5c-0bc5-4c54-bf26-d20e600e1166 tempest-ServerStableDeviceRescueTest-1399482863 tempest-ServerStableDeviceRescueTest-1399482863-project-member] Update host state with aggregates: [] {{(pid=95767) _locked_update /opt/stack/nova/nova/scheduler/host_manager.py:171}}
Jun 02 13:00:10.744573 np0000001928 nova-scheduler[95767]: DEBUG nova.scheduler.host_manager [None req-b0bc3b5c-0bc5-4c54-bf26-d20e600e1166 tempest-ServerStableDeviceRescueTest-1399482863 tempest-ServerStableDeviceRescueTest-1399482863-project-member] Update host state with service dict: {'id': 4, 'uuid': '277abbef-e178-4cf2-b381-09475df6de71', 'host': 'np0000001928', 'binary': 'nova-compute', 'topic': 'compute', 'report_count': 2, 'disabled': False, 'disabled_reason': None, 'last_seen_up': datetime.datetime(2026, 6, 2, 12, 59, 49, tzinfo=datetime.timezone.utc), 'forced_down': False, 'version': 72, 'created_at': datetime.datetime(2026, 6, 2, 12, 57, 39, tzinfo=datetime.timezone.utc), 'updated_at': datetime.datetime(2026, 6, 2, 12, 59, 49, tzinfo=datetime.timezone.utc), 'deleted_at': None, 'deleted': False} {{(pid=95767) _locked_update /opt/stack/nova/nova/scheduler/host_manager.py:174}}
Jun 02 13:00:10.744573 np0000001928 nova-scheduler[95767]: DEBUG nova.scheduler.host_manager [None req-b0bc3b5c-0bc5-4c54-bf26-d20e600e1166 tempest-ServerStableDeviceRescueTest-1399482863 tempest-ServerStableDeviceRescueTest-1399482863-project-member] Update host state with instances: [] {{(pid=95767) _locked_update /opt/stack/nova/nova/scheduler/host_manager.py:177}}
Jun 02 13:00:10.747650 np0000001928 nova-scheduler[95767]: DEBUG oslo_concurrency.lockutils [None req-b0bc3b5c-0bc5-4c54-bf26-d20e600e1166 tempest-ServerStableDeviceRescueTest-1399482863 tempest-ServerStableDeviceRescueTest-1399482863-project-member] Lock "('np0000001928', 'np0000001928')" "released" by "nova.scheduler.host_manager.HostState.update.._locked_update" :: held 0.005s {{(pid=95767) inner /opt/stack/data/venv/lib/python3.12/site-packages/oslo_concurrency/lockutils.py:543}}
Jun 02 13:00:10.747650 np0000001928 nova-scheduler[95767]: DEBUG nova.filters [None req-b0bc3b5c-0bc5-4c54-bf26-d20e600e1166 tempest-ServerStableDeviceRescueTest-1399482863 tempest-ServerStableDeviceRescueTest-1399482863-project-member] Starting with 1 host(s) {{(pid=95767) get_filtered_objects /opt/stack/nova/nova/filters.py:70}}
Jun 02 13:00:10.748338 np0000001928 nova-scheduler[95767]: DEBUG nova.filters [None req-b0bc3b5c-0bc5-4c54-bf26-d20e600e1166 tempest-ServerStableDeviceRescueTest-1399482863 tempest-ServerStableDeviceRescueTest-1399482863-project-member] Filter ComputeFilter returned 1 host(s) {{(pid=95767) get_filtered_objects /opt/stack/nova/nova/filters.py:102}}
Jun 02 13:00:10.748338 np0000001928 nova-scheduler[95767]: DEBUG nova.filters [None req-b0bc3b5c-0bc5-4c54-bf26-d20e600e1166 tempest-ServerStableDeviceRescueTest-1399482863 tempest-ServerStableDeviceRescueTest-1399482863-project-member] Filter ComputeCapabilitiesFilter returned 1 host(s) {{(pid=95767) get_filtered_objects /opt/stack/nova/nova/filters.py:102}}
Jun 02 13:00:10.754958 np0000001928 nova-scheduler[95767]: DEBUG nova.filters [None req-b0bc3b5c-0bc5-4c54-bf26-d20e600e1166 tempest-ServerStableDeviceRescueTest-1399482863 tempest-ServerStableDeviceRescueTest-1399482863-project-member] Filter ImagePropertiesFilter returned 1 host(s) {{(pid=95767) get_filtered_objects /opt/stack/nova/nova/filters.py:102}}
Jun 02 13:00:10.754958 np0000001928 nova-scheduler[95767]: DEBUG nova.filters [None req-b0bc3b5c-0bc5-4c54-bf26-d20e600e1166 tempest-ServerStableDeviceRescueTest-1399482863 tempest-ServerStableDeviceRescueTest-1399482863-project-member] Filter ServerGroupAntiAffinityFilter returned 1 host(s) {{(pid=95767) get_filtered_objects /opt/stack/nova/nova/filters.py:102}}
Jun 02 13:00:10.755231 np0000001928 nova-scheduler[95767]: DEBUG nova.filters [None req-b0bc3b5c-0bc5-4c54-bf26-d20e600e1166 tempest-ServerStableDeviceRescueTest-1399482863 tempest-ServerStableDeviceRescueTest-1399482863-project-member] Filter ServerGroupAffinityFilter returned 1 host(s) {{(pid=95767) get_filtered_objects /opt/stack/nova/nova/filters.py:102}}
Jun 02 13:00:10.755231 np0000001928 nova-scheduler[95767]: DEBUG nova.filters [None req-b0bc3b5c-0bc5-4c54-bf26-d20e600e1166 tempest-ServerStableDeviceRescueTest-1399482863 tempest-ServerStableDeviceRescueTest-1399482863-project-member] Filter SameHostFilter returned 1 host(s) {{(pid=95767) get_filtered_objects /opt/stack/nova/nova/filters.py:102}}
Jun 02 13:00:10.755513 np0000001928 nova-scheduler[95767]: DEBUG nova.filters [None req-b0bc3b5c-0bc5-4c54-bf26-d20e600e1166 tempest-ServerStableDeviceRescueTest-1399482863 tempest-ServerStableDeviceRescueTest-1399482863-project-member] Filter DifferentHostFilter returned 1 host(s) {{(pid=95767) get_filtered_objects /opt/stack/nova/nova/filters.py:102}}
Jun 02 13:00:10.755612 np0000001928 nova-scheduler[95767]: DEBUG nova.scheduler.manager [None req-b0bc3b5c-0bc5-4c54-bf26-d20e600e1166 tempest-ServerStableDeviceRescueTest-1399482863 tempest-ServerStableDeviceRescueTest-1399482863-project-member] Filtered [(np0000001928, np0000001928) ram: 23518MB disk: 75776MB io_ops: 0 instances: 0, allocation_candidates: 1] {{(pid=95767) _get_sorted_hosts /opt/stack/nova/nova/scheduler/manager.py:743}}
Jun 02 13:00:10.755889 np0000001928 nova-scheduler[95767]: DEBUG nova.scheduler.manager [None req-b0bc3b5c-0bc5-4c54-bf26-d20e600e1166 tempest-ServerStableDeviceRescueTest-1399482863 tempest-ServerStableDeviceRescueTest-1399482863-project-member] Weighed [WeighedHost [host: (np0000001928, np0000001928) ram: 23518MB disk: 75776MB io_ops: 0 instances: 0, allocation_candidates: 1, weight: 0.0]] {{(pid=95767) _get_sorted_hosts /opt/stack/nova/nova/scheduler/manager.py:765}}
Jun 02 13:00:10.756111 np0000001928 nova-scheduler[95767]: DEBUG nova.scheduler.utils [None req-b0bc3b5c-0bc5-4c54-bf26-d20e600e1166 tempest-ServerStableDeviceRescueTest-1399482863 tempest-ServerStableDeviceRescueTest-1399482863-project-member] Attempting to claim resources in the placement API for instance 7407d298-ff4b-467d-8046-b5511173bd67 {{(pid=95767) claim_resources /opt/stack/nova/nova/scheduler/utils.py:1304}}
Jun 02 13:00:10.947870 np0000001928 nova-scheduler[95767]: DEBUG nova.scheduler.manager [None req-b0bc3b5c-0bc5-4c54-bf26-d20e600e1166 tempest-ServerStableDeviceRescueTest-1399482863 tempest-ServerStableDeviceRescueTest-1399482863-project-member] [instance: 7407d298-ff4b-467d-8046-b5511173bd67] Selected host: (np0000001928, np0000001928) ram: 23518MB disk: 75776MB io_ops: 0 instances: 0, allocation_candidates: 1 {{(pid=95767) _consume_selected_host /opt/stack/nova/nova/scheduler/manager.py:625}}
Jun 02 13:00:10.948299 np0000001928 nova-scheduler[95767]: DEBUG oslo_concurrency.lockutils [None req-b0bc3b5c-0bc5-4c54-bf26-d20e600e1166 tempest-ServerStableDeviceRescueTest-1399482863 tempest-ServerStableDeviceRescueTest-1399482863-project-member] Acquiring lock "('np0000001928', 'np0000001928')" by "nova.scheduler.host_manager.HostState.consume_from_request.._locked" {{(pid=95767) inner /opt/stack/data/venv/lib/python3.12/site-packages/oslo_concurrency/lockutils.py:511}}
Jun 02 13:00:10.948507 np0000001928 nova-scheduler[95767]: DEBUG oslo_concurrency.lockutils [None req-b0bc3b5c-0bc5-4c54-bf26-d20e600e1166 tempest-ServerStableDeviceRescueTest-1399482863 tempest-ServerStableDeviceRescueTest-1399482863-project-member] Lock "('np0000001928', 'np0000001928')" acquired by "nova.scheduler.host_manager.HostState.consume_from_request.._locked" :: waited 0.000s {{(pid=95767) inner /opt/stack/data/venv/lib/python3.12/site-packages/oslo_concurrency/lockutils.py:524}}
Jun 02 13:00:10.948826 np0000001928 nova-scheduler[95767]: DEBUG oslo_concurrency.lockutils [None req-b0bc3b5c-0bc5-4c54-bf26-d20e600e1166 tempest-ServerStableDeviceRescueTest-1399482863 tempest-ServerStableDeviceRescueTest-1399482863-project-member] Lock "('np0000001928', 'np0000001928')" "released" by "nova.scheduler.host_manager.HostState.consume_from_request.._locked" :: held 0.000s {{(pid=95767) inner /opt/stack/data/venv/lib/python3.12/site-packages/oslo_concurrency/lockutils.py:543}}
Jun 02 13:00:11.507868 np0000001928 nova-scheduler[95758]: DEBUG nova.scheduler.manager [None req-a088b587-8b51-4064-96f7-0c0c6e16305c tempest-ServerActionsTestOtherA-1053339685 tempest-ServerActionsTestOtherA-1053339685-project-member] Starting to schedule for instances: ['bcbda307-e517-4bcf-a56b-337e763f3d06'] {{(pid=95758) select_destinations /opt/stack/nova/nova/scheduler/manager.py:210}}
Jun 02 13:00:11.512480 np0000001928 nova-scheduler[95758]: DEBUG nova.scheduler.request_filter [None req-a088b587-8b51-4064-96f7-0c0c6e16305c tempest-ServerActionsTestOtherA-1053339685 tempest-ServerActionsTestOtherA-1053339685-project-member] compute_status_filter request filter added forbidden trait COMPUTE_STATUS_DISABLED {{(pid=95758) compute_status_filter /opt/stack/nova/nova/scheduler/request_filter.py:253}}
Jun 02 13:00:11.512480 np0000001928 nova-scheduler[95758]: DEBUG nova.scheduler.request_filter [None req-a088b587-8b51-4064-96f7-0c0c6e16305c tempest-ServerActionsTestOtherA-1053339685 tempest-ServerActionsTestOtherA-1053339685-project-member] Request filter 'compute_status_filter' took 0.0 seconds {{(pid=95758) wrapper /opt/stack/nova/nova/scheduler/request_filter.py:46}}
Jun 02 13:00:11.512480 np0000001928 nova-scheduler[95758]: DEBUG nova.scheduler.request_filter [None req-a088b587-8b51-4064-96f7-0c0c6e16305c tempest-ServerActionsTestOtherA-1053339685 tempest-ServerActionsTestOtherA-1053339685-project-member] Request filter 'accelerators_filter' took 0.0 seconds {{(pid=95758) wrapper /opt/stack/nova/nova/scheduler/request_filter.py:46}}
Jun 02 13:00:11.512480 np0000001928 nova-scheduler[95758]: DEBUG nova.scheduler.request_filter [None req-a088b587-8b51-4064-96f7-0c0c6e16305c tempest-ServerActionsTestOtherA-1053339685 tempest-ServerActionsTestOtherA-1053339685-project-member] Request filter 'packed_virtqueue_filter' took 0.0 seconds {{(pid=95758) wrapper /opt/stack/nova/nova/scheduler/request_filter.py:46}}
Jun 02 13:00:11.512480 np0000001928 nova-scheduler[95758]: DEBUG nova.scheduler.request_filter [None req-a088b587-8b51-4064-96f7-0c0c6e16305c tempest-ServerActionsTestOtherA-1053339685 tempest-ServerActionsTestOtherA-1053339685-project-member] Request filter 'remote_managed_ports_filter' took 0.0 seconds {{(pid=95758) wrapper /opt/stack/nova/nova/scheduler/request_filter.py:46}}
Jun 02 13:00:11.512480 np0000001928 nova-scheduler[95758]: DEBUG nova.scheduler.request_filter [None req-a088b587-8b51-4064-96f7-0c0c6e16305c tempest-ServerActionsTestOtherA-1053339685 tempest-ServerActionsTestOtherA-1053339685-project-member] ephemeral_encryption_filter skipped {{(pid=95758) ephemeral_encryption_filter /opt/stack/nova/nova/scheduler/request_filter.py:426}}
Jun 02 13:00:11.512480 np0000001928 nova-scheduler[95758]: DEBUG nova.scheduler.request_filter [None req-a088b587-8b51-4064-96f7-0c0c6e16305c tempest-ServerActionsTestOtherA-1053339685 tempest-ServerActionsTestOtherA-1053339685-project-member] virtio_sound_filter skipped {{(pid=95758) virtio_sound_filter /opt/stack/nova/nova/scheduler/request_filter.py:460}}
Jun 02 13:00:11.512480 np0000001928 nova-scheduler[95758]: DEBUG nova.scheduler.request_filter [None req-a088b587-8b51-4064-96f7-0c0c6e16305c tempest-ServerActionsTestOtherA-1053339685 tempest-ServerActionsTestOtherA-1053339685-project-member] tpm_secret_security_filter skipped {{(pid=95758) tpm_secret_security_filter /opt/stack/nova/nova/scheduler/request_filter.py:477}}
Jun 02 13:00:11.620417 np0000001928 nova-scheduler[95758]: INFO nova.utils [None req-a088b587-8b51-4064-96f7-0c0c6e16305c tempest-ServerActionsTestOtherA-1053339685 tempest-ServerActionsTestOtherA-1053339685-project-member] The cell worker thread pool ForkProcess-1.cell_worker is initialized
Jun 02 13:00:11.620856 np0000001928 nova-scheduler[95758]: DEBUG oslo_concurrency.lockutils [None req-a088b587-8b51-4064-96f7-0c0c6e16305c tempest-ServerActionsTestOtherA-1053339685 tempest-ServerActionsTestOtherA-1053339685-project-member] Acquiring lock "b0425236-f0a0-4f38-ae39-446872435980" by "nova.context.set_target_cell..get_or_set_cached_cell_and_set_connections" {{(pid=95758) inner /opt/stack/data/venv/lib/python3.12/site-packages/oslo_concurrency/lockutils.py:511}}
Jun 02 13:00:11.621120 np0000001928 nova-scheduler[95758]: DEBUG oslo_concurrency.lockutils [None req-a088b587-8b51-4064-96f7-0c0c6e16305c tempest-ServerActionsTestOtherA-1053339685 tempest-ServerActionsTestOtherA-1053339685-project-member] Lock "b0425236-f0a0-4f38-ae39-446872435980" acquired by "nova.context.set_target_cell..get_or_set_cached_cell_and_set_connections" :: waited 0.000s {{(pid=95758) inner /opt/stack/data/venv/lib/python3.12/site-packages/oslo_concurrency/lockutils.py:524}}
Jun 02 13:00:11.623478 np0000001928 nova-scheduler[95758]: DEBUG oslo_concurrency.lockutils [None req-a088b587-8b51-4064-96f7-0c0c6e16305c tempest-ServerActionsTestOtherA-1053339685 tempest-ServerActionsTestOtherA-1053339685-project-member] Lock "b0425236-f0a0-4f38-ae39-446872435980" "released" by "nova.context.set_target_cell..get_or_set_cached_cell_and_set_connections" :: held 0.002s {{(pid=95758) inner /opt/stack/data/venv/lib/python3.12/site-packages/oslo_concurrency/lockutils.py:543}}
Jun 02 13:00:11.625836 np0000001928 nova-scheduler[95758]: INFO dbcounter [None req-a088b587-8b51-4064-96f7-0c0c6e16305c tempest-ServerActionsTestOtherA-1053339685 tempest-ServerActionsTestOtherA-1053339685-project-member] Registered counter for database nova_cell1
Jun 02 13:00:11.664456 np0000001928 nova-scheduler[95758]: DEBUG oslo_db.sqlalchemy.engines [None req-a088b587-8b51-4064-96f7-0c0c6e16305c tempest-ServerActionsTestOtherA-1053339685 tempest-ServerActionsTestOtherA-1053339685-project-member] MySQL server mode set to STRICT_TRANS_TABLES,STRICT_ALL_TABLES,NO_ZERO_IN_DATE,NO_ZERO_DATE,ERROR_FOR_DIVISION_BY_ZERO,TRADITIONAL,NO_ENGINE_SUBSTITUTION {{(pid=95758) _check_effective_sql_mode /opt/stack/data/venv/lib/python3.12/site-packages/oslo_db/sqlalchemy/engines.py:325}}
Jun 02 13:00:11.670504 np0000001928 nova-scheduler[95758]: DEBUG dbcounter [-] [95758] Writer thread running {{(pid=95758) stat_writer /opt/stack/data/venv/lib/python3.12/site-packages/dbcounter.py:102}}
Jun 02 13:00:11.726297 np0000001928 nova-scheduler[95758]: DEBUG dbcounter [-] [95758] Writer thread running {{(pid=95758) stat_writer /opt/stack/data/venv/lib/python3.12/site-packages/dbcounter.py:102}}
Jun 02 13:00:11.729391 np0000001928 nova-scheduler[95758]: DEBUG oslo_concurrency.lockutils [None req-a088b587-8b51-4064-96f7-0c0c6e16305c tempest-ServerActionsTestOtherA-1053339685 tempest-ServerActionsTestOtherA-1053339685-project-member] Acquiring lock "b0425236-f0a0-4f38-ae39-446872435980" by "nova.context.set_target_cell..get_or_set_cached_cell_and_set_connections" {{(pid=95758) inner /opt/stack/data/venv/lib/python3.12/site-packages/oslo_concurrency/lockutils.py:511}}
Jun 02 13:00:11.729624 np0000001928 nova-scheduler[95758]: DEBUG oslo_concurrency.lockutils [None req-a088b587-8b51-4064-96f7-0c0c6e16305c tempest-ServerActionsTestOtherA-1053339685 tempest-ServerActionsTestOtherA-1053339685-project-member] Lock "b0425236-f0a0-4f38-ae39-446872435980" acquired by "nova.context.set_target_cell..get_or_set_cached_cell_and_set_connections" :: waited 0.000s {{(pid=95758) inner /opt/stack/data/venv/lib/python3.12/site-packages/oslo_concurrency/lockutils.py:524}}
Jun 02 13:00:11.729795 np0000001928 nova-scheduler[95758]: DEBUG oslo_concurrency.lockutils [None req-a088b587-8b51-4064-96f7-0c0c6e16305c tempest-ServerActionsTestOtherA-1053339685 tempest-ServerActionsTestOtherA-1053339685-project-member] Lock "b0425236-f0a0-4f38-ae39-446872435980" "released" by "nova.context.set_target_cell..get_or_set_cached_cell_and_set_connections" :: held 0.000s {{(pid=95758) inner /opt/stack/data/venv/lib/python3.12/site-packages/oslo_concurrency/lockutils.py:543}}
Jun 02 13:00:11.734572 np0000001928 nova-scheduler[95758]: DEBUG oslo_concurrency.lockutils [None req-a088b587-8b51-4064-96f7-0c0c6e16305c tempest-ServerActionsTestOtherA-1053339685 tempest-ServerActionsTestOtherA-1053339685-project-member] Acquiring lock "('np0000001928', 'np0000001928')" by "nova.scheduler.host_manager.HostState.update.._locked_update" {{(pid=95758) inner /opt/stack/data/venv/lib/python3.12/site-packages/oslo_concurrency/lockutils.py:511}}
Jun 02 13:00:11.734761 np0000001928 nova-scheduler[95758]: DEBUG oslo_concurrency.lockutils [None req-a088b587-8b51-4064-96f7-0c0c6e16305c tempest-ServerActionsTestOtherA-1053339685 tempest-ServerActionsTestOtherA-1053339685-project-member] Lock "('np0000001928', 'np0000001928')" acquired by "nova.scheduler.host_manager.HostState.update.._locked_update" :: waited 0.000s {{(pid=95758) inner /opt/stack/data/venv/lib/python3.12/site-packages/oslo_concurrency/lockutils.py:524}}
