May 22 09:05:11.007113 np0000001238 systemd[1]: Starting devstack@n-api-meta.service - Devstack devstack@n-api-meta.service...
May 22 09:05:11.012121 np0000001238 devstack@n-api-meta.service[95172]: [uWSGI] getting INI configuration from /etc/nova/nova-metadata-uwsgi.ini
May 22 09:05:11.014246 np0000001238 devstack@n-api-meta.service[95172]: *** Starting uWSGI 2.0.24-debian (64bit) on [Fri May 22 09:05:11 2026] ***
May 22 09:05:11.014246 np0000001238 devstack@n-api-meta.service[95172]: compiled with version: 13.2.0 on 17 April 2024 16:23:48
May 22 09:05:11.014246 np0000001238 devstack@n-api-meta.service[95172]: os: Linux-6.8.0-100-generic #100-Ubuntu SMP PREEMPT_DYNAMIC Tue Jan 13 16:40:06 UTC 2026
May 22 09:05:11.014246 np0000001238 devstack@n-api-meta.service[95172]: nodename: np0000001238
May 22 09:05:11.014246 np0000001238 devstack@n-api-meta.service[95172]: machine: x86_64
May 22 09:05:11.014246 np0000001238 devstack@n-api-meta.service[95172]: clock source: unix
May 22 09:05:11.014246 np0000001238 devstack@n-api-meta.service[95172]: pcre jit disabled
May 22 09:05:11.014246 np0000001238 devstack@n-api-meta.service[95172]: detected number of CPU cores: 12
May 22 09:05:11.014246 np0000001238 devstack@n-api-meta.service[95172]: current working directory: /
May 22 09:05:11.014246 np0000001238 devstack@n-api-meta.service[95172]: detected binary path: /usr/bin/uwsgi-core
May 22 09:05:11.014246 np0000001238 devstack@n-api-meta.service[95172]: your processes number limit is 95969
May 22 09:05:11.014246 np0000001238 devstack@n-api-meta.service[95172]: your memory page size is 4096 bytes
May 22 09:05:11.014624 np0000001238 devstack@n-api-meta.service[95172]: detected max file descriptor number: 2048
May 22 09:05:11.014624 np0000001238 devstack@n-api-meta.service[95172]: lock engine: pthread robust mutexes
May 22 09:05:11.014624 np0000001238 devstack@n-api-meta.service[95172]: thunder lock: enabled
May 22 09:05:11.014624 np0000001238 devstack@n-api-meta.service[95172]: uWSGI http bound on 0.0.0.0:8775 fd 5
May 22 09:05:11.014791 np0000001238 devstack@n-api-meta.service[95172]: uwsgi socket 0 bound to TCP address 127.0.0.1:36921 (port auto-assigned) fd 4
May 22 09:05:11.014791 np0000001238 devstack@n-api-meta.service[95172]: Python version: 3.12.3 (main, Mar 23 2026, 19:04:32) [GCC 13.3.0]
May 22 09:05:11.014791 np0000001238 devstack@n-api-meta.service[95172]: PEP 405 virtualenv detected: /opt/stack/data/venv
May 22 09:05:11.014791 np0000001238 devstack@n-api-meta.service[95172]: Set PythonHome to /opt/stack/data/venv
May 22 09:05:11.045986 np0000001238 devstack@n-api-meta.service[95172]: Python main interpreter initialized at 0x74d37cea3668
May 22 09:05:11.045986 np0000001238 devstack@n-api-meta.service[95172]: python threads support enabled
May 22 09:05:11.045986 np0000001238 devstack@n-api-meta.service[95172]: your server socket listen backlog is limited to 100 connections
May 22 09:05:11.045986 np0000001238 devstack@n-api-meta.service[95172]: your mercy for graceful operations on workers is 80 seconds
May 22 09:05:11.046382 np0000001238 devstack@n-api-meta.service[95172]: mapped 537436 bytes (524 KB) for 3 cores
May 22 09:05:11.046493 np0000001238 devstack@n-api-meta.service[95172]: *** Operational MODE: preforking ***
May 22 09:05:11.046668 np0000001238 devstack@n-api-meta.service[95172]: *** uWSGI is running in multiple interpreter mode ***
May 22 09:05:11.046668 np0000001238 devstack@n-api-meta.service[95172]: spawned uWSGI master process (pid: 95172)
May 22 09:05:11.046854 np0000001238 systemd[1]: Started devstack@n-api-meta.service - Devstack devstack@n-api-meta.service.
May 22 09:05:11.047517 np0000001238 devstack@n-api-meta.service[95172]: spawned uWSGI worker 1 (pid: 95174, cores: 1)
May 22 09:05:11.048217 np0000001238 devstack@n-api-meta.service[95172]: spawned uWSGI worker 2 (pid: 95175, cores: 1)
May 22 09:05:11.048560 np0000001238 devstack@n-api-meta.service[95172]: spawned uWSGI worker 3 (pid: 95176, cores: 1)
May 22 09:05:11.049177 np0000001238 devstack@n-api-meta.service[95172]: spawned uWSGI http 1 (pid: 95177)
May 22 09:05:11.049177 np0000001238 devstack@n-api-meta.service[95172]: running "unix_signal:15 gracefully_kill_them_all" (master-start)...
May 22 09:05:12.866249 np0000001238 devstack@n-api-meta.service[95175]: INFO dbcounter [None req-f15c8d4c-b780-4856-9066-73ff45c37bcc None None] Registered counter for database nova_api
May 22 09:05:12.871141 np0000001238 devstack@n-api-meta.service[95176]: INFO dbcounter [None req-03f5dc50-9a0f-4699-8b0b-5e556fe15d58 None None] Registered counter for database nova_api
May 22 09:05:12.882949 np0000001238 devstack@n-api-meta.service[95175]: DEBUG oslo_db.sqlalchemy.engines [None req-f15c8d4c-b780-4856-9066-73ff45c37bcc None None] MySQL server mode set to STRICT_TRANS_TABLES,STRICT_ALL_TABLES,NO_ZERO_IN_DATE,NO_ZERO_DATE,ERROR_FOR_DIVISION_BY_ZERO,TRADITIONAL,NO_ENGINE_SUBSTITUTION {{(pid=95175) _check_effective_sql_mode /opt/stack/data/venv/lib/python3.12/site-packages/oslo_db/sqlalchemy/engines.py:325}}
May 22 09:05:12.885694 np0000001238 devstack@n-api-meta.service[95176]: DEBUG oslo_db.sqlalchemy.engines [None req-03f5dc50-9a0f-4699-8b0b-5e556fe15d58 None None] MySQL server mode set to STRICT_TRANS_TABLES,STRICT_ALL_TABLES,NO_ZERO_IN_DATE,NO_ZERO_DATE,ERROR_FOR_DIVISION_BY_ZERO,TRADITIONAL,NO_ENGINE_SUBSTITUTION {{(pid=95176) _check_effective_sql_mode /opt/stack/data/venv/lib/python3.12/site-packages/oslo_db/sqlalchemy/engines.py:325}}
May 22 09:05:12.911427 np0000001238 devstack@n-api-meta.service[95175]: DEBUG dbcounter [-] [95175] Writer thread running {{(pid=95175) stat_writer /opt/stack/data/venv/lib/python3.12/site-packages/dbcounter.py:102}}
May 22 09:05:12.913626 np0000001238 devstack@n-api-meta.service[95175]: DEBUG nova.context [None req-f15c8d4c-b780-4856-9066-73ff45c37bcc None None] Found 2 cells: 00000000-0000-0000-0000-000000000000(cell0),fe144df2-c827-462e-aec8-3f013a5669b2(cell1) {{(pid=95175) load_cells /opt/stack/nova/nova/context.py:509}}
May 22 09:05:12.913871 np0000001238 devstack@n-api-meta.service[95175]: INFO nova.utils [None req-f15c8d4c-b780-4856-9066-73ff45c37bcc None None] The cell worker thread pool MainProcess.cell_worker is initialized
May 22 09:05:12.915432 np0000001238 devstack@n-api-meta.service[95175]: DEBUG oslo_concurrency.lockutils [None req-f15c8d4c-b780-4856-9066-73ff45c37bcc None None] Acquiring lock "00000000-0000-0000-0000-000000000000" by "nova.context.set_target_cell..get_or_set_cached_cell_and_set_connections" {{(pid=95175) inner /opt/stack/data/venv/lib/python3.12/site-packages/oslo_concurrency/lockutils.py:511}}
May 22 09:05:12.915530 np0000001238 devstack@n-api-meta.service[95176]: DEBUG dbcounter [-] [95176] Writer thread running {{(pid=95176) stat_writer /opt/stack/data/venv/lib/python3.12/site-packages/dbcounter.py:102}}
May 22 09:05:12.915581 np0000001238 devstack@n-api-meta.service[95175]: DEBUG oslo_concurrency.lockutils [None req-f15c8d4c-b780-4856-9066-73ff45c37bcc None None] Lock "00000000-0000-0000-0000-000000000000" acquired by "nova.context.set_target_cell..get_or_set_cached_cell_and_set_connections" :: waited 0.000s {{(pid=95175) inner /opt/stack/data/venv/lib/python3.12/site-packages/oslo_concurrency/lockutils.py:524}}
May 22 09:05:12.915934 np0000001238 devstack@n-api-meta.service[95175]: DEBUG oslo_concurrency.lockutils [None req-f15c8d4c-b780-4856-9066-73ff45c37bcc None None] Lock "00000000-0000-0000-0000-000000000000" "released" by "nova.context.set_target_cell..get_or_set_cached_cell_and_set_connections" :: held 0.000s {{(pid=95175) inner /opt/stack/data/venv/lib/python3.12/site-packages/oslo_concurrency/lockutils.py:543}}
May 22 09:05:12.916658 np0000001238 devstack@n-api-meta.service[95175]: DEBUG oslo_concurrency.lockutils [None req-f15c8d4c-b780-4856-9066-73ff45c37bcc None None] Acquiring lock "fe144df2-c827-462e-aec8-3f013a5669b2" by "nova.context.set_target_cell..get_or_set_cached_cell_and_set_connections" {{(pid=95175) inner /opt/stack/data/venv/lib/python3.12/site-packages/oslo_concurrency/lockutils.py:511}}
May 22 09:05:12.918621 np0000001238 devstack@n-api-meta.service[95175]: DEBUG oslo_concurrency.lockutils [None req-f15c8d4c-b780-4856-9066-73ff45c37bcc None None] Lock "fe144df2-c827-462e-aec8-3f013a5669b2" acquired by "nova.context.set_target_cell..get_or_set_cached_cell_and_set_connections" :: waited 0.000s {{(pid=95175) inner /opt/stack/data/venv/lib/python3.12/site-packages/oslo_concurrency/lockutils.py:524}}
May 22 09:05:12.918742 np0000001238 devstack@n-api-meta.service[95176]: DEBUG nova.context [None req-03f5dc50-9a0f-4699-8b0b-5e556fe15d58 None None] Found 2 cells: 00000000-0000-0000-0000-000000000000(cell0),fe144df2-c827-462e-aec8-3f013a5669b2(cell1) {{(pid=95176) load_cells /opt/stack/nova/nova/context.py:509}}
May 22 09:05:12.918742 np0000001238 devstack@n-api-meta.service[95176]: INFO nova.utils [None req-03f5dc50-9a0f-4699-8b0b-5e556fe15d58 None None] The cell worker thread pool MainProcess.cell_worker is initialized
May 22 09:05:12.918885 np0000001238 devstack@n-api-meta.service[95174]: INFO dbcounter [None req-1c8815e7-04eb-4a50-b026-8e88c384f742 None None] Registered counter for database nova_api
May 22 09:05:12.919445 np0000001238 devstack@n-api-meta.service[95176]: DEBUG oslo_concurrency.lockutils [None req-03f5dc50-9a0f-4699-8b0b-5e556fe15d58 None None] Acquiring lock "00000000-0000-0000-0000-000000000000" by "nova.context.set_target_cell..get_or_set_cached_cell_and_set_connections" {{(pid=95176) inner /opt/stack/data/venv/lib/python3.12/site-packages/oslo_concurrency/lockutils.py:511}}
May 22 09:05:12.919619 np0000001238 devstack@n-api-meta.service[95176]: DEBUG oslo_concurrency.lockutils [None req-03f5dc50-9a0f-4699-8b0b-5e556fe15d58 None None] Lock "00000000-0000-0000-0000-000000000000" acquired by "nova.context.set_target_cell..get_or_set_cached_cell_and_set_connections" :: waited 0.000s {{(pid=95176) inner /opt/stack/data/venv/lib/python3.12/site-packages/oslo_concurrency/lockutils.py:524}}
May 22 09:05:12.920011 np0000001238 devstack@n-api-meta.service[95175]: INFO dbcounter [None req-f15c8d4c-b780-4856-9066-73ff45c37bcc None None] Registered counter for database nova_cell0
May 22 09:05:12.920076 np0000001238 devstack@n-api-meta.service[95176]: DEBUG oslo_concurrency.lockutils [None req-03f5dc50-9a0f-4699-8b0b-5e556fe15d58 None None] Lock "00000000-0000-0000-0000-000000000000" "released" by "nova.context.set_target_cell..get_or_set_cached_cell_and_set_connections" :: held 0.000s {{(pid=95176) inner /opt/stack/data/venv/lib/python3.12/site-packages/oslo_concurrency/lockutils.py:543}}
May 22 09:05:12.920593 np0000001238 devstack@n-api-meta.service[95176]: DEBUG oslo_concurrency.lockutils [None req-03f5dc50-9a0f-4699-8b0b-5e556fe15d58 None None] Acquiring lock "fe144df2-c827-462e-aec8-3f013a5669b2" by "nova.context.set_target_cell..get_or_set_cached_cell_and_set_connections" {{(pid=95176) inner /opt/stack/data/venv/lib/python3.12/site-packages/oslo_concurrency/lockutils.py:511}}
May 22 09:05:12.921959 np0000001238 devstack@n-api-meta.service[95176]: INFO dbcounter [None req-03f5dc50-9a0f-4699-8b0b-5e556fe15d58 None None] Registered counter for database nova_cell0
May 22 09:05:12.922169 np0000001238 devstack@n-api-meta.service[95175]: DEBUG oslo_concurrency.lockutils [None req-f15c8d4c-b780-4856-9066-73ff45c37bcc None None] Lock "fe144df2-c827-462e-aec8-3f013a5669b2" "released" by "nova.context.set_target_cell..get_or_set_cached_cell_and_set_connections" :: held 0.003s {{(pid=95175) inner /opt/stack/data/venv/lib/python3.12/site-packages/oslo_concurrency/lockutils.py:543}}
May 22 09:05:12.923376 np0000001238 devstack@n-api-meta.service[95176]: DEBUG oslo_concurrency.lockutils [None req-03f5dc50-9a0f-4699-8b0b-5e556fe15d58 None None] Lock "fe144df2-c827-462e-aec8-3f013a5669b2" acquired by "nova.context.set_target_cell..get_or_set_cached_cell_and_set_connections" :: waited 0.001s {{(pid=95176) inner /opt/stack/data/venv/lib/python3.12/site-packages/oslo_concurrency/lockutils.py:524}}
May 22 09:05:12.924701 np0000001238 devstack@n-api-meta.service[95176]: DEBUG oslo_concurrency.lockutils [None req-03f5dc50-9a0f-4699-8b0b-5e556fe15d58 None None] Lock "fe144df2-c827-462e-aec8-3f013a5669b2" "released" by "nova.context.set_target_cell..get_or_set_cached_cell_and_set_connections" :: held 0.003s {{(pid=95176) inner /opt/stack/data/venv/lib/python3.12/site-packages/oslo_concurrency/lockutils.py:543}}
May 22 09:05:12.925030 np0000001238 devstack@n-api-meta.service[95175]: INFO dbcounter [None req-f15c8d4c-b780-4856-9066-73ff45c37bcc None None] Registered counter for database nova_cell1
May 22 09:05:12.926982 np0000001238 devstack@n-api-meta.service[95176]: INFO dbcounter [None req-03f5dc50-9a0f-4699-8b0b-5e556fe15d58 None None] Registered counter for database nova_cell1
May 22 09:05:12.935853 np0000001238 devstack@n-api-meta.service[95175]: DEBUG oslo_db.sqlalchemy.engines [None req-f15c8d4c-b780-4856-9066-73ff45c37bcc None None] MySQL server mode set to STRICT_TRANS_TABLES,STRICT_ALL_TABLES,NO_ZERO_IN_DATE,NO_ZERO_DATE,ERROR_FOR_DIVISION_BY_ZERO,TRADITIONAL,NO_ENGINE_SUBSTITUTION {{(pid=95175) _check_effective_sql_mode /opt/stack/data/venv/lib/python3.12/site-packages/oslo_db/sqlalchemy/engines.py:325}}
May 22 09:05:12.936723 np0000001238 devstack@n-api-meta.service[95176]: DEBUG oslo_db.sqlalchemy.engines [None req-03f5dc50-9a0f-4699-8b0b-5e556fe15d58 None None] MySQL server mode set to STRICT_TRANS_TABLES,STRICT_ALL_TABLES,NO_ZERO_IN_DATE,NO_ZERO_DATE,ERROR_FOR_DIVISION_BY_ZERO,TRADITIONAL,NO_ENGINE_SUBSTITUTION {{(pid=95176) _check_effective_sql_mode /opt/stack/data/venv/lib/python3.12/site-packages/oslo_db/sqlalchemy/engines.py:325}}
May 22 09:05:12.939198 np0000001238 devstack@n-api-meta.service[95174]: DEBUG oslo_db.sqlalchemy.engines [None req-1c8815e7-04eb-4a50-b026-8e88c384f742 None None] MySQL server mode set to STRICT_TRANS_TABLES,STRICT_ALL_TABLES,NO_ZERO_IN_DATE,NO_ZERO_DATE,ERROR_FOR_DIVISION_BY_ZERO,TRADITIONAL,NO_ENGINE_SUBSTITUTION {{(pid=95174) _check_effective_sql_mode /opt/stack/data/venv/lib/python3.12/site-packages/oslo_db/sqlalchemy/engines.py:325}}
May 22 09:05:12.941715 np0000001238 devstack@n-api-meta.service[95176]: DEBUG oslo_db.sqlalchemy.engines [None req-03f5dc50-9a0f-4699-8b0b-5e556fe15d58 None None] MySQL server mode set to STRICT_TRANS_TABLES,STRICT_ALL_TABLES,NO_ZERO_IN_DATE,NO_ZERO_DATE,ERROR_FOR_DIVISION_BY_ZERO,TRADITIONAL,NO_ENGINE_SUBSTITUTION {{(pid=95176) _check_effective_sql_mode /opt/stack/data/venv/lib/python3.12/site-packages/oslo_db/sqlalchemy/engines.py:325}}
May 22 09:05:12.961110 np0000001238 devstack@n-api-meta.service[95175]: DEBUG oslo_db.sqlalchemy.engines [None req-f15c8d4c-b780-4856-9066-73ff45c37bcc None None] MySQL server mode set to STRICT_TRANS_TABLES,STRICT_ALL_TABLES,NO_ZERO_IN_DATE,NO_ZERO_DATE,ERROR_FOR_DIVISION_BY_ZERO,TRADITIONAL,NO_ENGINE_SUBSTITUTION {{(pid=95175) _check_effective_sql_mode /opt/stack/data/venv/lib/python3.12/site-packages/oslo_db/sqlalchemy/engines.py:325}}
May 22 09:05:12.973412 np0000001238 devstack@n-api-meta.service[95174]: DEBUG dbcounter [-] [95174] Writer thread running {{(pid=95174) stat_writer /opt/stack/data/venv/lib/python3.12/site-packages/dbcounter.py:102}}
May 22 09:05:12.976260 np0000001238 devstack@n-api-meta.service[95174]: DEBUG nova.context [None req-1c8815e7-04eb-4a50-b026-8e88c384f742 None None] Found 2 cells: 00000000-0000-0000-0000-000000000000(cell0),fe144df2-c827-462e-aec8-3f013a5669b2(cell1) {{(pid=95174) load_cells /opt/stack/nova/nova/context.py:509}}
May 22 09:05:12.976527 np0000001238 devstack@n-api-meta.service[95174]: INFO nova.utils [None req-1c8815e7-04eb-4a50-b026-8e88c384f742 None None] The cell worker thread pool MainProcess.cell_worker is initialized
May 22 09:05:12.978384 np0000001238 devstack@n-api-meta.service[95174]: DEBUG oslo_concurrency.lockutils [None req-1c8815e7-04eb-4a50-b026-8e88c384f742 None None] Acquiring lock "00000000-0000-0000-0000-000000000000" by "nova.context.set_target_cell..get_or_set_cached_cell_and_set_connections" {{(pid=95174) inner /opt/stack/data/venv/lib/python3.12/site-packages/oslo_concurrency/lockutils.py:511}}
May 22 09:05:12.978579 np0000001238 devstack@n-api-meta.service[95174]: DEBUG oslo_concurrency.lockutils [None req-1c8815e7-04eb-4a50-b026-8e88c384f742 None None] Lock "00000000-0000-0000-0000-000000000000" acquired by "nova.context.set_target_cell..get_or_set_cached_cell_and_set_connections" :: waited 0.000s {{(pid=95174) inner /opt/stack/data/venv/lib/python3.12/site-packages/oslo_concurrency/lockutils.py:524}}
May 22 09:05:12.978965 np0000001238 devstack@n-api-meta.service[95174]: DEBUG oslo_concurrency.lockutils [None req-1c8815e7-04eb-4a50-b026-8e88c384f742 None None] Lock "00000000-0000-0000-0000-000000000000" "released" by "nova.context.set_target_cell..get_or_set_cached_cell_and_set_connections" :: held 0.000s {{(pid=95174) inner /opt/stack/data/venv/lib/python3.12/site-packages/oslo_concurrency/lockutils.py:543}}
May 22 09:05:12.979843 np0000001238 devstack@n-api-meta.service[95174]: DEBUG oslo_concurrency.lockutils [None req-1c8815e7-04eb-4a50-b026-8e88c384f742 None None] Acquiring lock "fe144df2-c827-462e-aec8-3f013a5669b2" by "nova.context.set_target_cell..get_or_set_cached_cell_and_set_connections" {{(pid=95174) inner /opt/stack/data/venv/lib/python3.12/site-packages/oslo_concurrency/lockutils.py:511}}
May 22 09:05:12.981562 np0000001238 devstack@n-api-meta.service[95174]: INFO dbcounter [None req-1c8815e7-04eb-4a50-b026-8e88c384f742 None None] Registered counter for database nova_cell0
May 22 09:05:12.982649 np0000001238 devstack@n-api-meta.service[95174]: DEBUG oslo_concurrency.lockutils [None req-1c8815e7-04eb-4a50-b026-8e88c384f742 None None] Lock "fe144df2-c827-462e-aec8-3f013a5669b2" acquired by "nova.context.set_target_cell..get_or_set_cached_cell_and_set_connections" :: waited 0.001s {{(pid=95174) inner /opt/stack/data/venv/lib/python3.12/site-packages/oslo_concurrency/lockutils.py:524}}
May 22 09:05:12.984018 np0000001238 devstack@n-api-meta.service[95174]: DEBUG oslo_concurrency.lockutils [None req-1c8815e7-04eb-4a50-b026-8e88c384f742 None None] Lock "fe144df2-c827-462e-aec8-3f013a5669b2" "released" by "nova.context.set_target_cell..get_or_set_cached_cell_and_set_connections" :: held 0.003s {{(pid=95174) inner /opt/stack/data/venv/lib/python3.12/site-packages/oslo_concurrency/lockutils.py:543}}
May 22 09:05:12.986174 np0000001238 devstack@n-api-meta.service[95174]: INFO dbcounter [None req-1c8815e7-04eb-4a50-b026-8e88c384f742 None None] Registered counter for database nova_cell1
May 22 09:05:12.991450 np0000001238 devstack@n-api-meta.service[95174]: DEBUG oslo_db.sqlalchemy.engines [None req-1c8815e7-04eb-4a50-b026-8e88c384f742 None None] MySQL server mode set to STRICT_TRANS_TABLES,STRICT_ALL_TABLES,NO_ZERO_IN_DATE,NO_ZERO_DATE,ERROR_FOR_DIVISION_BY_ZERO,TRADITIONAL,NO_ENGINE_SUBSTITUTION {{(pid=95174) _check_effective_sql_mode /opt/stack/data/venv/lib/python3.12/site-packages/oslo_db/sqlalchemy/engines.py:325}}
May 22 09:05:12.995333 np0000001238 devstack@n-api-meta.service[95174]: DEBUG oslo_db.sqlalchemy.engines [None req-1c8815e7-04eb-4a50-b026-8e88c384f742 None None] MySQL server mode set to STRICT_TRANS_TABLES,STRICT_ALL_TABLES,NO_ZERO_IN_DATE,NO_ZERO_DATE,ERROR_FOR_DIVISION_BY_ZERO,TRADITIONAL,NO_ENGINE_SUBSTITUTION {{(pid=95174) _check_effective_sql_mode /opt/stack/data/venv/lib/python3.12/site-packages/oslo_db/sqlalchemy/engines.py:325}}
May 22 09:05:13.050767 np0000001238 devstack@n-api-meta.service[95176]: DEBUG dbcounter [-] [95176] Writer thread running {{(pid=95176) stat_writer /opt/stack/data/venv/lib/python3.12/site-packages/dbcounter.py:102}}
May 22 09:05:13.052279 np0000001238 devstack@n-api-meta.service[95176]: DEBUG dbcounter [-] [95176] Writer thread running {{(pid=95176) stat_writer /opt/stack/data/venv/lib/python3.12/site-packages/dbcounter.py:102}}
May 22 09:05:13.056826 np0000001238 devstack@n-api-meta.service[95176]: INFO dbcounter [None req-03f5dc50-9a0f-4699-8b0b-5e556fe15d58 None None] Registered counter for database nova_cell0
May 22 09:05:13.063158 np0000001238 devstack@n-api-meta.service[95176]: DEBUG oslo_db.sqlalchemy.engines [None req-03f5dc50-9a0f-4699-8b0b-5e556fe15d58 None None] MySQL server mode set to STRICT_TRANS_TABLES,STRICT_ALL_TABLES,NO_ZERO_IN_DATE,NO_ZERO_DATE,ERROR_FOR_DIVISION_BY_ZERO,TRADITIONAL,NO_ENGINE_SUBSTITUTION {{(pid=95176) _check_effective_sql_mode /opt/stack/data/venv/lib/python3.12/site-packages/oslo_db/sqlalchemy/engines.py:325}}
May 22 09:05:13.065676 np0000001238 devstack@n-api-meta.service[95175]: DEBUG dbcounter [-] [95175] Writer thread running {{(pid=95175) stat_writer /opt/stack/data/venv/lib/python3.12/site-packages/dbcounter.py:102}}
May 22 09:05:13.068548 np0000001238 devstack@n-api-meta.service[95175]: DEBUG dbcounter [-] [95175] Writer thread running {{(pid=95175) stat_writer /opt/stack/data/venv/lib/python3.12/site-packages/dbcounter.py:102}}
May 22 09:05:13.071492 np0000001238 devstack@n-api-meta.service[95176]: DEBUG dbcounter [-] [95176] Writer thread running {{(pid=95176) stat_writer /opt/stack/data/venv/lib/python3.12/site-packages/dbcounter.py:102}}
May 22 09:05:13.071719 np0000001238 devstack@n-api-meta.service[95175]: INFO dbcounter [None req-f15c8d4c-b780-4856-9066-73ff45c37bcc None None] Registered counter for database nova_cell0
May 22 09:05:13.077255 np0000001238 devstack@n-api-meta.service[95175]: DEBUG oslo_db.sqlalchemy.engines [None req-f15c8d4c-b780-4856-9066-73ff45c37bcc None None] MySQL server mode set to STRICT_TRANS_TABLES,STRICT_ALL_TABLES,NO_ZERO_IN_DATE,NO_ZERO_DATE,ERROR_FOR_DIVISION_BY_ZERO,TRADITIONAL,NO_ENGINE_SUBSTITUTION {{(pid=95175) _check_effective_sql_mode /opt/stack/data/venv/lib/python3.12/site-packages/oslo_db/sqlalchemy/engines.py:325}}
May 22 09:05:13.083196 np0000001238 devstack@n-api-meta.service[95175]: DEBUG dbcounter [-] [95175] Writer thread running {{(pid=95175) stat_writer /opt/stack/data/venv/lib/python3.12/site-packages/dbcounter.py:102}}
May 22 09:05:13.084296 np0000001238 devstack@n-api-meta.service[95174]: DEBUG dbcounter [-] [95174] Writer thread running {{(pid=95174) stat_writer /opt/stack/data/venv/lib/python3.12/site-packages/dbcounter.py:102}}
May 22 09:05:13.089401 np0000001238 devstack@n-api-meta.service[95174]: DEBUG dbcounter [-] [95174] Writer thread running {{(pid=95174) stat_writer /opt/stack/data/venv/lib/python3.12/site-packages/dbcounter.py:102}}
May 22 09:05:13.094372 np0000001238 devstack@n-api-meta.service[95174]: INFO dbcounter [None req-1c8815e7-04eb-4a50-b026-8e88c384f742 None None] Registered counter for database nova_cell0
May 22 09:05:13.098449 np0000001238 devstack@n-api-meta.service[95174]: DEBUG oslo_db.sqlalchemy.engines [None req-1c8815e7-04eb-4a50-b026-8e88c384f742 None None] MySQL server mode set to STRICT_TRANS_TABLES,STRICT_ALL_TABLES,NO_ZERO_IN_DATE,NO_ZERO_DATE,ERROR_FOR_DIVISION_BY_ZERO,TRADITIONAL,NO_ENGINE_SUBSTITUTION {{(pid=95174) _check_effective_sql_mode /opt/stack/data/venv/lib/python3.12/site-packages/oslo_db/sqlalchemy/engines.py:325}}
May 22 09:05:13.103933 np0000001238 devstack@n-api-meta.service[95174]: DEBUG dbcounter [-] [95174] Writer thread running {{(pid=95174) stat_writer /opt/stack/data/venv/lib/python3.12/site-packages/dbcounter.py:102}}
May 22 09:05:13.117692 np0000001238 devstack@n-api-meta.service[95176]: WARNING nova.api.metadata.handler [None req-03f5dc50-9a0f-4699-8b0b-5e556fe15d58 None None] metadata_proxy_shared_secret is not configured, the metadata information returned by the proxy cannot be trusted
May 22 09:05:13.120436 np0000001238 devstack@n-api-meta.service[95176]: DEBUG nova.api.openstack.wsgi_app [None req-03f5dc50-9a0f-4699-8b0b-5e556fe15d58 None None] ******************************************************************************** {{(pid=95176) log_opt_values /opt/stack/data/venv/lib/python3.12/site-packages/oslo_config/cfg.py:3229}}
May 22 09:05:13.120550 np0000001238 devstack@n-api-meta.service[95176]: DEBUG nova.api.openstack.wsgi_app [None req-03f5dc50-9a0f-4699-8b0b-5e556fe15d58 None None] Configuration options gathered from: {{(pid=95176) log_opt_values /opt/stack/data/venv/lib/python3.12/site-packages/oslo_config/cfg.py:3230}}
May 22 09:05:13.120656 np0000001238 devstack@n-api-meta.service[95176]: DEBUG nova.api.openstack.wsgi_app [None req-03f5dc50-9a0f-4699-8b0b-5e556fe15d58 None None] command line args: [] {{(pid=95176) log_opt_values /opt/stack/data/venv/lib/python3.12/site-packages/oslo_config/cfg.py:3231}}
May 22 09:05:13.120827 np0000001238 devstack@n-api-meta.service[95176]: DEBUG nova.api.openstack.wsgi_app [None req-03f5dc50-9a0f-4699-8b0b-5e556fe15d58 None None] config files: ['/etc/nova/api-paste.ini', '/etc/nova/nova.conf'] {{(pid=95176) log_opt_values /opt/stack/data/venv/lib/python3.12/site-packages/oslo_config/cfg.py:3232}}
May 22 09:05:13.121366 np0000001238 devstack@n-api-meta.service[95176]: DEBUG nova.api.openstack.wsgi_app [None req-03f5dc50-9a0f-4699-8b0b-5e556fe15d58 None None] ================================================================================ {{(pid=95176) log_opt_values /opt/stack/data/venv/lib/python3.12/site-packages/oslo_config/cfg.py:3237}}
May 22 09:05:13.121539 np0000001238 devstack@n-api-meta.service[95176]: DEBUG nova.api.openstack.wsgi_app [None req-03f5dc50-9a0f-4699-8b0b-5e556fe15d58 None None] allow_resize_to_same_host = True {{(pid=95176) log_opt_values /opt/stack/data/venv/lib/python3.12/site-packages/oslo_config/cfg.py:3245}}
May 22 09:05:13.121671 np0000001238 devstack@n-api-meta.service[95176]: DEBUG nova.api.openstack.wsgi_app [None req-03f5dc50-9a0f-4699-8b0b-5e556fe15d58 None None] arq_binding_timeout = 300 {{(pid=95176) log_opt_values /opt/stack/data/venv/lib/python3.12/site-packages/oslo_config/cfg.py:3245}}
May 22 09:05:13.121799 np0000001238 devstack@n-api-meta.service[95176]: DEBUG nova.api.openstack.wsgi_app [None req-03f5dc50-9a0f-4699-8b0b-5e556fe15d58 None None] block_device_allocate_retries = 60 {{(pid=95176) log_opt_values /opt/stack/data/venv/lib/python3.12/site-packages/oslo_config/cfg.py:3245}}
May 22 09:05:13.121946 np0000001238 devstack@n-api-meta.service[95176]: DEBUG nova.api.openstack.wsgi_app [None req-03f5dc50-9a0f-4699-8b0b-5e556fe15d58 None None] block_device_allocate_retries_interval = 3 {{(pid=95176) log_opt_values /opt/stack/data/venv/lib/python3.12/site-packages/oslo_config/cfg.py:3245}}
May 22 09:05:13.122084 np0000001238 devstack@n-api-meta.service[95176]: DEBUG nova.api.openstack.wsgi_app [None req-03f5dc50-9a0f-4699-8b0b-5e556fe15d58 None None] cell_worker_thread_pool_size = 5 {{(pid=95176) log_opt_values /opt/stack/data/venv/lib/python3.12/site-packages/oslo_config/cfg.py:3245}}
May 22 09:05:13.122234 np0000001238 devstack@n-api-meta.service[95176]: DEBUG nova.api.openstack.wsgi_app [None req-03f5dc50-9a0f-4699-8b0b-5e556fe15d58 None None] cert = self.pem {{(pid=95176) log_opt_values /opt/stack/data/venv/lib/python3.12/site-packages/oslo_config/cfg.py:3245}}
May 22 09:05:13.122400 np0000001238 devstack@n-api-meta.service[95176]: DEBUG nova.api.openstack.wsgi_app [None req-03f5dc50-9a0f-4699-8b0b-5e556fe15d58 None None] compute_driver = libvirt.LibvirtDriver {{(pid=95176) log_opt_values /opt/stack/data/venv/lib/python3.12/site-packages/oslo_config/cfg.py:3245}}
May 22 09:05:13.122555 np0000001238 devstack@n-api-meta.service[95176]: DEBUG nova.api.openstack.wsgi_app [None req-03f5dc50-9a0f-4699-8b0b-5e556fe15d58 None None] compute_monitors = [] {{(pid=95176) log_opt_values /opt/stack/data/venv/lib/python3.12/site-packages/oslo_config/cfg.py:3245}}
May 22 09:05:13.124543 np0000001238 devstack@n-api-meta.service[95176]: DEBUG nova.api.openstack.wsgi_app [None req-03f5dc50-9a0f-4699-8b0b-5e556fe15d58 None None] config_dir = [] {{(pid=95176) log_opt_values /opt/stack/data/venv/lib/python3.12/site-packages/oslo_config/cfg.py:3245}}
May 22 09:05:13.124543 np0000001238 devstack@n-api-meta.service[95176]: DEBUG nova.api.openstack.wsgi_app [None req-03f5dc50-9a0f-4699-8b0b-5e556fe15d58 None None] config_drive_format = iso9660 {{(pid=95176) log_opt_values /opt/stack/data/venv/lib/python3.12/site-packages/oslo_config/cfg.py:3245}}
May 22 09:05:13.124543 np0000001238 devstack@n-api-meta.service[95176]: DEBUG nova.api.openstack.wsgi_app [None req-03f5dc50-9a0f-4699-8b0b-5e556fe15d58 None None] config_file = ['/etc/nova/api-paste.ini', '/etc/nova/nova.conf'] {{(pid=95176) log_opt_values /opt/stack/data/venv/lib/python3.12/site-packages/oslo_config/cfg.py:3245}}
May 22 09:05:13.124543 np0000001238 devstack@n-api-meta.service[95176]: DEBUG nova.api.openstack.wsgi_app [None req-03f5dc50-9a0f-4699-8b0b-5e556fe15d58 None None] config_source = [] {{(pid=95176) log_opt_values /opt/stack/data/venv/lib/python3.12/site-packages/oslo_config/cfg.py:3245}}
May 22 09:05:13.124543 np0000001238 devstack@n-api-meta.service[95176]: DEBUG nova.api.openstack.wsgi_app [None req-03f5dc50-9a0f-4699-8b0b-5e556fe15d58 None None] console_host = np0000001238 {{(pid=95176) log_opt_values /opt/stack/data/venv/lib/python3.12/site-packages/oslo_config/cfg.py:3245}}
May 22 09:05:13.124543 np0000001238 devstack@n-api-meta.service[95176]: DEBUG nova.api.openstack.wsgi_app [None req-03f5dc50-9a0f-4699-8b0b-5e556fe15d58 None None] control_exchange = nova {{(pid=95176) log_opt_values /opt/stack/data/venv/lib/python3.12/site-packages/oslo_config/cfg.py:3245}}
May 22 09:05:13.124543 np0000001238 devstack@n-api-meta.service[95176]: DEBUG nova.api.openstack.wsgi_app [None req-03f5dc50-9a0f-4699-8b0b-5e556fe15d58 None None] cpu_allocation_ratio = None {{(pid=95176) log_opt_values /opt/stack/data/venv/lib/python3.12/site-packages/oslo_config/cfg.py:3245}}
May 22 09:05:13.124826 np0000001238 devstack@n-api-meta.service[95176]: DEBUG nova.api.openstack.wsgi_app [None req-03f5dc50-9a0f-4699-8b0b-5e556fe15d58 None None] daemon = False {{(pid=95176) log_opt_values /opt/stack/data/venv/lib/python3.12/site-packages/oslo_config/cfg.py:3245}}
May 22 09:05:13.124826 np0000001238 devstack@n-api-meta.service[95176]: DEBUG nova.api.openstack.wsgi_app [None req-03f5dc50-9a0f-4699-8b0b-5e556fe15d58 None None] debug = True {{(pid=95176) log_opt_values /opt/stack/data/venv/lib/python3.12/site-packages/oslo_config/cfg.py:3245}}
May 22 09:05:13.124826 np0000001238 devstack@n-api-meta.service[95176]: DEBUG nova.api.openstack.wsgi_app [None req-03f5dc50-9a0f-4699-8b0b-5e556fe15d58 None None] default_access_ip_network_name = None {{(pid=95176) log_opt_values /opt/stack/data/venv/lib/python3.12/site-packages/oslo_config/cfg.py:3245}}
May 22 09:05:13.124826 np0000001238 devstack@n-api-meta.service[95176]: DEBUG nova.api.openstack.wsgi_app [None req-03f5dc50-9a0f-4699-8b0b-5e556fe15d58 None None] default_availability_zone = nova {{(pid=95176) log_opt_values /opt/stack/data/venv/lib/python3.12/site-packages/oslo_config/cfg.py:3245}}
May 22 09:05:13.124826 np0000001238 devstack@n-api-meta.service[95176]: DEBUG nova.api.openstack.wsgi_app [None req-03f5dc50-9a0f-4699-8b0b-5e556fe15d58 None None] default_ephemeral_format = ext4 {{(pid=95176) log_opt_values /opt/stack/data/venv/lib/python3.12/site-packages/oslo_config/cfg.py:3245}}
May 22 09:05:13.125026 np0000001238 devstack@n-api-meta.service[95176]: DEBUG nova.api.openstack.wsgi_app [None req-03f5dc50-9a0f-4699-8b0b-5e556fe15d58 None None] default_green_pool_size = 1000 {{(pid=95176) log_opt_values /opt/stack/data/venv/lib/python3.12/site-packages/oslo_config/cfg.py:3245}}
May 22 09:05:13.125181 np0000001238 devstack@n-api-meta.service[95176]: DEBUG nova.api.openstack.wsgi_app [None req-03f5dc50-9a0f-4699-8b0b-5e556fe15d58 None None] default_log_levels = ['amqp=WARN', 'boto=WARN', 'sqlalchemy=WARN', 'suds=INFO', 'oslo.messaging=INFO', 'oslo_messaging=INFO', 'iso8601=WARN', 'requests.packages.urllib3.connectionpool=WARN', 'urllib3.connectionpool=WARN', 'websocket=WARN', 'requests.packages.urllib3.util.retry=WARN', 'urllib3.util.retry=WARN', 'keystonemiddleware=WARN', 'routes.middleware=WARN', 'stevedore=WARN', 'taskflow=WARN', 'keystoneauth=WARN', 'oslo.cache=INFO', 'oslo_policy=INFO', 'dogpile.core.dogpile=INFO', 'glanceclient=WARN', 'oslo.privsep.daemon=INFO'] {{(pid=95176) log_opt_values /opt/stack/data/venv/lib/python3.12/site-packages/oslo_config/cfg.py:3245}}
May 22 09:05:13.125324 np0000001238 devstack@n-api-meta.service[95176]: DEBUG nova.api.openstack.wsgi_app [None req-03f5dc50-9a0f-4699-8b0b-5e556fe15d58 None None] default_schedule_zone = None {{(pid=95176) log_opt_values /opt/stack/data/venv/lib/python3.12/site-packages/oslo_config/cfg.py:3245}}
May 22 09:05:13.125444 np0000001238 devstack@n-api-meta.service[95176]: DEBUG nova.api.openstack.wsgi_app [None req-03f5dc50-9a0f-4699-8b0b-5e556fe15d58 None None] default_thread_pool_size = 10 {{(pid=95176) log_opt_values /opt/stack/data/venv/lib/python3.12/site-packages/oslo_config/cfg.py:3245}}
May 22 09:05:13.125554 np0000001238 devstack@n-api-meta.service[95176]: DEBUG nova.api.openstack.wsgi_app [None req-03f5dc50-9a0f-4699-8b0b-5e556fe15d58 None None] disk_allocation_ratio = None {{(pid=95176) log_opt_values /opt/stack/data/venv/lib/python3.12/site-packages/oslo_config/cfg.py:3245}}
May 22 09:05:13.125693 np0000001238 devstack@n-api-meta.service[95176]: DEBUG nova.api.openstack.wsgi_app [None req-03f5dc50-9a0f-4699-8b0b-5e556fe15d58 None None] enable_new_services = True {{(pid=95176) log_opt_values /opt/stack/data/venv/lib/python3.12/site-packages/oslo_config/cfg.py:3245}}
May 22 09:05:13.125849 np0000001238 devstack@n-api-meta.service[95176]: DEBUG nova.api.openstack.wsgi_app [None req-03f5dc50-9a0f-4699-8b0b-5e556fe15d58 None None] flat_injected = False {{(pid=95176) log_opt_values /opt/stack/data/venv/lib/python3.12/site-packages/oslo_config/cfg.py:3245}}
May 22 09:05:13.126002 np0000001238 devstack@n-api-meta.service[95176]: DEBUG nova.api.openstack.wsgi_app [None req-03f5dc50-9a0f-4699-8b0b-5e556fe15d58 None None] force_config_drive = True {{(pid=95176) log_opt_values /opt/stack/data/venv/lib/python3.12/site-packages/oslo_config/cfg.py:3245}}
May 22 09:05:13.126072 np0000001238 devstack@n-api-meta.service[95175]: WARNING nova.api.metadata.handler [None req-f15c8d4c-b780-4856-9066-73ff45c37bcc None None] metadata_proxy_shared_secret is not configured, the metadata information returned by the proxy cannot be trusted
May 22 09:05:13.126115 np0000001238 devstack@n-api-meta.service[95176]: DEBUG nova.api.openstack.wsgi_app [None req-03f5dc50-9a0f-4699-8b0b-5e556fe15d58 None None] force_raw_images = True {{(pid=95176) log_opt_values /opt/stack/data/venv/lib/python3.12/site-packages/oslo_config/cfg.py:3245}}
May 22 09:05:13.126245 np0000001238 devstack@n-api-meta.service[95176]: DEBUG nova.api.openstack.wsgi_app [None req-03f5dc50-9a0f-4699-8b0b-5e556fe15d58 None None] graceful_shutdown_timeout = 5 {{(pid=95176) log_opt_values /opt/stack/data/venv/lib/python3.12/site-packages/oslo_config/cfg.py:3245}}
May 22 09:05:13.126360 np0000001238 devstack@n-api-meta.service[95176]: DEBUG nova.api.openstack.wsgi_app [None req-03f5dc50-9a0f-4699-8b0b-5e556fe15d58 None None] heal_instance_info_cache_interval = -1 {{(pid=95176) log_opt_values /opt/stack/data/venv/lib/python3.12/site-packages/oslo_config/cfg.py:3245}}
May 22 09:05:13.126531 np0000001238 devstack@n-api-meta.service[95176]: DEBUG nova.api.openstack.wsgi_app [None req-03f5dc50-9a0f-4699-8b0b-5e556fe15d58 None None] host = np0000001238 {{(pid=95176) log_opt_values /opt/stack/data/venv/lib/python3.12/site-packages/oslo_config/cfg.py:3245}}
May 22 09:05:13.126657 np0000001238 devstack@n-api-meta.service[95176]: DEBUG nova.api.openstack.wsgi_app [None req-03f5dc50-9a0f-4699-8b0b-5e556fe15d58 None None] initial_cpu_allocation_ratio = 4.0 {{(pid=95176) log_opt_values /opt/stack/data/venv/lib/python3.12/site-packages/oslo_config/cfg.py:3245}}
May 22 09:05:13.126864 np0000001238 devstack@n-api-meta.service[95176]: DEBUG nova.api.openstack.wsgi_app [None req-03f5dc50-9a0f-4699-8b0b-5e556fe15d58 None None] initial_disk_allocation_ratio = 1.0 {{(pid=95176) log_opt_values /opt/stack/data/venv/lib/python3.12/site-packages/oslo_config/cfg.py:3245}}
May 22 09:05:13.126988 np0000001238 devstack@n-api-meta.service[95176]: DEBUG nova.api.openstack.wsgi_app [None req-03f5dc50-9a0f-4699-8b0b-5e556fe15d58 None None] initial_ram_allocation_ratio = 1.0 {{(pid=95176) log_opt_values /opt/stack/data/venv/lib/python3.12/site-packages/oslo_config/cfg.py:3245}}
May 22 09:05:13.127152 np0000001238 devstack@n-api-meta.service[95176]: DEBUG nova.api.openstack.wsgi_app [None req-03f5dc50-9a0f-4699-8b0b-5e556fe15d58 None None] injected_network_template = /opt/stack/nova/nova/virt/interfaces.template {{(pid=95176) log_opt_values /opt/stack/data/venv/lib/python3.12/site-packages/oslo_config/cfg.py:3245}}
May 22 09:05:13.127268 np0000001238 devstack@n-api-meta.service[95176]: DEBUG nova.api.openstack.wsgi_app [None req-03f5dc50-9a0f-4699-8b0b-5e556fe15d58 None None] instance_build_timeout = 0 {{(pid=95176) log_opt_values /opt/stack/data/venv/lib/python3.12/site-packages/oslo_config/cfg.py:3245}}
May 22 09:05:13.127383 np0000001238 devstack@n-api-meta.service[95176]: DEBUG nova.api.openstack.wsgi_app [None req-03f5dc50-9a0f-4699-8b0b-5e556fe15d58 None None] instance_delete_interval = 300 {{(pid=95176) log_opt_values /opt/stack/data/venv/lib/python3.12/site-packages/oslo_config/cfg.py:3245}}
May 22 09:05:13.127502 np0000001238 devstack@n-api-meta.service[95176]: DEBUG nova.api.openstack.wsgi_app [None req-03f5dc50-9a0f-4699-8b0b-5e556fe15d58 None None] instance_format = [instance: %(uuid)s] {{(pid=95176) log_opt_values /opt/stack/data/venv/lib/python3.12/site-packages/oslo_config/cfg.py:3245}}
May 22 09:05:13.127623 np0000001238 devstack@n-api-meta.service[95176]: DEBUG nova.api.openstack.wsgi_app [None req-03f5dc50-9a0f-4699-8b0b-5e556fe15d58 None None] instance_name_template = instance-%08x {{(pid=95176) log_opt_values /opt/stack/data/venv/lib/python3.12/site-packages/oslo_config/cfg.py:3245}}
May 22 09:05:13.127734 np0000001238 devstack@n-api-meta.service[95176]: DEBUG nova.api.openstack.wsgi_app [None req-03f5dc50-9a0f-4699-8b0b-5e556fe15d58 None None] instance_usage_audit = False {{(pid=95176) log_opt_values /opt/stack/data/venv/lib/python3.12/site-packages/oslo_config/cfg.py:3245}}
May 22 09:05:13.127902 np0000001238 devstack@n-api-meta.service[95176]: DEBUG nova.api.openstack.wsgi_app [None req-03f5dc50-9a0f-4699-8b0b-5e556fe15d58 None None] instance_usage_audit_period = month {{(pid=95176) log_opt_values /opt/stack/data/venv/lib/python3.12/site-packages/oslo_config/cfg.py:3245}}
May 22 09:05:13.128040 np0000001238 devstack@n-api-meta.service[95176]: DEBUG nova.api.openstack.wsgi_app [None req-03f5dc50-9a0f-4699-8b0b-5e556fe15d58 None None] instance_uuid_format = [instance: %(uuid)s] {{(pid=95176) log_opt_values /opt/stack/data/venv/lib/python3.12/site-packages/oslo_config/cfg.py:3245}}
May 22 09:05:13.128161 np0000001238 devstack@n-api-meta.service[95176]: DEBUG nova.api.openstack.wsgi_app [None req-03f5dc50-9a0f-4699-8b0b-5e556fe15d58 None None] instances_path = /opt/stack/data/nova/instances {{(pid=95176) log_opt_values /opt/stack/data/venv/lib/python3.12/site-packages/oslo_config/cfg.py:3245}}
May 22 09:05:13.128283 np0000001238 devstack@n-api-meta.service[95176]: DEBUG nova.api.openstack.wsgi_app [None req-03f5dc50-9a0f-4699-8b0b-5e556fe15d58 None None] internal_service_availability_zone = internal {{(pid=95176) log_opt_values /opt/stack/data/venv/lib/python3.12/site-packages/oslo_config/cfg.py:3245}}
May 22 09:05:13.128403 np0000001238 devstack@n-api-meta.service[95176]: DEBUG nova.api.openstack.wsgi_app [None req-03f5dc50-9a0f-4699-8b0b-5e556fe15d58 None None] key = None {{(pid=95176) log_opt_values /opt/stack/data/venv/lib/python3.12/site-packages/oslo_config/cfg.py:3245}}
May 22 09:05:13.128503 np0000001238 devstack@n-api-meta.service[95176]: DEBUG nova.api.openstack.wsgi_app [None req-03f5dc50-9a0f-4699-8b0b-5e556fe15d58 None None] live_migration_retry_count = 30 {{(pid=95176) log_opt_values /opt/stack/data/venv/lib/python3.12/site-packages/oslo_config/cfg.py:3245}}
May 22 09:05:13.128623 np0000001238 devstack@n-api-meta.service[95176]: DEBUG nova.api.openstack.wsgi_app [None req-03f5dc50-9a0f-4699-8b0b-5e556fe15d58 None None] log_color = False {{(pid=95176) log_opt_values /opt/stack/data/venv/lib/python3.12/site-packages/oslo_config/cfg.py:3245}}
May 22 09:05:13.128751 np0000001238 devstack@n-api-meta.service[95176]: DEBUG nova.api.openstack.wsgi_app [None req-03f5dc50-9a0f-4699-8b0b-5e556fe15d58 None None] log_config_append = None {{(pid=95176) log_opt_values /opt/stack/data/venv/lib/python3.12/site-packages/oslo_config/cfg.py:3245}}
May 22 09:05:13.128915 np0000001238 devstack@n-api-meta.service[95176]: DEBUG nova.api.openstack.wsgi_app [None req-03f5dc50-9a0f-4699-8b0b-5e556fe15d58 None None] log_date_format = %Y-%m-%d %H:%M:%S {{(pid=95176) log_opt_values /opt/stack/data/venv/lib/python3.12/site-packages/oslo_config/cfg.py:3245}}
May 22 09:05:13.129051 np0000001238 devstack@n-api-meta.service[95176]: DEBUG nova.api.openstack.wsgi_app [None req-03f5dc50-9a0f-4699-8b0b-5e556fe15d58 None None] log_dir = None {{(pid=95176) log_opt_values /opt/stack/data/venv/lib/python3.12/site-packages/oslo_config/cfg.py:3245}}
May 22 09:05:13.129164 np0000001238 devstack@n-api-meta.service[95176]: DEBUG nova.api.openstack.wsgi_app [None req-03f5dc50-9a0f-4699-8b0b-5e556fe15d58 None None] log_file = None {{(pid=95176) log_opt_values /opt/stack/data/venv/lib/python3.12/site-packages/oslo_config/cfg.py:3245}}
May 22 09:05:13.129254 np0000001238 devstack@n-api-meta.service[95176]: DEBUG nova.api.openstack.wsgi_app [None req-03f5dc50-9a0f-4699-8b0b-5e556fe15d58 None None] log_options = True {{(pid=95176) log_opt_values /opt/stack/data/venv/lib/python3.12/site-packages/oslo_config/cfg.py:3245}}
May 22 09:05:13.129364 np0000001238 devstack@n-api-meta.service[95176]: DEBUG nova.api.openstack.wsgi_app [None req-03f5dc50-9a0f-4699-8b0b-5e556fe15d58 None None] log_rotate_interval = 1 {{(pid=95176) log_opt_values /opt/stack/data/venv/lib/python3.12/site-packages/oslo_config/cfg.py:3245}}
May 22 09:05:13.129485 np0000001238 devstack@n-api-meta.service[95176]: DEBUG nova.api.openstack.wsgi_app [None req-03f5dc50-9a0f-4699-8b0b-5e556fe15d58 None None] log_rotate_interval_type = days {{(pid=95176) log_opt_values /opt/stack/data/venv/lib/python3.12/site-packages/oslo_config/cfg.py:3245}}
May 22 09:05:13.129602 np0000001238 devstack@n-api-meta.service[95176]: DEBUG nova.api.openstack.wsgi_app [None req-03f5dc50-9a0f-4699-8b0b-5e556fe15d58 None None] log_rotation_type = none {{(pid=95176) log_opt_values /opt/stack/data/venv/lib/python3.12/site-packages/oslo_config/cfg.py:3245}}
May 22 09:05:13.129725 np0000001238 devstack@n-api-meta.service[95176]: DEBUG nova.api.openstack.wsgi_app [None req-03f5dc50-9a0f-4699-8b0b-5e556fe15d58 None None] logging_context_format_string = %(color)s%(levelname)s %(name)s [%(global_request_id)s %(request_id)s %(project_name)s %(user_name)s%(color)s] %(instance)s%(color)s%(message)s {{(pid=95176) log_opt_values /opt/stack/data/venv/lib/python3.12/site-packages/oslo_config/cfg.py:3245}}
May 22 09:05:13.129863 np0000001238 devstack@n-api-meta.service[95176]: DEBUG nova.api.openstack.wsgi_app [None req-03f5dc50-9a0f-4699-8b0b-5e556fe15d58 None None] logging_debug_format_suffix = {{(pid=%(process)d) %(funcName)s %(pathname)s:%(lineno)d}} {{(pid=95176) log_opt_values /opt/stack/data/venv/lib/python3.12/site-packages/oslo_config/cfg.py:3245}}
May 22 09:05:13.130030 np0000001238 devstack@n-api-meta.service[95176]: DEBUG nova.api.openstack.wsgi_app [None req-03f5dc50-9a0f-4699-8b0b-5e556fe15d58 None None] logging_default_format_string = %(color)s%(levelname)s %(name)s [-%(color)s] %(instance)s%(color)s%(message)s {{(pid=95176) log_opt_values /opt/stack/data/venv/lib/python3.12/site-packages/oslo_config/cfg.py:3245}}
May 22 09:05:13.130153 np0000001238 devstack@n-api-meta.service[95176]: DEBUG nova.api.openstack.wsgi_app [None req-03f5dc50-9a0f-4699-8b0b-5e556fe15d58 None None] logging_exception_prefix = ERROR %(name)s %(instance)s {{(pid=95176) log_opt_values /opt/stack/data/venv/lib/python3.12/site-packages/oslo_config/cfg.py:3245}}
May 22 09:05:13.130245 np0000001238 devstack@n-api-meta.service[95176]: DEBUG nova.api.openstack.wsgi_app [None req-03f5dc50-9a0f-4699-8b0b-5e556fe15d58 None None] logging_user_identity_format = %(user)s %(project)s %(domain)s %(system_scope)s %(user_domain)s %(project_domain)s {{(pid=95176) log_opt_values /opt/stack/data/venv/lib/python3.12/site-packages/oslo_config/cfg.py:3245}}
May 22 09:05:13.130359 np0000001238 devstack@n-api-meta.service[95176]: DEBUG nova.api.openstack.wsgi_app [None req-03f5dc50-9a0f-4699-8b0b-5e556fe15d58 None None] long_rpc_timeout = 1800 {{(pid=95176) log_opt_values /opt/stack/data/venv/lib/python3.12/site-packages/oslo_config/cfg.py:3245}}
May 22 09:05:13.130472 np0000001238 devstack@n-api-meta.service[95176]: DEBUG nova.api.openstack.wsgi_app [None req-03f5dc50-9a0f-4699-8b0b-5e556fe15d58 None None] manager_shutdown_timeout = 160 {{(pid=95176) log_opt_values /opt/stack/data/venv/lib/python3.12/site-packages/oslo_config/cfg.py:3245}}
May 22 09:05:13.130584 np0000001238 devstack@n-api-meta.service[95176]: DEBUG nova.api.openstack.wsgi_app [None req-03f5dc50-9a0f-4699-8b0b-5e556fe15d58 None None] max_concurrent_builds = 10 {{(pid=95176) log_opt_values /opt/stack/data/venv/lib/python3.12/site-packages/oslo_config/cfg.py:3245}}
May 22 09:05:13.130695 np0000001238 devstack@n-api-meta.service[95176]: DEBUG nova.api.openstack.wsgi_app [None req-03f5dc50-9a0f-4699-8b0b-5e556fe15d58 None None] max_concurrent_live_migrations = 1 {{(pid=95176) log_opt_values /opt/stack/data/venv/lib/python3.12/site-packages/oslo_config/cfg.py:3245}}
May 22 09:05:13.130829 np0000001238 devstack@n-api-meta.service[95176]: DEBUG nova.api.openstack.wsgi_app [None req-03f5dc50-9a0f-4699-8b0b-5e556fe15d58 None None] max_concurrent_snapshots = 5 {{(pid=95176) log_opt_values /opt/stack/data/venv/lib/python3.12/site-packages/oslo_config/cfg.py:3245}}
May 22 09:05:13.130992 np0000001238 devstack@n-api-meta.service[95176]: DEBUG nova.api.openstack.wsgi_app [None req-03f5dc50-9a0f-4699-8b0b-5e556fe15d58 None None] max_local_block_devices = 3 {{(pid=95176) log_opt_values /opt/stack/data/venv/lib/python3.12/site-packages/oslo_config/cfg.py:3245}}
May 22 09:05:13.131065 np0000001238 devstack@n-api-meta.service[95175]: DEBUG nova.api.openstack.wsgi_app [None req-f15c8d4c-b780-4856-9066-73ff45c37bcc None None] ******************************************************************************** {{(pid=95175) log_opt_values /opt/stack/data/venv/lib/python3.12/site-packages/oslo_config/cfg.py:3229}}
May 22 09:05:13.131141 np0000001238 devstack@n-api-meta.service[95176]: DEBUG nova.api.openstack.wsgi_app [None req-03f5dc50-9a0f-4699-8b0b-5e556fe15d58 None None] max_logfile_count = 30 {{(pid=95176) log_opt_values /opt/stack/data/venv/lib/python3.12/site-packages/oslo_config/cfg.py:3245}}
May 22 09:05:13.131304 np0000001238 devstack@n-api-meta.service[95176]: DEBUG nova.api.openstack.wsgi_app [None req-03f5dc50-9a0f-4699-8b0b-5e556fe15d58 None None] max_logfile_size_mb = 200 {{(pid=95176) log_opt_values /opt/stack/data/venv/lib/python3.12/site-packages/oslo_config/cfg.py:3245}}
May 22 09:05:13.131350 np0000001238 devstack@n-api-meta.service[95175]: DEBUG nova.api.openstack.wsgi_app [None req-f15c8d4c-b780-4856-9066-73ff45c37bcc None None] Configuration options gathered from: {{(pid=95175) log_opt_values /opt/stack/data/venv/lib/python3.12/site-packages/oslo_config/cfg.py:3230}}
May 22 09:05:13.131485 np0000001238 devstack@n-api-meta.service[95176]: DEBUG nova.api.openstack.wsgi_app [None req-03f5dc50-9a0f-4699-8b0b-5e556fe15d58 None None] maximum_instance_delete_attempts = 5 {{(pid=95176) log_opt_values /opt/stack/data/venv/lib/python3.12/site-packages/oslo_config/cfg.py:3245}}
May 22 09:05:13.131642 np0000001238 devstack@n-api-meta.service[95175]: DEBUG nova.api.openstack.wsgi_app [None req-f15c8d4c-b780-4856-9066-73ff45c37bcc None None] command line args: [] {{(pid=95175) log_opt_values /opt/stack/data/venv/lib/python3.12/site-packages/oslo_config/cfg.py:3231}}
May 22 09:05:13.131691 np0000001238 devstack@n-api-meta.service[95176]: DEBUG nova.api.openstack.wsgi_app [None req-03f5dc50-9a0f-4699-8b0b-5e556fe15d58 None None] migrate_max_retries = -1 {{(pid=95176) log_opt_values /opt/stack/data/venv/lib/python3.12/site-packages/oslo_config/cfg.py:3245}}
May 22 09:05:13.131885 np0000001238 devstack@n-api-meta.service[95176]: DEBUG nova.api.openstack.wsgi_app [None req-03f5dc50-9a0f-4699-8b0b-5e556fe15d58 None None] mkisofs_cmd = genisoimage {{(pid=95176) log_opt_values /opt/stack/data/venv/lib/python3.12/site-packages/oslo_config/cfg.py:3245}}
May 22 09:05:13.132067 np0000001238 devstack@n-api-meta.service[95175]: DEBUG nova.api.openstack.wsgi_app [None req-f15c8d4c-b780-4856-9066-73ff45c37bcc None None] config files: ['/etc/nova/api-paste.ini', '/etc/nova/nova.conf'] {{(pid=95175) log_opt_values /opt/stack/data/venv/lib/python3.12/site-packages/oslo_config/cfg.py:3232}}
May 22 09:05:13.132138 np0000001238 devstack@n-api-meta.service[95176]: DEBUG nova.api.openstack.wsgi_app [None req-03f5dc50-9a0f-4699-8b0b-5e556fe15d58 None None] my_block_storage_ip = 10.4.3.100 {{(pid=95176) log_opt_values /opt/stack/data/venv/lib/python3.12/site-packages/oslo_config/cfg.py:3245}}
May 22 09:05:13.132295 np0000001238 devstack@n-api-meta.service[95176]: DEBUG nova.api.openstack.wsgi_app [None req-03f5dc50-9a0f-4699-8b0b-5e556fe15d58 None None] my_ip = 10.4.3.100 {{(pid=95176) log_opt_values /opt/stack/data/venv/lib/python3.12/site-packages/oslo_config/cfg.py:3245}}
