May 22 09:05:12.668688 np0000001238 nova-scheduler[95827]: DEBUG cotyledon.oslo_config_glue [-] oslo_messaging_notifications.topics = ['notifications'] {{(pid=95827) log_opt_values /opt/stack/data/venv/lib/python3.12/site-packages/oslo_config/cfg.py:3256}}
May 22 09:05:12.668688 np0000001238 nova-scheduler[95827]: DEBUG cotyledon.oslo_config_glue [-] oslo_messaging_notifications.transport_url = **** {{(pid=95827) log_opt_values /opt/stack/data/venv/lib/python3.12/site-packages/oslo_config/cfg.py:3256}}
May 22 09:05:12.668688 np0000001238 nova-scheduler[95827]: DEBUG cotyledon.oslo_config_glue [-] oslo_limit.auth_section = None {{(pid=95827) log_opt_values /opt/stack/data/venv/lib/python3.12/site-packages/oslo_config/cfg.py:3256}}
May 22 09:05:12.668688 np0000001238 nova-scheduler[95827]: DEBUG cotyledon.oslo_config_glue [-] oslo_limit.auth_type = None {{(pid=95827) log_opt_values /opt/stack/data/venv/lib/python3.12/site-packages/oslo_config/cfg.py:3256}}
May 22 09:05:12.668688 np0000001238 nova-scheduler[95827]: DEBUG cotyledon.oslo_config_glue [-] oslo_limit.cafile = None {{(pid=95827) log_opt_values /opt/stack/data/venv/lib/python3.12/site-packages/oslo_config/cfg.py:3256}}
May 22 09:05:12.668688 np0000001238 nova-scheduler[95827]: DEBUG cotyledon.oslo_config_glue [-] oslo_limit.certfile = None {{(pid=95827) log_opt_values /opt/stack/data/venv/lib/python3.12/site-packages/oslo_config/cfg.py:3256}}
May 22 09:05:12.668688 np0000001238 nova-scheduler[95827]: DEBUG cotyledon.oslo_config_glue [-] oslo_limit.collect_timing = False {{(pid=95827) log_opt_values /opt/stack/data/venv/lib/python3.12/site-packages/oslo_config/cfg.py:3256}}
May 22 09:05:12.668998 np0000001238 nova-scheduler[95827]: DEBUG cotyledon.oslo_config_glue [-] oslo_limit.connect_retries = None {{(pid=95827) log_opt_values /opt/stack/data/venv/lib/python3.12/site-packages/oslo_config/cfg.py:3256}}
May 22 09:05:12.668998 np0000001238 nova-scheduler[95827]: DEBUG cotyledon.oslo_config_glue [-] oslo_limit.connect_retry_delay = None {{(pid=95827) log_opt_values /opt/stack/data/venv/lib/python3.12/site-packages/oslo_config/cfg.py:3256}}
May 22 09:05:12.668998 np0000001238 nova-scheduler[95827]: DEBUG cotyledon.oslo_config_glue [-] oslo_limit.endpoint_id = None {{(pid=95827) log_opt_values /opt/stack/data/venv/lib/python3.12/site-packages/oslo_config/cfg.py:3256}}
May 22 09:05:12.668998 np0000001238 nova-scheduler[95827]: DEBUG cotyledon.oslo_config_glue [-] oslo_limit.endpoint_interface = public {{(pid=95827) log_opt_values /opt/stack/data/venv/lib/python3.12/site-packages/oslo_config/cfg.py:3256}}
May 22 09:05:12.668998 np0000001238 nova-scheduler[95827]: DEBUG cotyledon.oslo_config_glue [-] oslo_limit.endpoint_override = None {{(pid=95827) log_opt_values /opt/stack/data/venv/lib/python3.12/site-packages/oslo_config/cfg.py:3256}}
May 22 09:05:12.668998 np0000001238 nova-scheduler[95827]: DEBUG cotyledon.oslo_config_glue [-] oslo_limit.endpoint_region_name = None {{(pid=95827) log_opt_values /opt/stack/data/venv/lib/python3.12/site-packages/oslo_config/cfg.py:3256}}
May 22 09:05:12.668998 np0000001238 nova-scheduler[95827]: DEBUG cotyledon.oslo_config_glue [-] oslo_limit.endpoint_service_name = None {{(pid=95827) log_opt_values /opt/stack/data/venv/lib/python3.12/site-packages/oslo_config/cfg.py:3256}}
May 22 09:05:12.668998 np0000001238 nova-scheduler[95827]: DEBUG cotyledon.oslo_config_glue [-] oslo_limit.endpoint_service_type = None {{(pid=95827) log_opt_values /opt/stack/data/venv/lib/python3.12/site-packages/oslo_config/cfg.py:3256}}
May 22 09:05:12.668998 np0000001238 nova-scheduler[95827]: DEBUG cotyledon.oslo_config_glue [-] oslo_limit.insecure = False {{(pid=95827) log_opt_values /opt/stack/data/venv/lib/python3.12/site-packages/oslo_config/cfg.py:3256}}
May 22 09:05:12.669200 np0000001238 nova-scheduler[95827]: DEBUG cotyledon.oslo_config_glue [-] oslo_limit.keyfile = None {{(pid=95827) log_opt_values /opt/stack/data/venv/lib/python3.12/site-packages/oslo_config/cfg.py:3256}}
May 22 09:05:12.669200 np0000001238 nova-scheduler[95827]: DEBUG cotyledon.oslo_config_glue [-] oslo_limit.max_version = None {{(pid=95827) log_opt_values /opt/stack/data/venv/lib/python3.12/site-packages/oslo_config/cfg.py:3256}}
May 22 09:05:12.669200 np0000001238 nova-scheduler[95827]: DEBUG cotyledon.oslo_config_glue [-] oslo_limit.min_version = None {{(pid=95827) log_opt_values /opt/stack/data/venv/lib/python3.12/site-packages/oslo_config/cfg.py:3256}}
May 22 09:05:12.669200 np0000001238 nova-scheduler[95827]: DEBUG cotyledon.oslo_config_glue [-] oslo_limit.region_name = None {{(pid=95827) log_opt_values /opt/stack/data/venv/lib/python3.12/site-packages/oslo_config/cfg.py:3256}}
May 22 09:05:12.669200 np0000001238 nova-scheduler[95827]: DEBUG cotyledon.oslo_config_glue [-] oslo_limit.retriable_status_codes = None {{(pid=95827) log_opt_values /opt/stack/data/venv/lib/python3.12/site-packages/oslo_config/cfg.py:3256}}
May 22 09:05:12.669200 np0000001238 nova-scheduler[95827]: DEBUG cotyledon.oslo_config_glue [-] oslo_limit.service_name = None {{(pid=95827) log_opt_values /opt/stack/data/venv/lib/python3.12/site-packages/oslo_config/cfg.py:3256}}
May 22 09:05:12.669200 np0000001238 nova-scheduler[95827]: DEBUG cotyledon.oslo_config_glue [-] oslo_limit.service_type = None {{(pid=95827) log_opt_values /opt/stack/data/venv/lib/python3.12/site-packages/oslo_config/cfg.py:3256}}
May 22 09:05:12.669200 np0000001238 nova-scheduler[95827]: DEBUG cotyledon.oslo_config_glue [-] oslo_limit.split_loggers = False {{(pid=95827) log_opt_values /opt/stack/data/venv/lib/python3.12/site-packages/oslo_config/cfg.py:3256}}
May 22 09:05:12.669200 np0000001238 nova-scheduler[95827]: DEBUG cotyledon.oslo_config_glue [-] oslo_limit.status_code_retries = None {{(pid=95827) log_opt_values /opt/stack/data/venv/lib/python3.12/site-packages/oslo_config/cfg.py:3256}}
May 22 09:05:12.669365 np0000001238 nova-scheduler[95827]: DEBUG cotyledon.oslo_config_glue [-] oslo_limit.status_code_retry_delay = None {{(pid=95827) log_opt_values /opt/stack/data/venv/lib/python3.12/site-packages/oslo_config/cfg.py:3256}}
May 22 09:05:12.669365 np0000001238 nova-scheduler[95827]: DEBUG cotyledon.oslo_config_glue [-] oslo_limit.timeout = None {{(pid=95827) log_opt_values /opt/stack/data/venv/lib/python3.12/site-packages/oslo_config/cfg.py:3256}}
May 22 09:05:12.669365 np0000001238 nova-scheduler[95827]: DEBUG cotyledon.oslo_config_glue [-] oslo_limit.valid_interfaces = None {{(pid=95827) log_opt_values /opt/stack/data/venv/lib/python3.12/site-packages/oslo_config/cfg.py:3256}}
May 22 09:05:12.669365 np0000001238 nova-scheduler[95827]: DEBUG cotyledon.oslo_config_glue [-] oslo_limit.version = None {{(pid=95827) log_opt_values /opt/stack/data/venv/lib/python3.12/site-packages/oslo_config/cfg.py:3256}}
May 22 09:05:12.669365 np0000001238 nova-scheduler[95827]: DEBUG cotyledon.oslo_config_glue [-] oslo_reports.file_event_handler = None {{(pid=95827) log_opt_values /opt/stack/data/venv/lib/python3.12/site-packages/oslo_config/cfg.py:3256}}
May 22 09:05:12.669365 np0000001238 nova-scheduler[95827]: DEBUG cotyledon.oslo_config_glue [-] oslo_reports.file_event_handler_interval = 1 {{(pid=95827) log_opt_values /opt/stack/data/venv/lib/python3.12/site-packages/oslo_config/cfg.py:3256}}
May 22 09:05:12.669365 np0000001238 nova-scheduler[95827]: DEBUG cotyledon.oslo_config_glue [-] oslo_reports.log_dir = None {{(pid=95827) log_opt_values /opt/stack/data/venv/lib/python3.12/site-packages/oslo_config/cfg.py:3256}}
May 22 09:05:12.669365 np0000001238 nova-scheduler[95827]: DEBUG cotyledon.oslo_config_glue [-] ******************************************************************************** {{(pid=95827) log_opt_values /opt/stack/data/venv/lib/python3.12/site-packages/oslo_config/cfg.py:3263}}
May 22 09:05:12.669365 np0000001238 nova-scheduler[95827]: DEBUG cotyledon._service_worker [-] Run service ServiceWrapper(2) [95827] {{(pid=95827) wait_forever /opt/stack/data/venv/lib/python3.12/site-packages/cotyledon/_service_worker.py:218}}
May 22 09:05:12.669532 np0000001238 nova-scheduler[95827]: INFO nova.service [-] Starting scheduler node (version 33.1.0)
May 22 09:05:12.669556 np0000001238 nova-scheduler[95825]: DEBUG dbcounter [-] [95825] Writer thread running {{(pid=95825) stat_writer /opt/stack/data/venv/lib/python3.12/site-packages/dbcounter.py:102}}
May 22 09:05:12.669581 np0000001238 nova-scheduler[95827]: INFO dbcounter [None req-1c9b048a-3d61-43bf-a584-2e52f0e6d8e5 None None] Registered counter for database nova_cell0
May 22 09:05:12.669581 np0000001238 nova-scheduler[95827]: DEBUG oslo_db.sqlalchemy.engines [None req-1c9b048a-3d61-43bf-a584-2e52f0e6d8e5 None None] MySQL server mode set to STRICT_TRANS_TABLES,STRICT_ALL_TABLES,NO_ZERO_IN_DATE,NO_ZERO_DATE,ERROR_FOR_DIVISION_BY_ZERO,TRADITIONAL,NO_ENGINE_SUBSTITUTION {{(pid=95827) _check_effective_sql_mode /opt/stack/data/venv/lib/python3.12/site-packages/oslo_db/sqlalchemy/engines.py:325}}
May 22 09:05:12.672882 np0000001238 nova-scheduler[95823]: DEBUG nova.service [None req-d1ef1f24-4ffe-4f26-bd36-0abc328141ab None None] Creating RPC server for service: nova-scheduler on topic: scheduler {{(pid=95823) start /opt/stack/nova/nova/service.py:195}}
May 22 09:05:12.677197 np0000001238 nova-scheduler[95827]: DEBUG dbcounter [-] [95827] Writer thread running {{(pid=95827) stat_writer /opt/stack/data/venv/lib/python3.12/site-packages/dbcounter.py:102}}
May 22 09:05:12.679548 np0000001238 nova-scheduler[95825]: DEBUG nova.service [None req-320d132e-9d3d-470f-a51c-6c465258290c None None] Creating RPC server for service: nova-scheduler on topic: scheduler {{(pid=95825) start /opt/stack/nova/nova/service.py:195}}
May 22 09:05:12.679980 np0000001238 nova-scheduler[95827]: DEBUG nova.service [None req-1c9b048a-3d61-43bf-a584-2e52f0e6d8e5 None None] Creating RPC server for service: nova-scheduler on topic: scheduler {{(pid=95827) start /opt/stack/nova/nova/service.py:195}}
May 22 09:05:12.697543 np0000001238 nova-scheduler[95823]: DEBUG nova.service [None req-d1ef1f24-4ffe-4f26-bd36-0abc328141ab None None] Join ServiceGroup membership for this service scheduler {{(pid=95823) start /opt/stack/nova/nova/service.py:221}}
May 22 09:05:12.697652 np0000001238 nova-scheduler[95825]: DEBUG nova.service [None req-320d132e-9d3d-470f-a51c-6c465258290c None None] Join ServiceGroup membership for this service scheduler {{(pid=95825) start /opt/stack/nova/nova/service.py:221}}
May 22 09:05:12.700828 np0000001238 nova-scheduler[95823]: DEBUG nova.servicegroup.drivers.db [None req-d1ef1f24-4ffe-4f26-bd36-0abc328141ab None None] DB_Driver: join new ServiceGroup member np0000001238 to the scheduler group, service = {{(pid=95823) join /opt/stack/nova/nova/servicegroup/drivers/db.py:44}}
May 22 09:05:12.700928 np0000001238 nova-scheduler[95825]: DEBUG nova.servicegroup.drivers.db [None req-320d132e-9d3d-470f-a51c-6c465258290c None None] DB_Driver: join new ServiceGroup member np0000001238 to the scheduler group, service = {{(pid=95825) join /opt/stack/nova/nova/servicegroup/drivers/db.py:44}}
May 22 09:05:12.701018 np0000001238 nova-scheduler[95827]: DEBUG nova.service [None req-1c9b048a-3d61-43bf-a584-2e52f0e6d8e5 None None] Join ServiceGroup membership for this service scheduler {{(pid=95827) start /opt/stack/nova/nova/service.py:221}}
May 22 09:05:12.701018 np0000001238 nova-scheduler[95827]: DEBUG nova.servicegroup.drivers.db [None req-1c9b048a-3d61-43bf-a584-2e52f0e6d8e5 None None] DB_Driver: join new ServiceGroup member np0000001238 to the scheduler group, service = {{(pid=95827) join /opt/stack/nova/nova/servicegroup/drivers/db.py:44}}
May 22 09:05:17.713165 np0000001238 nova-scheduler[95825]: DEBUG oslo.service.backend._threading.loopingcall [-] Fixed interval looping call 'nova.servicegroup.drivers.db.DbDriver._report_state' sleeping for 119.99 seconds {{(pid=95825) _run_loop /opt/stack/data/venv/lib/python3.12/site-packages/oslo_service/backend/_threading/loopingcall.py:125}}
May 22 09:05:17.715293 np0000001238 nova-scheduler[95827]: DEBUG oslo.service.backend._threading.loopingcall [-] Fixed interval looping call 'nova.servicegroup.drivers.db.DbDriver._report_state' sleeping for 119.99 seconds {{(pid=95827) _run_loop /opt/stack/data/venv/lib/python3.12/site-packages/oslo_service/backend/_threading/loopingcall.py:125}}
May 22 09:05:17.715552 np0000001238 nova-scheduler[95823]: DEBUG oslo.service.backend._threading.loopingcall [-] Fixed interval looping call 'nova.servicegroup.drivers.db.DbDriver._report_state' sleeping for 119.98 seconds {{(pid=95823) _run_loop /opt/stack/data/venv/lib/python3.12/site-packages/oslo_service/backend/_threading/loopingcall.py:125}}
May 22 09:05:21.327593 np0000001238 nova-scheduler[94552]: DEBUG dbcounter [-] [94552] Writing DB stats nova_api:SELECT=3 {{(pid=94552) stat_writer /opt/stack/data/venv/lib/python3.12/site-packages/dbcounter.py:115}}
May 22 09:05:21.436315 np0000001238 nova-scheduler[94552]: DEBUG dbcounter [-] [94552] Writing DB stats nova_cell1:SELECT=1 {{(pid=94552) stat_writer /opt/stack/data/venv/lib/python3.12/site-packages/dbcounter.py:115}}
May 22 09:05:21.441253 np0000001238 nova-scheduler[94552]: DEBUG dbcounter [-] [94552] Writing DB stats nova_cell0:SELECT=1 {{(pid=94552) stat_writer /opt/stack/data/venv/lib/python3.12/site-packages/dbcounter.py:115}}
May 22 09:05:27.709763 np0000001238 nova-scheduler[95825]: DEBUG dbcounter [-] [95825] Writing DB stats nova_cell0:SELECT=5,nova_cell0:INSERT=1,nova_cell0:UPDATE=1 {{(pid=95825) stat_writer /opt/stack/data/venv/lib/python3.12/site-packages/dbcounter.py:115}}
May 22 09:05:27.712736 np0000001238 nova-scheduler[95823]: DEBUG dbcounter [-] [95823] Writing DB stats nova_cell0:SELECT=4,nova_cell0:INSERT=1,nova_cell0:UPDATE=1 {{(pid=95823) stat_writer /opt/stack/data/venv/lib/python3.12/site-packages/dbcounter.py:115}}
May 22 09:05:27.713061 np0000001238 nova-scheduler[95827]: DEBUG dbcounter [-] [95827] Writing DB stats nova_cell0:SELECT=3,nova_cell0:UPDATE=1 {{(pid=95827) stat_writer /opt/stack/data/venv/lib/python3.12/site-packages/dbcounter.py:115}}
May 22 09:05:48.701461 np0000001238 nova-scheduler[95827]: DEBUG oslo.service.backend._threading.loopingcall [None req-71879ef1-e435-46fd-bb12-fb852a78b249 None None] Dynamic interval looping call 'nova.service.Service.periodic_tasks' sleeping for 60.00 seconds {{(pid=95827) _run_loop /opt/stack/data/venv/lib/python3.12/site-packages/oslo_service/backend/_threading/loopingcall.py:125}}
May 22 09:05:58.699776 np0000001238 nova-scheduler[95825]: DEBUG oslo.service.backend._threading.loopingcall [None req-13f63396-9513-490a-9f27-82ce3a4b0619 None None] Dynamic interval looping call 'nova.service.Service.periodic_tasks' sleeping for 60.00 seconds {{(pid=95825) _run_loop /opt/stack/data/venv/lib/python3.12/site-packages/oslo_service/backend/_threading/loopingcall.py:125}}
May 22 09:06:06.699445 np0000001238 nova-scheduler[95823]: DEBUG oslo.service.backend._threading.loopingcall [None req-69029cba-90ee-4296-a104-842263ac54db None None] Dynamic interval looping call 'nova.service.Service.periodic_tasks' sleeping for 60.00 seconds {{(pid=95823) _run_loop /opt/stack/data/venv/lib/python3.12/site-packages/oslo_service/backend/_threading/loopingcall.py:125}}
May 22 09:06:48.702289 np0000001238 nova-scheduler[95827]: DEBUG oslo.service.backend._threading.loopingcall [None req-71879ef1-e435-46fd-bb12-fb852a78b249 None None] Dynamic interval looping call 'nova.service.Service.periodic_tasks' sleeping for 60.00 seconds {{(pid=95827) _run_loop /opt/stack/data/venv/lib/python3.12/site-packages/oslo_service/backend/_threading/loopingcall.py:125}}
May 22 09:06:58.700248 np0000001238 nova-scheduler[95825]: DEBUG oslo.service.backend._threading.loopingcall [None req-13f63396-9513-490a-9f27-82ce3a4b0619 None None] Dynamic interval looping call 'nova.service.Service.periodic_tasks' sleeping for 60.00 seconds {{(pid=95825) _run_loop /opt/stack/data/venv/lib/python3.12/site-packages/oslo_service/backend/_threading/loopingcall.py:125}}
May 22 09:07:06.699911 np0000001238 nova-scheduler[95823]: DEBUG oslo.service.backend._threading.loopingcall [None req-69029cba-90ee-4296-a104-842263ac54db None None] Dynamic interval looping call 'nova.service.Service.periodic_tasks' sleeping for 60.00 seconds {{(pid=95823) _run_loop /opt/stack/data/venv/lib/python3.12/site-packages/oslo_service/backend/_threading/loopingcall.py:125}}
May 22 09:07:17.701881 np0000001238 nova-scheduler[95823]: DEBUG oslo.service.backend._threading.loopingcall [-] Fixed interval looping call 'nova.servicegroup.drivers.db.DbDriver._report_state' sleeping for 119.99 seconds {{(pid=95823) _run_loop /opt/stack/data/venv/lib/python3.12/site-packages/oslo_service/backend/_threading/loopingcall.py:125}}
May 22 09:07:17.707221 np0000001238 nova-scheduler[95825]: DEBUG oslo.service.backend._threading.loopingcall [-] Fixed interval looping call 'nova.servicegroup.drivers.db.DbDriver._report_state' sleeping for 120.00 seconds {{(pid=95825) _run_loop /opt/stack/data/venv/lib/python3.12/site-packages/oslo_service/backend/_threading/loopingcall.py:125}}
May 22 09:07:17.709003 np0000001238 nova-scheduler[95827]: DEBUG oslo.service.backend._threading.loopingcall [-] Fixed interval looping call 'nova.servicegroup.drivers.db.DbDriver._report_state' sleeping for 120.00 seconds {{(pid=95827) _run_loop /opt/stack/data/venv/lib/python3.12/site-packages/oslo_service/backend/_threading/loopingcall.py:125}}
May 22 09:07:27.698500 np0000001238 nova-scheduler[95823]: DEBUG dbcounter [-] [95823] Writing DB stats nova_cell0:SELECT=1,nova_cell0:UPDATE=1 {{(pid=95823) stat_writer /opt/stack/data/venv/lib/python3.12/site-packages/dbcounter.py:115}}
May 22 09:07:27.705790 np0000001238 nova-scheduler[95825]: DEBUG dbcounter [-] [95825] Writing DB stats nova_cell0:SELECT=1 {{(pid=95825) stat_writer /opt/stack/data/venv/lib/python3.12/site-packages/dbcounter.py:115}}
May 22 09:07:27.707177 np0000001238 nova-scheduler[95827]: DEBUG dbcounter [-] [95827] Writing DB stats nova_cell0:SELECT=1 {{(pid=95827) stat_writer /opt/stack/data/venv/lib/python3.12/site-packages/dbcounter.py:115}}
May 22 09:07:48.702995 np0000001238 nova-scheduler[95827]: DEBUG oslo.service.backend._threading.loopingcall [None req-71879ef1-e435-46fd-bb12-fb852a78b249 None None] Dynamic interval looping call 'nova.service.Service.periodic_tasks' sleeping for 60.00 seconds {{(pid=95827) _run_loop /opt/stack/data/venv/lib/python3.12/site-packages/oslo_service/backend/_threading/loopingcall.py:125}}
May 22 09:07:58.700824 np0000001238 nova-scheduler[95825]: DEBUG oslo.service.backend._threading.loopingcall [None req-13f63396-9513-490a-9f27-82ce3a4b0619 None None] Dynamic interval looping call 'nova.service.Service.periodic_tasks' sleeping for 60.00 seconds {{(pid=95825) _run_loop /opt/stack/data/venv/lib/python3.12/site-packages/oslo_service/backend/_threading/loopingcall.py:125}}
May 22 09:08:06.700486 np0000001238 nova-scheduler[95823]: DEBUG oslo.service.backend._threading.loopingcall [None req-69029cba-90ee-4296-a104-842263ac54db None None] Dynamic interval looping call 'nova.service.Service.periodic_tasks' sleeping for 60.00 seconds {{(pid=95823) _run_loop /opt/stack/data/venv/lib/python3.12/site-packages/oslo_service/backend/_threading/loopingcall.py:125}}
May 22 09:08:12.580791 np0000001238 nova-scheduler[95823]: DEBUG nova.scheduler.manager [None req-a0d64a7b-a770-4099-aede-a984f31da23e tempest-AttachSCSIVolumeTestJSON-806626718 tempest-AttachSCSIVolumeTestJSON-806626718-project-member] Starting to schedule for instances: ['82c2436f-f6d3-45ea-959e-fe0be5dd5fbe'] {{(pid=95823) select_destinations /opt/stack/nova/nova/scheduler/manager.py:210}}
May 22 09:08:12.582998 np0000001238 nova-scheduler[95823]: DEBUG nova.scheduler.request_filter [None req-a0d64a7b-a770-4099-aede-a984f31da23e tempest-AttachSCSIVolumeTestJSON-806626718 tempest-AttachSCSIVolumeTestJSON-806626718-project-member] compute_status_filter request filter added forbidden trait COMPUTE_STATUS_DISABLED {{(pid=95823) compute_status_filter /opt/stack/nova/nova/scheduler/request_filter.py:253}}
May 22 09:08:12.582998 np0000001238 nova-scheduler[95823]: DEBUG nova.scheduler.request_filter [None req-a0d64a7b-a770-4099-aede-a984f31da23e tempest-AttachSCSIVolumeTestJSON-806626718 tempest-AttachSCSIVolumeTestJSON-806626718-project-member] Request filter 'compute_status_filter' took 0.0 seconds {{(pid=95823) wrapper /opt/stack/nova/nova/scheduler/request_filter.py:46}}
May 22 09:08:12.582998 np0000001238 nova-scheduler[95823]: DEBUG nova.scheduler.request_filter [None req-a0d64a7b-a770-4099-aede-a984f31da23e tempest-AttachSCSIVolumeTestJSON-806626718 tempest-AttachSCSIVolumeTestJSON-806626718-project-member] Request filter 'accelerators_filter' took 0.0 seconds {{(pid=95823) wrapper /opt/stack/nova/nova/scheduler/request_filter.py:46}}
May 22 09:08:12.582998 np0000001238 nova-scheduler[95823]: DEBUG nova.scheduler.request_filter [None req-a0d64a7b-a770-4099-aede-a984f31da23e tempest-AttachSCSIVolumeTestJSON-806626718 tempest-AttachSCSIVolumeTestJSON-806626718-project-member] Request filter 'packed_virtqueue_filter' took 0.0 seconds {{(pid=95823) wrapper /opt/stack/nova/nova/scheduler/request_filter.py:46}}
May 22 09:08:12.582998 np0000001238 nova-scheduler[95823]: DEBUG nova.scheduler.request_filter [None req-a0d64a7b-a770-4099-aede-a984f31da23e tempest-AttachSCSIVolumeTestJSON-806626718 tempest-AttachSCSIVolumeTestJSON-806626718-project-member] Request filter 'remote_managed_ports_filter' took 0.0 seconds {{(pid=95823) wrapper /opt/stack/nova/nova/scheduler/request_filter.py:46}}
May 22 09:08:12.583247 np0000001238 nova-scheduler[95823]: DEBUG nova.scheduler.request_filter [None req-a0d64a7b-a770-4099-aede-a984f31da23e tempest-AttachSCSIVolumeTestJSON-806626718 tempest-AttachSCSIVolumeTestJSON-806626718-project-member] ephemeral_encryption_filter skipped {{(pid=95823) ephemeral_encryption_filter /opt/stack/nova/nova/scheduler/request_filter.py:426}}
May 22 09:08:12.583247 np0000001238 nova-scheduler[95823]: DEBUG nova.scheduler.request_filter [None req-a0d64a7b-a770-4099-aede-a984f31da23e tempest-AttachSCSIVolumeTestJSON-806626718 tempest-AttachSCSIVolumeTestJSON-806626718-project-member] virtio_sound_filter skipped {{(pid=95823) virtio_sound_filter /opt/stack/nova/nova/scheduler/request_filter.py:460}}
May 22 09:08:12.583247 np0000001238 nova-scheduler[95823]: DEBUG nova.scheduler.request_filter [None req-a0d64a7b-a770-4099-aede-a984f31da23e tempest-AttachSCSIVolumeTestJSON-806626718 tempest-AttachSCSIVolumeTestJSON-806626718-project-member] tpm_secret_security_filter skipped {{(pid=95823) tpm_secret_security_filter /opt/stack/nova/nova/scheduler/request_filter.py:477}}
May 22 09:08:13.108966 np0000001238 nova-scheduler[95823]: INFO nova.utils [None req-a0d64a7b-a770-4099-aede-a984f31da23e tempest-AttachSCSIVolumeTestJSON-806626718 tempest-AttachSCSIVolumeTestJSON-806626718-project-member] The cell worker thread pool ForkProcess-1.cell_worker is initialized
May 22 09:08:13.109316 np0000001238 nova-scheduler[95823]: DEBUG oslo_concurrency.lockutils [None req-a0d64a7b-a770-4099-aede-a984f31da23e tempest-AttachSCSIVolumeTestJSON-806626718 tempest-AttachSCSIVolumeTestJSON-806626718-project-member] Acquiring lock "fe144df2-c827-462e-aec8-3f013a5669b2" by "nova.context.set_target_cell..get_or_set_cached_cell_and_set_connections" {{(pid=95823) inner /opt/stack/data/venv/lib/python3.12/site-packages/oslo_concurrency/lockutils.py:511}}
May 22 09:08:13.109553 np0000001238 nova-scheduler[95823]: DEBUG oslo_concurrency.lockutils [None req-a0d64a7b-a770-4099-aede-a984f31da23e tempest-AttachSCSIVolumeTestJSON-806626718 tempest-AttachSCSIVolumeTestJSON-806626718-project-member] Lock "fe144df2-c827-462e-aec8-3f013a5669b2" acquired by "nova.context.set_target_cell..get_or_set_cached_cell_and_set_connections" :: waited 0.000s {{(pid=95823) inner /opt/stack/data/venv/lib/python3.12/site-packages/oslo_concurrency/lockutils.py:524}}
May 22 09:08:13.110965 np0000001238 nova-scheduler[95823]: DEBUG oslo_concurrency.lockutils [None req-a0d64a7b-a770-4099-aede-a984f31da23e tempest-AttachSCSIVolumeTestJSON-806626718 tempest-AttachSCSIVolumeTestJSON-806626718-project-member] Lock "fe144df2-c827-462e-aec8-3f013a5669b2" "released" by "nova.context.set_target_cell..get_or_set_cached_cell_and_set_connections" :: held 0.001s {{(pid=95823) inner /opt/stack/data/venv/lib/python3.12/site-packages/oslo_concurrency/lockutils.py:543}}
May 22 09:08:13.112589 np0000001238 nova-scheduler[95823]: INFO dbcounter [None req-a0d64a7b-a770-4099-aede-a984f31da23e tempest-AttachSCSIVolumeTestJSON-806626718 tempest-AttachSCSIVolumeTestJSON-806626718-project-member] Registered counter for database nova_cell1
May 22 09:08:13.116884 np0000001238 nova-scheduler[95823]: DEBUG oslo_db.sqlalchemy.engines [None req-a0d64a7b-a770-4099-aede-a984f31da23e tempest-AttachSCSIVolumeTestJSON-806626718 tempest-AttachSCSIVolumeTestJSON-806626718-project-member] MySQL server mode set to STRICT_TRANS_TABLES,STRICT_ALL_TABLES,NO_ZERO_IN_DATE,NO_ZERO_DATE,ERROR_FOR_DIVISION_BY_ZERO,TRADITIONAL,NO_ENGINE_SUBSTITUTION {{(pid=95823) _check_effective_sql_mode /opt/stack/data/venv/lib/python3.12/site-packages/oslo_db/sqlalchemy/engines.py:325}}
May 22 09:08:13.122505 np0000001238 nova-scheduler[95823]: DEBUG dbcounter [-] [95823] Writer thread running {{(pid=95823) stat_writer /opt/stack/data/venv/lib/python3.12/site-packages/dbcounter.py:102}}
May 22 09:08:13.136340 np0000001238 nova-scheduler[95823]: DEBUG oslo_db.sqlalchemy.engines [None req-a0d64a7b-a770-4099-aede-a984f31da23e tempest-AttachSCSIVolumeTestJSON-806626718 tempest-AttachSCSIVolumeTestJSON-806626718-project-member] Parent process 94552 forked (95823) with an open database connection, which is being discarded and recreated. {{(pid=95823) checkout /opt/stack/data/venv/lib/python3.12/site-packages/oslo_db/sqlalchemy/engines.py:402}}
May 22 09:08:13.143447 np0000001238 nova-scheduler[95823]: DEBUG dbcounter [-] [95823] Writer thread running {{(pid=95823) stat_writer /opt/stack/data/venv/lib/python3.12/site-packages/dbcounter.py:102}}
May 22 09:08:13.152059 np0000001238 nova-scheduler[95823]: DEBUG oslo_concurrency.lockutils [None req-a0d64a7b-a770-4099-aede-a984f31da23e tempest-AttachSCSIVolumeTestJSON-806626718 tempest-AttachSCSIVolumeTestJSON-806626718-project-member] Acquiring lock "fe144df2-c827-462e-aec8-3f013a5669b2" by "nova.context.set_target_cell..get_or_set_cached_cell_and_set_connections" {{(pid=95823) inner /opt/stack/data/venv/lib/python3.12/site-packages/oslo_concurrency/lockutils.py:511}}
May 22 09:08:13.152175 np0000001238 nova-scheduler[95823]: DEBUG oslo_concurrency.lockutils [None req-a0d64a7b-a770-4099-aede-a984f31da23e tempest-AttachSCSIVolumeTestJSON-806626718 tempest-AttachSCSIVolumeTestJSON-806626718-project-member] Lock "fe144df2-c827-462e-aec8-3f013a5669b2" acquired by "nova.context.set_target_cell..get_or_set_cached_cell_and_set_connections" :: waited 0.000s {{(pid=95823) inner /opt/stack/data/venv/lib/python3.12/site-packages/oslo_concurrency/lockutils.py:524}}
May 22 09:08:13.152283 np0000001238 nova-scheduler[95823]: DEBUG oslo_concurrency.lockutils [None req-a0d64a7b-a770-4099-aede-a984f31da23e tempest-AttachSCSIVolumeTestJSON-806626718 tempest-AttachSCSIVolumeTestJSON-806626718-project-member] Lock "fe144df2-c827-462e-aec8-3f013a5669b2" "released" by "nova.context.set_target_cell..get_or_set_cached_cell_and_set_connections" :: held 0.000s {{(pid=95823) inner /opt/stack/data/venv/lib/python3.12/site-packages/oslo_concurrency/lockutils.py:543}}
May 22 09:08:13.155150 np0000001238 nova-scheduler[95823]: DEBUG oslo_concurrency.lockutils [None req-a0d64a7b-a770-4099-aede-a984f31da23e tempest-AttachSCSIVolumeTestJSON-806626718 tempest-AttachSCSIVolumeTestJSON-806626718-project-member] Acquiring lock "('np0000001238', 'np0000001238')" by "nova.scheduler.host_manager.HostState.update.._locked_update" {{(pid=95823) inner /opt/stack/data/venv/lib/python3.12/site-packages/oslo_concurrency/lockutils.py:511}}
May 22 09:08:13.155287 np0000001238 nova-scheduler[95823]: DEBUG oslo_concurrency.lockutils [None req-a0d64a7b-a770-4099-aede-a984f31da23e tempest-AttachSCSIVolumeTestJSON-806626718 tempest-AttachSCSIVolumeTestJSON-806626718-project-member] Lock "('np0000001238', 'np0000001238')" acquired by "nova.scheduler.host_manager.HostState.update.._locked_update" :: waited 0.000s {{(pid=95823) inner /opt/stack/data/venv/lib/python3.12/site-packages/oslo_concurrency/lockutils.py:524}}
May 22 09:08:13.156594 np0000001238 nova-scheduler[95823]: DEBUG nova.scheduler.host_manager [None req-a0d64a7b-a770-4099-aede-a984f31da23e tempest-AttachSCSIVolumeTestJSON-806626718 tempest-AttachSCSIVolumeTestJSON-806626718-project-member] Update host state from compute node: ComputeNode(cpu_allocation_ratio=4.0,cpu_info='{"arch": "x86_64", "model": "EPYC-Milan", "vendor": "AMD", "topology": {"cells": 1, "sockets": 12, "cores": 1, "threads": 1}, "maxphysaddr": {"mode": "emulate", "bits": 40}, "features": ["xsaveopt", "sse4.1", "pku", "avx", "arch-capabilities", "cmov", "mtrr", "vme", "stibp-always-on", "sep", "clwb", "sse", "smep", "erms", "ssbd", "f16c", "clflushopt", "pschange-mc-no", "sse2", "virt-ssbd", "clflush", "no-nested-data-bp", "perfctr_core", "vaes", "xsave", "fxsr", "cx16", "aes", "pse36", "smap", "ibrs", "rdseed", "sha-ni", "bmi1", "fma", "pfthreshold", "xsavec", "rdrand", "pcid", "vmcb-clean", "apic", "mce", "pdpe1gb", "lbrv", "osvw", "xsaveerptr", "sse4.2", "nx", "cx8", "misalignsse", "mmx", "svm", "mmxext", "topoext", "xsaves", "null-sel-clr-base", "pause-filter", "mca", "lfence-always-serializing", "pat", "vpclmulqdq", "nrip-save", "wbnoinvd", "stibp", "clzero", "xgetbv1", "3dnowprefetch", "msr", "pclmuldq", "cr8legacy", "pse", "skip-l1dfl-vmentry", "flushbyasid", "pge", "syscall", "svme-addr-chk", "rdctl-no", "tsc", "x2apic", "umip", "bmi2", "pni", "rdtscp", "tsc-scale", "npt", "abm", "tsc-deadline", "amd-stibp", "ibpb", "de", "lm", "avx2", "amd-psfd", "fpu", "mds-no", "fxsr_opt", "movbe", "spec-ctrl", "ssse3", "fsgsbase", "invpcid", "amd-ssbd", "vgif", "cmp_legacy", "gds-no", "lahf_lm", "popcnt", "rdpid", "adx", "arat", "tsc_adjust", "fsrm", "pae", "v-vmsave-vmload", "sse4a", "hypervisor"]}',created_at=2026-05-22T09:05:37Z,current_workload=0,deleted=False,deleted_at=None,disk_allocation_ratio=1.0,disk_available_least=74,free_disk_gb=95,free_ram_mb=23518,host='np0000001238',host_ip=10.4.3.100,hypervisor_hostname='np0000001238',hypervisor_type='QEMU',hypervisor_version=8002002,id=1,local_gb=95,local_gb_used=0,mapped=1,memory_mb=24030,memory_mb_used=512,metrics='[]',numa_topology='{"nova_object.name": "NUMATopology", "nova_object.namespace": "nova", "nova_object.version": "1.2", "nova_object.data": {"cells": [{"nova_object.name": "NUMACell", "nova_object.namespace": "nova", "nova_object.version": "1.5", "nova_object.data": {"id": 0, "cpuset": [0, 1, 2, 3, 4, 5, 6, 7, 8, 9, 10, 11], "pcpuset": [0, 1, 2, 3, 4, 5, 6, 7, 8, 9, 10, 11], "memory": 24030, "cpu_usage": 0, "memory_usage": 0, "pinned_cpus": [], "siblings": [[6], [2], [5], [11], [8], [4], [1], [7], [10], [0], [3], [9]], "mempages": [{"nova_object.name": "NUMAPagesTopology", "nova_object.namespace": "nova", "nova_object.version": "1.1", "nova_object.data": {"size_kb": 4, "total": 6151797, "used": 0, "reserved": 0}, "nova_object.changes": ["total", "size_kb", "used", "reserved"]}, {"nova_object.name": "NUMAPagesTopology", "nova_object.namespace": "nova", "nova_object.version": "1.1", "nova_object.data": {"size_kb": 2048, "total": 0, "used": 0, "reserved": 0}, "nova_object.changes": ["total", "size_kb", "used", "reserved"]}, {"nova_object.name": "NUMAPagesTopology", "nova_object.namespace": "nova", "nova_object.version": "1.1", "nova_object.data": {"size_kb": 1048576, "total": 0, "used": 0, "reserved": 0}, "nova_object.changes": ["total", "size_kb", "used", "reserved"]}], "network_metadata": {"nova_object.name": "NetworkMetadata", "nova_object.namespace": "nova", "nova_object.version": "1.0", "nova_object.data": {"physnets": [], "tunneled": false}, "nova_object.changes": ["physnets", "tunneled"]}, "socket": null}, "nova_object.changes": ["memory", "id", "pinned_cpus", "cpu_usage", "siblings", "socket", "mempages", "network_metadata", "memory_usage", "pcpuset", "cpuset"]}]}, "nova_object.changes": ["cells"]}',pci_device_pools=PciDevicePoolList,ram_allocation_ratio=1.0,running_vms=0,service_id=2,stats={failed_builds='0',uptime=' 09:07:24 up 25 min, 2 users, load average: 1.45, 1.50, 0.86
May 22 09:08:13.156594 np0000001238 nova-scheduler[95823]: '},supported_hv_specs=[HVSpec,HVSpec,HVSpec,HVSpec,HVSpec,HVSpec,HVSpec,HVSpec,HVSpec,HVSpec,HVSpec,HVSpec,HVSpec,HVSpec,HVSpec,HVSpec,HVSpec,HVSpec,HVSpec,HVSpec,HVSpec,HVSpec,HVSpec,HVSpec,HVSpec],updated_at=2026-05-22T09:07:26Z,uuid=f110be5c-3e74-4b6e-a50f-1b27e3b4fae9,vcpus=12,vcpus_used=0) {{(pid=95823) _locked_update /opt/stack/nova/nova/scheduler/host_manager.py:168}}
May 22 09:08:13.157516 np0000001238 nova-scheduler[95823]: DEBUG nova.scheduler.host_manager [None req-a0d64a7b-a770-4099-aede-a984f31da23e tempest-AttachSCSIVolumeTestJSON-806626718 tempest-AttachSCSIVolumeTestJSON-806626718-project-member] Update host state with aggregates: [] {{(pid=95823) _locked_update /opt/stack/nova/nova/scheduler/host_manager.py:171}}
May 22 09:08:13.157626 np0000001238 nova-scheduler[95823]: DEBUG nova.scheduler.host_manager [None req-a0d64a7b-a770-4099-aede-a984f31da23e tempest-AttachSCSIVolumeTestJSON-806626718 tempest-AttachSCSIVolumeTestJSON-806626718-project-member] Update host state with service dict: {'id': 2, 'uuid': '73a3bef2-a6ef-421a-b4ba-f14a0e78c0f3', 'host': 'np0000001238', 'binary': 'nova-compute', 'topic': 'compute', 'report_count': 2, 'disabled': False, 'disabled_reason': None, 'last_seen_up': datetime.datetime(2026, 5, 22, 9, 7, 46, tzinfo=datetime.timezone.utc), 'forced_down': False, 'version': 72, 'created_at': datetime.datetime(2026, 5, 22, 9, 5, 36, tzinfo=datetime.timezone.utc), 'updated_at': datetime.datetime(2026, 5, 22, 9, 7, 46, tzinfo=datetime.timezone.utc), 'deleted_at': None, 'deleted': False} {{(pid=95823) _locked_update /opt/stack/nova/nova/scheduler/host_manager.py:174}}
May 22 09:08:13.157757 np0000001238 nova-scheduler[95823]: DEBUG nova.scheduler.host_manager [None req-a0d64a7b-a770-4099-aede-a984f31da23e tempest-AttachSCSIVolumeTestJSON-806626718 tempest-AttachSCSIVolumeTestJSON-806626718-project-member] Update host state with instances: [] {{(pid=95823) _locked_update /opt/stack/nova/nova/scheduler/host_manager.py:177}}
May 22 09:08:13.157907 np0000001238 nova-scheduler[95823]: DEBUG oslo_concurrency.lockutils [None req-a0d64a7b-a770-4099-aede-a984f31da23e tempest-AttachSCSIVolumeTestJSON-806626718 tempest-AttachSCSIVolumeTestJSON-806626718-project-member] Lock "('np0000001238', 'np0000001238')" "released" by "nova.scheduler.host_manager.HostState.update.._locked_update" :: held 0.003s {{(pid=95823) inner /opt/stack/data/venv/lib/python3.12/site-packages/oslo_concurrency/lockutils.py:543}}
May 22 09:08:13.158456 np0000001238 nova-scheduler[95823]: DEBUG nova.filters [None req-a0d64a7b-a770-4099-aede-a984f31da23e tempest-AttachSCSIVolumeTestJSON-806626718 tempest-AttachSCSIVolumeTestJSON-806626718-project-member] Starting with 1 host(s) {{(pid=95823) get_filtered_objects /opt/stack/nova/nova/filters.py:70}}
May 22 09:08:13.158650 np0000001238 nova-scheduler[95823]: DEBUG nova.filters [None req-a0d64a7b-a770-4099-aede-a984f31da23e tempest-AttachSCSIVolumeTestJSON-806626718 tempest-AttachSCSIVolumeTestJSON-806626718-project-member] Filter ComputeFilter returned 1 host(s) {{(pid=95823) get_filtered_objects /opt/stack/nova/nova/filters.py:102}}
May 22 09:08:13.158790 np0000001238 nova-scheduler[95823]: DEBUG nova.filters [None req-a0d64a7b-a770-4099-aede-a984f31da23e tempest-AttachSCSIVolumeTestJSON-806626718 tempest-AttachSCSIVolumeTestJSON-806626718-project-member] Filter ComputeCapabilitiesFilter returned 1 host(s) {{(pid=95823) get_filtered_objects /opt/stack/nova/nova/filters.py:102}}
May 22 09:08:13.159017 np0000001238 nova-scheduler[95823]: DEBUG nova.filters [None req-a0d64a7b-a770-4099-aede-a984f31da23e tempest-AttachSCSIVolumeTestJSON-806626718 tempest-AttachSCSIVolumeTestJSON-806626718-project-member] Filter ImagePropertiesFilter returned 1 host(s) {{(pid=95823) get_filtered_objects /opt/stack/nova/nova/filters.py:102}}
May 22 09:08:13.159188 np0000001238 nova-scheduler[95823]: DEBUG nova.filters [None req-a0d64a7b-a770-4099-aede-a984f31da23e tempest-AttachSCSIVolumeTestJSON-806626718 tempest-AttachSCSIVolumeTestJSON-806626718-project-member] Filter ServerGroupAntiAffinityFilter returned 1 host(s) {{(pid=95823) get_filtered_objects /opt/stack/nova/nova/filters.py:102}}
May 22 09:08:13.159366 np0000001238 nova-scheduler[95823]: DEBUG nova.filters [None req-a0d64a7b-a770-4099-aede-a984f31da23e tempest-AttachSCSIVolumeTestJSON-806626718 tempest-AttachSCSIVolumeTestJSON-806626718-project-member] Filter ServerGroupAffinityFilter returned 1 host(s) {{(pid=95823) get_filtered_objects /opt/stack/nova/nova/filters.py:102}}
May 22 09:08:13.159529 np0000001238 nova-scheduler[95823]: DEBUG nova.filters [None req-a0d64a7b-a770-4099-aede-a984f31da23e tempest-AttachSCSIVolumeTestJSON-806626718 tempest-AttachSCSIVolumeTestJSON-806626718-project-member] Filter SameHostFilter returned 1 host(s) {{(pid=95823) get_filtered_objects /opt/stack/nova/nova/filters.py:102}}
May 22 09:08:13.159592 np0000001238 nova-scheduler[95823]: DEBUG nova.filters [None req-a0d64a7b-a770-4099-aede-a984f31da23e tempest-AttachSCSIVolumeTestJSON-806626718 tempest-AttachSCSIVolumeTestJSON-806626718-project-member] Filter DifferentHostFilter returned 1 host(s) {{(pid=95823) get_filtered_objects /opt/stack/nova/nova/filters.py:102}}
May 22 09:08:13.159741 np0000001238 nova-scheduler[95823]: DEBUG nova.scheduler.manager [None req-a0d64a7b-a770-4099-aede-a984f31da23e tempest-AttachSCSIVolumeTestJSON-806626718 tempest-AttachSCSIVolumeTestJSON-806626718-project-member] Filtered [(np0000001238, np0000001238) ram: 23518MB disk: 75776MB io_ops: 0 instances: 0, allocation_candidates: 1] {{(pid=95823) _get_sorted_hosts /opt/stack/nova/nova/scheduler/manager.py:743}}
May 22 09:08:13.159994 np0000001238 nova-scheduler[95823]: DEBUG nova.scheduler.manager [None req-a0d64a7b-a770-4099-aede-a984f31da23e tempest-AttachSCSIVolumeTestJSON-806626718 tempest-AttachSCSIVolumeTestJSON-806626718-project-member] Weighed [WeighedHost [host: (np0000001238, np0000001238) ram: 23518MB disk: 75776MB io_ops: 0 instances: 0, allocation_candidates: 1, weight: 0.0]] {{(pid=95823) _get_sorted_hosts /opt/stack/nova/nova/scheduler/manager.py:765}}
May 22 09:08:13.160175 np0000001238 nova-scheduler[95823]: DEBUG nova.scheduler.utils [None req-a0d64a7b-a770-4099-aede-a984f31da23e tempest-AttachSCSIVolumeTestJSON-806626718 tempest-AttachSCSIVolumeTestJSON-806626718-project-member] Attempting to claim resources in the placement API for instance 82c2436f-f6d3-45ea-959e-fe0be5dd5fbe {{(pid=95823) claim_resources /opt/stack/nova/nova/scheduler/utils.py:1304}}
May 22 09:08:13.299790 np0000001238 nova-scheduler[95823]: DEBUG nova.scheduler.manager [None req-a0d64a7b-a770-4099-aede-a984f31da23e tempest-AttachSCSIVolumeTestJSON-806626718 tempest-AttachSCSIVolumeTestJSON-806626718-project-member] [instance: 82c2436f-f6d3-45ea-959e-fe0be5dd5fbe] Selected host: (np0000001238, np0000001238) ram: 23518MB disk: 75776MB io_ops: 0 instances: 0, allocation_candidates: 1 {{(pid=95823) _consume_selected_host /opt/stack/nova/nova/scheduler/manager.py:625}}
May 22 09:08:13.299790 np0000001238 nova-scheduler[95823]: DEBUG oslo_concurrency.lockutils [None req-a0d64a7b-a770-4099-aede-a984f31da23e tempest-AttachSCSIVolumeTestJSON-806626718 tempest-AttachSCSIVolumeTestJSON-806626718-project-member] Acquiring lock "('np0000001238', 'np0000001238')" by "nova.scheduler.host_manager.HostState.consume_from_request.._locked" {{(pid=95823) inner /opt/stack/data/venv/lib/python3.12/site-packages/oslo_concurrency/lockutils.py:511}}
May 22 09:08:13.299790 np0000001238 nova-scheduler[95823]: DEBUG oslo_concurrency.lockutils [None req-a0d64a7b-a770-4099-aede-a984f31da23e tempest-AttachSCSIVolumeTestJSON-806626718 tempest-AttachSCSIVolumeTestJSON-806626718-project-member] Lock "('np0000001238', 'np0000001238')" acquired by "nova.scheduler.host_manager.HostState.consume_from_request.._locked" :: waited 0.000s {{(pid=95823) inner /opt/stack/data/venv/lib/python3.12/site-packages/oslo_concurrency/lockutils.py:524}}
May 22 09:08:13.300078 np0000001238 nova-scheduler[95823]: DEBUG oslo_concurrency.lockutils [None req-a0d64a7b-a770-4099-aede-a984f31da23e tempest-AttachSCSIVolumeTestJSON-806626718 tempest-AttachSCSIVolumeTestJSON-806626718-project-member] Lock "('np0000001238', 'np0000001238')" "released" by "nova.scheduler.host_manager.HostState.consume_from_request.._locked" :: held 0.000s {{(pid=95823) inner /opt/stack/data/venv/lib/python3.12/site-packages/oslo_concurrency/lockutils.py:543}}
May 22 09:08:14.742466 np0000001238 nova-scheduler[95825]: DEBUG nova.scheduler.manager [None req-b7d87a61-f78b-48a6-af63-d2fe5e1ebeb0 tempest-VolumesAdminNegativeTest-724829978 tempest-VolumesAdminNegativeTest-724829978-project-member] Starting to schedule for instances: ['d0e445e9-8218-4f6b-8b96-6eaad6d51f3b'] {{(pid=95825) select_destinations /opt/stack/nova/nova/scheduler/manager.py:210}}
May 22 09:08:14.742999 np0000001238 nova-scheduler[95825]: DEBUG nova.scheduler.request_filter [None req-b7d87a61-f78b-48a6-af63-d2fe5e1ebeb0 tempest-VolumesAdminNegativeTest-724829978 tempest-VolumesAdminNegativeTest-724829978-project-member] compute_status_filter request filter added forbidden trait COMPUTE_STATUS_DISABLED {{(pid=95825) compute_status_filter /opt/stack/nova/nova/scheduler/request_filter.py:253}}
May 22 09:08:14.743166 np0000001238 nova-scheduler[95825]: DEBUG nova.scheduler.request_filter [None req-b7d87a61-f78b-48a6-af63-d2fe5e1ebeb0 tempest-VolumesAdminNegativeTest-724829978 tempest-VolumesAdminNegativeTest-724829978-project-member] Request filter 'compute_status_filter' took 0.0 seconds {{(pid=95825) wrapper /opt/stack/nova/nova/scheduler/request_filter.py:46}}
May 22 09:08:14.743493 np0000001238 nova-scheduler[95825]: DEBUG nova.scheduler.request_filter [None req-b7d87a61-f78b-48a6-af63-d2fe5e1ebeb0 tempest-VolumesAdminNegativeTest-724829978 tempest-VolumesAdminNegativeTest-724829978-project-member] Request filter 'accelerators_filter' took 0.0 seconds {{(pid=95825) wrapper /opt/stack/nova/nova/scheduler/request_filter.py:46}}
May 22 09:08:14.743708 np0000001238 nova-scheduler[95825]: DEBUG nova.scheduler.request_filter [None req-b7d87a61-f78b-48a6-af63-d2fe5e1ebeb0 tempest-VolumesAdminNegativeTest-724829978 tempest-VolumesAdminNegativeTest-724829978-project-member] Request filter 'packed_virtqueue_filter' took 0.0 seconds {{(pid=95825) wrapper /opt/stack/nova/nova/scheduler/request_filter.py:46}}
May 22 09:08:14.744005 np0000001238 nova-scheduler[95825]: DEBUG nova.scheduler.request_filter [None req-b7d87a61-f78b-48a6-af63-d2fe5e1ebeb0 tempest-VolumesAdminNegativeTest-724829978 tempest-VolumesAdminNegativeTest-724829978-project-member] Request filter 'remote_managed_ports_filter' took 0.0 seconds {{(pid=95825) wrapper /opt/stack/nova/nova/scheduler/request_filter.py:46}}
May 22 09:08:14.744133 np0000001238 nova-scheduler[95825]: DEBUG nova.scheduler.request_filter [None req-b7d87a61-f78b-48a6-af63-d2fe5e1ebeb0 tempest-VolumesAdminNegativeTest-724829978 tempest-VolumesAdminNegativeTest-724829978-project-member] ephemeral_encryption_filter skipped {{(pid=95825) ephemeral_encryption_filter /opt/stack/nova/nova/scheduler/request_filter.py:426}}
May 22 09:08:14.744386 np0000001238 nova-scheduler[95825]: DEBUG nova.scheduler.request_filter [None req-b7d87a61-f78b-48a6-af63-d2fe5e1ebeb0 tempest-VolumesAdminNegativeTest-724829978 tempest-VolumesAdminNegativeTest-724829978-project-member] virtio_sound_filter skipped {{(pid=95825) virtio_sound_filter /opt/stack/nova/nova/scheduler/request_filter.py:460}}
May 22 09:08:14.744386 np0000001238 nova-scheduler[95825]: DEBUG nova.scheduler.request_filter [None req-b7d87a61-f78b-48a6-af63-d2fe5e1ebeb0 tempest-VolumesAdminNegativeTest-724829978 tempest-VolumesAdminNegativeTest-724829978-project-member] tpm_secret_security_filter skipped {{(pid=95825) tpm_secret_security_filter /opt/stack/nova/nova/scheduler/request_filter.py:477}}
May 22 09:08:14.851590 np0000001238 nova-scheduler[95825]: INFO nova.utils [None req-b7d87a61-f78b-48a6-af63-d2fe5e1ebeb0 tempest-VolumesAdminNegativeTest-724829978 tempest-VolumesAdminNegativeTest-724829978-project-member] The cell worker thread pool ForkProcess-2.cell_worker is initialized
May 22 09:08:14.852024 np0000001238 nova-scheduler[95825]: DEBUG oslo_concurrency.lockutils [None req-b7d87a61-f78b-48a6-af63-d2fe5e1ebeb0 tempest-VolumesAdminNegativeTest-724829978 tempest-VolumesAdminNegativeTest-724829978-project-member] Acquiring lock "fe144df2-c827-462e-aec8-3f013a5669b2" by "nova.context.set_target_cell..get_or_set_cached_cell_and_set_connections" {{(pid=95825) inner /opt/stack/data/venv/lib/python3.12/site-packages/oslo_concurrency/lockutils.py:511}}
May 22 09:08:14.852270 np0000001238 nova-scheduler[95825]: DEBUG oslo_concurrency.lockutils [None req-b7d87a61-f78b-48a6-af63-d2fe5e1ebeb0 tempest-VolumesAdminNegativeTest-724829978 tempest-VolumesAdminNegativeTest-724829978-project-member] Lock "fe144df2-c827-462e-aec8-3f013a5669b2" acquired by "nova.context.set_target_cell..get_or_set_cached_cell_and_set_connections" :: waited 0.000s {{(pid=95825) inner /opt/stack/data/venv/lib/python3.12/site-packages/oslo_concurrency/lockutils.py:524}}
May 22 09:08:14.853689 np0000001238 nova-scheduler[95825]: DEBUG oslo_concurrency.lockutils [None req-b7d87a61-f78b-48a6-af63-d2fe5e1ebeb0 tempest-VolumesAdminNegativeTest-724829978 tempest-VolumesAdminNegativeTest-724829978-project-member] Lock "fe144df2-c827-462e-aec8-3f013a5669b2" "released" by "nova.context.set_target_cell..get_or_set_cached_cell_and_set_connections" :: held 0.001s {{(pid=95825) inner /opt/stack/data/venv/lib/python3.12/site-packages/oslo_concurrency/lockutils.py:543}}
May 22 09:08:14.855822 np0000001238 nova-scheduler[95825]: INFO dbcounter [None req-b7d87a61-f78b-48a6-af63-d2fe5e1ebeb0 tempest-VolumesAdminNegativeTest-724829978 tempest-VolumesAdminNegativeTest-724829978-project-member] Registered counter for database nova_cell1
May 22 09:08:14.862082 np0000001238 nova-scheduler[95825]: DEBUG oslo_db.sqlalchemy.engines [None req-b7d87a61-f78b-48a6-af63-d2fe5e1ebeb0 tempest-VolumesAdminNegativeTest-724829978 tempest-VolumesAdminNegativeTest-724829978-project-member] MySQL server mode set to STRICT_TRANS_TABLES,STRICT_ALL_TABLES,NO_ZERO_IN_DATE,NO_ZERO_DATE,ERROR_FOR_DIVISION_BY_ZERO,TRADITIONAL,NO_ENGINE_SUBSTITUTION {{(pid=95825) _check_effective_sql_mode /opt/stack/data/venv/lib/python3.12/site-packages/oslo_db/sqlalchemy/engines.py:325}}
May 22 09:08:14.869767 np0000001238 nova-scheduler[95825]: DEBUG dbcounter [-] [95825] Writer thread running {{(pid=95825) stat_writer /opt/stack/data/venv/lib/python3.12/site-packages/dbcounter.py:102}}
May 22 09:08:14.886862 np0000001238 nova-scheduler[95825]: DEBUG dbcounter [-] [95825] Writer thread running {{(pid=95825) stat_writer /opt/stack/data/venv/lib/python3.12/site-packages/dbcounter.py:102}}
May 22 09:08:14.889562 np0000001238 nova-scheduler[95825]: DEBUG oslo_concurrency.lockutils [None req-b7d87a61-f78b-48a6-af63-d2fe5e1ebeb0 tempest-VolumesAdminNegativeTest-724829978 tempest-VolumesAdminNegativeTest-724829978-project-member] Acquiring lock "fe144df2-c827-462e-aec8-3f013a5669b2" by "nova.context.set_target_cell..get_or_set_cached_cell_and_set_connections" {{(pid=95825) inner /opt/stack/data/venv/lib/python3.12/site-packages/oslo_concurrency/lockutils.py:511}}
May 22 09:08:14.889562 np0000001238 nova-scheduler[95825]: DEBUG oslo_concurrency.lockutils [None req-b7d87a61-f78b-48a6-af63-d2fe5e1ebeb0 tempest-VolumesAdminNegativeTest-724829978 tempest-VolumesAdminNegativeTest-724829978-project-member] Lock "fe144df2-c827-462e-aec8-3f013a5669b2" acquired by "nova.context.set_target_cell..get_or_set_cached_cell_and_set_connections" :: waited 0.000s {{(pid=95825) inner /opt/stack/data/venv/lib/python3.12/site-packages/oslo_concurrency/lockutils.py:524}}
May 22 09:08:14.889562 np0000001238 nova-scheduler[95825]: DEBUG oslo_concurrency.lockutils [None req-b7d87a61-f78b-48a6-af63-d2fe5e1ebeb0 tempest-VolumesAdminNegativeTest-724829978 tempest-VolumesAdminNegativeTest-724829978-project-member] Lock "fe144df2-c827-462e-aec8-3f013a5669b2" "released" by "nova.context.set_target_cell..get_or_set_cached_cell_and_set_connections" :: held 0.000s {{(pid=95825) inner /opt/stack/data/venv/lib/python3.12/site-packages/oslo_concurrency/lockutils.py:543}}
May 22 09:08:14.892088 np0000001238 nova-scheduler[95825]: DEBUG oslo_concurrency.lockutils [None req-b7d87a61-f78b-48a6-af63-d2fe5e1ebeb0 tempest-VolumesAdminNegativeTest-724829978 tempest-VolumesAdminNegativeTest-724829978-project-member] Acquiring lock "('np0000001238', 'np0000001238')" by "nova.scheduler.host_manager.HostState.update.._locked_update" {{(pid=95825) inner /opt/stack/data/venv/lib/python3.12/site-packages/oslo_concurrency/lockutils.py:511}}
May 22 09:08:14.892213 np0000001238 nova-scheduler[95825]: DEBUG oslo_concurrency.lockutils [None req-b7d87a61-f78b-48a6-af63-d2fe5e1ebeb0 tempest-VolumesAdminNegativeTest-724829978 tempest-VolumesAdminNegativeTest-724829978-project-member] Lock "('np0000001238', 'np0000001238')" acquired by "nova.scheduler.host_manager.HostState.update.._locked_update" :: waited 0.000s {{(pid=95825) inner /opt/stack/data/venv/lib/python3.12/site-packages/oslo_concurrency/lockutils.py:524}}
