May 26 15:37:38.651622 np0000001430 devstack@g-api.service[102044]: DEBUG glance.api.middleware.version_negotiation [None req-a2a9208b-bc9d-4b58-919c-05157d86cbc2 tempest-ImageDependencyTests-1920383307 tempest-ImageDependencyTests-1920383307-project-member] Matched version: v2 {{(pid=102044) process_request /opt/stack/glance/glance/api/middleware/version_negotiation.py:69}}
May 26 15:37:38.651763 np0000001430 devstack@g-api.service[102044]: DEBUG glance.api.middleware.version_negotiation [None req-a2a9208b-bc9d-4b58-919c-05157d86cbc2 tempest-ImageDependencyTests-1920383307 tempest-ImageDependencyTests-1920383307-project-member] new path /v2/images/daf2649d-1868-4336-b3ab-3815eaab92db {{(pid=102044) process_request /opt/stack/glance/glance/api/middleware/version_negotiation.py:70}}
May 26 15:37:38.669849 np0000001430 devstack@g-api.service[102044]: [pid: 102044|app: 0|req: 136/402] 127.0.0.1 () {44 vars in 1111 bytes} [Tue May 26 15:37:38 2026] GET /v2/images/daf2649d-1868-4336-b3ab-3815eaab92db => generated 807 bytes in 19 msecs (HTTP/1.1 200) 4 headers in 157 bytes (1 switches on core 0)
May 26 15:37:38.678897 np0000001430 devstack@g-api.service[102043]: DEBUG glance.api.middleware.version_negotiation [None req-a2a9208b-bc9d-4b58-919c-05157d86cbc2 tempest-ImageDependencyTests-1920383307 tempest-ImageDependencyTests-1920383307-project-member] Determining version of request: GET /v2/schemas/image Accept: */* {{(pid=102043) process_request /opt/stack/glance/glance/api/middleware/version_negotiation.py:44}}
May 26 15:37:38.678897 np0000001430 devstack@g-api.service[102043]: DEBUG glance.api.middleware.version_negotiation [None req-a2a9208b-bc9d-4b58-919c-05157d86cbc2 tempest-ImageDependencyTests-1920383307 tempest-ImageDependencyTests-1920383307-project-member] Using url versioning {{(pid=102043) process_request /opt/stack/glance/glance/api/middleware/version_negotiation.py:57}}
May 26 15:37:38.678897 np0000001430 devstack@g-api.service[102043]: DEBUG glance.api.middleware.version_negotiation [None req-a2a9208b-bc9d-4b58-919c-05157d86cbc2 tempest-ImageDependencyTests-1920383307 tempest-ImageDependencyTests-1920383307-project-member] Matched version: v2 {{(pid=102043) process_request /opt/stack/glance/glance/api/middleware/version_negotiation.py:69}}
May 26 15:37:38.678897 np0000001430 devstack@g-api.service[102043]: DEBUG glance.api.middleware.version_negotiation [None req-a2a9208b-bc9d-4b58-919c-05157d86cbc2 tempest-ImageDependencyTests-1920383307 tempest-ImageDependencyTests-1920383307-project-member] new path /v2/schemas/image {{(pid=102043) process_request /opt/stack/glance/glance/api/middleware/version_negotiation.py:70}}
May 26 15:37:38.682169 np0000001430 devstack@g-api.service[102043]: [pid: 102043|app: 0|req: 142/403] 127.0.0.1 () {44 vars in 1051 bytes} [Tue May 26 15:37:38 2026] GET /v2/schemas/image => generated 6083 bytes in 4 msecs (HTTP/1.1 200) 4 headers in 158 bytes (1 switches on core 0)
May 26 15:37:38.891193 np0000001430 devstack@g-api.service[102045]: DEBUG glance.location [None req-99dff207-45b2-4b94-a5bc-3f82d2e4f69d tempest-VolumeAndVolumeTypeFromImageTest-1217495973 tempest-VolumeAndVolumeTypeFromImageTest-1217495973-project-member] Enabling in-flight format inspection for raw {{(pid=102045) set_data /opt/stack/glance/glance/location.py:616}}
May 26 15:37:38.891527 np0000001430 devstack@g-api.service[102045]: DEBUG glance_store.backend [None req-99dff207-45b2-4b94-a5bc-3f82d2e4f69d tempest-VolumeAndVolumeTypeFromImageTest-1217495973 tempest-VolumeAndVolumeTypeFromImageTest-1217495973-project-member] Attempting to import store swift {{(pid=102045) _load_store /opt/stack/data/venv/lib/python3.12/site-packages/glance_store/backend.py:215}}
May 26 15:37:38.893817 np0000001430 devstack@g-api.service[102045]: DEBUG glance_store.capabilities [None req-99dff207-45b2-4b94-a5bc-3f82d2e4f69d tempest-VolumeAndVolumeTypeFromImageTest-1217495973 tempest-VolumeAndVolumeTypeFromImageTest-1217495973-project-member] Store glance_store._drivers.swift.store.SingleTenantStore doesn't support updating dynamic storage capabilities. Please overwrite 'update_capabilities' method of the store to implement updating logics if needed. {{(pid=102045) update_capabilities /opt/stack/data/venv/lib/python3.12/site-packages/glance_store/capabilities.py:91}}
May 26 15:37:38.894201 np0000001430 devstack@g-api.service[102045]: DEBUG glance_store.driver [None req-99dff207-45b2-4b94-a5bc-3f82d2e4f69d tempest-VolumeAndVolumeTypeFromImageTest-1217495973 tempest-VolumeAndVolumeTypeFromImageTest-1217495973-project-member] Late loading location class glance_store._drivers.swift.store.StoreLocation {{(pid=102045) get_store_location_class /opt/stack/data/venv/lib/python3.12/site-packages/glance_store/driver.py:134}}
May 26 15:37:38.894369 np0000001430 devstack@g-api.service[102045]: DEBUG glance_store.location [None req-99dff207-45b2-4b94-a5bc-3f82d2e4f69d tempest-VolumeAndVolumeTypeFromImageTest-1217495973 tempest-VolumeAndVolumeTypeFromImageTest-1217495973-project-member] Registering scheme swift+https with {'store': , 'location_class': , 'store_entry': 'swift'} {{(pid=102045) register_scheme_map /opt/stack/data/venv/lib/python3.12/site-packages/glance_store/location.py:146}}
May 26 15:37:38.894508 np0000001430 devstack@g-api.service[102045]: DEBUG glance_store.location [None req-99dff207-45b2-4b94-a5bc-3f82d2e4f69d tempest-VolumeAndVolumeTypeFromImageTest-1217495973 tempest-VolumeAndVolumeTypeFromImageTest-1217495973-project-member] Registering scheme swift+https with {'store': , 'location_class': , 'store_entry': 'swift'} {{(pid=102045) register_scheme_map /opt/stack/data/venv/lib/python3.12/site-packages/glance_store/location.py:146}}
May 26 15:37:38.894630 np0000001430 devstack@g-api.service[102045]: DEBUG glance_store.location [None req-99dff207-45b2-4b94-a5bc-3f82d2e4f69d tempest-VolumeAndVolumeTypeFromImageTest-1217495973 tempest-VolumeAndVolumeTypeFromImageTest-1217495973-project-member] Registering scheme swift with {'store': , 'location_class': , 'store_entry': 'swift'} {{(pid=102045) register_scheme_map /opt/stack/data/venv/lib/python3.12/site-packages/glance_store/location.py:146}}
May 26 15:37:38.894971 np0000001430 devstack@g-api.service[102045]: DEBUG glance_store.location [None req-99dff207-45b2-4b94-a5bc-3f82d2e4f69d tempest-VolumeAndVolumeTypeFromImageTest-1217495973 tempest-VolumeAndVolumeTypeFromImageTest-1217495973-project-member] Registering scheme swift+https with {'store': , 'location_class': , 'store_entry': 'swift'} {{(pid=102045) register_scheme_map /opt/stack/data/venv/lib/python3.12/site-packages/glance_store/location.py:146}}
May 26 15:37:38.894971 np0000001430 devstack@g-api.service[102045]: DEBUG glance_store.location [None req-99dff207-45b2-4b94-a5bc-3f82d2e4f69d tempest-VolumeAndVolumeTypeFromImageTest-1217495973 tempest-VolumeAndVolumeTypeFromImageTest-1217495973-project-member] Registering scheme swift with {'store': , 'location_class': , 'store_entry': 'swift'} {{(pid=102045) register_scheme_map /opt/stack/data/venv/lib/python3.12/site-packages/glance_store/location.py:146}}
May 26 15:37:38.895976 np0000001430 devstack@g-api.service[102045]: DEBUG glance_store.location [None req-99dff207-45b2-4b94-a5bc-3f82d2e4f69d tempest-VolumeAndVolumeTypeFromImageTest-1217495973 tempest-VolumeAndVolumeTypeFromImageTest-1217495973-project-member] Registering scheme swift+http with {'store': , 'location_class': , 'store_entry': 'swift'} {{(pid=102045) register_scheme_map /opt/stack/data/venv/lib/python3.12/site-packages/glance_store/location.py:146}}
May 26 15:37:38.895976 np0000001430 devstack@g-api.service[102045]: DEBUG glance_store.location [None req-99dff207-45b2-4b94-a5bc-3f82d2e4f69d tempest-VolumeAndVolumeTypeFromImageTest-1217495973 tempest-VolumeAndVolumeTypeFromImageTest-1217495973-project-member] Registering scheme swift+https with {'store': , 'location_class': , 'store_entry': 'swift'} {{(pid=102045) register_scheme_map /opt/stack/data/venv/lib/python3.12/site-packages/glance_store/location.py:146}}
May 26 15:37:38.895976 np0000001430 devstack@g-api.service[102045]: DEBUG glance_store.location [None req-99dff207-45b2-4b94-a5bc-3f82d2e4f69d tempest-VolumeAndVolumeTypeFromImageTest-1217495973 tempest-VolumeAndVolumeTypeFromImageTest-1217495973-project-member] Registering scheme swift with {'store': , 'location_class': , 'store_entry': 'swift'} {{(pid=102045) register_scheme_map /opt/stack/data/venv/lib/python3.12/site-packages/glance_store/location.py:146}}
May 26 15:37:38.895976 np0000001430 devstack@g-api.service[102045]: DEBUG glance_store.location [None req-99dff207-45b2-4b94-a5bc-3f82d2e4f69d tempest-VolumeAndVolumeTypeFromImageTest-1217495973 tempest-VolumeAndVolumeTypeFromImageTest-1217495973-project-member] Registering scheme swift+http with {'store': , 'location_class': , 'store_entry': 'swift'} {{(pid=102045) register_scheme_map /opt/stack/data/venv/lib/python3.12/site-packages/glance_store/location.py:146}}
May 26 15:37:38.895976 np0000001430 devstack@g-api.service[102045]: DEBUG glance_store.location [None req-99dff207-45b2-4b94-a5bc-3f82d2e4f69d tempest-VolumeAndVolumeTypeFromImageTest-1217495973 tempest-VolumeAndVolumeTypeFromImageTest-1217495973-project-member] Registering scheme swift+config with {'store': , 'location_class': , 'store_entry': 'swift'} {{(pid=102045) register_scheme_map /opt/stack/data/venv/lib/python3.12/site-packages/glance_store/location.py:146}}
May 26 15:37:39.025053 np0000001430 devstack@g-api.service[102045]: DEBUG swiftclient [None req-99dff207-45b2-4b94-a5bc-3f82d2e4f69d tempest-VolumeAndVolumeTypeFromImageTest-1217495973 tempest-VolumeAndVolumeTypeFromImageTest-1217495973-project-member] REQ: curl -i https://10.4.3.48:8080/v1/AUTH_a91a4c4c095d4c869264201e396f86c0/glance -I -H "X-Auth-Token: gAAAAABqFb5CENBg..." {{(pid=102045) http_log /opt/stack/data/venv/lib/python3.12/site-packages/swiftclient/client.py:160}}
May 26 15:37:39.025164 np0000001430 devstack@g-api.service[102045]: DEBUG swiftclient [None req-99dff207-45b2-4b94-a5bc-3f82d2e4f69d tempest-VolumeAndVolumeTypeFromImageTest-1217495973 tempest-VolumeAndVolumeTypeFromImageTest-1217495973-project-member] RESP STATUS: 204 No Content {{(pid=102045) http_log /opt/stack/data/venv/lib/python3.12/site-packages/swiftclient/client.py:161}}
May 26 15:37:39.025313 np0000001430 devstack@g-api.service[102045]: DEBUG swiftclient [None req-99dff207-45b2-4b94-a5bc-3f82d2e4f69d tempest-VolumeAndVolumeTypeFromImageTest-1217495973 tempest-VolumeAndVolumeTypeFromImageTest-1217495973-project-member] RESP HEADERS: {'Date': 'Tue, 26 May 2026 15:37:39 GMT', 'Server': 'Apache/2.4.58 (Ubuntu)', 'Content-Type': 'text/plain; charset=utf-8', 'X-Container-Object-Count': '4', 'X-Container-Bytes-Used': '64357376', 'X-Timestamp': '1779809323.62646', 'Last-Modified': 'Tue, 26 May 2026 15:28:44 GMT', 'Accept-Ranges': 'bytes', 'X-Storage-Policy': 'Policy-0', 'X-Container-Sharding': 'False', 'Vary': 'Accept', 'X-Trans-Id': 'tx115690e9c5e04f3eaeed5-006a15be42', 'X-Openstack-Request-Id': 'tx115690e9c5e04f3eaeed5-006a15be42', 'Connection': 'close'} {{(pid=102045) http_log /opt/stack/data/venv/lib/python3.12/site-packages/swiftclient/client.py:162}}
May 26 15:37:39.025443 np0000001430 devstack@g-api.service[102045]: DEBUG glance_store._drivers.swift.store [None req-99dff207-45b2-4b94-a5bc-3f82d2e4f69d tempest-VolumeAndVolumeTypeFromImageTest-1217495973 tempest-VolumeAndVolumeTypeFromImageTest-1217495973-project-member] Adding image object 'b2d2440d-5645-4100-b224-13c2efa07549' to Swift {{(pid=102045) add /opt/stack/data/venv/lib/python3.12/site-packages/glance_store/_drivers/swift/store.py:970}}
May 26 15:37:39.031515 np0000001430 devstack@g-api.service[102045]: DEBUG oslo_utils.imageutils.format_inspector [None req-99dff207-45b2-4b94-a5bc-3f82d2e4f69d tempest-VolumeAndVolumeTypeFromImageTest-1217495973 tempest-VolumeAndVolumeTypeFromImageTest-1217495973-project-member] Format inspector for vmdk does not match, excluding from consideration (Signature KDMV not found: b'\xc1\xbb7\x8d') {{(pid=102045) _process_chunk /opt/stack/data/venv/lib/python3.12/site-packages/oslo_utils/imageutils/format_inspector.py:1538}}
May 26 15:37:39.056627 np0000001430 devstack@g-api.service[102045]: DEBUG swiftclient [None req-99dff207-45b2-4b94-a5bc-3f82d2e4f69d tempest-VolumeAndVolumeTypeFromImageTest-1217495973 tempest-VolumeAndVolumeTypeFromImageTest-1217495973-project-member] REQ: curl -i https://10.4.3.48:8080/v1/AUTH_a91a4c4c095d4c869264201e396f86c0/glance/b2d2440d-5645-4100-b224-13c2efa07549 -X PUT -H "X-Auth-Token: gAAAAABqFb5CENBg..." -H "Content-Length: 1024" {{(pid=102045) http_log /opt/stack/data/venv/lib/python3.12/site-packages/swiftclient/client.py:160}}
May 26 15:37:39.056739 np0000001430 devstack@g-api.service[102045]: DEBUG swiftclient [None req-99dff207-45b2-4b94-a5bc-3f82d2e4f69d tempest-VolumeAndVolumeTypeFromImageTest-1217495973 tempest-VolumeAndVolumeTypeFromImageTest-1217495973-project-member] RESP STATUS: 201 Created {{(pid=102045) http_log /opt/stack/data/venv/lib/python3.12/site-packages/swiftclient/client.py:161}}
May 26 15:37:39.056816 np0000001430 devstack@g-api.service[102045]: DEBUG swiftclient [None req-99dff207-45b2-4b94-a5bc-3f82d2e4f69d tempest-VolumeAndVolumeTypeFromImageTest-1217495973 tempest-VolumeAndVolumeTypeFromImageTest-1217495973-project-member] RESP HEADERS: {'Date': 'Tue, 26 May 2026 15:37:39 GMT', 'Server': 'Apache/2.4.58 (Ubuntu)', 'Content-Type': 'text/html; charset=UTF-8', 'Content-Length': '0', 'Etag': 'd4139e2a78e4ddc18603e301f04de16a', 'Last-Modified': 'Tue, 26 May 2026 15:37:40 GMT', 'X-Trans-Id': 'txd250893f2f044dcd8835e-006a15be43', 'X-Openstack-Request-Id': 'txd250893f2f044dcd8835e-006a15be43', 'Connection': 'close'} {{(pid=102045) http_log /opt/stack/data/venv/lib/python3.12/site-packages/swiftclient/client.py:162}}
May 26 15:37:39.057265 np0000001430 devstack@g-api.service[102045]: INFO glance.location [None req-99dff207-45b2-4b94-a5bc-3f82d2e4f69d tempest-VolumeAndVolumeTypeFromImageTest-1217495973 tempest-VolumeAndVolumeTypeFromImageTest-1217495973-project-member] Image format matched and virtual size computed: 1024
May 26 15:37:39.094319 np0000001430 devstack@g-api.service[102045]: DEBUG glance_store.backend [None req-99dff207-45b2-4b94-a5bc-3f82d2e4f69d tempest-VolumeAndVolumeTypeFromImageTest-1217495973 tempest-VolumeAndVolumeTypeFromImageTest-1217495973-project-member] Attempting to import store swift {{(pid=102045) _load_store /opt/stack/data/venv/lib/python3.12/site-packages/glance_store/backend.py:215}}
May 26 15:37:39.098099 np0000001430 devstack@g-api.service[102045]: DEBUG glance_store.capabilities [None req-99dff207-45b2-4b94-a5bc-3f82d2e4f69d tempest-VolumeAndVolumeTypeFromImageTest-1217495973 tempest-VolumeAndVolumeTypeFromImageTest-1217495973-project-member] Store glance_store._drivers.swift.store.SingleTenantStore doesn't support updating dynamic storage capabilities. Please overwrite 'update_capabilities' method of the store to implement updating logics if needed. {{(pid=102045) update_capabilities /opt/stack/data/venv/lib/python3.12/site-packages/glance_store/capabilities.py:91}}
May 26 15:37:39.098244 np0000001430 devstack@g-api.service[102045]: DEBUG glance_store.driver [None req-99dff207-45b2-4b94-a5bc-3f82d2e4f69d tempest-VolumeAndVolumeTypeFromImageTest-1217495973 tempest-VolumeAndVolumeTypeFromImageTest-1217495973-project-member] Late loading location class glance_store._drivers.swift.store.StoreLocation {{(pid=102045) get_store_location_class /opt/stack/data/venv/lib/python3.12/site-packages/glance_store/driver.py:134}}
May 26 15:37:39.098375 np0000001430 devstack@g-api.service[102045]: DEBUG glance_store.location [None req-99dff207-45b2-4b94-a5bc-3f82d2e4f69d tempest-VolumeAndVolumeTypeFromImageTest-1217495973 tempest-VolumeAndVolumeTypeFromImageTest-1217495973-project-member] Registering scheme swift+https with {'store': , 'location_class': , 'store_entry': 'swift'} {{(pid=102045) register_scheme_map /opt/stack/data/venv/lib/python3.12/site-packages/glance_store/location.py:146}}
May 26 15:37:39.098502 np0000001430 devstack@g-api.service[102045]: DEBUG glance_store.location [None req-99dff207-45b2-4b94-a5bc-3f82d2e4f69d tempest-VolumeAndVolumeTypeFromImageTest-1217495973 tempest-VolumeAndVolumeTypeFromImageTest-1217495973-project-member] Registering scheme swift+https with {'store': , 'location_class': , 'store_entry': 'swift'} {{(pid=102045) register_scheme_map /opt/stack/data/venv/lib/python3.12/site-packages/glance_store/location.py:146}}
May 26 15:37:39.098626 np0000001430 devstack@g-api.service[102045]: DEBUG glance_store.location [None req-99dff207-45b2-4b94-a5bc-3f82d2e4f69d tempest-VolumeAndVolumeTypeFromImageTest-1217495973 tempest-VolumeAndVolumeTypeFromImageTest-1217495973-project-member] Registering scheme swift with {'store': , 'location_class': , 'store_entry': 'swift'} {{(pid=102045) register_scheme_map /opt/stack/data/venv/lib/python3.12/site-packages/glance_store/location.py:146}}
May 26 15:37:39.098779 np0000001430 devstack@g-api.service[102045]: DEBUG glance_store.location [None req-99dff207-45b2-4b94-a5bc-3f82d2e4f69d tempest-VolumeAndVolumeTypeFromImageTest-1217495973 tempest-VolumeAndVolumeTypeFromImageTest-1217495973-project-member] Registering scheme swift+https with {'store': , 'location_class': , 'store_entry': 'swift'} {{(pid=102045) register_scheme_map /opt/stack/data/venv/lib/python3.12/site-packages/glance_store/location.py:146}}
May 26 15:37:39.098865 np0000001430 devstack@g-api.service[102045]: DEBUG glance_store.location [None req-99dff207-45b2-4b94-a5bc-3f82d2e4f69d tempest-VolumeAndVolumeTypeFromImageTest-1217495973 tempest-VolumeAndVolumeTypeFromImageTest-1217495973-project-member] Registering scheme swift with {'store': , 'location_class': , 'store_entry': 'swift'} {{(pid=102045) register_scheme_map /opt/stack/data/venv/lib/python3.12/site-packages/glance_store/location.py:146}}
May 26 15:37:39.099046 np0000001430 devstack@g-api.service[102045]: DEBUG glance_store.location [None req-99dff207-45b2-4b94-a5bc-3f82d2e4f69d tempest-VolumeAndVolumeTypeFromImageTest-1217495973 tempest-VolumeAndVolumeTypeFromImageTest-1217495973-project-member] Registering scheme swift+http with {'store': , 'location_class': , 'store_entry': 'swift'} {{(pid=102045) register_scheme_map /opt/stack/data/venv/lib/python3.12/site-packages/glance_store/location.py:146}}
May 26 15:37:39.099180 np0000001430 devstack@g-api.service[102045]: DEBUG glance_store.location [None req-99dff207-45b2-4b94-a5bc-3f82d2e4f69d tempest-VolumeAndVolumeTypeFromImageTest-1217495973 tempest-VolumeAndVolumeTypeFromImageTest-1217495973-project-member] Registering scheme swift+https with {'store': , 'location_class': , 'store_entry': 'swift'} {{(pid=102045) register_scheme_map /opt/stack/data/venv/lib/python3.12/site-packages/glance_store/location.py:146}}
May 26 15:37:39.099312 np0000001430 devstack@g-api.service[102045]: DEBUG glance_store.location [None req-99dff207-45b2-4b94-a5bc-3f82d2e4f69d tempest-VolumeAndVolumeTypeFromImageTest-1217495973 tempest-VolumeAndVolumeTypeFromImageTest-1217495973-project-member] Registering scheme swift with {'store': , 'location_class': , 'store_entry': 'swift'} {{(pid=102045) register_scheme_map /opt/stack/data/venv/lib/python3.12/site-packages/glance_store/location.py:146}}
May 26 15:37:39.099428 np0000001430 devstack@g-api.service[102045]: DEBUG glance_store.location [None req-99dff207-45b2-4b94-a5bc-3f82d2e4f69d tempest-VolumeAndVolumeTypeFromImageTest-1217495973 tempest-VolumeAndVolumeTypeFromImageTest-1217495973-project-member] Registering scheme swift+http with {'store': , 'location_class': , 'store_entry': 'swift'} {{(pid=102045) register_scheme_map /opt/stack/data/venv/lib/python3.12/site-packages/glance_store/location.py:146}}
May 26 15:37:39.099542 np0000001430 devstack@g-api.service[102045]: DEBUG glance_store.location [None req-99dff207-45b2-4b94-a5bc-3f82d2e4f69d tempest-VolumeAndVolumeTypeFromImageTest-1217495973 tempest-VolumeAndVolumeTypeFromImageTest-1217495973-project-member] Registering scheme swift+config with {'store': , 'location_class': , 'store_entry': 'swift'} {{(pid=102045) register_scheme_map /opt/stack/data/venv/lib/python3.12/site-packages/glance_store/location.py:146}}
May 26 15:37:39.099664 np0000001430 devstack@g-api.service[102045]: DEBUG glance_store.backend [None req-99dff207-45b2-4b94-a5bc-3f82d2e4f69d tempest-VolumeAndVolumeTypeFromImageTest-1217495973 tempest-VolumeAndVolumeTypeFromImageTest-1217495973-project-member] Skipping store.set_acls... not implemented. {{(pid=102045) set_acls /opt/stack/data/venv/lib/python3.12/site-packages/glance_store/backend.py:507}}
May 26 15:37:39.103438 np0000001430 devstack@g-api.service[102045]: [pid: 102045|app: 0|req: 126/404] 127.0.0.1 () {40 vars in 843 bytes} [Tue May 26 15:37:37 2026] PUT /v2/images/b2d2440d-5645-4100-b224-13c2efa07549/file => generated 0 bytes in 1381 msecs (HTTP/1.1 204) 4 headers in 171 bytes (1 switches on core 0)
May 26 15:37:39.112576 np0000001430 devstack@g-api.service[102044]: DEBUG glance.api.middleware.version_negotiation [None req-a2a9208b-bc9d-4b58-919c-05157d86cbc2 tempest-ImageDependencyTests-1920383307 tempest-ImageDependencyTests-1920383307-project-member] Determining version of request: GET /v2/images/b2d2440d-5645-4100-b224-13c2efa07549 Accept: application/json {{(pid=102044) process_request /opt/stack/glance/glance/api/middleware/version_negotiation.py:44}}
May 26 15:37:39.113044 np0000001430 devstack@g-api.service[102044]: DEBUG glance.api.middleware.version_negotiation [None req-a2a9208b-bc9d-4b58-919c-05157d86cbc2 tempest-ImageDependencyTests-1920383307 tempest-ImageDependencyTests-1920383307-project-member] Using url versioning {{(pid=102044) process_request /opt/stack/glance/glance/api/middleware/version_negotiation.py:57}}
May 26 15:37:39.113044 np0000001430 devstack@g-api.service[102044]: DEBUG glance.api.middleware.version_negotiation [None req-a2a9208b-bc9d-4b58-919c-05157d86cbc2 tempest-ImageDependencyTests-1920383307 tempest-ImageDependencyTests-1920383307-project-member] Matched version: v2 {{(pid=102044) process_request /opt/stack/glance/glance/api/middleware/version_negotiation.py:69}}
May 26 15:37:39.113044 np0000001430 devstack@g-api.service[102044]: DEBUG glance.api.middleware.version_negotiation [None req-a2a9208b-bc9d-4b58-919c-05157d86cbc2 tempest-ImageDependencyTests-1920383307 tempest-ImageDependencyTests-1920383307-project-member] new path /v2/images/b2d2440d-5645-4100-b224-13c2efa07549 {{(pid=102044) process_request /opt/stack/glance/glance/api/middleware/version_negotiation.py:70}}
May 26 15:37:39.123204 np0000001430 devstack@g-api.service[102044]: [pid: 102044|app: 0|req: 137/405] 127.0.0.1 () {40 vars in 834 bytes} [Tue May 26 15:37:39 2026] GET /v2/images/b2d2440d-5645-4100-b224-13c2efa07549 => generated 898 bytes in 11 msecs (HTTP/1.1 200) 4 headers in 157 bytes (1 switches on core 0)
May 26 15:37:39.132581 np0000001430 devstack@g-api.service[102043]: DEBUG glance.api.middleware.version_negotiation [None req-a2a9208b-bc9d-4b58-919c-05157d86cbc2 tempest-ImageDependencyTests-1920383307 tempest-ImageDependencyTests-1920383307-project-member] Determining version of request: GET /v2/images/b2d2440d-5645-4100-b224-13c2efa07549 Accept: application/json {{(pid=102043) process_request /opt/stack/glance/glance/api/middleware/version_negotiation.py:44}}
May 26 15:37:39.132827 np0000001430 devstack@g-api.service[102043]: DEBUG glance.api.middleware.version_negotiation [None req-a2a9208b-bc9d-4b58-919c-05157d86cbc2 tempest-ImageDependencyTests-1920383307 tempest-ImageDependencyTests-1920383307-project-member] Using url versioning {{(pid=102043) process_request /opt/stack/glance/glance/api/middleware/version_negotiation.py:57}}
May 26 15:37:39.133038 np0000001430 devstack@g-api.service[102043]: DEBUG glance.api.middleware.version_negotiation [None req-a2a9208b-bc9d-4b58-919c-05157d86cbc2 tempest-ImageDependencyTests-1920383307 tempest-ImageDependencyTests-1920383307-project-member] Matched version: v2 {{(pid=102043) process_request /opt/stack/glance/glance/api/middleware/version_negotiation.py:69}}
May 26 15:37:39.133187 np0000001430 devstack@g-api.service[102043]: DEBUG glance.api.middleware.version_negotiation [None req-a2a9208b-bc9d-4b58-919c-05157d86cbc2 tempest-ImageDependencyTests-1920383307 tempest-ImageDependencyTests-1920383307-project-member] new path /v2/images/b2d2440d-5645-4100-b224-13c2efa07549 {{(pid=102043) process_request /opt/stack/glance/glance/api/middleware/version_negotiation.py:70}}
May 26 15:37:39.150482 np0000001430 devstack@g-api.service[102043]: [pid: 102043|app: 0|req: 143/406] 127.0.0.1 () {40 vars in 834 bytes} [Tue May 26 15:37:39 2026] GET /v2/images/b2d2440d-5645-4100-b224-13c2efa07549 => generated 898 bytes in 18 msecs (HTTP/1.1 200) 4 headers in 157 bytes (1 switches on core 0)
May 26 15:37:39.162502 np0000001430 devstack@g-api.service[102045]: DEBUG glance.api.middleware.version_negotiation [None req-99dff207-45b2-4b94-a5bc-3f82d2e4f69d tempest-VolumeAndVolumeTypeFromImageTest-1217495973 tempest-VolumeAndVolumeTypeFromImageTest-1217495973-project-member] Determining version of request: GET /v2/images/b2d2440d-5645-4100-b224-13c2efa07549 Accept: application/json {{(pid=102045) process_request /opt/stack/glance/glance/api/middleware/version_negotiation.py:44}}
May 26 15:37:39.162748 np0000001430 devstack@g-api.service[102045]: DEBUG glance.api.middleware.version_negotiation [None req-99dff207-45b2-4b94-a5bc-3f82d2e4f69d tempest-VolumeAndVolumeTypeFromImageTest-1217495973 tempest-VolumeAndVolumeTypeFromImageTest-1217495973-project-member] Using url versioning {{(pid=102045) process_request /opt/stack/glance/glance/api/middleware/version_negotiation.py:57}}
May 26 15:37:39.162945 np0000001430 devstack@g-api.service[102045]: DEBUG glance.api.middleware.version_negotiation [None req-99dff207-45b2-4b94-a5bc-3f82d2e4f69d tempest-VolumeAndVolumeTypeFromImageTest-1217495973 tempest-VolumeAndVolumeTypeFromImageTest-1217495973-project-member] Matched version: v2 {{(pid=102045) process_request /opt/stack/glance/glance/api/middleware/version_negotiation.py:69}}
May 26 15:37:39.163067 np0000001430 devstack@g-api.service[102045]: DEBUG glance.api.middleware.version_negotiation [None req-99dff207-45b2-4b94-a5bc-3f82d2e4f69d tempest-VolumeAndVolumeTypeFromImageTest-1217495973 tempest-VolumeAndVolumeTypeFromImageTest-1217495973-project-member] new path /v2/images/b2d2440d-5645-4100-b224-13c2efa07549 {{(pid=102045) process_request /opt/stack/glance/glance/api/middleware/version_negotiation.py:70}}
May 26 15:37:39.172594 np0000001430 devstack@g-api.service[102045]: [pid: 102045|app: 0|req: 127/407] 127.0.0.1 () {40 vars in 834 bytes} [Tue May 26 15:37:39 2026] GET /v2/images/b2d2440d-5645-4100-b224-13c2efa07549 => generated 898 bytes in 10 msecs (HTTP/1.1 200) 4 headers in 157 bytes (1 switches on core 0)
May 26 15:37:39.189902 np0000001430 devstack@g-api.service[102044]: DEBUG glance.api.middleware.version_negotiation [None req-6b6202bb-99d8-4a5d-8669-3bbd0de8bd01 tempest-VolumeAndVolumeTypeFromImageTest-1217495973 tempest-VolumeAndVolumeTypeFromImageTest-1217495973-project-member] Determining version of request: GET /versions Accept: */* {{(pid=102044) process_request /opt/stack/glance/glance/api/middleware/version_negotiation.py:44}}
May 26 15:37:39.190643 np0000001430 devstack@g-api.service[102044]: [pid: 102044|app: 0|req: 138/408] 127.0.0.1 () {44 vars in 1035 bytes} [Tue May 26 15:37:39 2026] GET /versions => generated 1394 bytes in 1 msecs (HTTP/1.1 200) 3 headers in 92 bytes (1 switches on core 0)
May 26 15:37:39.193764 np0000001430 devstack@g-api.service[102043]: DEBUG glance.api.middleware.version_negotiation [None req-928e3f20-f705-4c4c-9a3e-ff9c37abcfcd tempest-VolumeAndVolumeTypeFromImageTest-1217495973 tempest-VolumeAndVolumeTypeFromImageTest-1217495973-project-member] Determining version of request: GET /v2/images/b2d2440d-5645-4100-b224-13c2efa07549 Accept: */* {{(pid=102043) process_request /opt/stack/glance/glance/api/middleware/version_negotiation.py:44}}
May 26 15:37:39.193764 np0000001430 devstack@g-api.service[102043]: DEBUG glance.api.middleware.version_negotiation [None req-928e3f20-f705-4c4c-9a3e-ff9c37abcfcd tempest-VolumeAndVolumeTypeFromImageTest-1217495973 tempest-VolumeAndVolumeTypeFromImageTest-1217495973-project-member] Using url versioning {{(pid=102043) process_request /opt/stack/glance/glance/api/middleware/version_negotiation.py:57}}
May 26 15:37:39.193764 np0000001430 devstack@g-api.service[102043]: DEBUG glance.api.middleware.version_negotiation [None req-928e3f20-f705-4c4c-9a3e-ff9c37abcfcd tempest-VolumeAndVolumeTypeFromImageTest-1217495973 tempest-VolumeAndVolumeTypeFromImageTest-1217495973-project-member] Matched version: v2 {{(pid=102043) process_request /opt/stack/glance/glance/api/middleware/version_negotiation.py:69}}
May 26 15:37:39.193764 np0000001430 devstack@g-api.service[102043]: DEBUG glance.api.middleware.version_negotiation [None req-928e3f20-f705-4c4c-9a3e-ff9c37abcfcd tempest-VolumeAndVolumeTypeFromImageTest-1217495973 tempest-VolumeAndVolumeTypeFromImageTest-1217495973-project-member] new path /v2/images/b2d2440d-5645-4100-b224-13c2efa07549 {{(pid=102043) process_request /opt/stack/glance/glance/api/middleware/version_negotiation.py:70}}
May 26 15:37:39.197565 np0000001430 devstack@g-api.service[102045]: DEBUG glance.api.middleware.version_negotiation [None req-0acd116c-edc3-4f3b-888f-4e4bef32c8cb tempest-VolumeAndVolumeTypeFromImageTest-1217495973 tempest-VolumeAndVolumeTypeFromImageTest-1217495973-project-member] Determining version of request: GET /v2/images/daf2649d-1868-4336-b3ab-3815eaab92db/locations Accept: */* {{(pid=102045) process_request /opt/stack/glance/glance/api/middleware/version_negotiation.py:44}}
May 26 15:37:39.197723 np0000001430 devstack@g-api.service[102045]: DEBUG glance.api.middleware.version_negotiation [None req-0acd116c-edc3-4f3b-888f-4e4bef32c8cb tempest-VolumeAndVolumeTypeFromImageTest-1217495973 tempest-VolumeAndVolumeTypeFromImageTest-1217495973-project-member] Using url versioning {{(pid=102045) process_request /opt/stack/glance/glance/api/middleware/version_negotiation.py:57}}
May 26 15:37:39.197858 np0000001430 devstack@g-api.service[102045]: DEBUG glance.api.middleware.version_negotiation [None req-0acd116c-edc3-4f3b-888f-4e4bef32c8cb tempest-VolumeAndVolumeTypeFromImageTest-1217495973 tempest-VolumeAndVolumeTypeFromImageTest-1217495973-project-member] Matched version: v2 {{(pid=102045) process_request /opt/stack/glance/glance/api/middleware/version_negotiation.py:69}}
May 26 15:37:39.197999 np0000001430 devstack@g-api.service[102045]: DEBUG glance.api.middleware.version_negotiation [None req-0acd116c-edc3-4f3b-888f-4e4bef32c8cb tempest-VolumeAndVolumeTypeFromImageTest-1217495973 tempest-VolumeAndVolumeTypeFromImageTest-1217495973-project-member] new path /v2/images/daf2649d-1868-4336-b3ab-3815eaab92db/locations {{(pid=102045) process_request /opt/stack/glance/glance/api/middleware/version_negotiation.py:70}}
May 26 15:37:39.204195 np0000001430 devstack@g-api.service[102043]: [pid: 102043|app: 0|req: 144/409] 127.0.0.1 () {44 vars in 1111 bytes} [Tue May 26 15:37:39 2026] GET /v2/images/b2d2440d-5645-4100-b224-13c2efa07549 => generated 898 bytes in 11 msecs (HTTP/1.1 200) 4 headers in 157 bytes (1 switches on core 0)
May 26 15:37:39.215715 np0000001430 devstack@g-api.service[102044]: DEBUG glance.api.middleware.version_negotiation [None req-6b6202bb-99d8-4a5d-8669-3bbd0de8bd01 tempest-VolumeAndVolumeTypeFromImageTest-1217495973 tempest-VolumeAndVolumeTypeFromImageTest-1217495973-project-member] Determining version of request: GET /v2/schemas/image Accept: */* {{(pid=102044) process_request /opt/stack/glance/glance/api/middleware/version_negotiation.py:44}}
May 26 15:37:39.215846 np0000001430 devstack@g-api.service[102044]: DEBUG glance.api.middleware.version_negotiation [None req-6b6202bb-99d8-4a5d-8669-3bbd0de8bd01 tempest-VolumeAndVolumeTypeFromImageTest-1217495973 tempest-VolumeAndVolumeTypeFromImageTest-1217495973-project-member] Using url versioning {{(pid=102044) process_request /opt/stack/glance/glance/api/middleware/version_negotiation.py:57}}
May 26 15:37:39.216138 np0000001430 devstack@g-api.service[102044]: DEBUG glance.api.middleware.version_negotiation [None req-6b6202bb-99d8-4a5d-8669-3bbd0de8bd01 tempest-VolumeAndVolumeTypeFromImageTest-1217495973 tempest-VolumeAndVolumeTypeFromImageTest-1217495973-project-member] Matched version: v2 {{(pid=102044) process_request /opt/stack/glance/glance/api/middleware/version_negotiation.py:69}}
May 26 15:37:39.216269 np0000001430 devstack@g-api.service[102044]: DEBUG glance.api.middleware.version_negotiation [None req-6b6202bb-99d8-4a5d-8669-3bbd0de8bd01 tempest-VolumeAndVolumeTypeFromImageTest-1217495973 tempest-VolumeAndVolumeTypeFromImageTest-1217495973-project-member] new path /v2/schemas/image {{(pid=102044) process_request /opt/stack/glance/glance/api/middleware/version_negotiation.py:70}}
May 26 15:37:39.218380 np0000001430 devstack@g-api.service[102044]: [pid: 102044|app: 0|req: 139/410] 127.0.0.1 () {44 vars in 1051 bytes} [Tue May 26 15:37:39 2026] GET /v2/schemas/image => generated 6083 bytes in 3 msecs (HTTP/1.1 200) 4 headers in 158 bytes (1 switches on core 0)
May 26 15:37:39.228193 np0000001430 devstack@g-api.service[102043]: DEBUG glance.api.middleware.version_negotiation [None req-3829bf23-13ef-4b92-a8ea-0218d150138e tempest-VolumeAndVolumeTypeFromImageTest-1217495973 tempest-VolumeAndVolumeTypeFromImageTest-1217495973-project-member] Determining version of request: GET /v2/schemas/image Accept: */* {{(pid=102043) process_request /opt/stack/glance/glance/api/middleware/version_negotiation.py:44}}
May 26 15:37:39.228391 np0000001430 devstack@g-api.service[102043]: DEBUG glance.api.middleware.version_negotiation [None req-3829bf23-13ef-4b92-a8ea-0218d150138e tempest-VolumeAndVolumeTypeFromImageTest-1217495973 tempest-VolumeAndVolumeTypeFromImageTest-1217495973-project-member] Using url versioning {{(pid=102043) process_request /opt/stack/glance/glance/api/middleware/version_negotiation.py:57}}
May 26 15:37:39.228548 np0000001430 devstack@g-api.service[102043]: DEBUG glance.api.middleware.version_negotiation [None req-3829bf23-13ef-4b92-a8ea-0218d150138e tempest-VolumeAndVolumeTypeFromImageTest-1217495973 tempest-VolumeAndVolumeTypeFromImageTest-1217495973-project-member] Matched version: v2 {{(pid=102043) process_request /opt/stack/glance/glance/api/middleware/version_negotiation.py:69}}
May 26 15:37:39.228679 np0000001430 devstack@g-api.service[102043]: DEBUG glance.api.middleware.version_negotiation [None req-3829bf23-13ef-4b92-a8ea-0218d150138e tempest-VolumeAndVolumeTypeFromImageTest-1217495973 tempest-VolumeAndVolumeTypeFromImageTest-1217495973-project-member] new path /v2/schemas/image {{(pid=102043) process_request /opt/stack/glance/glance/api/middleware/version_negotiation.py:70}}
May 26 15:37:39.231676 np0000001430 devstack@g-api.service[102043]: [pid: 102043|app: 0|req: 145/411] 127.0.0.1 () {44 vars in 1051 bytes} [Tue May 26 15:37:39 2026] GET /v2/schemas/image => generated 6083 bytes in 4 msecs (HTTP/1.1 200) 4 headers in 158 bytes (1 switches on core 0)
May 26 15:37:39.239923 np0000001430 devstack@g-api.service[102044]: DEBUG glance.api.middleware.version_negotiation [None req-3829bf23-13ef-4b92-a8ea-0218d150138e tempest-VolumeAndVolumeTypeFromImageTest-1217495973 tempest-VolumeAndVolumeTypeFromImageTest-1217495973-project-member] Determining version of request: GET /v2/images/b2d2440d-5645-4100-b224-13c2efa07549 Accept: */* {{(pid=102044) process_request /opt/stack/glance/glance/api/middleware/version_negotiation.py:44}}
May 26 15:37:39.240095 np0000001430 devstack@g-api.service[102044]: DEBUG glance.api.middleware.version_negotiation [None req-3829bf23-13ef-4b92-a8ea-0218d150138e tempest-VolumeAndVolumeTypeFromImageTest-1217495973 tempest-VolumeAndVolumeTypeFromImageTest-1217495973-project-member] Using url versioning {{(pid=102044) process_request /opt/stack/glance/glance/api/middleware/version_negotiation.py:57}}
May 26 15:37:39.240232 np0000001430 devstack@g-api.service[102044]: DEBUG glance.api.middleware.version_negotiation [None req-3829bf23-13ef-4b92-a8ea-0218d150138e tempest-VolumeAndVolumeTypeFromImageTest-1217495973 tempest-VolumeAndVolumeTypeFromImageTest-1217495973-project-member] Matched version: v2 {{(pid=102044) process_request /opt/stack/glance/glance/api/middleware/version_negotiation.py:69}}
May 26 15:37:39.240356 np0000001430 devstack@g-api.service[102044]: DEBUG glance.api.middleware.version_negotiation [None req-3829bf23-13ef-4b92-a8ea-0218d150138e tempest-VolumeAndVolumeTypeFromImageTest-1217495973 tempest-VolumeAndVolumeTypeFromImageTest-1217495973-project-member] new path /v2/images/b2d2440d-5645-4100-b224-13c2efa07549 {{(pid=102044) process_request /opt/stack/glance/glance/api/middleware/version_negotiation.py:70}}
May 26 15:37:39.242318 np0000001430 devstack@g-api.service[102045]: [pid: 102045|app: 0|req: 128/412] 127.0.0.1 () {44 vars in 1131 bytes} [Tue May 26 15:37:39 2026] GET /v2/images/daf2649d-1868-4336-b3ab-3815eaab92db/locations => generated 92 bytes in 45 msecs (HTTP/1.1 200) 4 headers in 156 bytes (1 switches on core 0)
May 26 15:37:39.248906 np0000001430 devstack@g-api.service[102044]: [pid: 102044|app: 0|req: 140/413] 127.0.0.1 () {44 vars in 1111 bytes} [Tue May 26 15:37:39 2026] GET /v2/images/b2d2440d-5645-4100-b224-13c2efa07549 => generated 898 bytes in 8 msecs (HTTP/1.1 200) 4 headers in 157 bytes (1 switches on core 0)
May 26 15:37:39.253308 np0000001430 devstack@g-api.service[102043]: DEBUG glance.api.middleware.version_negotiation [None req-3829bf23-13ef-4b92-a8ea-0218d150138e tempest-VolumeAndVolumeTypeFromImageTest-1217495973 tempest-VolumeAndVolumeTypeFromImageTest-1217495973-project-member] Determining version of request: GET /v2/images/daf2649d-1868-4336-b3ab-3815eaab92db Accept: */* {{(pid=102043) process_request /opt/stack/glance/glance/api/middleware/version_negotiation.py:44}}
May 26 15:37:39.253483 np0000001430 devstack@g-api.service[102043]: DEBUG glance.api.middleware.version_negotiation [None req-3829bf23-13ef-4b92-a8ea-0218d150138e tempest-VolumeAndVolumeTypeFromImageTest-1217495973 tempest-VolumeAndVolumeTypeFromImageTest-1217495973-project-member] Using url versioning {{(pid=102043) process_request /opt/stack/glance/glance/api/middleware/version_negotiation.py:57}}
May 26 15:37:39.253641 np0000001430 devstack@g-api.service[102043]: DEBUG glance.api.middleware.version_negotiation [None req-3829bf23-13ef-4b92-a8ea-0218d150138e tempest-VolumeAndVolumeTypeFromImageTest-1217495973 tempest-VolumeAndVolumeTypeFromImageTest-1217495973-project-member] Matched version: v2 {{(pid=102043) process_request /opt/stack/glance/glance/api/middleware/version_negotiation.py:69}}
May 26 15:37:39.253773 np0000001430 devstack@g-api.service[102043]: DEBUG glance.api.middleware.version_negotiation [None req-3829bf23-13ef-4b92-a8ea-0218d150138e tempest-VolumeAndVolumeTypeFromImageTest-1217495973 tempest-VolumeAndVolumeTypeFromImageTest-1217495973-project-member] new path /v2/images/daf2649d-1868-4336-b3ab-3815eaab92db {{(pid=102043) process_request /opt/stack/glance/glance/api/middleware/version_negotiation.py:70}}
May 26 15:37:39.257295 np0000001430 devstack@g-api.service[102045]: DEBUG glance.api.middleware.version_negotiation [None req-a2a9208b-bc9d-4b58-919c-05157d86cbc2 service glance] Determining version of request: GET /v2/schemas/image Accept: */* {{(pid=102045) process_request /opt/stack/glance/glance/api/middleware/version_negotiation.py:44}}
May 26 15:37:39.257471 np0000001430 devstack@g-api.service[102045]: DEBUG glance.api.middleware.version_negotiation [None req-a2a9208b-bc9d-4b58-919c-05157d86cbc2 service glance] Using url versioning {{(pid=102045) process_request /opt/stack/glance/glance/api/middleware/version_negotiation.py:57}}
May 26 15:37:39.257646 np0000001430 devstack@g-api.service[102045]: DEBUG glance.api.middleware.version_negotiation [None req-a2a9208b-bc9d-4b58-919c-05157d86cbc2 service glance] Matched version: v2 {{(pid=102045) process_request /opt/stack/glance/glance/api/middleware/version_negotiation.py:69}}
May 26 15:37:39.257782 np0000001430 devstack@g-api.service[102045]: DEBUG glance.api.middleware.version_negotiation [None req-a2a9208b-bc9d-4b58-919c-05157d86cbc2 service glance] new path /v2/schemas/image {{(pid=102045) process_request /opt/stack/glance/glance/api/middleware/version_negotiation.py:70}}
May 26 15:37:39.260356 np0000001430 devstack@g-api.service[102045]: [pid: 102045|app: 0|req: 129/414] 127.0.0.1 () {44 vars in 1051 bytes} [Tue May 26 15:37:39 2026] GET /v2/schemas/image => generated 6083 bytes in 3 msecs (HTTP/1.1 200) 4 headers in 158 bytes (1 switches on core 0)
May 26 15:37:39.265436 np0000001430 devstack@g-api.service[102043]: [pid: 102043|app: 0|req: 146/415] 127.0.0.1 () {44 vars in 1111 bytes} [Tue May 26 15:37:39 2026] GET /v2/images/daf2649d-1868-4336-b3ab-3815eaab92db => generated 807 bytes in 12 msecs (HTTP/1.1 200) 4 headers in 157 bytes (1 switches on core 0)
May 26 15:37:39.270364 np0000001430 devstack@g-api.service[102044]: DEBUG glance.api.middleware.version_negotiation [None req-3829bf23-13ef-4b92-a8ea-0218d150138e tempest-VolumeAndVolumeTypeFromImageTest-1217495973 tempest-VolumeAndVolumeTypeFromImageTest-1217495973-project-member] Determining version of request: GET /v2/schemas/image Accept: */* {{(pid=102044) process_request /opt/stack/glance/glance/api/middleware/version_negotiation.py:44}}
May 26 15:37:39.270564 np0000001430 devstack@g-api.service[102044]: DEBUG glance.api.middleware.version_negotiation [None req-3829bf23-13ef-4b92-a8ea-0218d150138e tempest-VolumeAndVolumeTypeFromImageTest-1217495973 tempest-VolumeAndVolumeTypeFromImageTest-1217495973-project-member] Using url versioning {{(pid=102044) process_request /opt/stack/glance/glance/api/middleware/version_negotiation.py:57}}
May 26 15:37:39.270694 np0000001430 devstack@g-api.service[102044]: DEBUG glance.api.middleware.version_negotiation [None req-3829bf23-13ef-4b92-a8ea-0218d150138e tempest-VolumeAndVolumeTypeFromImageTest-1217495973 tempest-VolumeAndVolumeTypeFromImageTest-1217495973-project-member] Matched version: v2 {{(pid=102044) process_request /opt/stack/glance/glance/api/middleware/version_negotiation.py:69}}
May 26 15:37:39.270774 np0000001430 devstack@g-api.service[102044]: DEBUG glance.api.middleware.version_negotiation [None req-3829bf23-13ef-4b92-a8ea-0218d150138e tempest-VolumeAndVolumeTypeFromImageTest-1217495973 tempest-VolumeAndVolumeTypeFromImageTest-1217495973-project-member] new path /v2/schemas/image {{(pid=102044) process_request /opt/stack/glance/glance/api/middleware/version_negotiation.py:70}}
May 26 15:37:39.272936 np0000001430 devstack@g-api.service[102044]: [pid: 102044|app: 0|req: 141/416] 127.0.0.1 () {44 vars in 1051 bytes} [Tue May 26 15:37:39 2026] GET /v2/schemas/image => generated 6083 bytes in 2 msecs (HTTP/1.1 200) 4 headers in 158 bytes (1 switches on core 0)
May 26 15:37:39.273705 np0000001430 devstack@g-api.service[102045]: DEBUG glance.api.middleware.version_negotiation [None req-3829bf23-13ef-4b92-a8ea-0218d150138e tempest-VolumeAndVolumeTypeFromImageTest-1217495973 tempest-VolumeAndVolumeTypeFromImageTest-1217495973-project-member] Determining version of request: GET /v2/schemas/image Accept: */* {{(pid=102045) process_request /opt/stack/glance/glance/api/middleware/version_negotiation.py:44}}
May 26 15:37:39.273832 np0000001430 devstack@g-api.service[102045]: DEBUG glance.api.middleware.version_negotiation [None req-3829bf23-13ef-4b92-a8ea-0218d150138e tempest-VolumeAndVolumeTypeFromImageTest-1217495973 tempest-VolumeAndVolumeTypeFromImageTest-1217495973-project-member] Using url versioning {{(pid=102045) process_request /opt/stack/glance/glance/api/middleware/version_negotiation.py:57}}
May 26 15:37:39.273998 np0000001430 devstack@g-api.service[102045]: DEBUG glance.api.middleware.version_negotiation [None req-3829bf23-13ef-4b92-a8ea-0218d150138e tempest-VolumeAndVolumeTypeFromImageTest-1217495973 tempest-VolumeAndVolumeTypeFromImageTest-1217495973-project-member] Matched version: v2 {{(pid=102045) process_request /opt/stack/glance/glance/api/middleware/version_negotiation.py:69}}
May 26 15:37:39.274094 np0000001430 devstack@g-api.service[102045]: DEBUG glance.api.middleware.version_negotiation [None req-3829bf23-13ef-4b92-a8ea-0218d150138e tempest-VolumeAndVolumeTypeFromImageTest-1217495973 tempest-VolumeAndVolumeTypeFromImageTest-1217495973-project-member] new path /v2/schemas/image {{(pid=102045) process_request /opt/stack/glance/glance/api/middleware/version_negotiation.py:70}}
May 26 15:37:39.276375 np0000001430 devstack@g-api.service[102045]: [pid: 102045|app: 0|req: 130/417] 127.0.0.1 () {44 vars in 1051 bytes} [Tue May 26 15:37:39 2026] GET /v2/schemas/image => generated 6083 bytes in 3 msecs (HTTP/1.1 200) 4 headers in 158 bytes (1 switches on core 0)
May 26 15:37:39.284804 np0000001430 devstack@g-api.service[102043]: DEBUG glance.api.middleware.version_negotiation [None req-a2a9208b-bc9d-4b58-919c-05157d86cbc2 tempest-ImageDependencyTests-1920383307 tempest-ImageDependencyTests-1920383307-project-member] Determining version of request: GET /v2/schemas/image Accept: */* {{(pid=102043) process_request /opt/stack/glance/glance/api/middleware/version_negotiation.py:44}}
May 26 15:37:39.285028 np0000001430 devstack@g-api.service[102043]: DEBUG glance.api.middleware.version_negotiation [None req-a2a9208b-bc9d-4b58-919c-05157d86cbc2 tempest-ImageDependencyTests-1920383307 tempest-ImageDependencyTests-1920383307-project-member] Using url versioning {{(pid=102043) process_request /opt/stack/glance/glance/api/middleware/version_negotiation.py:57}}
May 26 15:37:39.285180 np0000001430 devstack@g-api.service[102043]: DEBUG glance.api.middleware.version_negotiation [None req-a2a9208b-bc9d-4b58-919c-05157d86cbc2 tempest-ImageDependencyTests-1920383307 tempest-ImageDependencyTests-1920383307-project-member] Matched version: v2 {{(pid=102043) process_request /opt/stack/glance/glance/api/middleware/version_negotiation.py:69}}
May 26 15:37:39.285267 np0000001430 devstack@g-api.service[102043]: DEBUG glance.api.middleware.version_negotiation [None req-a2a9208b-bc9d-4b58-919c-05157d86cbc2 tempest-ImageDependencyTests-1920383307 tempest-ImageDependencyTests-1920383307-project-member] new path /v2/schemas/image {{(pid=102043) process_request /opt/stack/glance/glance/api/middleware/version_negotiation.py:70}}
May 26 15:37:39.288249 np0000001430 devstack@g-api.service[102043]: [pid: 102043|app: 0|req: 147/418] 127.0.0.1 () {44 vars in 1051 bytes} [Tue May 26 15:37:39 2026] GET /v2/schemas/image => generated 6083 bytes in 4 msecs (HTTP/1.1 200) 4 headers in 158 bytes (1 switches on core 0)
May 26 15:37:39.299459 np0000001430 devstack@g-api.service[102044]: DEBUG glance.api.middleware.version_negotiation [None req-3829bf23-13ef-4b92-a8ea-0218d150138e tempest-VolumeAndVolumeTypeFromImageTest-1217495973 tempest-VolumeAndVolumeTypeFromImageTest-1217495973-project-member] Determining version of request: GET /v2/images/b2d2440d-5645-4100-b224-13c2efa07549 Accept: */* {{(pid=102044) process_request /opt/stack/glance/glance/api/middleware/version_negotiation.py:44}}
May 26 15:37:39.299578 np0000001430 devstack@g-api.service[102044]: DEBUG glance.api.middleware.version_negotiation [None req-3829bf23-13ef-4b92-a8ea-0218d150138e tempest-VolumeAndVolumeTypeFromImageTest-1217495973 tempest-VolumeAndVolumeTypeFromImageTest-1217495973-project-member] Using url versioning {{(pid=102044) process_request /opt/stack/glance/glance/api/middleware/version_negotiation.py:57}}
May 26 15:37:39.299718 np0000001430 devstack@g-api.service[102044]: DEBUG glance.api.middleware.version_negotiation [None req-3829bf23-13ef-4b92-a8ea-0218d150138e tempest-VolumeAndVolumeTypeFromImageTest-1217495973 tempest-VolumeAndVolumeTypeFromImageTest-1217495973-project-member] Matched version: v2 {{(pid=102044) process_request /opt/stack/glance/glance/api/middleware/version_negotiation.py:69}}
May 26 15:37:39.302072 np0000001430 devstack@g-api.service[102044]: DEBUG glance.api.middleware.version_negotiation [None req-3829bf23-13ef-4b92-a8ea-0218d150138e tempest-VolumeAndVolumeTypeFromImageTest-1217495973 tempest-VolumeAndVolumeTypeFromImageTest-1217495973-project-member] new path /v2/images/b2d2440d-5645-4100-b224-13c2efa07549 {{(pid=102044) process_request /opt/stack/glance/glance/api/middleware/version_negotiation.py:70}}
May 26 15:37:39.310077 np0000001430 devstack@g-api.service[102044]: [pid: 102044|app: 0|req: 142/419] 127.0.0.1 () {44 vars in 1111 bytes} [Tue May 26 15:37:39 2026] GET /v2/images/b2d2440d-5645-4100-b224-13c2efa07549 => generated 898 bytes in 9 msecs (HTTP/1.1 200) 4 headers in 157 bytes (1 switches on core 0)
May 26 15:37:39.318118 np0000001430 devstack@g-api.service[102045]: DEBUG glance.api.middleware.version_negotiation [None req-a2a9208b-bc9d-4b58-919c-05157d86cbc2 tempest-ImageDependencyTests-1920383307 tempest-ImageDependencyTests-1920383307-project-member] Determining version of request: GET /v2/images/daf2649d-1868-4336-b3ab-3815eaab92db Accept: */* {{(pid=102045) process_request /opt/stack/glance/glance/api/middleware/version_negotiation.py:44}}
May 26 15:37:39.318239 np0000001430 devstack@g-api.service[102045]: DEBUG glance.api.middleware.version_negotiation [None req-a2a9208b-bc9d-4b58-919c-05157d86cbc2 tempest-ImageDependencyTests-1920383307 tempest-ImageDependencyTests-1920383307-project-member] Using url versioning {{(pid=102045) process_request /opt/stack/glance/glance/api/middleware/version_negotiation.py:57}}
