May 26 15:28:13.952207 np0000001430 nova-scheduler[95774]: DEBUG cotyledon.oslo_config_glue [-] oslo_limit.endpoint_id = None {{(pid=95774) log_opt_values /opt/stack/data/venv/lib/python3.12/site-packages/oslo_config/cfg.py:3256}}
May 26 15:28:13.952238 np0000001430 nova-scheduler[95774]: DEBUG cotyledon.oslo_config_glue [-] oslo_limit.endpoint_interface = public {{(pid=95774) log_opt_values /opt/stack/data/venv/lib/python3.12/site-packages/oslo_config/cfg.py:3256}}
May 26 15:28:13.952283 np0000001430 nova-scheduler[95774]: DEBUG cotyledon.oslo_config_glue [-] oslo_limit.endpoint_override = None {{(pid=95774) log_opt_values /opt/stack/data/venv/lib/python3.12/site-packages/oslo_config/cfg.py:3256}}
May 26 15:28:13.952321 np0000001430 nova-scheduler[95774]: DEBUG cotyledon.oslo_config_glue [-] oslo_limit.endpoint_region_name = None {{(pid=95774) log_opt_values /opt/stack/data/venv/lib/python3.12/site-packages/oslo_config/cfg.py:3256}}
May 26 15:28:13.952370 np0000001430 nova-scheduler[95774]: DEBUG cotyledon.oslo_config_glue [-] oslo_limit.endpoint_service_name = None {{(pid=95774) log_opt_values /opt/stack/data/venv/lib/python3.12/site-packages/oslo_config/cfg.py:3256}}
May 26 15:28:13.952411 np0000001430 nova-scheduler[95774]: DEBUG cotyledon.oslo_config_glue [-] oslo_limit.endpoint_service_type = None {{(pid=95774) log_opt_values /opt/stack/data/venv/lib/python3.12/site-packages/oslo_config/cfg.py:3256}}
May 26 15:28:13.952440 np0000001430 nova-scheduler[95774]: DEBUG cotyledon.oslo_config_glue [-] oslo_limit.insecure = False {{(pid=95774) log_opt_values /opt/stack/data/venv/lib/python3.12/site-packages/oslo_config/cfg.py:3256}}
May 26 15:28:13.952493 np0000001430 nova-scheduler[95774]: DEBUG cotyledon.oslo_config_glue [-] oslo_limit.keyfile = None {{(pid=95774) log_opt_values /opt/stack/data/venv/lib/python3.12/site-packages/oslo_config/cfg.py:3256}}
May 26 15:28:13.952529 np0000001430 nova-scheduler[95774]: DEBUG cotyledon.oslo_config_glue [-] oslo_limit.max_version = None {{(pid=95774) log_opt_values /opt/stack/data/venv/lib/python3.12/site-packages/oslo_config/cfg.py:3256}}
May 26 15:28:13.952567 np0000001430 nova-scheduler[95774]: DEBUG cotyledon.oslo_config_glue [-] oslo_limit.min_version = None {{(pid=95774) log_opt_values /opt/stack/data/venv/lib/python3.12/site-packages/oslo_config/cfg.py:3256}}
May 26 15:28:13.952601 np0000001430 nova-scheduler[95774]: DEBUG cotyledon.oslo_config_glue [-] oslo_limit.region_name = None {{(pid=95774) log_opt_values /opt/stack/data/venv/lib/python3.12/site-packages/oslo_config/cfg.py:3256}}
May 26 15:28:13.952641 np0000001430 nova-scheduler[95774]: DEBUG cotyledon.oslo_config_glue [-] oslo_limit.retriable_status_codes = None {{(pid=95774) log_opt_values /opt/stack/data/venv/lib/python3.12/site-packages/oslo_config/cfg.py:3256}}
May 26 15:28:13.952685 np0000001430 nova-scheduler[95774]: DEBUG cotyledon.oslo_config_glue [-] oslo_limit.service_name = None {{(pid=95774) log_opt_values /opt/stack/data/venv/lib/python3.12/site-packages/oslo_config/cfg.py:3256}}
May 26 15:28:13.952730 np0000001430 nova-scheduler[95774]: DEBUG cotyledon.oslo_config_glue [-] oslo_limit.service_type = None {{(pid=95774) log_opt_values /opt/stack/data/venv/lib/python3.12/site-packages/oslo_config/cfg.py:3256}}
May 26 15:28:13.952769 np0000001430 nova-scheduler[95774]: DEBUG cotyledon.oslo_config_glue [-] oslo_limit.split_loggers = False {{(pid=95774) log_opt_values /opt/stack/data/venv/lib/python3.12/site-packages/oslo_config/cfg.py:3256}}
May 26 15:28:13.952807 np0000001430 nova-scheduler[95774]: DEBUG cotyledon.oslo_config_glue [-] oslo_limit.status_code_retries = None {{(pid=95774) log_opt_values /opt/stack/data/venv/lib/python3.12/site-packages/oslo_config/cfg.py:3256}}
May 26 15:28:13.952844 np0000001430 nova-scheduler[95774]: DEBUG cotyledon.oslo_config_glue [-] oslo_limit.status_code_retry_delay = None {{(pid=95774) log_opt_values /opt/stack/data/venv/lib/python3.12/site-packages/oslo_config/cfg.py:3256}}
May 26 15:28:13.952882 np0000001430 nova-scheduler[95774]: DEBUG cotyledon.oslo_config_glue [-] oslo_limit.timeout = None {{(pid=95774) log_opt_values /opt/stack/data/venv/lib/python3.12/site-packages/oslo_config/cfg.py:3256}}
May 26 15:28:13.952934 np0000001430 nova-scheduler[95774]: DEBUG cotyledon.oslo_config_glue [-] oslo_limit.valid_interfaces = None {{(pid=95774) log_opt_values /opt/stack/data/venv/lib/python3.12/site-packages/oslo_config/cfg.py:3256}}
May 26 15:28:13.952969 np0000001430 nova-scheduler[95774]: DEBUG cotyledon.oslo_config_glue [-] oslo_limit.version = None {{(pid=95774) log_opt_values /opt/stack/data/venv/lib/python3.12/site-packages/oslo_config/cfg.py:3256}}
May 26 15:28:13.953042 np0000001430 nova-scheduler[95774]: DEBUG cotyledon.oslo_config_glue [-] oslo_reports.file_event_handler = None {{(pid=95774) log_opt_values /opt/stack/data/venv/lib/python3.12/site-packages/oslo_config/cfg.py:3256}}
May 26 15:28:13.953103 np0000001430 nova-scheduler[95774]: DEBUG cotyledon.oslo_config_glue [-] oslo_reports.file_event_handler_interval = 1 {{(pid=95774) log_opt_values /opt/stack/data/venv/lib/python3.12/site-packages/oslo_config/cfg.py:3256}}
May 26 15:28:13.953156 np0000001430 nova-scheduler[95774]: DEBUG cotyledon.oslo_config_glue [-] oslo_reports.log_dir = None {{(pid=95774) log_opt_values /opt/stack/data/venv/lib/python3.12/site-packages/oslo_config/cfg.py:3256}}
May 26 15:28:13.953196 np0000001430 nova-scheduler[95774]: DEBUG cotyledon.oslo_config_glue [-] ******************************************************************************** {{(pid=95774) log_opt_values /opt/stack/data/venv/lib/python3.12/site-packages/oslo_config/cfg.py:3263}}
May 26 15:28:13.953335 np0000001430 nova-scheduler[95774]: DEBUG cotyledon._service_worker [-] Run service ServiceWrapper(2) [95774] {{(pid=95774) wait_forever /opt/stack/data/venv/lib/python3.12/site-packages/cotyledon/_service_worker.py:218}}
May 26 15:28:13.954292 np0000001430 nova-scheduler[95774]: INFO nova.service [-] Starting scheduler node (version 33.1.0)
May 26 15:28:13.955794 np0000001430 nova-scheduler[95770]: DEBUG oslo_db.sqlalchemy.engines [None req-3690eee5-8027-4633-b2fe-ed80be1398aa None None] MySQL server mode set to STRICT_TRANS_TABLES,STRICT_ALL_TABLES,NO_ZERO_IN_DATE,NO_ZERO_DATE,ERROR_FOR_DIVISION_BY_ZERO,TRADITIONAL,NO_ENGINE_SUBSTITUTION {{(pid=95770) _check_effective_sql_mode /opt/stack/data/venv/lib/python3.12/site-packages/oslo_db/sqlalchemy/engines.py:325}}
May 26 15:28:13.957893 np0000001430 nova-scheduler[95774]: INFO dbcounter [None req-d9c8d607-2272-4756-a91d-37ac36b0d3d9 None None] Registered counter for database nova_cell0
May 26 15:28:13.964257 np0000001430 nova-scheduler[95770]: DEBUG dbcounter [-] [95770] Writer thread running {{(pid=95770) stat_writer /opt/stack/data/venv/lib/python3.12/site-packages/dbcounter.py:102}}
May 26 15:28:13.975389 np0000001430 nova-scheduler[95772]: DEBUG oslo_db.sqlalchemy.engines [None req-e3649b48-9818-406a-9cfa-7c7aab514c32 None None] MySQL server mode set to STRICT_TRANS_TABLES,STRICT_ALL_TABLES,NO_ZERO_IN_DATE,NO_ZERO_DATE,ERROR_FOR_DIVISION_BY_ZERO,TRADITIONAL,NO_ENGINE_SUBSTITUTION {{(pid=95772) _check_effective_sql_mode /opt/stack/data/venv/lib/python3.12/site-packages/oslo_db/sqlalchemy/engines.py:325}}
May 26 15:28:13.977293 np0000001430 nova-scheduler[95770]: DEBUG nova.service [None req-3690eee5-8027-4633-b2fe-ed80be1398aa None None] Creating RPC server for service: nova-scheduler on topic: scheduler {{(pid=95770) start /opt/stack/nova/nova/service.py:195}}
May 26 15:28:13.987515 np0000001430 nova-scheduler[95772]: DEBUG dbcounter [-] [95772] Writer thread running {{(pid=95772) stat_writer /opt/stack/data/venv/lib/python3.12/site-packages/dbcounter.py:102}}
May 26 15:28:13.991763 np0000001430 nova-scheduler[95772]: DEBUG nova.service [None req-e3649b48-9818-406a-9cfa-7c7aab514c32 None None] Creating RPC server for service: nova-scheduler on topic: scheduler {{(pid=95772) start /opt/stack/nova/nova/service.py:195}}
May 26 15:28:13.993253 np0000001430 nova-scheduler[95774]: DEBUG oslo_db.sqlalchemy.engines [None req-d9c8d607-2272-4756-a91d-37ac36b0d3d9 None None] MySQL server mode set to STRICT_TRANS_TABLES,STRICT_ALL_TABLES,NO_ZERO_IN_DATE,NO_ZERO_DATE,ERROR_FOR_DIVISION_BY_ZERO,TRADITIONAL,NO_ENGINE_SUBSTITUTION {{(pid=95774) _check_effective_sql_mode /opt/stack/data/venv/lib/python3.12/site-packages/oslo_db/sqlalchemy/engines.py:325}}
May 26 15:28:14.001572 np0000001430 nova-scheduler[95774]: DEBUG dbcounter [-] [95774] Writer thread running {{(pid=95774) stat_writer /opt/stack/data/venv/lib/python3.12/site-packages/dbcounter.py:102}}
May 26 15:28:14.004188 np0000001430 nova-scheduler[95774]: DEBUG nova.service [None req-d9c8d607-2272-4756-a91d-37ac36b0d3d9 None None] Creating RPC server for service: nova-scheduler on topic: scheduler {{(pid=95774) start /opt/stack/nova/nova/service.py:195}}
May 26 15:28:14.012884 np0000001430 nova-scheduler[95770]: DEBUG nova.service [None req-3690eee5-8027-4633-b2fe-ed80be1398aa None None] Join ServiceGroup membership for this service scheduler {{(pid=95770) start /opt/stack/nova/nova/service.py:221}}
May 26 15:28:14.013141 np0000001430 nova-scheduler[95770]: DEBUG nova.servicegroup.drivers.db [None req-3690eee5-8027-4633-b2fe-ed80be1398aa None None] DB_Driver: join new ServiceGroup member np0000001430 to the scheduler group, service = {{(pid=95770) join /opt/stack/nova/nova/servicegroup/drivers/db.py:44}}
May 26 15:28:14.014509 np0000001430 nova-scheduler[95772]: DEBUG nova.service [None req-e3649b48-9818-406a-9cfa-7c7aab514c32 None None] Join ServiceGroup membership for this service scheduler {{(pid=95772) start /opt/stack/nova/nova/service.py:221}}
May 26 15:28:14.014722 np0000001430 nova-scheduler[95772]: DEBUG nova.servicegroup.drivers.db [None req-e3649b48-9818-406a-9cfa-7c7aab514c32 None None] DB_Driver: join new ServiceGroup member np0000001430 to the scheduler group, service = {{(pid=95772) join /opt/stack/nova/nova/servicegroup/drivers/db.py:44}}
May 26 15:28:14.023206 np0000001430 nova-scheduler[95774]: DEBUG nova.service [None req-d9c8d607-2272-4756-a91d-37ac36b0d3d9 None None] Join ServiceGroup membership for this service scheduler {{(pid=95774) start /opt/stack/nova/nova/service.py:221}}
May 26 15:28:14.023506 np0000001430 nova-scheduler[95774]: DEBUG nova.servicegroup.drivers.db [None req-d9c8d607-2272-4756-a91d-37ac36b0d3d9 None None] DB_Driver: join new ServiceGroup member np0000001430 to the scheduler group, service = {{(pid=95774) join /opt/stack/nova/nova/servicegroup/drivers/db.py:44}}
May 26 15:28:19.029806 np0000001430 nova-scheduler[95770]: DEBUG oslo.service.backend._threading.loopingcall [-] Fixed interval looping call 'nova.servicegroup.drivers.db.DbDriver._report_state' sleeping for 119.98 seconds {{(pid=95770) _run_loop /opt/stack/data/venv/lib/python3.12/site-packages/oslo_service/backend/_threading/loopingcall.py:125}}
May 26 15:28:19.030436 np0000001430 nova-scheduler[95772]: DEBUG oslo.service.backend._threading.loopingcall [-] Fixed interval looping call 'nova.servicegroup.drivers.db.DbDriver._report_state' sleeping for 119.99 seconds {{(pid=95772) _run_loop /opt/stack/data/venv/lib/python3.12/site-packages/oslo_service/backend/_threading/loopingcall.py:125}}
May 26 15:28:19.033647 np0000001430 nova-scheduler[95774]: DEBUG oslo.service.backend._threading.loopingcall [-] Fixed interval looping call 'nova.servicegroup.drivers.db.DbDriver._report_state' sleeping for 119.99 seconds {{(pid=95774) _run_loop /opt/stack/data/venv/lib/python3.12/site-packages/oslo_service/backend/_threading/loopingcall.py:125}}
May 26 15:28:22.605830 np0000001430 nova-scheduler[94484]: DEBUG dbcounter [-] [94484] Writing DB stats nova_api:SELECT=3 {{(pid=94484) stat_writer /opt/stack/data/venv/lib/python3.12/site-packages/dbcounter.py:115}}
May 26 15:28:22.743717 np0000001430 nova-scheduler[94484]: DEBUG dbcounter [-] [94484] Writing DB stats nova_cell0:SELECT=1 {{(pid=94484) stat_writer /opt/stack/data/venv/lib/python3.12/site-packages/dbcounter.py:115}}
May 26 15:28:22.746857 np0000001430 nova-scheduler[94484]: DEBUG dbcounter [-] [94484] Writing DB stats nova_cell1:SELECT=1 {{(pid=94484) stat_writer /opt/stack/data/venv/lib/python3.12/site-packages/dbcounter.py:115}}
May 26 15:28:29.027999 np0000001430 nova-scheduler[95770]: DEBUG dbcounter [-] [95770] Writing DB stats nova_cell0:SELECT=4,nova_cell0:INSERT=1,nova_cell0:UPDATE=1 {{(pid=95770) stat_writer /opt/stack/data/venv/lib/python3.12/site-packages/dbcounter.py:115}}
May 26 15:28:29.028342 np0000001430 nova-scheduler[95772]: DEBUG dbcounter [-] [95772] Writing DB stats nova_cell0:SELECT=3,nova_cell0:UPDATE=1 {{(pid=95772) stat_writer /opt/stack/data/venv/lib/python3.12/site-packages/dbcounter.py:115}}
May 26 15:28:29.031000 np0000001430 nova-scheduler[95774]: DEBUG dbcounter [-] [95774] Writing DB stats nova_cell0:SELECT=3 {{(pid=95774) stat_writer /opt/stack/data/venv/lib/python3.12/site-packages/dbcounter.py:115}}
May 26 15:28:44.014679 np0000001430 nova-scheduler[95770]: DEBUG oslo.service.backend._threading.loopingcall [None req-07cc5d7d-aae6-48b2-8ff3-6e8f40837b65 None None] Dynamic interval looping call 'nova.service.Service.periodic_tasks' sleeping for 60.00 seconds {{(pid=95770) _run_loop /opt/stack/data/venv/lib/python3.12/site-packages/oslo_service/backend/_threading/loopingcall.py:125}}
May 26 15:28:46.017029 np0000001430 nova-scheduler[95772]: DEBUG oslo.service.backend._threading.loopingcall [None req-b7a2d22f-01e1-4daa-8798-2b333fd544a1 None None] Dynamic interval looping call 'nova.service.Service.periodic_tasks' sleeping for 60.00 seconds {{(pid=95772) _run_loop /opt/stack/data/venv/lib/python3.12/site-packages/oslo_service/backend/_threading/loopingcall.py:125}}
May 26 15:29:00.025589 np0000001430 nova-scheduler[95774]: DEBUG oslo.service.backend._threading.loopingcall [None req-52a9db93-52e2-4068-a341-058b8edba9ad None None] Dynamic interval looping call 'nova.service.Service.periodic_tasks' sleeping for 60.00 seconds {{(pid=95774) _run_loop /opt/stack/data/venv/lib/python3.12/site-packages/oslo_service/backend/_threading/loopingcall.py:125}}
May 26 15:29:44.015381 np0000001430 nova-scheduler[95770]: DEBUG oslo.service.backend._threading.loopingcall [None req-07cc5d7d-aae6-48b2-8ff3-6e8f40837b65 None None] Dynamic interval looping call 'nova.service.Service.periodic_tasks' sleeping for 60.00 seconds {{(pid=95770) _run_loop /opt/stack/data/venv/lib/python3.12/site-packages/oslo_service/backend/_threading/loopingcall.py:125}}
May 26 15:29:46.018329 np0000001430 nova-scheduler[95772]: DEBUG oslo.service.backend._threading.loopingcall [None req-b7a2d22f-01e1-4daa-8798-2b333fd544a1 None None] Dynamic interval looping call 'nova.service.Service.periodic_tasks' sleeping for 60.00 seconds {{(pid=95772) _run_loop /opt/stack/data/venv/lib/python3.12/site-packages/oslo_service/backend/_threading/loopingcall.py:125}}
May 26 15:30:00.026158 np0000001430 nova-scheduler[95774]: DEBUG oslo.service.backend._threading.loopingcall [None req-52a9db93-52e2-4068-a341-058b8edba9ad None None] Dynamic interval looping call 'nova.service.Service.periodic_tasks' sleeping for 60.00 seconds {{(pid=95774) _run_loop /opt/stack/data/venv/lib/python3.12/site-packages/oslo_service/backend/_threading/loopingcall.py:125}}
May 26 15:30:19.016857 np0000001430 nova-scheduler[95770]: DEBUG oslo.service.backend._threading.loopingcall [-] Fixed interval looping call 'nova.servicegroup.drivers.db.DbDriver._report_state' sleeping for 119.99 seconds {{(pid=95770) _run_loop /opt/stack/data/venv/lib/python3.12/site-packages/oslo_service/backend/_threading/loopingcall.py:125}}
May 26 15:30:19.024115 np0000001430 nova-scheduler[95772]: DEBUG oslo.service.backend._threading.loopingcall [-] Fixed interval looping call 'nova.servicegroup.drivers.db.DbDriver._report_state' sleeping for 120.00 seconds {{(pid=95772) _run_loop /opt/stack/data/venv/lib/python3.12/site-packages/oslo_service/backend/_threading/loopingcall.py:125}}
May 26 15:30:19.027304 np0000001430 nova-scheduler[95774]: DEBUG oslo.service.backend._threading.loopingcall [-] Fixed interval looping call 'nova.servicegroup.drivers.db.DbDriver._report_state' sleeping for 120.00 seconds {{(pid=95774) _run_loop /opt/stack/data/venv/lib/python3.12/site-packages/oslo_service/backend/_threading/loopingcall.py:125}}
May 26 15:30:29.013595 np0000001430 nova-scheduler[95770]: DEBUG dbcounter [-] [95770] Writing DB stats nova_cell0:SELECT=1,nova_cell0:UPDATE=1 {{(pid=95770) stat_writer /opt/stack/data/venv/lib/python3.12/site-packages/dbcounter.py:115}}
May 26 15:30:29.022364 np0000001430 nova-scheduler[95772]: DEBUG dbcounter [-] [95772] Writing DB stats nova_cell0:SELECT=1 {{(pid=95772) stat_writer /opt/stack/data/venv/lib/python3.12/site-packages/dbcounter.py:115}}
May 26 15:30:29.025542 np0000001430 nova-scheduler[95774]: DEBUG dbcounter [-] [95774] Writing DB stats nova_cell0:SELECT=1 {{(pid=95774) stat_writer /opt/stack/data/venv/lib/python3.12/site-packages/dbcounter.py:115}}
May 26 15:30:44.015845 np0000001430 nova-scheduler[95770]: DEBUG oslo.service.backend._threading.loopingcall [None req-07cc5d7d-aae6-48b2-8ff3-6e8f40837b65 None None] Dynamic interval looping call 'nova.service.Service.periodic_tasks' sleeping for 60.00 seconds {{(pid=95770) _run_loop /opt/stack/data/venv/lib/python3.12/site-packages/oslo_service/backend/_threading/loopingcall.py:125}}
May 26 15:30:46.018761 np0000001430 nova-scheduler[95772]: DEBUG oslo.service.backend._threading.loopingcall [None req-b7a2d22f-01e1-4daa-8798-2b333fd544a1 None None] Dynamic interval looping call 'nova.service.Service.periodic_tasks' sleeping for 60.00 seconds {{(pid=95772) _run_loop /opt/stack/data/venv/lib/python3.12/site-packages/oslo_service/backend/_threading/loopingcall.py:125}}
May 26 15:31:00.026624 np0000001430 nova-scheduler[95774]: DEBUG oslo.service.backend._threading.loopingcall [None req-52a9db93-52e2-4068-a341-058b8edba9ad None None] Dynamic interval looping call 'nova.service.Service.periodic_tasks' sleeping for 60.00 seconds {{(pid=95774) _run_loop /opt/stack/data/venv/lib/python3.12/site-packages/oslo_service/backend/_threading/loopingcall.py:125}}
May 26 15:31:15.986224 np0000001430 nova-scheduler[95770]: DEBUG nova.scheduler.manager [None req-579ee7cc-36df-4125-b0e3-b4792c2e06ce tempest-AttachVolumeMultiAttachTest-125888713 tempest-AttachVolumeMultiAttachTest-125888713-project-member] Starting to schedule for instances: ['2e7b4c47-4518-49bb-a6db-a1b6b07c80c3'] {{(pid=95770) select_destinations /opt/stack/nova/nova/scheduler/manager.py:210}}
May 26 15:31:15.987170 np0000001430 nova-scheduler[95770]: DEBUG nova.scheduler.request_filter [None req-579ee7cc-36df-4125-b0e3-b4792c2e06ce tempest-AttachVolumeMultiAttachTest-125888713 tempest-AttachVolumeMultiAttachTest-125888713-project-member] compute_status_filter request filter added forbidden trait COMPUTE_STATUS_DISABLED {{(pid=95770) compute_status_filter /opt/stack/nova/nova/scheduler/request_filter.py:253}}
May 26 15:31:15.987294 np0000001430 nova-scheduler[95770]: DEBUG nova.scheduler.request_filter [None req-579ee7cc-36df-4125-b0e3-b4792c2e06ce tempest-AttachVolumeMultiAttachTest-125888713 tempest-AttachVolumeMultiAttachTest-125888713-project-member] Request filter 'compute_status_filter' took 0.0 seconds {{(pid=95770) wrapper /opt/stack/nova/nova/scheduler/request_filter.py:46}}
May 26 15:31:15.987500 np0000001430 nova-scheduler[95770]: DEBUG nova.scheduler.request_filter [None req-579ee7cc-36df-4125-b0e3-b4792c2e06ce tempest-AttachVolumeMultiAttachTest-125888713 tempest-AttachVolumeMultiAttachTest-125888713-project-member] Request filter 'accelerators_filter' took 0.0 seconds {{(pid=95770) wrapper /opt/stack/nova/nova/scheduler/request_filter.py:46}}
May 26 15:31:15.987750 np0000001430 nova-scheduler[95770]: DEBUG nova.scheduler.request_filter [None req-579ee7cc-36df-4125-b0e3-b4792c2e06ce tempest-AttachVolumeMultiAttachTest-125888713 tempest-AttachVolumeMultiAttachTest-125888713-project-member] Request filter 'packed_virtqueue_filter' took 0.0 seconds {{(pid=95770) wrapper /opt/stack/nova/nova/scheduler/request_filter.py:46}}
May 26 15:31:15.988392 np0000001430 nova-scheduler[95770]: DEBUG nova.scheduler.request_filter [None req-579ee7cc-36df-4125-b0e3-b4792c2e06ce tempest-AttachVolumeMultiAttachTest-125888713 tempest-AttachVolumeMultiAttachTest-125888713-project-member] Request filter 'remote_managed_ports_filter' took 0.0 seconds {{(pid=95770) wrapper /opt/stack/nova/nova/scheduler/request_filter.py:46}}
May 26 15:31:15.988531 np0000001430 nova-scheduler[95770]: DEBUG nova.scheduler.request_filter [None req-579ee7cc-36df-4125-b0e3-b4792c2e06ce tempest-AttachVolumeMultiAttachTest-125888713 tempest-AttachVolumeMultiAttachTest-125888713-project-member] ephemeral_encryption_filter skipped {{(pid=95770) ephemeral_encryption_filter /opt/stack/nova/nova/scheduler/request_filter.py:426}}
May 26 15:31:15.988721 np0000001430 nova-scheduler[95770]: DEBUG nova.scheduler.request_filter [None req-579ee7cc-36df-4125-b0e3-b4792c2e06ce tempest-AttachVolumeMultiAttachTest-125888713 tempest-AttachVolumeMultiAttachTest-125888713-project-member] virtio_sound_filter skipped {{(pid=95770) virtio_sound_filter /opt/stack/nova/nova/scheduler/request_filter.py:460}}
May 26 15:31:15.988889 np0000001430 nova-scheduler[95770]: DEBUG nova.scheduler.request_filter [None req-579ee7cc-36df-4125-b0e3-b4792c2e06ce tempest-AttachVolumeMultiAttachTest-125888713 tempest-AttachVolumeMultiAttachTest-125888713-project-member] tpm_secret_security_filter skipped {{(pid=95770) tpm_secret_security_filter /opt/stack/nova/nova/scheduler/request_filter.py:477}}
May 26 15:31:16.631944 np0000001430 nova-scheduler[95770]: INFO nova.utils [None req-579ee7cc-36df-4125-b0e3-b4792c2e06ce tempest-AttachVolumeMultiAttachTest-125888713 tempest-AttachVolumeMultiAttachTest-125888713-project-member] The cell worker thread pool ForkProcess-1.cell_worker is initialized
May 26 15:31:16.633914 np0000001430 nova-scheduler[95770]: DEBUG oslo_concurrency.lockutils [None req-579ee7cc-36df-4125-b0e3-b4792c2e06ce tempest-AttachVolumeMultiAttachTest-125888713 tempest-AttachVolumeMultiAttachTest-125888713-project-member] Acquiring lock "4e22721d-6a7a-4eb5-846c-02d891a9f95d" by "nova.context.set_target_cell..get_or_set_cached_cell_and_set_connections" {{(pid=95770) inner /opt/stack/data/venv/lib/python3.12/site-packages/oslo_concurrency/lockutils.py:511}}
May 26 15:31:16.633914 np0000001430 nova-scheduler[95770]: DEBUG oslo_concurrency.lockutils [None req-579ee7cc-36df-4125-b0e3-b4792c2e06ce tempest-AttachVolumeMultiAttachTest-125888713 tempest-AttachVolumeMultiAttachTest-125888713-project-member] Lock "4e22721d-6a7a-4eb5-846c-02d891a9f95d" acquired by "nova.context.set_target_cell..get_or_set_cached_cell_and_set_connections" :: waited 0.000s {{(pid=95770) inner /opt/stack/data/venv/lib/python3.12/site-packages/oslo_concurrency/lockutils.py:524}}
May 26 15:31:16.635730 np0000001430 nova-scheduler[95770]: DEBUG oslo_concurrency.lockutils [None req-579ee7cc-36df-4125-b0e3-b4792c2e06ce tempest-AttachVolumeMultiAttachTest-125888713 tempest-AttachVolumeMultiAttachTest-125888713-project-member] Lock "4e22721d-6a7a-4eb5-846c-02d891a9f95d" "released" by "nova.context.set_target_cell..get_or_set_cached_cell_and_set_connections" :: held 0.003s {{(pid=95770) inner /opt/stack/data/venv/lib/python3.12/site-packages/oslo_concurrency/lockutils.py:543}}
May 26 15:31:16.637592 np0000001430 nova-scheduler[95770]: INFO dbcounter [None req-579ee7cc-36df-4125-b0e3-b4792c2e06ce tempest-AttachVolumeMultiAttachTest-125888713 tempest-AttachVolumeMultiAttachTest-125888713-project-member] Registered counter for database nova_cell1
May 26 15:31:16.680446 np0000001430 nova-scheduler[95770]: DEBUG oslo_db.sqlalchemy.engines [None req-579ee7cc-36df-4125-b0e3-b4792c2e06ce tempest-AttachVolumeMultiAttachTest-125888713 tempest-AttachVolumeMultiAttachTest-125888713-project-member] MySQL server mode set to STRICT_TRANS_TABLES,STRICT_ALL_TABLES,NO_ZERO_IN_DATE,NO_ZERO_DATE,ERROR_FOR_DIVISION_BY_ZERO,TRADITIONAL,NO_ENGINE_SUBSTITUTION {{(pid=95770) _check_effective_sql_mode /opt/stack/data/venv/lib/python3.12/site-packages/oslo_db/sqlalchemy/engines.py:325}}
May 26 15:31:16.686050 np0000001430 nova-scheduler[95770]: DEBUG dbcounter [-] [95770] Writer thread running {{(pid=95770) stat_writer /opt/stack/data/venv/lib/python3.12/site-packages/dbcounter.py:102}}
May 26 15:31:16.698671 np0000001430 nova-scheduler[95770]: DEBUG oslo_db.sqlalchemy.engines [None req-579ee7cc-36df-4125-b0e3-b4792c2e06ce tempest-AttachVolumeMultiAttachTest-125888713 tempest-AttachVolumeMultiAttachTest-125888713-project-member] Parent process 94484 forked (95770) with an open database connection, which is being discarded and recreated. {{(pid=95770) checkout /opt/stack/data/venv/lib/python3.12/site-packages/oslo_db/sqlalchemy/engines.py:402}}
May 26 15:31:16.754994 np0000001430 nova-scheduler[95770]: DEBUG dbcounter [-] [95770] Writer thread running {{(pid=95770) stat_writer /opt/stack/data/venv/lib/python3.12/site-packages/dbcounter.py:102}}
May 26 15:31:16.765944 np0000001430 nova-scheduler[95770]: DEBUG oslo_concurrency.lockutils [None req-579ee7cc-36df-4125-b0e3-b4792c2e06ce tempest-AttachVolumeMultiAttachTest-125888713 tempest-AttachVolumeMultiAttachTest-125888713-project-member] Acquiring lock "4e22721d-6a7a-4eb5-846c-02d891a9f95d" by "nova.context.set_target_cell..get_or_set_cached_cell_and_set_connections" {{(pid=95770) inner /opt/stack/data/venv/lib/python3.12/site-packages/oslo_concurrency/lockutils.py:511}}
May 26 15:31:16.765944 np0000001430 nova-scheduler[95770]: DEBUG oslo_concurrency.lockutils [None req-579ee7cc-36df-4125-b0e3-b4792c2e06ce tempest-AttachVolumeMultiAttachTest-125888713 tempest-AttachVolumeMultiAttachTest-125888713-project-member] Lock "4e22721d-6a7a-4eb5-846c-02d891a9f95d" acquired by "nova.context.set_target_cell..get_or_set_cached_cell_and_set_connections" :: waited 0.000s {{(pid=95770) inner /opt/stack/data/venv/lib/python3.12/site-packages/oslo_concurrency/lockutils.py:524}}
May 26 15:31:16.765944 np0000001430 nova-scheduler[95770]: DEBUG oslo_concurrency.lockutils [None req-579ee7cc-36df-4125-b0e3-b4792c2e06ce tempest-AttachVolumeMultiAttachTest-125888713 tempest-AttachVolumeMultiAttachTest-125888713-project-member] Lock "4e22721d-6a7a-4eb5-846c-02d891a9f95d" "released" by "nova.context.set_target_cell..get_or_set_cached_cell_and_set_connections" :: held 0.000s {{(pid=95770) inner /opt/stack/data/venv/lib/python3.12/site-packages/oslo_concurrency/lockutils.py:543}}
May 26 15:31:16.768315 np0000001430 nova-scheduler[95770]: DEBUG oslo_concurrency.lockutils [None req-579ee7cc-36df-4125-b0e3-b4792c2e06ce tempest-AttachVolumeMultiAttachTest-125888713 tempest-AttachVolumeMultiAttachTest-125888713-project-member] Acquiring lock "('np0000001430', 'np0000001430')" by "nova.scheduler.host_manager.HostState.update.._locked_update" {{(pid=95770) inner /opt/stack/data/venv/lib/python3.12/site-packages/oslo_concurrency/lockutils.py:511}}
May 26 15:31:16.768475 np0000001430 nova-scheduler[95770]: DEBUG oslo_concurrency.lockutils [None req-579ee7cc-36df-4125-b0e3-b4792c2e06ce tempest-AttachVolumeMultiAttachTest-125888713 tempest-AttachVolumeMultiAttachTest-125888713-project-member] Lock "('np0000001430', 'np0000001430')" acquired by "nova.scheduler.host_manager.HostState.update.._locked_update" :: waited 0.000s {{(pid=95770) inner /opt/stack/data/venv/lib/python3.12/site-packages/oslo_concurrency/lockutils.py:524}}
May 26 15:31:16.769768 np0000001430 nova-scheduler[95770]: DEBUG nova.scheduler.host_manager [None req-579ee7cc-36df-4125-b0e3-b4792c2e06ce tempest-AttachVolumeMultiAttachTest-125888713 tempest-AttachVolumeMultiAttachTest-125888713-project-member] Update host state from compute node: ComputeNode(cpu_allocation_ratio=4.0,cpu_info='{"arch": "x86_64", "model": "EPYC-Milan", "vendor": "AMD", "topology": {"cells": 1, "sockets": 12, "cores": 1, "threads": 1}, "maxphysaddr": {"mode": "emulate", "bits": 40}, "features": ["clflushopt", "amd-stibp", "pcid", "cx16", "topoext", "flushbyasid", "ssbd", "pse36", "rdtscp", "virt-ssbd", "wbnoinvd", "fsrm", "lfence-always-serializing", "ssse3", "bmi1", "cx8", "rdrand", "fxsr_opt", "smep", "xsave", "avx2", "tsc", "abm", "erms", "3dnowprefetch", "pschange-mc-no", "popcnt", "tsc-deadline", "no-nested-data-bp", "amd-psfd", "sep", "xsaveerptr", "lahf_lm", "stibp-always-on", "mmxext", "mtrr", "vme", "de", "sse4.1", "sse4.2", "xsavec", "f16c", "arch-capabilities", "pni", "fpu", "nx", "cmp_legacy", "null-sel-clr-base", "msr", "npt", "stibp", "skip-l1dfl-vmentry", "mce", "vaes", "ibpb", "pfthreshold", "osvw", "clzero", "xsaveopt", "fsgsbase", "misalignsse", "sha-ni", "v-vmsave-vmload", "avx", "aes", "cmov", "tsc-scale", "arat", "rdctl-no", "rdseed", "sse", "cr8legacy", "x2apic", "xsaves", "pclmuldq", "pae", "movbe", "rdpid", "vgif", "clwb", "vpclmulqdq", "svme-addr-chk", "umip", "spec-ctrl", "mds-no", "lm", "smap", "syscall", "hypervisor", "sse2", "adx", "ibrs", "pause-filter", "pge", "sse4a", "invpcid", "bmi2", "nrip-save", "mmx", "pat", "gds-no", "pku", "svm", "lbrv", "mca", "pse", "tsc_adjust", "apic", "perfctr_core", "pdpe1gb", "fxsr", "amd-ssbd", "clflush", "fma", "xgetbv1", "vmcb-clean"]}',created_at=2026-05-26T15:28:39Z,current_workload=0,deleted=False,deleted_at=None,disk_allocation_ratio=1.0,disk_available_least=74,free_disk_gb=95,free_ram_mb=23518,host='np0000001430',host_ip=10.4.3.48,hypervisor_hostname='np0000001430',hypervisor_type='QEMU',hypervisor_version=8002002,id=1,local_gb=95,local_gb_used=0,mapped=1,memory_mb=24030,memory_mb_used=512,metrics='[]',numa_topology='{"nova_object.name": "NUMATopology", "nova_object.namespace": "nova", "nova_object.version": "1.2", "nova_object.data": {"cells": [{"nova_object.name": "NUMACell", "nova_object.namespace": "nova", "nova_object.version": "1.5", "nova_object.data": {"id": 0, "cpuset": [0, 1, 2, 3, 4, 5, 6, 7, 8, 9, 10, 11], "pcpuset": [0, 1, 2, 3, 4, 5, 6, 7, 8, 9, 10, 11], "memory": 24030, "cpu_usage": 0, "memory_usage": 0, "pinned_cpus": [], "siblings": [[6], [2], [5], [11], [8], [4], [1], [7], [10], [0], [3], [9]], "mempages": [{"nova_object.name": "NUMAPagesTopology", "nova_object.namespace": "nova", "nova_object.version": "1.1", "nova_object.data": {"size_kb": 4, "total": 6151796, "used": 0, "reserved": 0}, "nova_object.changes": ["reserved", "total", "size_kb", "used"]}, {"nova_object.name": "NUMAPagesTopology", "nova_object.namespace": "nova", "nova_object.version": "1.1", "nova_object.data": {"size_kb": 2048, "total": 0, "used": 0, "reserved": 0}, "nova_object.changes": ["reserved", "total", "size_kb", "used"]}, {"nova_object.name": "NUMAPagesTopology", "nova_object.namespace": "nova", "nova_object.version": "1.1", "nova_object.data": {"size_kb": 1048576, "total": 0, "used": 0, "reserved": 0}, "nova_object.changes": ["reserved", "total", "size_kb", "used"]}], "network_metadata": {"nova_object.name": "NetworkMetadata", "nova_object.namespace": "nova", "nova_object.version": "1.0", "nova_object.data": {"physnets": [], "tunneled": false}, "nova_object.changes": ["physnets", "tunneled"]}, "socket": null}, "nova_object.changes": ["id", "cpu_usage", "network_metadata", "cpuset", "socket", "memory_usage", "siblings", "memory", "mempages", "pcpuset", "pinned_cpus"]}]}, "nova_object.changes": ["cells"]}',pci_device_pools=PciDevicePoolList,ram_allocation_ratio=1.0,running_vms=0,service_id=2,stats={failed_builds='0',uptime=' 15:30:24 up 30 min, 2 users, load average: 1.14, 1.36, 0.81
May 26 15:31:16.769768 np0000001430 nova-scheduler[95770]: '},supported_hv_specs=[HVSpec,HVSpec,HVSpec,HVSpec,HVSpec,HVSpec,HVSpec,HVSpec,HVSpec,HVSpec,HVSpec,HVSpec,HVSpec,HVSpec,HVSpec,HVSpec,HVSpec,HVSpec,HVSpec,HVSpec,HVSpec,HVSpec,HVSpec,HVSpec,HVSpec],updated_at=2026-05-26T15:30:26Z,uuid=a5f1ab39-ffb5-4082-8694-ab040a602560,vcpus=12,vcpus_used=0) {{(pid=95770) _locked_update /opt/stack/nova/nova/scheduler/host_manager.py:168}}
May 26 15:31:16.770475 np0000001430 nova-scheduler[95770]: DEBUG nova.scheduler.host_manager [None req-579ee7cc-36df-4125-b0e3-b4792c2e06ce tempest-AttachVolumeMultiAttachTest-125888713 tempest-AttachVolumeMultiAttachTest-125888713-project-member] Update host state with aggregates: [] {{(pid=95770) _locked_update /opt/stack/nova/nova/scheduler/host_manager.py:171}}
May 26 15:31:16.770634 np0000001430 nova-scheduler[95770]: DEBUG nova.scheduler.host_manager [None req-579ee7cc-36df-4125-b0e3-b4792c2e06ce tempest-AttachVolumeMultiAttachTest-125888713 tempest-AttachVolumeMultiAttachTest-125888713-project-member] Update host state with service dict: {'id': 2, 'uuid': '9f20ea2e-2913-4270-a9e6-40c2914f48b5', 'host': 'np0000001430', 'binary': 'nova-compute', 'topic': 'compute', 'report_count': 2, 'disabled': False, 'disabled_reason': None, 'last_seen_up': datetime.datetime(2026, 5, 26, 15, 30, 48, tzinfo=datetime.timezone.utc), 'forced_down': False, 'version': 72, 'created_at': datetime.datetime(2026, 5, 26, 15, 28, 37, tzinfo=datetime.timezone.utc), 'updated_at': datetime.datetime(2026, 5, 26, 15, 30, 48, tzinfo=datetime.timezone.utc), 'deleted_at': None, 'deleted': False} {{(pid=95770) _locked_update /opt/stack/nova/nova/scheduler/host_manager.py:174}}
May 26 15:31:16.770729 np0000001430 nova-scheduler[95770]: DEBUG nova.scheduler.host_manager [None req-579ee7cc-36df-4125-b0e3-b4792c2e06ce tempest-AttachVolumeMultiAttachTest-125888713 tempest-AttachVolumeMultiAttachTest-125888713-project-member] Update host state with instances: [] {{(pid=95770) _locked_update /opt/stack/nova/nova/scheduler/host_manager.py:177}}
May 26 15:31:16.770845 np0000001430 nova-scheduler[95770]: DEBUG oslo_concurrency.lockutils [None req-579ee7cc-36df-4125-b0e3-b4792c2e06ce tempest-AttachVolumeMultiAttachTest-125888713 tempest-AttachVolumeMultiAttachTest-125888713-project-member] Lock "('np0000001430', 'np0000001430')" "released" by "nova.scheduler.host_manager.HostState.update.._locked_update" :: held 0.002s {{(pid=95770) inner /opt/stack/data/venv/lib/python3.12/site-packages/oslo_concurrency/lockutils.py:543}}
May 26 15:31:16.771260 np0000001430 nova-scheduler[95770]: DEBUG nova.filters [None req-579ee7cc-36df-4125-b0e3-b4792c2e06ce tempest-AttachVolumeMultiAttachTest-125888713 tempest-AttachVolumeMultiAttachTest-125888713-project-member] Starting with 1 host(s) {{(pid=95770) get_filtered_objects /opt/stack/nova/nova/filters.py:70}}
May 26 15:31:16.771437 np0000001430 nova-scheduler[95770]: DEBUG nova.filters [None req-579ee7cc-36df-4125-b0e3-b4792c2e06ce tempest-AttachVolumeMultiAttachTest-125888713 tempest-AttachVolumeMultiAttachTest-125888713-project-member] Filter ComputeFilter returned 1 host(s) {{(pid=95770) get_filtered_objects /opt/stack/nova/nova/filters.py:102}}
May 26 15:31:16.772768 np0000001430 nova-scheduler[95770]: DEBUG nova.filters [None req-579ee7cc-36df-4125-b0e3-b4792c2e06ce tempest-AttachVolumeMultiAttachTest-125888713 tempest-AttachVolumeMultiAttachTest-125888713-project-member] Filter ComputeCapabilitiesFilter returned 1 host(s) {{(pid=95770) get_filtered_objects /opt/stack/nova/nova/filters.py:102}}
May 26 15:31:16.772768 np0000001430 nova-scheduler[95770]: DEBUG nova.filters [None req-579ee7cc-36df-4125-b0e3-b4792c2e06ce tempest-AttachVolumeMultiAttachTest-125888713 tempest-AttachVolumeMultiAttachTest-125888713-project-member] Filter ImagePropertiesFilter returned 1 host(s) {{(pid=95770) get_filtered_objects /opt/stack/nova/nova/filters.py:102}}
May 26 15:31:16.772768 np0000001430 nova-scheduler[95770]: DEBUG nova.filters [None req-579ee7cc-36df-4125-b0e3-b4792c2e06ce tempest-AttachVolumeMultiAttachTest-125888713 tempest-AttachVolumeMultiAttachTest-125888713-project-member] Filter ServerGroupAntiAffinityFilter returned 1 host(s) {{(pid=95770) get_filtered_objects /opt/stack/nova/nova/filters.py:102}}
May 26 15:31:16.772768 np0000001430 nova-scheduler[95770]: DEBUG nova.filters [None req-579ee7cc-36df-4125-b0e3-b4792c2e06ce tempest-AttachVolumeMultiAttachTest-125888713 tempest-AttachVolumeMultiAttachTest-125888713-project-member] Filter ServerGroupAffinityFilter returned 1 host(s) {{(pid=95770) get_filtered_objects /opt/stack/nova/nova/filters.py:102}}
May 26 15:31:16.772768 np0000001430 nova-scheduler[95770]: DEBUG nova.filters [None req-579ee7cc-36df-4125-b0e3-b4792c2e06ce tempest-AttachVolumeMultiAttachTest-125888713 tempest-AttachVolumeMultiAttachTest-125888713-project-member] Filter SameHostFilter returned 1 host(s) {{(pid=95770) get_filtered_objects /opt/stack/nova/nova/filters.py:102}}
May 26 15:31:16.772768 np0000001430 nova-scheduler[95770]: DEBUG nova.filters [None req-579ee7cc-36df-4125-b0e3-b4792c2e06ce tempest-AttachVolumeMultiAttachTest-125888713 tempest-AttachVolumeMultiAttachTest-125888713-project-member] Filter DifferentHostFilter returned 1 host(s) {{(pid=95770) get_filtered_objects /opt/stack/nova/nova/filters.py:102}}
May 26 15:31:16.772768 np0000001430 nova-scheduler[95770]: DEBUG nova.scheduler.manager [None req-579ee7cc-36df-4125-b0e3-b4792c2e06ce tempest-AttachVolumeMultiAttachTest-125888713 tempest-AttachVolumeMultiAttachTest-125888713-project-member] Filtered [(np0000001430, np0000001430) ram: 23518MB disk: 75776MB io_ops: 0 instances: 0, allocation_candidates: 1] {{(pid=95770) _get_sorted_hosts /opt/stack/nova/nova/scheduler/manager.py:743}}
May 26 15:31:16.772768 np0000001430 nova-scheduler[95770]: DEBUG nova.scheduler.manager [None req-579ee7cc-36df-4125-b0e3-b4792c2e06ce tempest-AttachVolumeMultiAttachTest-125888713 tempest-AttachVolumeMultiAttachTest-125888713-project-member] Weighed [WeighedHost [host: (np0000001430, np0000001430) ram: 23518MB disk: 75776MB io_ops: 0 instances: 0, allocation_candidates: 1, weight: 0.0]] {{(pid=95770) _get_sorted_hosts /opt/stack/nova/nova/scheduler/manager.py:765}}
May 26 15:31:16.772768 np0000001430 nova-scheduler[95770]: DEBUG nova.scheduler.utils [None req-579ee7cc-36df-4125-b0e3-b4792c2e06ce tempest-AttachVolumeMultiAttachTest-125888713 tempest-AttachVolumeMultiAttachTest-125888713-project-member] Attempting to claim resources in the placement API for instance 2e7b4c47-4518-49bb-a6db-a1b6b07c80c3 {{(pid=95770) claim_resources /opt/stack/nova/nova/scheduler/utils.py:1304}}
May 26 15:31:16.969050 np0000001430 nova-scheduler[95770]: DEBUG nova.scheduler.manager [None req-579ee7cc-36df-4125-b0e3-b4792c2e06ce tempest-AttachVolumeMultiAttachTest-125888713 tempest-AttachVolumeMultiAttachTest-125888713-project-member] [instance: 2e7b4c47-4518-49bb-a6db-a1b6b07c80c3] Selected host: (np0000001430, np0000001430) ram: 23518MB disk: 75776MB io_ops: 0 instances: 0, allocation_candidates: 1 {{(pid=95770) _consume_selected_host /opt/stack/nova/nova/scheduler/manager.py:625}}
May 26 15:31:16.969348 np0000001430 nova-scheduler[95770]: DEBUG oslo_concurrency.lockutils [None req-579ee7cc-36df-4125-b0e3-b4792c2e06ce tempest-AttachVolumeMultiAttachTest-125888713 tempest-AttachVolumeMultiAttachTest-125888713-project-member] Acquiring lock "('np0000001430', 'np0000001430')" by "nova.scheduler.host_manager.HostState.consume_from_request.._locked" {{(pid=95770) inner /opt/stack/data/venv/lib/python3.12/site-packages/oslo_concurrency/lockutils.py:511}}
May 26 15:31:16.969911 np0000001430 nova-scheduler[95770]: DEBUG oslo_concurrency.lockutils [None req-579ee7cc-36df-4125-b0e3-b4792c2e06ce tempest-AttachVolumeMultiAttachTest-125888713 tempest-AttachVolumeMultiAttachTest-125888713-project-member] Lock "('np0000001430', 'np0000001430')" acquired by "nova.scheduler.host_manager.HostState.consume_from_request.._locked" :: waited 0.000s {{(pid=95770) inner /opt/stack/data/venv/lib/python3.12/site-packages/oslo_concurrency/lockutils.py:524}}
May 26 15:31:16.970161 np0000001430 nova-scheduler[95770]: DEBUG oslo_concurrency.lockutils [None req-579ee7cc-36df-4125-b0e3-b4792c2e06ce tempest-AttachVolumeMultiAttachTest-125888713 tempest-AttachVolumeMultiAttachTest-125888713-project-member] Lock "('np0000001430', 'np0000001430')" "released" by "nova.scheduler.host_manager.HostState.consume_from_request.._locked" :: held 0.001s {{(pid=95770) inner /opt/stack/data/venv/lib/python3.12/site-packages/oslo_concurrency/lockutils.py:543}}
May 26 15:31:20.842225 np0000001430 nova-scheduler[95772]: DEBUG nova.scheduler.manager [None req-9040afa8-fa60-4341-8cf0-a4030d54c297 tempest-AttachSCSIVolumeTestJSON-34676201 tempest-AttachSCSIVolumeTestJSON-34676201-project-member] Starting to schedule for instances: ['9df56d23-4242-4f93-9451-89804e6585e0'] {{(pid=95772) select_destinations /opt/stack/nova/nova/scheduler/manager.py:210}}
May 26 15:31:20.842749 np0000001430 nova-scheduler[95772]: DEBUG nova.scheduler.request_filter [None req-9040afa8-fa60-4341-8cf0-a4030d54c297 tempest-AttachSCSIVolumeTestJSON-34676201 tempest-AttachSCSIVolumeTestJSON-34676201-project-member] compute_status_filter request filter added forbidden trait COMPUTE_STATUS_DISABLED {{(pid=95772) compute_status_filter /opt/stack/nova/nova/scheduler/request_filter.py:253}}
May 26 15:31:20.842749 np0000001430 nova-scheduler[95772]: DEBUG nova.scheduler.request_filter [None req-9040afa8-fa60-4341-8cf0-a4030d54c297 tempest-AttachSCSIVolumeTestJSON-34676201 tempest-AttachSCSIVolumeTestJSON-34676201-project-member] Request filter 'compute_status_filter' took 0.0 seconds {{(pid=95772) wrapper /opt/stack/nova/nova/scheduler/request_filter.py:46}}
May 26 15:31:20.842914 np0000001430 nova-scheduler[95772]: DEBUG nova.scheduler.request_filter [None req-9040afa8-fa60-4341-8cf0-a4030d54c297 tempest-AttachSCSIVolumeTestJSON-34676201 tempest-AttachSCSIVolumeTestJSON-34676201-project-member] Request filter 'accelerators_filter' took 0.0 seconds {{(pid=95772) wrapper /opt/stack/nova/nova/scheduler/request_filter.py:46}}
May 26 15:31:20.843482 np0000001430 nova-scheduler[95772]: DEBUG nova.scheduler.request_filter [None req-9040afa8-fa60-4341-8cf0-a4030d54c297 tempest-AttachSCSIVolumeTestJSON-34676201 tempest-AttachSCSIVolumeTestJSON-34676201-project-member] Request filter 'packed_virtqueue_filter' took 0.0 seconds {{(pid=95772) wrapper /opt/stack/nova/nova/scheduler/request_filter.py:46}}
May 26 15:31:20.843850 np0000001430 nova-scheduler[95772]: DEBUG nova.scheduler.request_filter [None req-9040afa8-fa60-4341-8cf0-a4030d54c297 tempest-AttachSCSIVolumeTestJSON-34676201 tempest-AttachSCSIVolumeTestJSON-34676201-project-member] Request filter 'remote_managed_ports_filter' took 0.0 seconds {{(pid=95772) wrapper /opt/stack/nova/nova/scheduler/request_filter.py:46}}
May 26 15:31:20.843995 np0000001430 nova-scheduler[95772]: DEBUG nova.scheduler.request_filter [None req-9040afa8-fa60-4341-8cf0-a4030d54c297 tempest-AttachSCSIVolumeTestJSON-34676201 tempest-AttachSCSIVolumeTestJSON-34676201-project-member] ephemeral_encryption_filter skipped {{(pid=95772) ephemeral_encryption_filter /opt/stack/nova/nova/scheduler/request_filter.py:426}}
May 26 15:31:20.844215 np0000001430 nova-scheduler[95772]: DEBUG nova.scheduler.request_filter [None req-9040afa8-fa60-4341-8cf0-a4030d54c297 tempest-AttachSCSIVolumeTestJSON-34676201 tempest-AttachSCSIVolumeTestJSON-34676201-project-member] virtio_sound_filter skipped {{(pid=95772) virtio_sound_filter /opt/stack/nova/nova/scheduler/request_filter.py:460}}
May 26 15:31:20.844408 np0000001430 nova-scheduler[95772]: DEBUG nova.scheduler.request_filter [None req-9040afa8-fa60-4341-8cf0-a4030d54c297 tempest-AttachSCSIVolumeTestJSON-34676201 tempest-AttachSCSIVolumeTestJSON-34676201-project-member] tpm_secret_security_filter skipped {{(pid=95772) tpm_secret_security_filter /opt/stack/nova/nova/scheduler/request_filter.py:477}}
May 26 15:31:20.972315 np0000001430 nova-scheduler[95772]: INFO nova.utils [None req-9040afa8-fa60-4341-8cf0-a4030d54c297 tempest-AttachSCSIVolumeTestJSON-34676201 tempest-AttachSCSIVolumeTestJSON-34676201-project-member] The cell worker thread pool ForkProcess-2.cell_worker is initialized
May 26 15:31:20.972772 np0000001430 nova-scheduler[95772]: DEBUG oslo_concurrency.lockutils [None req-9040afa8-fa60-4341-8cf0-a4030d54c297 tempest-AttachSCSIVolumeTestJSON-34676201 tempest-AttachSCSIVolumeTestJSON-34676201-project-member] Acquiring lock "4e22721d-6a7a-4eb5-846c-02d891a9f95d" by "nova.context.set_target_cell..get_or_set_cached_cell_and_set_connections" {{(pid=95772) inner /opt/stack/data/venv/lib/python3.12/site-packages/oslo_concurrency/lockutils.py:511}}
May 26 15:31:20.973138 np0000001430 nova-scheduler[95772]: DEBUG oslo_concurrency.lockutils [None req-9040afa8-fa60-4341-8cf0-a4030d54c297 tempest-AttachSCSIVolumeTestJSON-34676201 tempest-AttachSCSIVolumeTestJSON-34676201-project-member] Lock "4e22721d-6a7a-4eb5-846c-02d891a9f95d" acquired by "nova.context.set_target_cell..get_or_set_cached_cell_and_set_connections" :: waited 0.000s {{(pid=95772) inner /opt/stack/data/venv/lib/python3.12/site-packages/oslo_concurrency/lockutils.py:524}}
May 26 15:31:20.974619 np0000001430 nova-scheduler[95772]: DEBUG oslo_concurrency.lockutils [None req-9040afa8-fa60-4341-8cf0-a4030d54c297 tempest-AttachSCSIVolumeTestJSON-34676201 tempest-AttachSCSIVolumeTestJSON-34676201-project-member] Lock "4e22721d-6a7a-4eb5-846c-02d891a9f95d" "released" by "nova.context.set_target_cell..get_or_set_cached_cell_and_set_connections" :: held 0.001s {{(pid=95772) inner /opt/stack/data/venv/lib/python3.12/site-packages/oslo_concurrency/lockutils.py:543}}
May 26 15:31:20.976397 np0000001430 nova-scheduler[95772]: INFO dbcounter [None req-9040afa8-fa60-4341-8cf0-a4030d54c297 tempest-AttachSCSIVolumeTestJSON-34676201 tempest-AttachSCSIVolumeTestJSON-34676201-project-member] Registered counter for database nova_cell1
May 26 15:31:21.014241 np0000001430 nova-scheduler[95772]: DEBUG oslo_db.sqlalchemy.engines [None req-9040afa8-fa60-4341-8cf0-a4030d54c297 tempest-AttachSCSIVolumeTestJSON-34676201 tempest-AttachSCSIVolumeTestJSON-34676201-project-member] MySQL server mode set to STRICT_TRANS_TABLES,STRICT_ALL_TABLES,NO_ZERO_IN_DATE,NO_ZERO_DATE,ERROR_FOR_DIVISION_BY_ZERO,TRADITIONAL,NO_ENGINE_SUBSTITUTION {{(pid=95772) _check_effective_sql_mode /opt/stack/data/venv/lib/python3.12/site-packages/oslo_db/sqlalchemy/engines.py:325}}
May 26 15:31:21.021008 np0000001430 nova-scheduler[95772]: DEBUG dbcounter [-] [95772] Writer thread running {{(pid=95772) stat_writer /opt/stack/data/venv/lib/python3.12/site-packages/dbcounter.py:102}}
May 26 15:31:21.081307 np0000001430 nova-scheduler[95772]: DEBUG dbcounter [-] [95772] Writer thread running {{(pid=95772) stat_writer /opt/stack/data/venv/lib/python3.12/site-packages/dbcounter.py:102}}
May 26 15:31:21.083736 np0000001430 nova-scheduler[95772]: DEBUG oslo_concurrency.lockutils [None req-9040afa8-fa60-4341-8cf0-a4030d54c297 tempest-AttachSCSIVolumeTestJSON-34676201 tempest-AttachSCSIVolumeTestJSON-34676201-project-member] Acquiring lock "4e22721d-6a7a-4eb5-846c-02d891a9f95d" by "nova.context.set_target_cell..get_or_set_cached_cell_and_set_connections" {{(pid=95772) inner /opt/stack/data/venv/lib/python3.12/site-packages/oslo_concurrency/lockutils.py:511}}
May 26 15:31:21.083895 np0000001430 nova-scheduler[95772]: DEBUG oslo_concurrency.lockutils [None req-9040afa8-fa60-4341-8cf0-a4030d54c297 tempest-AttachSCSIVolumeTestJSON-34676201 tempest-AttachSCSIVolumeTestJSON-34676201-project-member] Lock "4e22721d-6a7a-4eb5-846c-02d891a9f95d" acquired by "nova.context.set_target_cell..get_or_set_cached_cell_and_set_connections" :: waited 0.000s {{(pid=95772) inner /opt/stack/data/venv/lib/python3.12/site-packages/oslo_concurrency/lockutils.py:524}}
May 26 15:31:21.084061 np0000001430 nova-scheduler[95772]: DEBUG oslo_concurrency.lockutils [None req-9040afa8-fa60-4341-8cf0-a4030d54c297 tempest-AttachSCSIVolumeTestJSON-34676201 tempest-AttachSCSIVolumeTestJSON-34676201-project-member] Lock "4e22721d-6a7a-4eb5-846c-02d891a9f95d" "released" by "nova.context.set_target_cell..get_or_set_cached_cell_and_set_connections" :: held 0.000s {{(pid=95772) inner /opt/stack/data/venv/lib/python3.12/site-packages/oslo_concurrency/lockutils.py:543}}
May 26 15:31:21.088047 np0000001430 nova-scheduler[95772]: DEBUG oslo_concurrency.lockutils [None req-9040afa8-fa60-4341-8cf0-a4030d54c297 tempest-AttachSCSIVolumeTestJSON-34676201 tempest-AttachSCSIVolumeTestJSON-34676201-project-member] Acquiring lock "('np0000001430', 'np0000001430')" by "nova.scheduler.host_manager.HostState.update.._locked_update" {{(pid=95772) inner /opt/stack/data/venv/lib/python3.12/site-packages/oslo_concurrency/lockutils.py:511}}
May 26 15:31:21.088227 np0000001430 nova-scheduler[95772]: DEBUG oslo_concurrency.lockutils [None req-9040afa8-fa60-4341-8cf0-a4030d54c297 tempest-AttachSCSIVolumeTestJSON-34676201 tempest-AttachSCSIVolumeTestJSON-34676201-project-member] Lock "('np0000001430', 'np0000001430')" acquired by "nova.scheduler.host_manager.HostState.update.._locked_update" :: waited 0.000s {{(pid=95772) inner /opt/stack/data/venv/lib/python3.12/site-packages/oslo_concurrency/lockutils.py:524}}
