May 26 15:27:50.534246 np0000001430 neutron-periodic-workers[92015]: DEBUG cotyledon.oslo_config_glue [-] database.synchronous_reader = True {{(pid=92015) log_opt_values /opt/stack/data/venv/lib/python3.12/site-packages/oslo_config/cfg.py:3256}}
May 26 15:27:50.534246 np0000001430 neutron-periodic-workers[92015]: DEBUG cotyledon.oslo_config_glue [-] database.use_db_reconnect = False {{(pid=92015) log_opt_values /opt/stack/data/venv/lib/python3.12/site-packages/oslo_config/cfg.py:3256}}
May 26 15:27:50.534246 np0000001430 neutron-periodic-workers[92015]: DEBUG cotyledon.oslo_config_glue [-] ovn.bfd_min_rx = 1000 {{(pid=92015) log_opt_values /opt/stack/data/venv/lib/python3.12/site-packages/oslo_config/cfg.py:3256}}
May 26 15:27:50.534246 np0000001430 neutron-periodic-workers[92015]: DEBUG cotyledon.oslo_config_glue [-] ovn.bfd_min_tx = 100 {{(pid=92015) log_opt_values /opt/stack/data/venv/lib/python3.12/site-packages/oslo_config/cfg.py:3256}}
May 26 15:27:50.534648 np0000001430 neutron-periodic-workers[92015]: DEBUG cotyledon.oslo_config_glue [-] ovn.bfd_mult = 3 {{(pid=92015) log_opt_values /opt/stack/data/venv/lib/python3.12/site-packages/oslo_config/cfg.py:3256}}
May 26 15:27:50.534648 np0000001430 neutron-periodic-workers[92015]: DEBUG cotyledon.oslo_config_glue [-] ovn.broadcast_arps_to_all_routers = True {{(pid=92015) log_opt_values /opt/stack/data/venv/lib/python3.12/site-packages/oslo_config/cfg.py:3256}}
May 26 15:27:50.534648 np0000001430 neutron-periodic-workers[92015]: DEBUG cotyledon.oslo_config_glue [-] ovn.dhcp_default_lease_time = 43200 {{(pid=92015) log_opt_values /opt/stack/data/venv/lib/python3.12/site-packages/oslo_config/cfg.py:3256}}
May 26 15:27:50.534648 np0000001430 neutron-periodic-workers[92015]: DEBUG cotyledon.oslo_config_glue [-] ovn.disable_ovn_dhcp_for_baremetal_ports = False {{(pid=92015) log_opt_values /opt/stack/data/venv/lib/python3.12/site-packages/oslo_config/cfg.py:3256}}
May 26 15:27:50.534648 np0000001430 neutron-periodic-workers[92015]: DEBUG cotyledon.oslo_config_glue [-] ovn.dns_records_ovn_owned = False {{(pid=92015) log_opt_values /opt/stack/data/venv/lib/python3.12/site-packages/oslo_config/cfg.py:3256}}
May 26 15:27:50.534648 np0000001430 neutron-periodic-workers[92015]: DEBUG cotyledon.oslo_config_glue [-] ovn.dns_servers = [] {{(pid=92015) log_opt_values /opt/stack/data/venv/lib/python3.12/site-packages/oslo_config/cfg.py:3256}}
May 26 15:27:50.534648 np0000001430 neutron-periodic-workers[92015]: DEBUG cotyledon.oslo_config_glue [-] ovn.enable_distributed_floating_ip = False {{(pid=92015) log_opt_values /opt/stack/data/venv/lib/python3.12/site-packages/oslo_config/cfg.py:3256}}
May 26 15:27:50.534648 np0000001430 neutron-periodic-workers[92015]: DEBUG cotyledon.oslo_config_glue [-] ovn.fdb_age_threshold = 300 {{(pid=92015) log_opt_values /opt/stack/data/venv/lib/python3.12/site-packages/oslo_config/cfg.py:3256}}
May 26 15:27:50.534648 np0000001430 neutron-periodic-workers[92015]: DEBUG cotyledon.oslo_config_glue [-] ovn.ha_failover_strategy = normal {{(pid=92015) log_opt_values /opt/stack/data/venv/lib/python3.12/site-packages/oslo_config/cfg.py:3256}}
May 26 15:27:50.535295 np0000001430 neutron-periodic-workers[92015]: DEBUG cotyledon.oslo_config_glue [-] ovn.live_migration_activation_strategy = rarp {{(pid=92015) log_opt_values /opt/stack/data/venv/lib/python3.12/site-packages/oslo_config/cfg.py:3256}}
May 26 15:27:50.535295 np0000001430 neutron-periodic-workers[92015]: DEBUG cotyledon.oslo_config_glue [-] ovn.localnet_learn_fdb = False {{(pid=92015) log_opt_values /opt/stack/data/venv/lib/python3.12/site-packages/oslo_config/cfg.py:3256}}
May 26 15:27:50.535295 np0000001430 neutron-periodic-workers[92015]: DEBUG cotyledon.oslo_config_glue [-] ovn.mac_binding_age_threshold = 300 {{(pid=92015) log_opt_values /opt/stack/data/venv/lib/python3.12/site-packages/oslo_config/cfg.py:3256}}
May 26 15:27:50.535295 np0000001430 neutron-periodic-workers[92015]: DEBUG cotyledon.oslo_config_glue [-] ovn.neutron_sync_mode = log {{(pid=92015) log_opt_values /opt/stack/data/venv/lib/python3.12/site-packages/oslo_config/cfg.py:3256}}
May 26 15:27:50.535295 np0000001430 neutron-periodic-workers[92015]: DEBUG cotyledon.oslo_config_glue [-] ovn.ovn_dhcp4_global_options = {} {{(pid=92015) log_opt_values /opt/stack/data/venv/lib/python3.12/site-packages/oslo_config/cfg.py:3256}}
May 26 15:27:50.535295 np0000001430 neutron-periodic-workers[92015]: DEBUG cotyledon.oslo_config_glue [-] ovn.ovn_dhcp6_global_options = {} {{(pid=92015) log_opt_values /opt/stack/data/venv/lib/python3.12/site-packages/oslo_config/cfg.py:3256}}
May 26 15:27:50.535295 np0000001430 neutron-periodic-workers[92015]: DEBUG cotyledon.oslo_config_glue [-] ovn.ovn_l3_scheduler = leastloaded {{(pid=92015) log_opt_values /opt/stack/data/venv/lib/python3.12/site-packages/oslo_config/cfg.py:3256}}
May 26 15:27:50.535295 np0000001430 neutron-periodic-workers[92015]: DEBUG cotyledon.oslo_config_glue [-] ovn.ovn_metadata_enabled = True {{(pid=92015) log_opt_values /opt/stack/data/venv/lib/python3.12/site-packages/oslo_config/cfg.py:3256}}
May 26 15:27:50.535295 np0000001430 neutron-periodic-workers[92015]: DEBUG cotyledon.oslo_config_glue [-] ovn.ovn_nb_ca_cert = /opt/stack/data/CA/int-ca/ca-chain.pem {{(pid=92015) log_opt_values /opt/stack/data/venv/lib/python3.12/site-packages/oslo_config/cfg.py:3256}}
May 26 15:27:50.535941 np0000001430 neutron-periodic-workers[92015]: DEBUG cotyledon.oslo_config_glue [-] ovn.ovn_nb_certificate = /opt/stack/data/CA/int-ca/devstack-cert.crt {{(pid=92015) log_opt_values /opt/stack/data/venv/lib/python3.12/site-packages/oslo_config/cfg.py:3256}}
May 26 15:27:50.535941 np0000001430 neutron-periodic-workers[92015]: DEBUG cotyledon.oslo_config_glue [-] ovn.ovn_nb_connection = ['ssl:10.4.3.48:6641'] {{(pid=92015) log_opt_values /opt/stack/data/venv/lib/python3.12/site-packages/oslo_config/cfg.py:3256}}
May 26 15:27:50.535941 np0000001430 neutron-periodic-workers[92015]: DEBUG cotyledon.oslo_config_glue [-] ovn.ovn_nb_private_key = /opt/stack/data/CA/int-ca/private/devstack-cert.key {{(pid=92015) log_opt_values /opt/stack/data/venv/lib/python3.12/site-packages/oslo_config/cfg.py:3256}}
May 26 15:27:50.535941 np0000001430 neutron-periodic-workers[92015]: DEBUG cotyledon.oslo_config_glue [-] ovn.ovn_router_indirect_snat = False {{(pid=92015) log_opt_values /opt/stack/data/venv/lib/python3.12/site-packages/oslo_config/cfg.py:3256}}
May 26 15:27:50.535941 np0000001430 neutron-periodic-workers[92015]: DEBUG cotyledon.oslo_config_glue [-] ovn.ovn_sb_ca_cert = /opt/stack/data/CA/int-ca/ca-chain.pem {{(pid=92015) log_opt_values /opt/stack/data/venv/lib/python3.12/site-packages/oslo_config/cfg.py:3256}}
May 26 15:27:50.535941 np0000001430 neutron-periodic-workers[92015]: DEBUG cotyledon.oslo_config_glue [-] ovn.ovn_sb_certificate = /opt/stack/data/CA/int-ca/devstack-cert.crt {{(pid=92015) log_opt_values /opt/stack/data/venv/lib/python3.12/site-packages/oslo_config/cfg.py:3256}}
May 26 15:27:50.535941 np0000001430 neutron-periodic-workers[92015]: DEBUG cotyledon.oslo_config_glue [-] ovn.ovn_sb_connection = ['ssl:10.4.3.48:6642'] {{(pid=92015) log_opt_values /opt/stack/data/venv/lib/python3.12/site-packages/oslo_config/cfg.py:3256}}
May 26 15:27:50.535941 np0000001430 neutron-periodic-workers[92015]: DEBUG cotyledon.oslo_config_glue [-] ovn.ovn_sb_private_key = /opt/stack/data/CA/int-ca/private/devstack-cert.key {{(pid=92015) log_opt_values /opt/stack/data/venv/lib/python3.12/site-packages/oslo_config/cfg.py:3256}}
May 26 15:27:50.536540 np0000001430 neutron-periodic-workers[92015]: DEBUG cotyledon.oslo_config_glue [-] ovn.ovs_create_tap = False {{(pid=92015) log_opt_values /opt/stack/data/venv/lib/python3.12/site-packages/oslo_config/cfg.py:3256}}
May 26 15:27:50.536540 np0000001430 neutron-periodic-workers[92015]: DEBUG cotyledon.oslo_config_glue [-] ovn.ovsdb_connection_timeout = 180 {{(pid=92015) log_opt_values /opt/stack/data/venv/lib/python3.12/site-packages/oslo_config/cfg.py:3256}}
May 26 15:27:50.536540 np0000001430 neutron-periodic-workers[92015]: DEBUG cotyledon.oslo_config_glue [-] ovn.ovsdb_log_level = INFO {{(pid=92015) log_opt_values /opt/stack/data/venv/lib/python3.12/site-packages/oslo_config/cfg.py:3256}}
May 26 15:27:50.536540 np0000001430 neutron-periodic-workers[92015]: DEBUG cotyledon.oslo_config_glue [-] ovn.ovsdb_probe_interval = 60000 {{(pid=92015) log_opt_values /opt/stack/data/venv/lib/python3.12/site-packages/oslo_config/cfg.py:3256}}
May 26 15:27:50.536540 np0000001430 neutron-periodic-workers[92015]: DEBUG cotyledon.oslo_config_glue [-] ovn.ovsdb_retry_max_interval = 180 {{(pid=92015) log_opt_values /opt/stack/data/venv/lib/python3.12/site-packages/oslo_config/cfg.py:3256}}
May 26 15:27:50.536540 np0000001430 neutron-periodic-workers[92015]: DEBUG cotyledon.oslo_config_glue [-] ovn.stateless_nat_enabled = False {{(pid=92015) log_opt_values /opt/stack/data/venv/lib/python3.12/site-packages/oslo_config/cfg.py:3256}}
May 26 15:27:50.536540 np0000001430 neutron-periodic-workers[92015]: DEBUG cotyledon.oslo_config_glue [-] ovn.vhost_sock_dir = /var/run/openvswitch {{(pid=92015) log_opt_values /opt/stack/data/venv/lib/python3.12/site-packages/oslo_config/cfg.py:3256}}
May 26 15:27:50.536540 np0000001430 neutron-periodic-workers[92015]: DEBUG cotyledon.oslo_config_glue [-] OVS.bridge_mac_table_size = 50000 {{(pid=92015) log_opt_values /opt/stack/data/venv/lib/python3.12/site-packages/oslo_config/cfg.py:3256}}
May 26 15:27:50.536540 np0000001430 neutron-periodic-workers[92015]: DEBUG cotyledon.oslo_config_glue [-] OVS.igmp_flood = False {{(pid=92015) log_opt_values /opt/stack/data/venv/lib/python3.12/site-packages/oslo_config/cfg.py:3256}}
May 26 15:27:50.537051 np0000001430 neutron-periodic-workers[92015]: DEBUG cotyledon.oslo_config_glue [-] OVS.igmp_flood_reports = True {{(pid=92015) log_opt_values /opt/stack/data/venv/lib/python3.12/site-packages/oslo_config/cfg.py:3256}}
May 26 15:27:50.537051 np0000001430 neutron-periodic-workers[92015]: DEBUG cotyledon.oslo_config_glue [-] OVS.igmp_flood_unregistered = False {{(pid=92015) log_opt_values /opt/stack/data/venv/lib/python3.12/site-packages/oslo_config/cfg.py:3256}}
May 26 15:27:50.537051 np0000001430 neutron-periodic-workers[92015]: DEBUG cotyledon.oslo_config_glue [-] OVS.igmp_snooping_enable = False {{(pid=92015) log_opt_values /opt/stack/data/venv/lib/python3.12/site-packages/oslo_config/cfg.py:3256}}
May 26 15:27:50.537051 np0000001430 neutron-periodic-workers[92015]: DEBUG cotyledon.oslo_config_glue [-] OVS.ovsdb_timeout = 10 {{(pid=92015) log_opt_values /opt/stack/data/venv/lib/python3.12/site-packages/oslo_config/cfg.py:3256}}
May 26 15:27:50.537051 np0000001430 neutron-periodic-workers[92015]: DEBUG cotyledon.oslo_config_glue [-] ovn_nb_global.fdb_removal_limit = 0 {{(pid=92015) log_opt_values /opt/stack/data/venv/lib/python3.12/site-packages/oslo_config/cfg.py:3256}}
May 26 15:27:50.537051 np0000001430 neutron-periodic-workers[92015]: DEBUG cotyledon.oslo_config_glue [-] ovn_nb_global.ignore_lsp_down = False {{(pid=92015) log_opt_values /opt/stack/data/venv/lib/python3.12/site-packages/oslo_config/cfg.py:3256}}
May 26 15:27:50.537051 np0000001430 neutron-periodic-workers[92015]: DEBUG cotyledon.oslo_config_glue [-] ovn_nb_global.mac_binding_removal_limit = 0 {{(pid=92015) log_opt_values /opt/stack/data/venv/lib/python3.12/site-packages/oslo_config/cfg.py:3256}}
May 26 15:27:50.537051 np0000001430 neutron-periodic-workers[92015]: DEBUG cotyledon.oslo_config_glue [-] ******************************************************************************** {{(pid=92015) log_opt_values /opt/stack/data/venv/lib/python3.12/site-packages/oslo_config/cfg.py:3263}}
May 26 15:27:50.537051 np0000001430 neutron-periodic-workers[92015]: DEBUG cotyledon._service_worker [-] Run service ServiceWrapper(0) [92015] {{(pid=92015) wait_forever /opt/stack/data/venv/lib/python3.12/site-packages/cotyledon/_service_worker.py:218}}
May 26 15:28:00.182447 np0000001430 neutron-periodic-workers[91016]: DEBUG dbcounter [-] [91016] Writing DB stats neutron:SELECT=4 {{(pid=91016) stat_writer /opt/stack/data/venv/lib/python3.12/site-packages/dbcounter.py:115}}
May 26 15:28:28.484287 np0000001430 neutron-periodic-workers[91980]: DEBUG oslo_db.sqlalchemy.engines [None req-bdab5282-0131-4345-abec-8096c62612b7 None None] Parent process 91016 forked (91980) with an open database connection, which is being discarded and recreated. {{(pid=91980) checkout /opt/stack/data/venv/lib/python3.12/site-packages/oslo_db/sqlalchemy/engines.py:402}}
May 26 15:28:28.529694 np0000001430 neutron-periodic-workers[91980]: DEBUG dbcounter [-] [91980] Writer thread running {{(pid=91980) stat_writer /opt/stack/data/venv/lib/python3.12/site-packages/dbcounter.py:102}}
May 26 15:28:28.538643 np0000001430 neutron-periodic-workers[91980]: DEBUG oslo.service.backend._threading.loopingcall [None req-bdab5282-0131-4345-abec-8096c62612b7 None None] Fixed interval looping call 'neutron.plugins.ml2.plugin.DhcpAgentSchedulerDbMixin.remove_networks_from_down_agents' sleeping for 36.94 seconds {{(pid=91980) _run_loop /opt/stack/data/venv/lib/python3.12/site-packages/oslo_service/backend/_threading/loopingcall.py:125}}
May 26 15:28:35.541028 np0000001430 neutron-periodic-workers[91985]: DEBUG dbcounter [-] [91985] Writer thread running {{(pid=91985) stat_writer /opt/stack/data/venv/lib/python3.12/site-packages/dbcounter.py:102}}
May 26 15:28:35.544187 np0000001430 neutron-periodic-workers[91985]: DEBUG neutron.db.agents_db [None req-d4fa0eab-6223-4cad-8dc7-0b6fd9c16ee7 None None] Agent healthcheck: found 0 active agents {{(pid=91985) agent_health_check /opt/stack/neutron/neutron/db/agents_db.py:322}}
May 26 15:28:35.544400 np0000001430 neutron-periodic-workers[91985]: DEBUG oslo.service.backend._threading.loopingcall [None req-d4fa0eab-6223-4cad-8dc7-0b6fd9c16ee7 None None] Fixed interval looping call 'neutron.plugins.ml2.plugin.AgentDbMixin.agent_health_check' sleeping for 36.94 seconds {{(pid=91985) _run_loop /opt/stack/data/venv/lib/python3.12/site-packages/oslo_service/backend/_threading/loopingcall.py:125}}
May 26 15:28:38.537567 np0000001430 neutron-periodic-workers[91980]: DEBUG dbcounter [-] [91980] Writing DB stats neutron:SELECT=3 {{(pid=91980) stat_writer /opt/stack/data/venv/lib/python3.12/site-packages/dbcounter.py:115}}
May 26 15:28:45.541363 np0000001430 neutron-periodic-workers[91985]: DEBUG dbcounter [-] [91985] Writing DB stats neutron:SELECT=1 {{(pid=91985) stat_writer /opt/stack/data/venv/lib/python3.12/site-packages/dbcounter.py:115}}
May 26 15:29:05.486049 np0000001430 neutron-periodic-workers[91980]: DEBUG oslo.service.backend._threading.loopingcall [None req-bdab5282-0131-4345-abec-8096c62612b7 None None] Fixed interval looping call 'neutron.plugins.ml2.plugin.DhcpAgentSchedulerDbMixin.remove_networks_from_down_agents' sleeping for 36.99 seconds {{(pid=91980) _run_loop /opt/stack/data/venv/lib/python3.12/site-packages/oslo_service/backend/_threading/loopingcall.py:125}}
May 26 15:29:12.488500 np0000001430 neutron-periodic-workers[91985]: DEBUG neutron.db.agents_db [None req-d4fa0eab-6223-4cad-8dc7-0b6fd9c16ee7 None None] Agent healthcheck: found 0 active agents {{(pid=91985) agent_health_check /opt/stack/neutron/neutron/db/agents_db.py:322}}
May 26 15:29:12.488888 np0000001430 neutron-periodic-workers[91985]: DEBUG oslo.service.backend._threading.loopingcall [None req-d4fa0eab-6223-4cad-8dc7-0b6fd9c16ee7 None None] Fixed interval looping call 'neutron.plugins.ml2.plugin.AgentDbMixin.agent_health_check' sleeping for 37.00 seconds {{(pid=91985) _run_loop /opt/stack/data/venv/lib/python3.12/site-packages/oslo_service/backend/_threading/loopingcall.py:125}}
May 26 15:29:15.484882 np0000001430 neutron-periodic-workers[91980]: DEBUG dbcounter [-] [91980] Writing DB stats neutron:SELECT=3 {{(pid=91980) stat_writer /opt/stack/data/venv/lib/python3.12/site-packages/dbcounter.py:115}}
May 26 15:29:22.487191 np0000001430 neutron-periodic-workers[91985]: DEBUG dbcounter [-] [91985] Writing DB stats neutron:SELECT=1 {{(pid=91985) stat_writer /opt/stack/data/venv/lib/python3.12/site-packages/dbcounter.py:115}}
May 26 15:29:42.482575 np0000001430 neutron-periodic-workers[91980]: DEBUG oslo.service.backend._threading.loopingcall [None req-bdab5282-0131-4345-abec-8096c62612b7 None None] Fixed interval looping call 'neutron.plugins.ml2.plugin.DhcpAgentSchedulerDbMixin.remove_networks_from_down_agents' sleeping for 36.99 seconds {{(pid=91980) _run_loop /opt/stack/data/venv/lib/python3.12/site-packages/oslo_service/backend/_threading/loopingcall.py:125}}
May 26 15:29:42.599642 np0000001430 neutron-periodic-workers[92015]: DEBUG dbcounter [-] [92015] Writer thread running {{(pid=92015) stat_writer /opt/stack/data/venv/lib/python3.12/site-packages/dbcounter.py:102}}
May 26 15:29:42.609133 np0000001430 neutron-periodic-workers[92015]: DEBUG oslo.service.backend._threading.loopingcall [None req-14cb77d9-ff1f-400c-af31-07447b9c9551 None None] Fixed interval looping call 'neutron.services.ovn_l3.plugin.L3_NAT_dbonly_mixin._clean_garbage' sleeping for 299.92 seconds {{(pid=92015) _run_loop /opt/stack/data/venv/lib/python3.12/site-packages/oslo_service/backend/_threading/loopingcall.py:125}}
May 26 15:29:49.493515 np0000001430 neutron-periodic-workers[91985]: DEBUG neutron.db.agents_db [None req-d4fa0eab-6223-4cad-8dc7-0b6fd9c16ee7 None None] Agent healthcheck: found 0 active agents {{(pid=91985) agent_health_check /opt/stack/neutron/neutron/db/agents_db.py:322}}
May 26 15:29:49.493515 np0000001430 neutron-periodic-workers[91985]: DEBUG oslo.service.backend._threading.loopingcall [None req-d4fa0eab-6223-4cad-8dc7-0b6fd9c16ee7 None None] Fixed interval looping call 'neutron.plugins.ml2.plugin.AgentDbMixin.agent_health_check' sleeping for 37.00 seconds {{(pid=91985) _run_loop /opt/stack/data/venv/lib/python3.12/site-packages/oslo_service/backend/_threading/loopingcall.py:125}}
May 26 15:29:50.551247 np0000001430 neutron-periodic-workers[92003]: DEBUG dbcounter [-] [92003] Writer thread running {{(pid=92003) stat_writer /opt/stack/data/venv/lib/python3.12/site-packages/dbcounter.py:102}}
May 26 15:29:50.553172 np0000001430 neutron-periodic-workers[92003]: DEBUG oslo.service.backend._threading.loopingcall [None req-9f0eefc3-9c1c-4f39-8c7d-ba2c625b1422 None None] Fixed interval looping call 'neutron.db.quota.driver_nolock.DbQuotaNoLockDriver._remove_expired_reservations' sleeping for 119.96 seconds {{(pid=92003) _run_loop /opt/stack/data/venv/lib/python3.12/site-packages/oslo_service/backend/_threading/loopingcall.py:125}}
May 26 15:29:52.481824 np0000001430 neutron-periodic-workers[91980]: DEBUG dbcounter [-] [91980] Writing DB stats neutron:SELECT=3 {{(pid=91980) stat_writer /opt/stack/data/venv/lib/python3.12/site-packages/dbcounter.py:115}}
May 26 15:29:52.602943 np0000001430 neutron-periodic-workers[92015]: DEBUG dbcounter [-] [92015] Writing DB stats neutron:SELECT=1 {{(pid=92015) stat_writer /opt/stack/data/venv/lib/python3.12/site-packages/dbcounter.py:115}}
May 26 15:29:59.491791 np0000001430 neutron-periodic-workers[91985]: DEBUG dbcounter [-] [91985] Writing DB stats neutron:SELECT=1 {{(pid=91985) stat_writer /opt/stack/data/venv/lib/python3.12/site-packages/dbcounter.py:115}}
May 26 15:30:00.551741 np0000001430 neutron-periodic-workers[92003]: DEBUG dbcounter [-] [92003] Writing DB stats neutron:DELETE=1 {{(pid=92003) stat_writer /opt/stack/data/venv/lib/python3.12/site-packages/dbcounter.py:115}}
May 26 15:30:19.478585 np0000001430 neutron-periodic-workers[91980]: DEBUG oslo.service.backend._threading.loopingcall [None req-bdab5282-0131-4345-abec-8096c62612b7 None None] Fixed interval looping call 'neutron.plugins.ml2.plugin.DhcpAgentSchedulerDbMixin.remove_networks_from_down_agents' sleeping for 36.99 seconds {{(pid=91980) _run_loop /opt/stack/data/venv/lib/python3.12/site-packages/oslo_service/backend/_threading/loopingcall.py:125}}
May 26 15:30:26.496696 np0000001430 neutron-periodic-workers[91985]: DEBUG neutron.db.agents_db [None req-d4fa0eab-6223-4cad-8dc7-0b6fd9c16ee7 None None] Agent healthcheck: found 0 active agents {{(pid=91985) agent_health_check /opt/stack/neutron/neutron/db/agents_db.py:322}}
May 26 15:30:26.497143 np0000001430 neutron-periodic-workers[91985]: DEBUG oslo.service.backend._threading.loopingcall [None req-d4fa0eab-6223-4cad-8dc7-0b6fd9c16ee7 None None] Fixed interval looping call 'neutron.plugins.ml2.plugin.AgentDbMixin.agent_health_check' sleeping for 37.00 seconds {{(pid=91985) _run_loop /opt/stack/data/venv/lib/python3.12/site-packages/oslo_service/backend/_threading/loopingcall.py:125}}
May 26 15:30:29.478146 np0000001430 neutron-periodic-workers[91980]: DEBUG dbcounter [-] [91980] Writing DB stats neutron:SELECT=3 {{(pid=91980) stat_writer /opt/stack/data/venv/lib/python3.12/site-packages/dbcounter.py:115}}
May 26 15:30:36.496238 np0000001430 neutron-periodic-workers[91985]: DEBUG dbcounter [-] [91985] Writing DB stats neutron:SELECT=1 {{(pid=91985) stat_writer /opt/stack/data/venv/lib/python3.12/site-packages/dbcounter.py:115}}
May 26 15:30:56.483541 np0000001430 neutron-periodic-workers[91980]: DEBUG oslo.service.backend._threading.loopingcall [None req-bdab5282-0131-4345-abec-8096c62612b7 None None] Fixed interval looping call 'neutron.plugins.ml2.plugin.DhcpAgentSchedulerDbMixin.remove_networks_from_down_agents' sleeping for 36.99 seconds {{(pid=91980) _run_loop /opt/stack/data/venv/lib/python3.12/site-packages/oslo_service/backend/_threading/loopingcall.py:125}}
May 26 15:31:03.500385 np0000001430 neutron-periodic-workers[91985]: DEBUG neutron.db.agents_db [None req-d4fa0eab-6223-4cad-8dc7-0b6fd9c16ee7 None None] Agent healthcheck: found 0 active agents {{(pid=91985) agent_health_check /opt/stack/neutron/neutron/db/agents_db.py:322}}
May 26 15:31:03.500749 np0000001430 neutron-periodic-workers[91985]: DEBUG oslo.service.backend._threading.loopingcall [None req-d4fa0eab-6223-4cad-8dc7-0b6fd9c16ee7 None None] Fixed interval looping call 'neutron.plugins.ml2.plugin.AgentDbMixin.agent_health_check' sleeping for 37.00 seconds {{(pid=91985) _run_loop /opt/stack/data/venv/lib/python3.12/site-packages/oslo_service/backend/_threading/loopingcall.py:125}}
May 26 15:31:06.482296 np0000001430 neutron-periodic-workers[91980]: DEBUG dbcounter [-] [91980] Writing DB stats neutron:SELECT=3 {{(pid=91980) stat_writer /opt/stack/data/venv/lib/python3.12/site-packages/dbcounter.py:115}}
May 26 15:31:13.499431 np0000001430 neutron-periodic-workers[91985]: DEBUG dbcounter [-] [91985] Writing DB stats neutron:SELECT=1 {{(pid=91985) stat_writer /opt/stack/data/venv/lib/python3.12/site-packages/dbcounter.py:115}}
May 26 15:31:33.480390 np0000001430 neutron-periodic-workers[91980]: DEBUG oslo.service.backend._threading.loopingcall [None req-bdab5282-0131-4345-abec-8096c62612b7 None None] Fixed interval looping call 'neutron.plugins.ml2.plugin.DhcpAgentSchedulerDbMixin.remove_networks_from_down_agents' sleeping for 36.99 seconds {{(pid=91980) _run_loop /opt/stack/data/venv/lib/python3.12/site-packages/oslo_service/backend/_threading/loopingcall.py:125}}
May 26 15:31:40.505393 np0000001430 neutron-periodic-workers[91985]: DEBUG neutron.db.agents_db [None req-d4fa0eab-6223-4cad-8dc7-0b6fd9c16ee7 None None] Agent healthcheck: found 0 active agents {{(pid=91985) agent_health_check /opt/stack/neutron/neutron/db/agents_db.py:322}}
May 26 15:31:40.505393 np0000001430 neutron-periodic-workers[91985]: DEBUG oslo.service.backend._threading.loopingcall [None req-d4fa0eab-6223-4cad-8dc7-0b6fd9c16ee7 None None] Fixed interval looping call 'neutron.plugins.ml2.plugin.AgentDbMixin.agent_health_check' sleeping for 37.00 seconds {{(pid=91985) _run_loop /opt/stack/data/venv/lib/python3.12/site-packages/oslo_service/backend/_threading/loopingcall.py:125}}
May 26 15:31:43.479614 np0000001430 neutron-periodic-workers[91980]: DEBUG dbcounter [-] [91980] Writing DB stats neutron:SELECT=3 {{(pid=91980) stat_writer /opt/stack/data/venv/lib/python3.12/site-packages/dbcounter.py:115}}
May 26 15:31:50.503560 np0000001430 neutron-periodic-workers[91985]: DEBUG dbcounter [-] [91985] Writing DB stats neutron:SELECT=1 {{(pid=91985) stat_writer /opt/stack/data/venv/lib/python3.12/site-packages/dbcounter.py:115}}
May 26 15:31:50.527579 np0000001430 neutron-periodic-workers[92003]: DEBUG oslo.service.backend._threading.loopingcall [None req-9f0eefc3-9c1c-4f39-8c7d-ba2c625b1422 None None] Fixed interval looping call 'neutron.db.quota.driver_nolock.DbQuotaNoLockDriver._remove_expired_reservations' sleeping for 119.99 seconds {{(pid=92003) _run_loop /opt/stack/data/venv/lib/python3.12/site-packages/oslo_service/backend/_threading/loopingcall.py:125}}
May 26 15:32:00.527018 np0000001430 neutron-periodic-workers[92003]: DEBUG dbcounter [-] [92003] Writing DB stats neutron:DELETE=1 {{(pid=92003) stat_writer /opt/stack/data/venv/lib/python3.12/site-packages/dbcounter.py:115}}
May 26 15:32:10.481038 np0000001430 neutron-periodic-workers[91980]: DEBUG oslo.service.backend._threading.loopingcall [None req-bdab5282-0131-4345-abec-8096c62612b7 None None] Fixed interval looping call 'neutron.plugins.ml2.plugin.DhcpAgentSchedulerDbMixin.remove_networks_from_down_agents' sleeping for 36.99 seconds {{(pid=91980) _run_loop /opt/stack/data/venv/lib/python3.12/site-packages/oslo_service/backend/_threading/loopingcall.py:125}}
May 26 15:32:17.512041 np0000001430 neutron-periodic-workers[91985]: DEBUG neutron.db.agents_db [None req-d4fa0eab-6223-4cad-8dc7-0b6fd9c16ee7 None None] Agent healthcheck: found 0 active agents {{(pid=91985) agent_health_check /opt/stack/neutron/neutron/db/agents_db.py:322}}
May 26 15:32:17.512522 np0000001430 neutron-periodic-workers[91985]: DEBUG oslo.service.backend._threading.loopingcall [None req-d4fa0eab-6223-4cad-8dc7-0b6fd9c16ee7 None None] Fixed interval looping call 'neutron.plugins.ml2.plugin.AgentDbMixin.agent_health_check' sleeping for 36.99 seconds {{(pid=91985) _run_loop /opt/stack/data/venv/lib/python3.12/site-packages/oslo_service/backend/_threading/loopingcall.py:125}}
May 26 15:32:20.481263 np0000001430 neutron-periodic-workers[91980]: DEBUG dbcounter [-] [91980] Writing DB stats neutron:SELECT=3 {{(pid=91980) stat_writer /opt/stack/data/venv/lib/python3.12/site-packages/dbcounter.py:115}}
May 26 15:32:27.510153 np0000001430 neutron-periodic-workers[91985]: DEBUG dbcounter [-] [91985] Writing DB stats neutron:SELECT=1 {{(pid=91985) stat_writer /opt/stack/data/venv/lib/python3.12/site-packages/dbcounter.py:115}}
May 26 15:32:47.480794 np0000001430 neutron-periodic-workers[91980]: DEBUG oslo.service.backend._threading.loopingcall [None req-bdab5282-0131-4345-abec-8096c62612b7 None None] Fixed interval looping call 'neutron.plugins.ml2.plugin.DhcpAgentSchedulerDbMixin.remove_networks_from_down_agents' sleeping for 36.99 seconds {{(pid=91980) _run_loop /opt/stack/data/venv/lib/python3.12/site-packages/oslo_service/backend/_threading/loopingcall.py:125}}
May 26 15:32:54.507228 np0000001430 neutron-periodic-workers[91985]: DEBUG neutron.db.agents_db [None req-d4fa0eab-6223-4cad-8dc7-0b6fd9c16ee7 None None] Agent healthcheck: found 0 active agents {{(pid=91985) agent_health_check /opt/stack/neutron/neutron/db/agents_db.py:322}}
May 26 15:32:54.507594 np0000001430 neutron-periodic-workers[91985]: DEBUG oslo.service.backend._threading.loopingcall [None req-d4fa0eab-6223-4cad-8dc7-0b6fd9c16ee7 None None] Fixed interval looping call 'neutron.plugins.ml2.plugin.AgentDbMixin.agent_health_check' sleeping for 37.00 seconds {{(pid=91985) _run_loop /opt/stack/data/venv/lib/python3.12/site-packages/oslo_service/backend/_threading/loopingcall.py:125}}
May 26 15:32:57.479687 np0000001430 neutron-periodic-workers[91980]: DEBUG dbcounter [-] [91980] Writing DB stats neutron:SELECT=3 {{(pid=91980) stat_writer /opt/stack/data/venv/lib/python3.12/site-packages/dbcounter.py:115}}
May 26 15:33:04.507329 np0000001430 neutron-periodic-workers[91985]: DEBUG dbcounter [-] [91985] Writing DB stats neutron:SELECT=1 {{(pid=91985) stat_writer /opt/stack/data/venv/lib/python3.12/site-packages/dbcounter.py:115}}
May 26 15:33:24.496348 np0000001430 neutron-periodic-workers[91980]: DEBUG oslo.service.backend._threading.loopingcall [None req-bdab5282-0131-4345-abec-8096c62612b7 None None] Fixed interval looping call 'neutron.plugins.ml2.plugin.DhcpAgentSchedulerDbMixin.remove_networks_from_down_agents' sleeping for 36.98 seconds {{(pid=91980) _run_loop /opt/stack/data/venv/lib/python3.12/site-packages/oslo_service/backend/_threading/loopingcall.py:125}}
May 26 15:33:31.515875 np0000001430 neutron-periodic-workers[91985]: DEBUG neutron.db.agents_db [None req-d4fa0eab-6223-4cad-8dc7-0b6fd9c16ee7 None None] Agent healthcheck: found 0 active agents {{(pid=91985) agent_health_check /opt/stack/neutron/neutron/db/agents_db.py:322}}
May 26 15:33:31.516308 np0000001430 neutron-periodic-workers[91985]: DEBUG oslo.service.backend._threading.loopingcall [None req-d4fa0eab-6223-4cad-8dc7-0b6fd9c16ee7 None None] Fixed interval looping call 'neutron.plugins.ml2.plugin.AgentDbMixin.agent_health_check' sleeping for 36.99 seconds {{(pid=91985) _run_loop /opt/stack/data/venv/lib/python3.12/site-packages/oslo_service/backend/_threading/loopingcall.py:125}}
May 26 15:33:34.494164 np0000001430 neutron-periodic-workers[91980]: DEBUG dbcounter [-] [91980] Writing DB stats neutron:SELECT=3 {{(pid=91980) stat_writer /opt/stack/data/venv/lib/python3.12/site-packages/dbcounter.py:115}}
May 26 15:33:41.514208 np0000001430 neutron-periodic-workers[91985]: DEBUG dbcounter [-] [91985] Writing DB stats neutron:SELECT=1 {{(pid=91985) stat_writer /opt/stack/data/venv/lib/python3.12/site-packages/dbcounter.py:115}}
May 26 15:33:50.521362 np0000001430 neutron-periodic-workers[92003]: DEBUG oslo.service.backend._threading.loopingcall [None req-9f0eefc3-9c1c-4f39-8c7d-ba2c625b1422 None None] Fixed interval looping call 'neutron.db.quota.driver_nolock.DbQuotaNoLockDriver._remove_expired_reservations' sleeping for 120.00 seconds {{(pid=92003) _run_loop /opt/stack/data/venv/lib/python3.12/site-packages/oslo_service/backend/_threading/loopingcall.py:125}}
May 26 15:34:00.522501 np0000001430 neutron-periodic-workers[92003]: DEBUG dbcounter [-] [92003] Writing DB stats neutron:DELETE=1 {{(pid=92003) stat_writer /opt/stack/data/venv/lib/python3.12/site-packages/dbcounter.py:115}}
May 26 15:34:01.501993 np0000001430 neutron-periodic-workers[91980]: DEBUG oslo.service.backend._threading.loopingcall [None req-bdab5282-0131-4345-abec-8096c62612b7 None None] Fixed interval looping call 'neutron.plugins.ml2.plugin.DhcpAgentSchedulerDbMixin.remove_networks_from_down_agents' sleeping for 36.98 seconds {{(pid=91980) _run_loop /opt/stack/data/venv/lib/python3.12/site-packages/oslo_service/backend/_threading/loopingcall.py:125}}
May 26 15:34:08.511933 np0000001430 neutron-periodic-workers[91985]: DEBUG neutron.db.agents_db [None req-d4fa0eab-6223-4cad-8dc7-0b6fd9c16ee7 None None] Agent healthcheck: found 0 active agents {{(pid=91985) agent_health_check /opt/stack/neutron/neutron/db/agents_db.py:322}}
May 26 15:34:08.512626 np0000001430 neutron-periodic-workers[91985]: DEBUG oslo.service.backend._threading.loopingcall [None req-d4fa0eab-6223-4cad-8dc7-0b6fd9c16ee7 None None] Fixed interval looping call 'neutron.plugins.ml2.plugin.AgentDbMixin.agent_health_check' sleeping for 36.99 seconds {{(pid=91985) _run_loop /opt/stack/data/venv/lib/python3.12/site-packages/oslo_service/backend/_threading/loopingcall.py:125}}
May 26 15:34:11.500482 np0000001430 neutron-periodic-workers[91980]: DEBUG dbcounter [-] [91980] Writing DB stats neutron:SELECT=3 {{(pid=91980) stat_writer /opt/stack/data/venv/lib/python3.12/site-packages/dbcounter.py:115}}
May 26 15:34:18.509898 np0000001430 neutron-periodic-workers[91985]: DEBUG dbcounter [-] [91985] Writing DB stats neutron:SELECT=1 {{(pid=91985) stat_writer /opt/stack/data/venv/lib/python3.12/site-packages/dbcounter.py:115}}
May 26 15:34:38.498342 np0000001430 neutron-periodic-workers[91980]: DEBUG oslo.service.backend._threading.loopingcall [None req-bdab5282-0131-4345-abec-8096c62612b7 None None] Fixed interval looping call 'neutron.plugins.ml2.plugin.DhcpAgentSchedulerDbMixin.remove_networks_from_down_agents' sleeping for 36.99 seconds {{(pid=91980) _run_loop /opt/stack/data/venv/lib/python3.12/site-packages/oslo_service/backend/_threading/loopingcall.py:125}}
May 26 15:34:42.539128 np0000001430 neutron-periodic-workers[92015]: DEBUG oslo.service.backend._threading.loopingcall [None req-14cb77d9-ff1f-400c-af31-07447b9c9551 None None] Fixed interval looping call 'neutron.services.ovn_l3.plugin.L3_NAT_dbonly_mixin._clean_garbage' sleeping for 299.99 seconds {{(pid=92015) _run_loop /opt/stack/data/venv/lib/python3.12/site-packages/oslo_service/backend/_threading/loopingcall.py:125}}
May 26 15:34:45.511989 np0000001430 neutron-periodic-workers[91985]: DEBUG neutron.db.agents_db [None req-d4fa0eab-6223-4cad-8dc7-0b6fd9c16ee7 None None] Agent healthcheck: found 0 active agents {{(pid=91985) agent_health_check /opt/stack/neutron/neutron/db/agents_db.py:322}}
May 26 15:34:45.512291 np0000001430 neutron-periodic-workers[91985]: DEBUG oslo.service.backend._threading.loopingcall [None req-d4fa0eab-6223-4cad-8dc7-0b6fd9c16ee7 None None] Fixed interval looping call 'neutron.plugins.ml2.plugin.AgentDbMixin.agent_health_check' sleeping for 36.99 seconds {{(pid=91985) _run_loop /opt/stack/data/venv/lib/python3.12/site-packages/oslo_service/backend/_threading/loopingcall.py:125}}
May 26 15:34:48.495185 np0000001430 neutron-periodic-workers[91980]: DEBUG dbcounter [-] [91980] Writing DB stats neutron:SELECT=3 {{(pid=91980) stat_writer /opt/stack/data/venv/lib/python3.12/site-packages/dbcounter.py:115}}
May 26 15:34:52.532200 np0000001430 neutron-periodic-workers[92015]: DEBUG dbcounter [-] [92015] Writing DB stats neutron:SELECT=1 {{(pid=92015) stat_writer /opt/stack/data/venv/lib/python3.12/site-packages/dbcounter.py:115}}
May 26 15:34:55.510057 np0000001430 neutron-periodic-workers[91985]: DEBUG dbcounter [-] [91985] Writing DB stats neutron:SELECT=1 {{(pid=91985) stat_writer /opt/stack/data/venv/lib/python3.12/site-packages/dbcounter.py:115}}
May 26 15:35:15.493688 np0000001430 neutron-periodic-workers[91980]: DEBUG oslo.service.backend._threading.loopingcall [None req-bdab5282-0131-4345-abec-8096c62612b7 None None] Fixed interval looping call 'neutron.plugins.ml2.plugin.DhcpAgentSchedulerDbMixin.remove_networks_from_down_agents' sleeping for 36.99 seconds {{(pid=91980) _run_loop /opt/stack/data/venv/lib/python3.12/site-packages/oslo_service/backend/_threading/loopingcall.py:125}}
May 26 15:35:22.506597 np0000001430 neutron-periodic-workers[91985]: DEBUG neutron.db.agents_db [None req-d4fa0eab-6223-4cad-8dc7-0b6fd9c16ee7 None None] Agent healthcheck: found 0 active agents {{(pid=91985) agent_health_check /opt/stack/neutron/neutron/db/agents_db.py:322}}
May 26 15:35:22.507273 np0000001430 neutron-periodic-workers[91985]: DEBUG oslo.service.backend._threading.loopingcall [None req-d4fa0eab-6223-4cad-8dc7-0b6fd9c16ee7 None None] Fixed interval looping call 'neutron.plugins.ml2.plugin.AgentDbMixin.agent_health_check' sleeping for 37.00 seconds {{(pid=91985) _run_loop /opt/stack/data/venv/lib/python3.12/site-packages/oslo_service/backend/_threading/loopingcall.py:125}}
May 26 15:35:25.495055 np0000001430 neutron-periodic-workers[91980]: DEBUG dbcounter [-] [91980] Writing DB stats neutron:SELECT=3 {{(pid=91980) stat_writer /opt/stack/data/venv/lib/python3.12/site-packages/dbcounter.py:115}}
May 26 15:35:32.506144 np0000001430 neutron-periodic-workers[91985]: DEBUG dbcounter [-] [91985] Writing DB stats neutron:SELECT=1 {{(pid=91985) stat_writer /opt/stack/data/venv/lib/python3.12/site-packages/dbcounter.py:115}}
May 26 15:35:50.528934 np0000001430 neutron-periodic-workers[92003]: DEBUG oslo.service.backend._threading.loopingcall [None req-9f0eefc3-9c1c-4f39-8c7d-ba2c625b1422 None None] Fixed interval looping call 'neutron.db.quota.driver_nolock.DbQuotaNoLockDriver._remove_expired_reservations' sleeping for 119.99 seconds {{(pid=92003) _run_loop /opt/stack/data/venv/lib/python3.12/site-packages/oslo_service/backend/_threading/loopingcall.py:125}}
May 26 15:35:52.502942 np0000001430 neutron-periodic-workers[91980]: DEBUG oslo.service.backend._threading.loopingcall [None req-bdab5282-0131-4345-abec-8096c62612b7 None None] Fixed interval looping call 'neutron.plugins.ml2.plugin.DhcpAgentSchedulerDbMixin.remove_networks_from_down_agents' sleeping for 36.98 seconds {{(pid=91980) _run_loop /opt/stack/data/venv/lib/python3.12/site-packages/oslo_service/backend/_threading/loopingcall.py:125}}
May 26 15:35:59.510981 np0000001430 neutron-periodic-workers[91985]: DEBUG neutron.db.agents_db [None req-d4fa0eab-6223-4cad-8dc7-0b6fd9c16ee7 None None] Agent healthcheck: found 0 active agents {{(pid=91985) agent_health_check /opt/stack/neutron/neutron/db/agents_db.py:322}}
May 26 15:35:59.511492 np0000001430 neutron-periodic-workers[91985]: DEBUG oslo.service.backend._threading.loopingcall [None req-d4fa0eab-6223-4cad-8dc7-0b6fd9c16ee7 None None] Fixed interval looping call 'neutron.plugins.ml2.plugin.AgentDbMixin.agent_health_check' sleeping for 37.00 seconds {{(pid=91985) _run_loop /opt/stack/data/venv/lib/python3.12/site-packages/oslo_service/backend/_threading/loopingcall.py:125}}
May 26 15:36:00.526534 np0000001430 neutron-periodic-workers[92003]: DEBUG dbcounter [-] [92003] Writing DB stats neutron:DELETE=1 {{(pid=92003) stat_writer /opt/stack/data/venv/lib/python3.12/site-packages/dbcounter.py:115}}
May 26 15:36:02.501221 np0000001430 neutron-periodic-workers[91980]: DEBUG dbcounter [-] [91980] Writing DB stats neutron:SELECT=3 {{(pid=91980) stat_writer /opt/stack/data/venv/lib/python3.12/site-packages/dbcounter.py:115}}
May 26 15:36:09.509532 np0000001430 neutron-periodic-workers[91985]: DEBUG dbcounter [-] [91985] Writing DB stats neutron:SELECT=1 {{(pid=91985) stat_writer /opt/stack/data/venv/lib/python3.12/site-packages/dbcounter.py:115}}
May 26 15:36:29.490760 np0000001430 neutron-periodic-workers[91980]: DEBUG oslo.service.backend._threading.loopingcall [None req-bdab5282-0131-4345-abec-8096c62612b7 None None] Fixed interval looping call 'neutron.plugins.ml2.plugin.DhcpAgentSchedulerDbMixin.remove_networks_from_down_agents' sleeping for 36.99 seconds {{(pid=91980) _run_loop /opt/stack/data/venv/lib/python3.12/site-packages/oslo_service/backend/_threading/loopingcall.py:125}}
May 26 15:36:36.517819 np0000001430 neutron-periodic-workers[91985]: DEBUG neutron.db.agents_db [None req-d4fa0eab-6223-4cad-8dc7-0b6fd9c16ee7 None None] Agent healthcheck: found 0 active agents {{(pid=91985) agent_health_check /opt/stack/neutron/neutron/db/agents_db.py:322}}
May 26 15:36:36.518277 np0000001430 neutron-periodic-workers[91985]: DEBUG oslo.service.backend._threading.loopingcall [None req-d4fa0eab-6223-4cad-8dc7-0b6fd9c16ee7 None None] Fixed interval looping call 'neutron.plugins.ml2.plugin.AgentDbMixin.agent_health_check' sleeping for 36.99 seconds {{(pid=91985) _run_loop /opt/stack/data/venv/lib/python3.12/site-packages/oslo_service/backend/_threading/loopingcall.py:125}}
May 26 15:36:39.489611 np0000001430 neutron-periodic-workers[91980]: DEBUG dbcounter [-] [91980] Writing DB stats neutron:SELECT=3 {{(pid=91980) stat_writer /opt/stack/data/venv/lib/python3.12/site-packages/dbcounter.py:115}}
May 26 15:36:46.517019 np0000001430 neutron-periodic-workers[91985]: DEBUG dbcounter [-] [91985] Writing DB stats neutron:SELECT=1 {{(pid=91985) stat_writer /opt/stack/data/venv/lib/python3.12/site-packages/dbcounter.py:115}}
May 26 15:37:06.488031 np0000001430 neutron-periodic-workers[91980]: DEBUG oslo.service.backend._threading.loopingcall [None req-bdab5282-0131-4345-abec-8096c62612b7 None None] Fixed interval looping call 'neutron.plugins.ml2.plugin.DhcpAgentSchedulerDbMixin.remove_networks_from_down_agents' sleeping for 36.99 seconds {{(pid=91980) _run_loop /opt/stack/data/venv/lib/python3.12/site-packages/oslo_service/backend/_threading/loopingcall.py:125}}
May 26 15:37:13.512145 np0000001430 neutron-periodic-workers[91985]: DEBUG neutron.db.agents_db [None req-d4fa0eab-6223-4cad-8dc7-0b6fd9c16ee7 None None] Agent healthcheck: found 0 active agents {{(pid=91985) agent_health_check /opt/stack/neutron/neutron/db/agents_db.py:322}}
May 26 15:37:13.512541 np0000001430 neutron-periodic-workers[91985]: DEBUG oslo.service.backend._threading.loopingcall [None req-d4fa0eab-6223-4cad-8dc7-0b6fd9c16ee7 None None] Fixed interval looping call 'neutron.plugins.ml2.plugin.AgentDbMixin.agent_health_check' sleeping for 37.00 seconds {{(pid=91985) _run_loop /opt/stack/data/venv/lib/python3.12/site-packages/oslo_service/backend/_threading/loopingcall.py:125}}
May 26 15:37:16.487263 np0000001430 neutron-periodic-workers[91980]: DEBUG dbcounter [-] [91980] Writing DB stats neutron:SELECT=3 {{(pid=91980) stat_writer /opt/stack/data/venv/lib/python3.12/site-packages/dbcounter.py:115}}
May 26 15:37:23.510798 np0000001430 neutron-periodic-workers[91985]: DEBUG dbcounter [-] [91985] Writing DB stats neutron:SELECT=1 {{(pid=91985) stat_writer /opt/stack/data/venv/lib/python3.12/site-packages/dbcounter.py:115}}
May 26 15:37:43.487043 np0000001430 neutron-periodic-workers[91980]: DEBUG oslo.service.backend._threading.loopingcall [None req-bdab5282-0131-4345-abec-8096c62612b7 None None] Fixed interval looping call 'neutron.plugins.ml2.plugin.DhcpAgentSchedulerDbMixin.remove_networks_from_down_agents' sleeping for 36.99 seconds {{(pid=91980) _run_loop /opt/stack/data/venv/lib/python3.12/site-packages/oslo_service/backend/_threading/loopingcall.py:125}}
May 26 15:37:50.516319 np0000001430 neutron-periodic-workers[91985]: DEBUG neutron.db.agents_db [None req-d4fa0eab-6223-4cad-8dc7-0b6fd9c16ee7 None None] Agent healthcheck: found 0 active agents {{(pid=91985) agent_health_check /opt/stack/neutron/neutron/db/agents_db.py:322}}
May 26 15:37:50.516685 np0000001430 neutron-periodic-workers[91985]: DEBUG oslo.service.backend._threading.loopingcall [None req-d4fa0eab-6223-4cad-8dc7-0b6fd9c16ee7 None None] Fixed interval looping call 'neutron.plugins.ml2.plugin.AgentDbMixin.agent_health_check' sleeping for 37.00 seconds {{(pid=91985) _run_loop /opt/stack/data/venv/lib/python3.12/site-packages/oslo_service/backend/_threading/loopingcall.py:125}}
May 26 15:37:50.523144 np0000001430 neutron-periodic-workers[92003]: DEBUG oslo.service.backend._threading.loopingcall [None req-9f0eefc3-9c1c-4f39-8c7d-ba2c625b1422 None None] Fixed interval looping call 'neutron.db.quota.driver_nolock.DbQuotaNoLockDriver._remove_expired_reservations' sleeping for 120.00 seconds {{(pid=92003) _run_loop /opt/stack/data/venv/lib/python3.12/site-packages/oslo_service/backend/_threading/loopingcall.py:125}}
May 26 15:37:53.487898 np0000001430 neutron-periodic-workers[91980]: DEBUG dbcounter [-] [91980] Writing DB stats neutron:SELECT=3 {{(pid=91980) stat_writer /opt/stack/data/venv/lib/python3.12/site-packages/dbcounter.py:115}}
May 26 15:38:00.515227 np0000001430 neutron-periodic-workers[91985]: DEBUG dbcounter [-] [91985] Writing DB stats neutron:SELECT=1 {{(pid=91985) stat_writer /opt/stack/data/venv/lib/python3.12/site-packages/dbcounter.py:115}}
May 26 15:38:00.521127 np0000001430 neutron-periodic-workers[92003]: DEBUG dbcounter [-] [92003] Writing DB stats neutron:DELETE=1 {{(pid=92003) stat_writer /opt/stack/data/venv/lib/python3.12/site-packages/dbcounter.py:115}}
May 26 15:38:20.485534 np0000001430 neutron-periodic-workers[91980]: DEBUG oslo.service.backend._threading.loopingcall [None req-bdab5282-0131-4345-abec-8096c62612b7 None None] Fixed interval looping call 'neutron.plugins.ml2.plugin.DhcpAgentSchedulerDbMixin.remove_networks_from_down_agents' sleeping for 36.99 seconds {{(pid=91980) _run_loop /opt/stack/data/venv/lib/python3.12/site-packages/oslo_service/backend/_threading/loopingcall.py:125}}
May 26 15:38:27.521548 np0000001430 neutron-periodic-workers[91985]: DEBUG neutron.db.agents_db [None req-d4fa0eab-6223-4cad-8dc7-0b6fd9c16ee7 None None] Agent healthcheck: found 0 active agents {{(pid=91985) agent_health_check /opt/stack/neutron/neutron/db/agents_db.py:322}}
May 26 15:38:27.521983 np0000001430 neutron-periodic-workers[91985]: DEBUG oslo.service.backend._threading.loopingcall [None req-d4fa0eab-6223-4cad-8dc7-0b6fd9c16ee7 None None] Fixed interval looping call 'neutron.plugins.ml2.plugin.AgentDbMixin.agent_health_check' sleeping for 37.00 seconds {{(pid=91985) _run_loop /opt/stack/data/venv/lib/python3.12/site-packages/oslo_service/backend/_threading/loopingcall.py:125}}
May 26 15:38:30.484698 np0000001430 neutron-periodic-workers[91980]: DEBUG dbcounter [-] [91980] Writing DB stats neutron:SELECT=3 {{(pid=91980) stat_writer /opt/stack/data/venv/lib/python3.12/site-packages/dbcounter.py:115}}
May 26 15:38:37.519903 np0000001430 neutron-periodic-workers[91985]: DEBUG dbcounter [-] [91985] Writing DB stats neutron:SELECT=1 {{(pid=91985) stat_writer /opt/stack/data/venv/lib/python3.12/site-packages/dbcounter.py:115}}
May 26 15:38:57.482635 np0000001430 neutron-periodic-workers[91980]: DEBUG oslo.service.backend._threading.loopingcall [None req-bdab5282-0131-4345-abec-8096c62612b7 None None] Fixed interval looping call 'neutron.plugins.ml2.plugin.DhcpAgentSchedulerDbMixin.remove_networks_from_down_agents' sleeping for 36.99 seconds {{(pid=91980) _run_loop /opt/stack/data/venv/lib/python3.12/site-packages/oslo_service/backend/_threading/loopingcall.py:125}}
May 26 15:39:04.526958 np0000001430 neutron-periodic-workers[91985]: DEBUG neutron.db.agents_db [None req-d4fa0eab-6223-4cad-8dc7-0b6fd9c16ee7 None None] Agent healthcheck: found 0 active agents {{(pid=91985) agent_health_check /opt/stack/neutron/neutron/db/agents_db.py:322}}
May 26 15:39:04.526958 np0000001430 neutron-periodic-workers[91985]: DEBUG oslo.service.backend._threading.loopingcall [None req-d4fa0eab-6223-4cad-8dc7-0b6fd9c16ee7 None None] Fixed interval looping call 'neutron.plugins.ml2.plugin.AgentDbMixin.agent_health_check' sleeping for 37.00 seconds {{(pid=91985) _run_loop /opt/stack/data/venv/lib/python3.12/site-packages/oslo_service/backend/_threading/loopingcall.py:125}}
May 26 15:39:07.482693 np0000001430 neutron-periodic-workers[91980]: DEBUG dbcounter [-] [91980] Writing DB stats neutron:SELECT=3 {{(pid=91980) stat_writer /opt/stack/data/venv/lib/python3.12/site-packages/dbcounter.py:115}}
May 26 15:39:14.524856 np0000001430 neutron-periodic-workers[91985]: DEBUG dbcounter [-] [91985] Writing DB stats neutron:SELECT=1 {{(pid=91985) stat_writer /opt/stack/data/venv/lib/python3.12/site-packages/dbcounter.py:115}}
May 26 15:39:34.480019 np0000001430 neutron-periodic-workers[91980]: DEBUG oslo.service.backend._threading.loopingcall [None req-bdab5282-0131-4345-abec-8096c62612b7 None None] Fixed interval looping call 'neutron.plugins.ml2.plugin.DhcpAgentSchedulerDbMixin.remove_networks_from_down_agents' sleeping for 36.99 seconds {{(pid=91980) _run_loop /opt/stack/data/venv/lib/python3.12/site-packages/oslo_service/backend/_threading/loopingcall.py:125}}
May 26 15:39:41.533186 np0000001430 neutron-periodic-workers[91985]: DEBUG neutron.db.agents_db [None req-d4fa0eab-6223-4cad-8dc7-0b6fd9c16ee7 None None] Agent healthcheck: found 0 active agents {{(pid=91985) agent_health_check /opt/stack/neutron/neutron/db/agents_db.py:322}}
May 26 15:39:41.534943 np0000001430 neutron-periodic-workers[91985]: DEBUG oslo.service.backend._threading.loopingcall [None req-d4fa0eab-6223-4cad-8dc7-0b6fd9c16ee7 None None] Fixed interval looping call 'neutron.plugins.ml2.plugin.AgentDbMixin.agent_health_check' sleeping for 36.99 seconds {{(pid=91985) _run_loop /opt/stack/data/venv/lib/python3.12/site-packages/oslo_service/backend/_threading/loopingcall.py:125}}
May 26 15:39:42.539033 np0000001430 neutron-periodic-workers[92015]: DEBUG oslo.service.backend._threading.loopingcall [None req-14cb77d9-ff1f-400c-af31-07447b9c9551 None None] Fixed interval looping call 'neutron.services.ovn_l3.plugin.L3_NAT_dbonly_mixin._clean_garbage' sleeping for 299.99 seconds {{(pid=92015) _run_loop /opt/stack/data/venv/lib/python3.12/site-packages/oslo_service/backend/_threading/loopingcall.py:125}}
May 26 15:39:44.480409 np0000001430 neutron-periodic-workers[91980]: DEBUG dbcounter [-] [91980] Writing DB stats neutron:SELECT=3 {{(pid=91980) stat_writer /opt/stack/data/venv/lib/python3.12/site-packages/dbcounter.py:115}}
May 26 15:39:50.526385 np0000001430 neutron-periodic-workers[92003]: DEBUG oslo.service.backend._threading.loopingcall [None req-9f0eefc3-9c1c-4f39-8c7d-ba2c625b1422 None None] Fixed interval looping call 'neutron.db.quota.driver_nolock.DbQuotaNoLockDriver._remove_expired_reservations' sleeping for 120.00 seconds {{(pid=92003) _run_loop /opt/stack/data/venv/lib/python3.12/site-packages/oslo_service/backend/_threading/loopingcall.py:125}}
May 26 15:39:51.532087 np0000001430 neutron-periodic-workers[91985]: DEBUG dbcounter [-] [91985] Writing DB stats neutron:SELECT=1 {{(pid=91985) stat_writer /opt/stack/data/venv/lib/python3.12/site-packages/dbcounter.py:115}}
May 26 15:39:52.531409 np0000001430 neutron-periodic-workers[92015]: DEBUG dbcounter [-] [92015] Writing DB stats neutron:SELECT=1 {{(pid=92015) stat_writer /opt/stack/data/venv/lib/python3.12/site-packages/dbcounter.py:115}}
May 26 15:40:00.526676 np0000001430 neutron-periodic-workers[92003]: DEBUG dbcounter [-] [92003] Writing DB stats neutron:DELETE=1 {{(pid=92003) stat_writer /opt/stack/data/venv/lib/python3.12/site-packages/dbcounter.py:115}}
