Jun 26 02:57:05.286173 np0000003686 nova-scheduler[93238]: DEBUG cotyledon.oslo_config_glue [-] oslo_messaging_notifications.transport_url = **** {{(pid=93238) log_opt_values /opt/stack/data/venv/lib/python3.12/site-packages/oslo_config/cfg.py:3253}}
Jun 26 02:57:05.286173 np0000003686 nova-scheduler[93238]: DEBUG cotyledon.oslo_config_glue [-] oslo_limit.auth_section = None {{(pid=93238) log_opt_values /opt/stack/data/venv/lib/python3.12/site-packages/oslo_config/cfg.py:3253}}
Jun 26 02:57:05.286173 np0000003686 nova-scheduler[93238]: DEBUG cotyledon.oslo_config_glue [-] oslo_limit.auth_type = None {{(pid=93238) log_opt_values /opt/stack/data/venv/lib/python3.12/site-packages/oslo_config/cfg.py:3253}}
Jun 26 02:57:05.286173 np0000003686 nova-scheduler[93238]: DEBUG cotyledon.oslo_config_glue [-] oslo_limit.cafile = None {{(pid=93238) log_opt_values /opt/stack/data/venv/lib/python3.12/site-packages/oslo_config/cfg.py:3253}}
Jun 26 02:57:05.286173 np0000003686 nova-scheduler[93238]: DEBUG cotyledon.oslo_config_glue [-] oslo_limit.certfile = None {{(pid=93238) log_opt_values /opt/stack/data/venv/lib/python3.12/site-packages/oslo_config/cfg.py:3253}}
Jun 26 02:57:05.286173 np0000003686 nova-scheduler[93238]: DEBUG cotyledon.oslo_config_glue [-] oslo_limit.collect_timing = False {{(pid=93238) log_opt_values /opt/stack/data/venv/lib/python3.12/site-packages/oslo_config/cfg.py:3253}}
Jun 26 02:57:05.286173 np0000003686 nova-scheduler[93238]: DEBUG cotyledon.oslo_config_glue [-] oslo_limit.connect_retries = None {{(pid=93238) log_opt_values /opt/stack/data/venv/lib/python3.12/site-packages/oslo_config/cfg.py:3253}}
Jun 26 02:57:05.286728 np0000003686 nova-scheduler[93238]: DEBUG cotyledon.oslo_config_glue [-] oslo_limit.connect_retry_delay = None {{(pid=93238) log_opt_values /opt/stack/data/venv/lib/python3.12/site-packages/oslo_config/cfg.py:3253}}
Jun 26 02:57:05.286728 np0000003686 nova-scheduler[93238]: DEBUG cotyledon.oslo_config_glue [-] oslo_limit.endpoint_id = None {{(pid=93238) log_opt_values /opt/stack/data/venv/lib/python3.12/site-packages/oslo_config/cfg.py:3253}}
Jun 26 02:57:05.286728 np0000003686 nova-scheduler[93238]: DEBUG cotyledon.oslo_config_glue [-] oslo_limit.endpoint_interface = public {{(pid=93238) log_opt_values /opt/stack/data/venv/lib/python3.12/site-packages/oslo_config/cfg.py:3253}}
Jun 26 02:57:05.286728 np0000003686 nova-scheduler[93238]: DEBUG cotyledon.oslo_config_glue [-] oslo_limit.endpoint_override = None {{(pid=93238) log_opt_values /opt/stack/data/venv/lib/python3.12/site-packages/oslo_config/cfg.py:3253}}
Jun 26 02:57:05.286728 np0000003686 nova-scheduler[93238]: DEBUG cotyledon.oslo_config_glue [-] oslo_limit.endpoint_region_name = None {{(pid=93238) log_opt_values /opt/stack/data/venv/lib/python3.12/site-packages/oslo_config/cfg.py:3253}}
Jun 26 02:57:05.286728 np0000003686 nova-scheduler[93238]: DEBUG cotyledon.oslo_config_glue [-] oslo_limit.endpoint_service_name = None {{(pid=93238) log_opt_values /opt/stack/data/venv/lib/python3.12/site-packages/oslo_config/cfg.py:3253}}
Jun 26 02:57:05.286728 np0000003686 nova-scheduler[93238]: DEBUG cotyledon.oslo_config_glue [-] oslo_limit.endpoint_service_type = None {{(pid=93238) log_opt_values /opt/stack/data/venv/lib/python3.12/site-packages/oslo_config/cfg.py:3253}}
Jun 26 02:57:05.286728 np0000003686 nova-scheduler[93238]: DEBUG cotyledon.oslo_config_glue [-] oslo_limit.insecure = False {{(pid=93238) log_opt_values /opt/stack/data/venv/lib/python3.12/site-packages/oslo_config/cfg.py:3253}}
Jun 26 02:57:05.286728 np0000003686 nova-scheduler[93238]: DEBUG cotyledon.oslo_config_glue [-] oslo_limit.keyfile = None {{(pid=93238) log_opt_values /opt/stack/data/venv/lib/python3.12/site-packages/oslo_config/cfg.py:3253}}
Jun 26 02:57:05.286903 np0000003686 nova-scheduler[93238]: DEBUG cotyledon.oslo_config_glue [-] oslo_limit.max_version = None {{(pid=93238) log_opt_values /opt/stack/data/venv/lib/python3.12/site-packages/oslo_config/cfg.py:3253}}
Jun 26 02:57:05.286903 np0000003686 nova-scheduler[93238]: DEBUG cotyledon.oslo_config_glue [-] oslo_limit.min_version = None {{(pid=93238) log_opt_values /opt/stack/data/venv/lib/python3.12/site-packages/oslo_config/cfg.py:3253}}
Jun 26 02:57:05.286903 np0000003686 nova-scheduler[93238]: DEBUG cotyledon.oslo_config_glue [-] oslo_limit.region_name = None {{(pid=93238) log_opt_values /opt/stack/data/venv/lib/python3.12/site-packages/oslo_config/cfg.py:3253}}
Jun 26 02:57:05.286903 np0000003686 nova-scheduler[93238]: DEBUG cotyledon.oslo_config_glue [-] oslo_limit.retriable_status_codes = None {{(pid=93238) log_opt_values /opt/stack/data/venv/lib/python3.12/site-packages/oslo_config/cfg.py:3253}}
Jun 26 02:57:05.286903 np0000003686 nova-scheduler[93238]: DEBUG cotyledon.oslo_config_glue [-] oslo_limit.service_name = None {{(pid=93238) log_opt_values /opt/stack/data/venv/lib/python3.12/site-packages/oslo_config/cfg.py:3253}}
Jun 26 02:57:05.286903 np0000003686 nova-scheduler[93238]: DEBUG cotyledon.oslo_config_glue [-] oslo_limit.service_type = None {{(pid=93238) log_opt_values /opt/stack/data/venv/lib/python3.12/site-packages/oslo_config/cfg.py:3253}}
Jun 26 02:57:05.286903 np0000003686 nova-scheduler[93238]: DEBUG cotyledon.oslo_config_glue [-] oslo_limit.split_loggers = False {{(pid=93238) log_opt_values /opt/stack/data/venv/lib/python3.12/site-packages/oslo_config/cfg.py:3253}}
Jun 26 02:57:05.286903 np0000003686 nova-scheduler[93238]: DEBUG cotyledon.oslo_config_glue [-] oslo_limit.status_code_retries = None {{(pid=93238) log_opt_values /opt/stack/data/venv/lib/python3.12/site-packages/oslo_config/cfg.py:3253}}
Jun 26 02:57:05.286903 np0000003686 nova-scheduler[93238]: DEBUG cotyledon.oslo_config_glue [-] oslo_limit.status_code_retry_delay = None {{(pid=93238) log_opt_values /opt/stack/data/venv/lib/python3.12/site-packages/oslo_config/cfg.py:3253}}
Jun 26 02:57:05.287125 np0000003686 nova-scheduler[93238]: DEBUG cotyledon.oslo_config_glue [-] oslo_limit.timeout = None {{(pid=93238) log_opt_values /opt/stack/data/venv/lib/python3.12/site-packages/oslo_config/cfg.py:3253}}
Jun 26 02:57:05.287125 np0000003686 nova-scheduler[93238]: DEBUG cotyledon.oslo_config_glue [-] oslo_limit.valid_interfaces = None {{(pid=93238) log_opt_values /opt/stack/data/venv/lib/python3.12/site-packages/oslo_config/cfg.py:3253}}
Jun 26 02:57:05.287125 np0000003686 nova-scheduler[93238]: DEBUG cotyledon.oslo_config_glue [-] oslo_limit.version = None {{(pid=93238) log_opt_values /opt/stack/data/venv/lib/python3.12/site-packages/oslo_config/cfg.py:3253}}
Jun 26 02:57:05.287125 np0000003686 nova-scheduler[93238]: DEBUG cotyledon.oslo_config_glue [-] oslo_reports.file_event_handler = None {{(pid=93238) log_opt_values /opt/stack/data/venv/lib/python3.12/site-packages/oslo_config/cfg.py:3253}}
Jun 26 02:57:05.287125 np0000003686 nova-scheduler[93238]: DEBUG cotyledon.oslo_config_glue [-] oslo_reports.file_event_handler_interval = 1 {{(pid=93238) log_opt_values /opt/stack/data/venv/lib/python3.12/site-packages/oslo_config/cfg.py:3253}}
Jun 26 02:57:05.287125 np0000003686 nova-scheduler[93238]: DEBUG cotyledon.oslo_config_glue [-] oslo_reports.log_dir = None {{(pid=93238) log_opt_values /opt/stack/data/venv/lib/python3.12/site-packages/oslo_config/cfg.py:3253}}
Jun 26 02:57:05.287125 np0000003686 nova-scheduler[93238]: DEBUG cotyledon.oslo_config_glue [-] ******************************************************************************** {{(pid=93238) log_opt_values /opt/stack/data/venv/lib/python3.12/site-packages/oslo_config/cfg.py:3260}}
Jun 26 02:57:05.287125 np0000003686 nova-scheduler[93238]: DEBUG cotyledon._service_worker [-] Run service ServiceWrapper(2) [93238] {{(pid=93238) wait_forever /opt/stack/data/venv/lib/python3.12/site-packages/cotyledon/_service_worker.py:218}}
Jun 26 02:57:05.287125 np0000003686 nova-scheduler[93238]: INFO nova.service [-] Starting scheduler node (version 33.1.0)
Jun 26 02:57:05.287125 np0000003686 nova-scheduler[93238]: INFO dbcounter [None req-9479671f-5d45-4ada-ae65-4d3c709626f2 None None] Registered counter for database nova_cell0
Jun 26 02:57:05.298283 np0000003686 nova-scheduler[93232]: DEBUG oslo_db.sqlalchemy.engines [None req-18426835-f50e-418a-8120-d0289237af01 None None] MySQL server mode set to STRICT_TRANS_TABLES,STRICT_ALL_TABLES,NO_ZERO_IN_DATE,NO_ZERO_DATE,ERROR_FOR_DIVISION_BY_ZERO,TRADITIONAL,NO_ENGINE_SUBSTITUTION {{(pid=93232) _check_effective_sql_mode /opt/stack/data/venv/lib/python3.12/site-packages/oslo_db/sqlalchemy/engines.py:325}}
Jun 26 02:57:05.299277 np0000003686 nova-scheduler[93230]: DEBUG nova.service [None req-febcff4d-a996-4398-abf1-63bcc9694925 None None] Creating RPC server for service: nova-scheduler on topic: scheduler {{(pid=93230) start /opt/stack/nova/nova/service.py:196}}
Jun 26 02:57:05.309226 np0000003686 nova-scheduler[93232]: DEBUG dbcounter [-] [93232] Writer thread running {{(pid=93232) stat_writer /opt/stack/data/venv/lib/python3.12/site-packages/dbcounter.py:102}}
Jun 26 02:57:05.312248 np0000003686 nova-scheduler[93232]: DEBUG nova.service [None req-18426835-f50e-418a-8120-d0289237af01 None None] Creating RPC server for service: nova-scheduler on topic: scheduler {{(pid=93232) start /opt/stack/nova/nova/service.py:196}}
Jun 26 02:57:05.319342 np0000003686 nova-scheduler[93238]: DEBUG oslo_db.sqlalchemy.engines [None req-9479671f-5d45-4ada-ae65-4d3c709626f2 None None] MySQL server mode set to STRICT_TRANS_TABLES,STRICT_ALL_TABLES,NO_ZERO_IN_DATE,NO_ZERO_DATE,ERROR_FOR_DIVISION_BY_ZERO,TRADITIONAL,NO_ENGINE_SUBSTITUTION {{(pid=93238) _check_effective_sql_mode /opt/stack/data/venv/lib/python3.12/site-packages/oslo_db/sqlalchemy/engines.py:325}}
Jun 26 02:57:05.323411 np0000003686 nova-scheduler[93230]: DEBUG nova.service [None req-febcff4d-a996-4398-abf1-63bcc9694925 None None] Join ServiceGroup membership for this service scheduler {{(pid=93230) start /opt/stack/nova/nova/service.py:222}}
Jun 26 02:57:05.323411 np0000003686 nova-scheduler[93230]: DEBUG nova.servicegroup.drivers.db [None req-febcff4d-a996-4398-abf1-63bcc9694925 None None] DB_Driver: join new ServiceGroup member np0000003686 to the scheduler group, service = {{(pid=93230) join /opt/stack/nova/nova/servicegroup/drivers/db.py:44}}
Jun 26 02:57:05.330067 np0000003686 nova-scheduler[93238]: DEBUG dbcounter [-] [93238] Writer thread running {{(pid=93238) stat_writer /opt/stack/data/venv/lib/python3.12/site-packages/dbcounter.py:102}}
Jun 26 02:57:05.330580 np0000003686 nova-scheduler[93232]: DEBUG nova.service [None req-18426835-f50e-418a-8120-d0289237af01 None None] Join ServiceGroup membership for this service scheduler {{(pid=93232) start /opt/stack/nova/nova/service.py:222}}
Jun 26 02:57:05.330779 np0000003686 nova-scheduler[93232]: DEBUG nova.servicegroup.drivers.db [None req-18426835-f50e-418a-8120-d0289237af01 None None] DB_Driver: join new ServiceGroup member np0000003686 to the scheduler group, service = {{(pid=93232) join /opt/stack/nova/nova/servicegroup/drivers/db.py:44}}
Jun 26 02:57:05.333216 np0000003686 nova-scheduler[93238]: DEBUG nova.service [None req-9479671f-5d45-4ada-ae65-4d3c709626f2 None None] Creating RPC server for service: nova-scheduler on topic: scheduler {{(pid=93238) start /opt/stack/nova/nova/service.py:196}}
Jun 26 02:57:05.348985 np0000003686 nova-scheduler[93238]: DEBUG nova.service [None req-9479671f-5d45-4ada-ae65-4d3c709626f2 None None] Join ServiceGroup membership for this service scheduler {{(pid=93238) start /opt/stack/nova/nova/service.py:222}}
Jun 26 02:57:05.349131 np0000003686 nova-scheduler[93238]: DEBUG nova.servicegroup.drivers.db [None req-9479671f-5d45-4ada-ae65-4d3c709626f2 None None] DB_Driver: join new ServiceGroup member np0000003686 to the scheduler group, service = {{(pid=93238) join /opt/stack/nova/nova/servicegroup/drivers/db.py:44}}
Jun 26 02:57:07.351287 np0000003686 nova-scheduler[93238]: DEBUG oslo.service.backend._threading.loopingcall [None req-4af2a38d-2e9f-47d5-a784-1f55d260e9bc None None] Dynamic interval looping call 'nova.service.Service.periodic_tasks' sleeping for 60.00 seconds {{(pid=93238) _run_loop /opt/stack/data/venv/lib/python3.12/site-packages/oslo_service/backend/_threading/loopingcall.py:125}}
Jun 26 02:57:10.336131 np0000003686 nova-scheduler[93230]: DEBUG oslo.service.backend._threading.loopingcall [-] Fixed interval looping call 'nova.servicegroup.drivers.db.DbDriver._report_state' sleeping for 119.99 seconds {{(pid=93230) _run_loop /opt/stack/data/venv/lib/python3.12/site-packages/oslo_service/backend/_threading/loopingcall.py:125}}
Jun 26 02:57:10.342228 np0000003686 nova-scheduler[93232]: DEBUG oslo.service.backend._threading.loopingcall [-] Fixed interval looping call 'nova.servicegroup.drivers.db.DbDriver._report_state' sleeping for 119.99 seconds {{(pid=93232) _run_loop /opt/stack/data/venv/lib/python3.12/site-packages/oslo_service/backend/_threading/loopingcall.py:125}}
Jun 26 02:57:10.360698 np0000003686 nova-scheduler[93238]: DEBUG oslo.service.backend._threading.loopingcall [-] Fixed interval looping call 'nova.servicegroup.drivers.db.DbDriver._report_state' sleeping for 119.99 seconds {{(pid=93238) _run_loop /opt/stack/data/venv/lib/python3.12/site-packages/oslo_service/backend/_threading/loopingcall.py:125}}
Jun 26 02:57:13.325643 np0000003686 nova-scheduler[93230]: DEBUG oslo.service.backend._threading.loopingcall [None req-c88afd26-4e8d-4d11-b545-d408b516243d None None] Dynamic interval looping call 'nova.service.Service.periodic_tasks' sleeping for 60.00 seconds {{(pid=93230) _run_loop /opt/stack/data/venv/lib/python3.12/site-packages/oslo_service/backend/_threading/loopingcall.py:125}}
Jun 26 02:57:13.847996 np0000003686 nova-scheduler[92035]: DEBUG dbcounter [-] [92035] Writing DB stats nova_api:SELECT=3 {{(pid=92035) stat_writer /opt/stack/data/venv/lib/python3.12/site-packages/dbcounter.py:115}}
Jun 26 02:57:13.980123 np0000003686 nova-scheduler[92035]: DEBUG dbcounter [-] [92035] Writing DB stats nova_cell0:SELECT=1 {{(pid=92035) stat_writer /opt/stack/data/venv/lib/python3.12/site-packages/dbcounter.py:115}}
Jun 26 02:57:13.986397 np0000003686 nova-scheduler[92035]: DEBUG dbcounter [-] [92035] Writing DB stats nova_cell1:SELECT=1 {{(pid=92035) stat_writer /opt/stack/data/venv/lib/python3.12/site-packages/dbcounter.py:115}}
Jun 26 02:57:20.332891 np0000003686 nova-scheduler[93230]: DEBUG dbcounter [-] [93230] Writing DB stats nova_cell0:SELECT=4,nova_cell0:INSERT=1,nova_cell0:UPDATE=1 {{(pid=93230) stat_writer /opt/stack/data/venv/lib/python3.12/site-packages/dbcounter.py:115}}
Jun 26 02:57:20.339297 np0000003686 nova-scheduler[93232]: DEBUG dbcounter [-] [93232] Writing DB stats nova_cell0:SELECT=3 {{(pid=93232) stat_writer /opt/stack/data/venv/lib/python3.12/site-packages/dbcounter.py:115}}
Jun 26 02:57:20.358007 np0000003686 nova-scheduler[93238]: DEBUG dbcounter [-] [93238] Writing DB stats nova_cell0:SELECT=3 {{(pid=93238) stat_writer /opt/stack/data/venv/lib/python3.12/site-packages/dbcounter.py:115}}
Jun 26 02:57:51.333020 np0000003686 nova-scheduler[93232]: DEBUG oslo.service.backend._threading.loopingcall [None req-9f7273f5-1ecb-4937-aae1-72e47e28196c None None] Dynamic interval looping call 'nova.service.Service.periodic_tasks' sleeping for 60.00 seconds {{(pid=93232) _run_loop /opt/stack/data/venv/lib/python3.12/site-packages/oslo_service/backend/_threading/loopingcall.py:125}}
Jun 26 02:58:07.351713 np0000003686 nova-scheduler[93238]: DEBUG oslo.service.backend._threading.loopingcall [None req-4af2a38d-2e9f-47d5-a784-1f55d260e9bc None None] Dynamic interval looping call 'nova.service.Service.periodic_tasks' sleeping for 60.00 seconds {{(pid=93238) _run_loop /opt/stack/data/venv/lib/python3.12/site-packages/oslo_service/backend/_threading/loopingcall.py:125}}
Jun 26 02:58:13.326147 np0000003686 nova-scheduler[93230]: DEBUG oslo.service.backend._threading.loopingcall [None req-c88afd26-4e8d-4d11-b545-d408b516243d None None] Dynamic interval looping call 'nova.service.Service.periodic_tasks' sleeping for 60.00 seconds {{(pid=93230) _run_loop /opt/stack/data/venv/lib/python3.12/site-packages/oslo_service/backend/_threading/loopingcall.py:125}}
Jun 26 02:58:51.333468 np0000003686 nova-scheduler[93232]: DEBUG oslo.service.backend._threading.loopingcall [None req-9f7273f5-1ecb-4937-aae1-72e47e28196c None None] Dynamic interval looping call 'nova.service.Service.periodic_tasks' sleeping for 60.00 seconds {{(pid=93232) _run_loop /opt/stack/data/venv/lib/python3.12/site-packages/oslo_service/backend/_threading/loopingcall.py:125}}
Jun 26 02:59:07.352258 np0000003686 nova-scheduler[93238]: DEBUG oslo.service.backend._threading.loopingcall [None req-4af2a38d-2e9f-47d5-a784-1f55d260e9bc None None] Dynamic interval looping call 'nova.service.Service.periodic_tasks' sleeping for 60.00 seconds {{(pid=93238) _run_loop /opt/stack/data/venv/lib/python3.12/site-packages/oslo_service/backend/_threading/loopingcall.py:125}}
Jun 26 02:59:10.332306 np0000003686 nova-scheduler[93230]: DEBUG oslo.service.backend._threading.loopingcall [-] Fixed interval looping call 'nova.servicegroup.drivers.db.DbDriver._report_state' sleeping for 119.99 seconds {{(pid=93230) _run_loop /opt/stack/data/venv/lib/python3.12/site-packages/oslo_service/backend/_threading/loopingcall.py:125}}
Jun 26 02:59:10.335981 np0000003686 nova-scheduler[93232]: DEBUG oslo.service.backend._threading.loopingcall [-] Fixed interval looping call 'nova.servicegroup.drivers.db.DbDriver._report_state' sleeping for 120.00 seconds {{(pid=93232) _run_loop /opt/stack/data/venv/lib/python3.12/site-packages/oslo_service/backend/_threading/loopingcall.py:125}}
Jun 26 02:59:10.353837 np0000003686 nova-scheduler[93238]: DEBUG oslo.service.backend._threading.loopingcall [-] Fixed interval looping call 'nova.servicegroup.drivers.db.DbDriver._report_state' sleeping for 120.00 seconds {{(pid=93238) _run_loop /opt/stack/data/venv/lib/python3.12/site-packages/oslo_service/backend/_threading/loopingcall.py:125}}
Jun 26 02:59:13.326677 np0000003686 nova-scheduler[93230]: DEBUG oslo.service.backend._threading.loopingcall [None req-c88afd26-4e8d-4d11-b545-d408b516243d None None] Dynamic interval looping call 'nova.service.Service.periodic_tasks' sleeping for 60.00 seconds {{(pid=93230) _run_loop /opt/stack/data/venv/lib/python3.12/site-packages/oslo_service/backend/_threading/loopingcall.py:125}}
Jun 26 02:59:20.329371 np0000003686 nova-scheduler[93230]: DEBUG dbcounter [-] [93230] Writing DB stats nova_cell0:SELECT=1,nova_cell0:UPDATE=1 {{(pid=93230) stat_writer /opt/stack/data/venv/lib/python3.12/site-packages/dbcounter.py:115}}
Jun 26 02:59:20.334783 np0000003686 nova-scheduler[93232]: DEBUG dbcounter [-] [93232] Writing DB stats nova_cell0:SELECT=1 {{(pid=93232) stat_writer /opt/stack/data/venv/lib/python3.12/site-packages/dbcounter.py:115}}
Jun 26 02:59:20.352908 np0000003686 nova-scheduler[93238]: DEBUG dbcounter [-] [93238] Writing DB stats nova_cell0:SELECT=1 {{(pid=93238) stat_writer /opt/stack/data/venv/lib/python3.12/site-packages/dbcounter.py:115}}
Jun 26 02:59:51.334061 np0000003686 nova-scheduler[93232]: DEBUG oslo.service.backend._threading.loopingcall [None req-9f7273f5-1ecb-4937-aae1-72e47e28196c None None] Dynamic interval looping call 'nova.service.Service.periodic_tasks' sleeping for 60.00 seconds {{(pid=93232) _run_loop /opt/stack/data/venv/lib/python3.12/site-packages/oslo_service/backend/_threading/loopingcall.py:125}}
Jun 26 03:00:02.657224 np0000003686 nova-scheduler[93230]: DEBUG nova.scheduler.manager [None req-0e67d98c-3703-4f83-90ae-bd0157742c46 tempest-ServerRescueNegativeTestJSON-1162025204 tempest-ServerRescueNegativeTestJSON-1162025204-project-member] Starting to schedule for instances: ['5a36c1ed-f063-48cc-b519-4ea5f9be46cb'] {{(pid=93230) select_destinations /opt/stack/nova/nova/scheduler/manager.py:210}}
Jun 26 03:00:02.657224 np0000003686 nova-scheduler[93230]: DEBUG nova.scheduler.request_filter [None req-0e67d98c-3703-4f83-90ae-bd0157742c46 tempest-ServerRescueNegativeTestJSON-1162025204 tempest-ServerRescueNegativeTestJSON-1162025204-project-member] compute_status_filter request filter added forbidden trait COMPUTE_STATUS_DISABLED {{(pid=93230) compute_status_filter /opt/stack/nova/nova/scheduler/request_filter.py:253}}
Jun 26 03:00:02.657224 np0000003686 nova-scheduler[93230]: DEBUG nova.scheduler.request_filter [None req-0e67d98c-3703-4f83-90ae-bd0157742c46 tempest-ServerRescueNegativeTestJSON-1162025204 tempest-ServerRescueNegativeTestJSON-1162025204-project-member] Request filter 'compute_status_filter' took 0.0 seconds {{(pid=93230) wrapper /opt/stack/nova/nova/scheduler/request_filter.py:46}}
Jun 26 03:00:02.657224 np0000003686 nova-scheduler[93230]: DEBUG nova.scheduler.request_filter [None req-0e67d98c-3703-4f83-90ae-bd0157742c46 tempest-ServerRescueNegativeTestJSON-1162025204 tempest-ServerRescueNegativeTestJSON-1162025204-project-member] Request filter 'accelerators_filter' took 0.0 seconds {{(pid=93230) wrapper /opt/stack/nova/nova/scheduler/request_filter.py:46}}
Jun 26 03:00:02.657920 np0000003686 nova-scheduler[93230]: DEBUG nova.scheduler.request_filter [None req-0e67d98c-3703-4f83-90ae-bd0157742c46 tempest-ServerRescueNegativeTestJSON-1162025204 tempest-ServerRescueNegativeTestJSON-1162025204-project-member] Request filter 'packed_virtqueue_filter' took 0.0 seconds {{(pid=93230) wrapper /opt/stack/nova/nova/scheduler/request_filter.py:46}}
Jun 26 03:00:02.658630 np0000003686 nova-scheduler[93230]: DEBUG nova.scheduler.request_filter [None req-0e67d98c-3703-4f83-90ae-bd0157742c46 tempest-ServerRescueNegativeTestJSON-1162025204 tempest-ServerRescueNegativeTestJSON-1162025204-project-member] Request filter 'remote_managed_ports_filter' took 0.0 seconds {{(pid=93230) wrapper /opt/stack/nova/nova/scheduler/request_filter.py:46}}
Jun 26 03:00:02.658898 np0000003686 nova-scheduler[93230]: DEBUG nova.scheduler.request_filter [None req-0e67d98c-3703-4f83-90ae-bd0157742c46 tempest-ServerRescueNegativeTestJSON-1162025204 tempest-ServerRescueNegativeTestJSON-1162025204-project-member] ephemeral_encryption_filter skipped {{(pid=93230) ephemeral_encryption_filter /opt/stack/nova/nova/scheduler/request_filter.py:426}}
Jun 26 03:00:02.659163 np0000003686 nova-scheduler[93230]: DEBUG nova.scheduler.request_filter [None req-0e67d98c-3703-4f83-90ae-bd0157742c46 tempest-ServerRescueNegativeTestJSON-1162025204 tempest-ServerRescueNegativeTestJSON-1162025204-project-member] virtio_sound_filter skipped {{(pid=93230) virtio_sound_filter /opt/stack/nova/nova/scheduler/request_filter.py:460}}
Jun 26 03:00:02.659407 np0000003686 nova-scheduler[93230]: DEBUG nova.scheduler.request_filter [None req-0e67d98c-3703-4f83-90ae-bd0157742c46 tempest-ServerRescueNegativeTestJSON-1162025204 tempest-ServerRescueNegativeTestJSON-1162025204-project-member] tpm_secret_security_filter skipped {{(pid=93230) tpm_secret_security_filter /opt/stack/nova/nova/scheduler/request_filter.py:477}}
Jun 26 03:00:02.821030 np0000003686 nova-scheduler[93232]: DEBUG nova.scheduler.manager [None req-6efa95ff-b0f8-4d2b-bc7f-7ce976583258 tempest-DeleteServersTestJSON-1382557430 tempest-DeleteServersTestJSON-1382557430-project-member] Starting to schedule for instances: ['96a9f3b8-4600-4c7a-8bcd-54e22d13c889'] {{(pid=93232) select_destinations /opt/stack/nova/nova/scheduler/manager.py:210}}
Jun 26 03:00:02.821030 np0000003686 nova-scheduler[93232]: DEBUG nova.scheduler.request_filter [None req-6efa95ff-b0f8-4d2b-bc7f-7ce976583258 tempest-DeleteServersTestJSON-1382557430 tempest-DeleteServersTestJSON-1382557430-project-member] compute_status_filter request filter added forbidden trait COMPUTE_STATUS_DISABLED {{(pid=93232) compute_status_filter /opt/stack/nova/nova/scheduler/request_filter.py:253}}
Jun 26 03:00:02.821030 np0000003686 nova-scheduler[93232]: DEBUG nova.scheduler.request_filter [None req-6efa95ff-b0f8-4d2b-bc7f-7ce976583258 tempest-DeleteServersTestJSON-1382557430 tempest-DeleteServersTestJSON-1382557430-project-member] Request filter 'compute_status_filter' took 0.0 seconds {{(pid=93232) wrapper /opt/stack/nova/nova/scheduler/request_filter.py:46}}
Jun 26 03:00:02.822168 np0000003686 nova-scheduler[93232]: DEBUG nova.scheduler.request_filter [None req-6efa95ff-b0f8-4d2b-bc7f-7ce976583258 tempest-DeleteServersTestJSON-1382557430 tempest-DeleteServersTestJSON-1382557430-project-member] Request filter 'accelerators_filter' took 0.0 seconds {{(pid=93232) wrapper /opt/stack/nova/nova/scheduler/request_filter.py:46}}
Jun 26 03:00:02.822168 np0000003686 nova-scheduler[93232]: DEBUG nova.scheduler.request_filter [None req-6efa95ff-b0f8-4d2b-bc7f-7ce976583258 tempest-DeleteServersTestJSON-1382557430 tempest-DeleteServersTestJSON-1382557430-project-member] Request filter 'packed_virtqueue_filter' took 0.0 seconds {{(pid=93232) wrapper /opt/stack/nova/nova/scheduler/request_filter.py:46}}
Jun 26 03:00:02.822631 np0000003686 nova-scheduler[93232]: DEBUG nova.scheduler.request_filter [None req-6efa95ff-b0f8-4d2b-bc7f-7ce976583258 tempest-DeleteServersTestJSON-1382557430 tempest-DeleteServersTestJSON-1382557430-project-member] Request filter 'remote_managed_ports_filter' took 0.0 seconds {{(pid=93232) wrapper /opt/stack/nova/nova/scheduler/request_filter.py:46}}
Jun 26 03:00:02.822631 np0000003686 nova-scheduler[93232]: DEBUG nova.scheduler.request_filter [None req-6efa95ff-b0f8-4d2b-bc7f-7ce976583258 tempest-DeleteServersTestJSON-1382557430 tempest-DeleteServersTestJSON-1382557430-project-member] ephemeral_encryption_filter skipped {{(pid=93232) ephemeral_encryption_filter /opt/stack/nova/nova/scheduler/request_filter.py:426}}
Jun 26 03:00:02.822749 np0000003686 nova-scheduler[93232]: DEBUG nova.scheduler.request_filter [None req-6efa95ff-b0f8-4d2b-bc7f-7ce976583258 tempest-DeleteServersTestJSON-1382557430 tempest-DeleteServersTestJSON-1382557430-project-member] virtio_sound_filter skipped {{(pid=93232) virtio_sound_filter /opt/stack/nova/nova/scheduler/request_filter.py:460}}
Jun 26 03:00:02.824101 np0000003686 nova-scheduler[93232]: DEBUG nova.scheduler.request_filter [None req-6efa95ff-b0f8-4d2b-bc7f-7ce976583258 tempest-DeleteServersTestJSON-1382557430 tempest-DeleteServersTestJSON-1382557430-project-member] tpm_secret_security_filter skipped {{(pid=93232) tpm_secret_security_filter /opt/stack/nova/nova/scheduler/request_filter.py:477}}
Jun 26 03:00:03.204321 np0000003686 nova-scheduler[93230]: INFO nova.utils [None req-0e67d98c-3703-4f83-90ae-bd0157742c46 tempest-ServerRescueNegativeTestJSON-1162025204 tempest-ServerRescueNegativeTestJSON-1162025204-project-member] The cell worker thread pool ForkProcess-1.cell_worker is initialized
Jun 26 03:00:03.205743 np0000003686 nova-scheduler[93230]: DEBUG oslo_concurrency.lockutils [None req-0e67d98c-3703-4f83-90ae-bd0157742c46 tempest-ServerRescueNegativeTestJSON-1162025204 tempest-ServerRescueNegativeTestJSON-1162025204-project-member] Acquiring lock "7354268e-7cea-4662-a12e-46f278c3db8a" by "nova.context.set_target_cell..get_or_set_cached_cell_and_set_connections" {{(pid=93230) inner /opt/stack/data/venv/lib/python3.12/site-packages/oslo_concurrency/lockutils.py:511}}
Jun 26 03:00:03.205743 np0000003686 nova-scheduler[93230]: DEBUG oslo_concurrency.lockutils [None req-0e67d98c-3703-4f83-90ae-bd0157742c46 tempest-ServerRescueNegativeTestJSON-1162025204 tempest-ServerRescueNegativeTestJSON-1162025204-project-member] Lock "7354268e-7cea-4662-a12e-46f278c3db8a" acquired by "nova.context.set_target_cell..get_or_set_cached_cell_and_set_connections" :: waited 0.000s {{(pid=93230) inner /opt/stack/data/venv/lib/python3.12/site-packages/oslo_concurrency/lockutils.py:524}}
Jun 26 03:00:03.206294 np0000003686 nova-scheduler[93230]: DEBUG oslo_concurrency.lockutils [None req-0e67d98c-3703-4f83-90ae-bd0157742c46 tempest-ServerRescueNegativeTestJSON-1162025204 tempest-ServerRescueNegativeTestJSON-1162025204-project-member] Lock "7354268e-7cea-4662-a12e-46f278c3db8a" "released" by "nova.context.set_target_cell..get_or_set_cached_cell_and_set_connections" :: held 0.001s {{(pid=93230) inner /opt/stack/data/venv/lib/python3.12/site-packages/oslo_concurrency/lockutils.py:543}}
Jun 26 03:00:03.208449 np0000003686 nova-scheduler[93230]: INFO dbcounter [None req-0e67d98c-3703-4f83-90ae-bd0157742c46 tempest-ServerRescueNegativeTestJSON-1162025204 tempest-ServerRescueNegativeTestJSON-1162025204-project-member] Registered counter for database nova_cell1
Jun 26 03:00:03.245597 np0000003686 nova-scheduler[93232]: INFO nova.utils [None req-6efa95ff-b0f8-4d2b-bc7f-7ce976583258 tempest-DeleteServersTestJSON-1382557430 tempest-DeleteServersTestJSON-1382557430-project-member] The cell worker thread pool ForkProcess-2.cell_worker is initialized
Jun 26 03:00:03.245928 np0000003686 nova-scheduler[93232]: DEBUG oslo_concurrency.lockutils [None req-6efa95ff-b0f8-4d2b-bc7f-7ce976583258 tempest-DeleteServersTestJSON-1382557430 tempest-DeleteServersTestJSON-1382557430-project-member] Acquiring lock "7354268e-7cea-4662-a12e-46f278c3db8a" by "nova.context.set_target_cell..get_or_set_cached_cell_and_set_connections" {{(pid=93232) inner /opt/stack/data/venv/lib/python3.12/site-packages/oslo_concurrency/lockutils.py:511}}
Jun 26 03:00:03.246152 np0000003686 nova-scheduler[93232]: DEBUG oslo_concurrency.lockutils [None req-6efa95ff-b0f8-4d2b-bc7f-7ce976583258 tempest-DeleteServersTestJSON-1382557430 tempest-DeleteServersTestJSON-1382557430-project-member] Lock "7354268e-7cea-4662-a12e-46f278c3db8a" acquired by "nova.context.set_target_cell..get_or_set_cached_cell_and_set_connections" :: waited 0.000s {{(pid=93232) inner /opt/stack/data/venv/lib/python3.12/site-packages/oslo_concurrency/lockutils.py:524}}
Jun 26 03:00:03.247008 np0000003686 nova-scheduler[93230]: DEBUG oslo_db.sqlalchemy.engines [None req-0e67d98c-3703-4f83-90ae-bd0157742c46 tempest-ServerRescueNegativeTestJSON-1162025204 tempest-ServerRescueNegativeTestJSON-1162025204-project-member] MySQL server mode set to STRICT_TRANS_TABLES,STRICT_ALL_TABLES,NO_ZERO_IN_DATE,NO_ZERO_DATE,ERROR_FOR_DIVISION_BY_ZERO,TRADITIONAL,NO_ENGINE_SUBSTITUTION {{(pid=93230) _check_effective_sql_mode /opt/stack/data/venv/lib/python3.12/site-packages/oslo_db/sqlalchemy/engines.py:325}}
Jun 26 03:00:03.247474 np0000003686 nova-scheduler[93232]: DEBUG oslo_concurrency.lockutils [None req-6efa95ff-b0f8-4d2b-bc7f-7ce976583258 tempest-DeleteServersTestJSON-1382557430 tempest-DeleteServersTestJSON-1382557430-project-member] Lock "7354268e-7cea-4662-a12e-46f278c3db8a" "released" by "nova.context.set_target_cell..get_or_set_cached_cell_and_set_connections" :: held 0.001s {{(pid=93232) inner /opt/stack/data/venv/lib/python3.12/site-packages/oslo_concurrency/lockutils.py:543}}
Jun 26 03:00:03.251183 np0000003686 nova-scheduler[93232]: INFO dbcounter [None req-6efa95ff-b0f8-4d2b-bc7f-7ce976583258 tempest-DeleteServersTestJSON-1382557430 tempest-DeleteServersTestJSON-1382557430-project-member] Registered counter for database nova_cell1
Jun 26 03:00:03.252657 np0000003686 nova-scheduler[93230]: DEBUG dbcounter [-] [93230] Writer thread running {{(pid=93230) stat_writer /opt/stack/data/venv/lib/python3.12/site-packages/dbcounter.py:102}}
Jun 26 03:00:03.266130 np0000003686 nova-scheduler[93230]: DEBUG oslo_db.sqlalchemy.engines [None req-0e67d98c-3703-4f83-90ae-bd0157742c46 tempest-ServerRescueNegativeTestJSON-1162025204 tempest-ServerRescueNegativeTestJSON-1162025204-project-member] Parent process 92035 forked (93230) with an open database connection, which is being discarded and recreated. {{(pid=93230) checkout /opt/stack/data/venv/lib/python3.12/site-packages/oslo_db/sqlalchemy/engines.py:402}}
Jun 26 03:00:03.295429 np0000003686 nova-scheduler[93232]: DEBUG oslo_db.sqlalchemy.engines [None req-6efa95ff-b0f8-4d2b-bc7f-7ce976583258 tempest-DeleteServersTestJSON-1382557430 tempest-DeleteServersTestJSON-1382557430-project-member] MySQL server mode set to STRICT_TRANS_TABLES,STRICT_ALL_TABLES,NO_ZERO_IN_DATE,NO_ZERO_DATE,ERROR_FOR_DIVISION_BY_ZERO,TRADITIONAL,NO_ENGINE_SUBSTITUTION {{(pid=93232) _check_effective_sql_mode /opt/stack/data/venv/lib/python3.12/site-packages/oslo_db/sqlalchemy/engines.py:325}}
Jun 26 03:00:03.301235 np0000003686 nova-scheduler[93232]: DEBUG dbcounter [-] [93232] Writer thread running {{(pid=93232) stat_writer /opt/stack/data/venv/lib/python3.12/site-packages/dbcounter.py:102}}
Jun 26 03:00:03.308626 np0000003686 nova-scheduler[93230]: DEBUG dbcounter [-] [93230] Writer thread running {{(pid=93230) stat_writer /opt/stack/data/venv/lib/python3.12/site-packages/dbcounter.py:102}}
Jun 26 03:00:03.312451 np0000003686 nova-scheduler[93230]: DEBUG oslo_concurrency.lockutils [None req-0e67d98c-3703-4f83-90ae-bd0157742c46 tempest-ServerRescueNegativeTestJSON-1162025204 tempest-ServerRescueNegativeTestJSON-1162025204-project-member] Acquiring lock "7354268e-7cea-4662-a12e-46f278c3db8a" by "nova.context.set_target_cell..get_or_set_cached_cell_and_set_connections" {{(pid=93230) inner /opt/stack/data/venv/lib/python3.12/site-packages/oslo_concurrency/lockutils.py:511}}
Jun 26 03:00:03.312673 np0000003686 nova-scheduler[93230]: DEBUG oslo_concurrency.lockutils [None req-0e67d98c-3703-4f83-90ae-bd0157742c46 tempest-ServerRescueNegativeTestJSON-1162025204 tempest-ServerRescueNegativeTestJSON-1162025204-project-member] Lock "7354268e-7cea-4662-a12e-46f278c3db8a" acquired by "nova.context.set_target_cell..get_or_set_cached_cell_and_set_connections" :: waited 0.000s {{(pid=93230) inner /opt/stack/data/venv/lib/python3.12/site-packages/oslo_concurrency/lockutils.py:524}}
Jun 26 03:00:03.312817 np0000003686 nova-scheduler[93230]: DEBUG oslo_concurrency.lockutils [None req-0e67d98c-3703-4f83-90ae-bd0157742c46 tempest-ServerRescueNegativeTestJSON-1162025204 tempest-ServerRescueNegativeTestJSON-1162025204-project-member] Lock "7354268e-7cea-4662-a12e-46f278c3db8a" "released" by "nova.context.set_target_cell..get_or_set_cached_cell_and_set_connections" :: held 0.000s {{(pid=93230) inner /opt/stack/data/venv/lib/python3.12/site-packages/oslo_concurrency/lockutils.py:543}}
Jun 26 03:00:03.329118 np0000003686 nova-scheduler[93230]: DEBUG oslo_concurrency.lockutils [None req-0e67d98c-3703-4f83-90ae-bd0157742c46 tempest-ServerRescueNegativeTestJSON-1162025204 tempest-ServerRescueNegativeTestJSON-1162025204-project-member] Acquiring lock "('np0000003686', 'np0000003686')" by "nova.scheduler.host_manager.HostState.update.._locked_update" {{(pid=93230) inner /opt/stack/data/venv/lib/python3.12/site-packages/oslo_concurrency/lockutils.py:511}}
Jun 26 03:00:03.329118 np0000003686 nova-scheduler[93230]: DEBUG oslo_concurrency.lockutils [None req-0e67d98c-3703-4f83-90ae-bd0157742c46 tempest-ServerRescueNegativeTestJSON-1162025204 tempest-ServerRescueNegativeTestJSON-1162025204-project-member] Lock "('np0000003686', 'np0000003686')" acquired by "nova.scheduler.host_manager.HostState.update.._locked_update" :: waited 0.000s {{(pid=93230) inner /opt/stack/data/venv/lib/python3.12/site-packages/oslo_concurrency/lockutils.py:524}}
Jun 26 03:00:03.329506 np0000003686 nova-scheduler[93230]: DEBUG nova.scheduler.host_manager [None req-0e67d98c-3703-4f83-90ae-bd0157742c46 tempest-ServerRescueNegativeTestJSON-1162025204 tempest-ServerRescueNegativeTestJSON-1162025204-project-member] Update host state from compute node: ComputeNode(cpu_allocation_ratio=4.0,cpu_info='{"arch": "x86_64", "model": "EPYC-Milan", "vendor": "AMD", "topology": {"cells": 1, "sockets": 16, "cores": 1, "threads": 1}, "maxphysaddr": {"mode": "emulate", "bits": 40}, "features": ["msr", "adx", "arat", "svme-addr-chk", "vgif", "wbnoinvd", "sse2", "abm", "pdpe1gb", "nrip-save", "amd-ssbd", "cmov", "vpclmulqdq", "pge", "smap", "fxsr_opt", "vmcb-clean", "aes", "vme", "stibp-always-on", "clflushopt", "osvw", "ssse3", "svm", "ibpb", "xgetbv1", "fma", "pschange-mc-no", "pse36", "erms", "lbrv", "vaes", "npt", "rdctl-no", "fsrm", "umip", "fxsr", "x2apic", "amd-stibp", "mca", "v-vmsave-vmload", "avx", "bmi1", "popcnt", "virt-ssbd", "f16c", "tsc", "apic", "misalignsse", "bmi2", "xsaves", "lahf_lm", "mce", "arch-capabilities", "lm", "xsavec", "ibrs", "amd-psfd", "avx2", "lfence-always-serializing", "3dnowprefetch", "cx16", "pat", "nx", "pfthreshold", "sse4.2", "pae", "xsaveerptr", "sse4a", "stibp", "gds-no", "mds-no", "no-nested-data-bp", "tsc-deadline", "spec-ctrl", "ssbd", "cx8", "invpcid", "topoext", "pku", "pse", "de", "perfctr_core", "sse", "pcid", "clwb", "cr8legacy", "null-sel-clr-base", "sse4.1", "clzero", "syscall", "fsgsbase", "tsc-scale", "fpu", "rdpid", "rdseed", "sha-ni", "sep", "skip-l1dfl-vmentry", "clflush", "mtrr", "pause-filter", "xsaveopt", "mmxext", "rdtscp", "tsc_adjust", "xsave", "hypervisor", "flushbyasid", "movbe", "rdrand", "pclmuldq", "smep", "pni", "mmx", "cmp_legacy"]}',created_at=2026-06-26T02:57:31Z,current_workload=0,deleted=False,deleted_at=None,disk_allocation_ratio=1.0,disk_available_least=73,free_disk_gb=95,free_ram_mb=62765,host='np0000003686',host_ip=10.4.3.158,hypervisor_hostname='np0000003686',hypervisor_type='QEMU',hypervisor_version=8002002,id=1,local_gb=95,local_gb_used=0,mapped=1,memory_mb=63277,memory_mb_used=512,metrics='[]',numa_topology='{"nova_object.name": "NUMATopology", "nova_object.namespace": "nova", "nova_object.version": "1.2", "nova_object.data": {"cells": [{"nova_object.name": "NUMACell", "nova_object.namespace": "nova", "nova_object.version": "1.5", "nova_object.data": {"id": 0, "cpuset": [0, 1, 2, 3, 4, 5, 6, 7, 8, 9, 10, 11, 12, 13, 14, 15], "pcpuset": [0, 1, 2, 3, 4, 5, 6, 7, 8, 9, 10, 11, 12, 13, 14, 15], "memory": 63277, "cpu_usage": 0, "memory_usage": 0, "pinned_cpus": [], "siblings": [[6], [12], [2], [15], [5], [11], [8], [14], [4], [1], [7], [10], [0], [13], [3], [9]], "mempages": [{"nova_object.name": "NUMAPagesTopology", "nova_object.namespace": "nova", "nova_object.version": "1.1", "nova_object.data": {"size_kb": 4, "total": 16177930, "used": 0, "reserved": 0}, "nova_object.changes": ["used", "total", "size_kb", "reserved"]}, {"nova_object.name": "NUMAPagesTopology", "nova_object.namespace": "nova", "nova_object.version": "1.1", "nova_object.data": {"size_kb": 2048, "total": 41, "used": 0, "reserved": 0}, "nova_object.changes": ["used", "total", "size_kb", "reserved"]}, {"nova_object.name": "NUMAPagesTopology", "nova_object.namespace": "nova", "nova_object.version": "1.1", "nova_object.data": {"size_kb": 1048576, "total": 0, "used": 0, "reserved": 0}, "nova_object.changes": ["used", "total", "size_kb", "reserved"]}], "network_metadata": {"nova_object.name": "NetworkMetadata", "nova_object.namespace": "nova", "nova_object.version": "1.0", "nova_object.data": {"physnets": [], "tunneled": false}, "nova_object.changes": ["tunneled", "physnets"]}, "socket": null}, "nova_object.changes": ["socket", "cpuset", "pcpuset", "cpu_usage", "siblings", "network_metadata", "memory", "mempages", "pinned_cpus", "id", "memory_usage"]}]}, "nova_object.changes": ["cells"]}',pci_device_pools=PciDevicePoolList,ram_allocation_ratio=1.0,running_vms=0,service_id=3,stats={failed_builds='0',uptime=' 02:59:16 up 15 min, 2 users, load average: 1.25, 1.49, 0.88
Jun 26 03:00:03.329506 np0000003686 nova-scheduler[93230]: '},supported_hv_specs=[HVSpec,HVSpec,HVSpec,HVSpec,HVSpec,HVSpec,HVSpec,HVSpec,HVSpec,HVSpec,HVSpec,HVSpec,HVSpec,HVSpec,HVSpec,HVSpec,HVSpec,HVSpec,HVSpec,HVSpec,HVSpec,HVSpec,HVSpec,HVSpec,HVSpec],updated_at=2026-06-26T02:59:18Z,uuid=d1cd93e5-c265-495b-92a4-533819e545b3,vcpus=16,vcpus_used=0) {{(pid=93230) _locked_update /opt/stack/nova/nova/scheduler/host_manager.py:168}}
Jun 26 03:00:03.329506 np0000003686 nova-scheduler[93230]: DEBUG nova.scheduler.host_manager [None req-0e67d98c-3703-4f83-90ae-bd0157742c46 tempest-ServerRescueNegativeTestJSON-1162025204 tempest-ServerRescueNegativeTestJSON-1162025204-project-member] Update host state with aggregates: [] {{(pid=93230) _locked_update /opt/stack/nova/nova/scheduler/host_manager.py:171}}
Jun 26 03:00:03.329506 np0000003686 nova-scheduler[93230]: DEBUG nova.scheduler.host_manager [None req-0e67d98c-3703-4f83-90ae-bd0157742c46 tempest-ServerRescueNegativeTestJSON-1162025204 tempest-ServerRescueNegativeTestJSON-1162025204-project-member] Update host state with service dict: {'id': 3, 'uuid': '82f4eb6b-c588-4293-ab90-ca67d4f8b188', 'host': 'np0000003686', 'binary': 'nova-compute', 'topic': 'compute', 'report_count': 2, 'disabled': False, 'disabled_reason': None, 'last_seen_up': datetime.datetime(2026, 6, 26, 2, 59, 40, tzinfo=datetime.timezone.utc), 'forced_down': False, 'version': 72, 'created_at': datetime.datetime(2026, 6, 26, 2, 57, 30, tzinfo=datetime.timezone.utc), 'updated_at': datetime.datetime(2026, 6, 26, 2, 59, 40, tzinfo=datetime.timezone.utc), 'deleted_at': None, 'deleted': False} {{(pid=93230) _locked_update /opt/stack/nova/nova/scheduler/host_manager.py:174}}
Jun 26 03:00:03.329506 np0000003686 nova-scheduler[93230]: DEBUG nova.scheduler.host_manager [None req-0e67d98c-3703-4f83-90ae-bd0157742c46 tempest-ServerRescueNegativeTestJSON-1162025204 tempest-ServerRescueNegativeTestJSON-1162025204-project-member] Update host state with instances: [] {{(pid=93230) _locked_update /opt/stack/nova/nova/scheduler/host_manager.py:177}}
Jun 26 03:00:03.329823 np0000003686 nova-scheduler[93230]: DEBUG oslo_concurrency.lockutils [None req-0e67d98c-3703-4f83-90ae-bd0157742c46 tempest-ServerRescueNegativeTestJSON-1162025204 tempest-ServerRescueNegativeTestJSON-1162025204-project-member] Lock "('np0000003686', 'np0000003686')" "released" by "nova.scheduler.host_manager.HostState.update.._locked_update" :: held 0.003s {{(pid=93230) inner /opt/stack/data/venv/lib/python3.12/site-packages/oslo_concurrency/lockutils.py:543}}
Jun 26 03:00:03.329823 np0000003686 nova-scheduler[93230]: DEBUG nova.filters [None req-0e67d98c-3703-4f83-90ae-bd0157742c46 tempest-ServerRescueNegativeTestJSON-1162025204 tempest-ServerRescueNegativeTestJSON-1162025204-project-member] Starting with 1 host(s) {{(pid=93230) get_filtered_objects /opt/stack/nova/nova/filters.py:70}}
Jun 26 03:00:03.329823 np0000003686 nova-scheduler[93230]: DEBUG nova.filters [None req-0e67d98c-3703-4f83-90ae-bd0157742c46 tempest-ServerRescueNegativeTestJSON-1162025204 tempest-ServerRescueNegativeTestJSON-1162025204-project-member] Filter ComputeFilter returned 1 host(s) {{(pid=93230) get_filtered_objects /opt/stack/nova/nova/filters.py:102}}
Jun 26 03:00:03.329823 np0000003686 nova-scheduler[93230]: DEBUG nova.filters [None req-0e67d98c-3703-4f83-90ae-bd0157742c46 tempest-ServerRescueNegativeTestJSON-1162025204 tempest-ServerRescueNegativeTestJSON-1162025204-project-member] Filter ComputeCapabilitiesFilter returned 1 host(s) {{(pid=93230) get_filtered_objects /opt/stack/nova/nova/filters.py:102}}
Jun 26 03:00:03.329823 np0000003686 nova-scheduler[93230]: DEBUG nova.filters [None req-0e67d98c-3703-4f83-90ae-bd0157742c46 tempest-ServerRescueNegativeTestJSON-1162025204 tempest-ServerRescueNegativeTestJSON-1162025204-project-member] Filter ImagePropertiesFilter returned 1 host(s) {{(pid=93230) get_filtered_objects /opt/stack/nova/nova/filters.py:102}}
Jun 26 03:00:03.329823 np0000003686 nova-scheduler[93230]: DEBUG nova.filters [None req-0e67d98c-3703-4f83-90ae-bd0157742c46 tempest-ServerRescueNegativeTestJSON-1162025204 tempest-ServerRescueNegativeTestJSON-1162025204-project-member] Filter ServerGroupAntiAffinityFilter returned 1 host(s) {{(pid=93230) get_filtered_objects /opt/stack/nova/nova/filters.py:102}}
Jun 26 03:00:03.329823 np0000003686 nova-scheduler[93230]: DEBUG nova.filters [None req-0e67d98c-3703-4f83-90ae-bd0157742c46 tempest-ServerRescueNegativeTestJSON-1162025204 tempest-ServerRescueNegativeTestJSON-1162025204-project-member] Filter ServerGroupAffinityFilter returned 1 host(s) {{(pid=93230) get_filtered_objects /opt/stack/nova/nova/filters.py:102}}
Jun 26 03:00:03.329823 np0000003686 nova-scheduler[93230]: DEBUG nova.filters [None req-0e67d98c-3703-4f83-90ae-bd0157742c46 tempest-ServerRescueNegativeTestJSON-1162025204 tempest-ServerRescueNegativeTestJSON-1162025204-project-member] Filter SameHostFilter returned 1 host(s) {{(pid=93230) get_filtered_objects /opt/stack/nova/nova/filters.py:102}}
Jun 26 03:00:03.329823 np0000003686 nova-scheduler[93230]: DEBUG nova.filters [None req-0e67d98c-3703-4f83-90ae-bd0157742c46 tempest-ServerRescueNegativeTestJSON-1162025204 tempest-ServerRescueNegativeTestJSON-1162025204-project-member] Filter DifferentHostFilter returned 1 host(s) {{(pid=93230) get_filtered_objects /opt/stack/nova/nova/filters.py:102}}
Jun 26 03:00:03.329823 np0000003686 nova-scheduler[93230]: DEBUG nova.scheduler.manager [None req-0e67d98c-3703-4f83-90ae-bd0157742c46 tempest-ServerRescueNegativeTestJSON-1162025204 tempest-ServerRescueNegativeTestJSON-1162025204-project-member] Filtered [(np0000003686, np0000003686) ram: 62765MB disk: 74752MB io_ops: 0 instances: 0, allocation_candidates: 1] {{(pid=93230) _get_sorted_hosts /opt/stack/nova/nova/scheduler/manager.py:743}}
Jun 26 03:00:03.329823 np0000003686 nova-scheduler[93230]: DEBUG nova.scheduler.manager [None req-0e67d98c-3703-4f83-90ae-bd0157742c46 tempest-ServerRescueNegativeTestJSON-1162025204 tempest-ServerRescueNegativeTestJSON-1162025204-project-member] Weighed [WeighedHost [host: (np0000003686, np0000003686) ram: 62765MB disk: 74752MB io_ops: 0 instances: 0, allocation_candidates: 1, weight: 0.0]] {{(pid=93230) _get_sorted_hosts /opt/stack/nova/nova/scheduler/manager.py:765}}
Jun 26 03:00:03.329823 np0000003686 nova-scheduler[93230]: DEBUG nova.scheduler.utils [None req-0e67d98c-3703-4f83-90ae-bd0157742c46 tempest-ServerRescueNegativeTestJSON-1162025204 tempest-ServerRescueNegativeTestJSON-1162025204-project-member] Attempting to claim resources in the placement API for instance 5a36c1ed-f063-48cc-b519-4ea5f9be46cb {{(pid=93230) claim_resources /opt/stack/nova/nova/scheduler/utils.py:1345}}
Jun 26 03:00:03.379555 np0000003686 nova-scheduler[93232]: DEBUG dbcounter [-] [93232] Writer thread running {{(pid=93232) stat_writer /opt/stack/data/venv/lib/python3.12/site-packages/dbcounter.py:102}}
Jun 26 03:00:03.383753 np0000003686 nova-scheduler[93232]: DEBUG oslo_concurrency.lockutils [None req-6efa95ff-b0f8-4d2b-bc7f-7ce976583258 tempest-DeleteServersTestJSON-1382557430 tempest-DeleteServersTestJSON-1382557430-project-member] Acquiring lock "7354268e-7cea-4662-a12e-46f278c3db8a" by "nova.context.set_target_cell..get_or_set_cached_cell_and_set_connections" {{(pid=93232) inner /opt/stack/data/venv/lib/python3.12/site-packages/oslo_concurrency/lockutils.py:511}}
Jun 26 03:00:03.384014 np0000003686 nova-scheduler[93232]: DEBUG oslo_concurrency.lockutils [None req-6efa95ff-b0f8-4d2b-bc7f-7ce976583258 tempest-DeleteServersTestJSON-1382557430 tempest-DeleteServersTestJSON-1382557430-project-member] Lock "7354268e-7cea-4662-a12e-46f278c3db8a" acquired by "nova.context.set_target_cell..get_or_set_cached_cell_and_set_connections" :: waited 0.000s {{(pid=93232) inner /opt/stack/data/venv/lib/python3.12/site-packages/oslo_concurrency/lockutils.py:524}}
Jun 26 03:00:03.384212 np0000003686 nova-scheduler[93232]: DEBUG oslo_concurrency.lockutils [None req-6efa95ff-b0f8-4d2b-bc7f-7ce976583258 tempest-DeleteServersTestJSON-1382557430 tempest-DeleteServersTestJSON-1382557430-project-member] Lock "7354268e-7cea-4662-a12e-46f278c3db8a" "released" by "nova.context.set_target_cell..get_or_set_cached_cell_and_set_connections" :: held 0.000s {{(pid=93232) inner /opt/stack/data/venv/lib/python3.12/site-packages/oslo_concurrency/lockutils.py:543}}
Jun 26 03:00:03.388524 np0000003686 nova-scheduler[93232]: DEBUG oslo_concurrency.lockutils [None req-6efa95ff-b0f8-4d2b-bc7f-7ce976583258 tempest-DeleteServersTestJSON-1382557430 tempest-DeleteServersTestJSON-1382557430-project-member] Acquiring lock "('np0000003686', 'np0000003686')" by "nova.scheduler.host_manager.HostState.update.._locked_update" {{(pid=93232) inner /opt/stack/data/venv/lib/python3.12/site-packages/oslo_concurrency/lockutils.py:511}}
Jun 26 03:00:03.388698 np0000003686 nova-scheduler[93232]: DEBUG oslo_concurrency.lockutils [None req-6efa95ff-b0f8-4d2b-bc7f-7ce976583258 tempest-DeleteServersTestJSON-1382557430 tempest-DeleteServersTestJSON-1382557430-project-member] Lock "('np0000003686', 'np0000003686')" acquired by "nova.scheduler.host_manager.HostState.update.._locked_update" :: waited 0.000s {{(pid=93232) inner /opt/stack/data/venv/lib/python3.12/site-packages/oslo_concurrency/lockutils.py:524}}
