Jun 26 02:56:39.188336 np0000003686 devstack@neutron-api.service[87440]: INFO ovsdbapp.backend.ovs_idl.vlog [None req-2bca4b33-b7e1-46a1-8735-f94df1408ecb None None] ssl:10.4.3.158:6642: connected
Jun 26 02:56:39.188483 np0000003686 devstack@neutron-api.service[87441]: DEBUG neutron.plugins.ml2.drivers.ovn.mech_driver.ovsdb.ovsdb_monitor [None req-280193af-0bb5-4b04-8f32-3da1ab71cdec None None] Hash Ring: Node 04111e87644b563c8f668cec3f21672f (host: np0000003686) handling event "create" for row db5e5bbf-7530-451f-9262-d74c5eee5964 (table: Connection) {{(pid=87441) notify /opt/stack/neutron/neutron/plugins/ml2/drivers/ovn/mech_driver/ovsdb/ovsdb_monitor.py:1015}}
Jun 26 02:56:39.188785 np0000003686 devstack@neutron-api.service[87441]: DEBUG neutron.plugins.ml2.drivers.ovn.mech_driver.ovsdb.ovsdb_monitor [None req-280193af-0bb5-4b04-8f32-3da1ab71cdec None None] Hash Ring: Node 04111e87644b563c8f668cec3f21672f (host: np0000003686) handling event "create" for row e00b7565-524f-4c4c-840c-f25b3306545c (table: Port_Group) {{(pid=87441) notify /opt/stack/neutron/neutron/plugins/ml2/drivers/ovn/mech_driver/ovsdb/ovsdb_monitor.py:1015}}
Jun 26 02:56:39.189000 np0000003686 devstack@neutron-api.service[87441]: DEBUG neutron.plugins.ml2.drivers.ovn.mech_driver.ovsdb.ovsdb_monitor [None req-280193af-0bb5-4b04-8f32-3da1ab71cdec None None] Hash Ring: Node 04111e87644b563c8f668cec3f21672f (host: np0000003686) handling event "create" for row fc5bf333-cb67-4473-9ec3-3945e163e325 (table: SSL) {{(pid=87441) notify /opt/stack/neutron/neutron/plugins/ml2/drivers/ovn/mech_driver/ovsdb/ovsdb_monitor.py:1015}}
Jun 26 02:56:39.190216 np0000003686 devstack@neutron-api.service[87441]: INFO neutron.plugins.ml2.drivers.ovn.mech_driver.ovsdb.impl_idl_ovn [None req-280193af-0bb5-4b04-8f32-3da1ab71cdec None None] Getting OvsdbSbOvnIdl for WorkerService with retry
Jun 26 02:56:39.218646 np0000003686 devstack@neutron-api.service[87440]: DEBUG neutron.common.ovn.hash_ring_manager [None req-2bca4b33-b7e1-46a1-8735-f94df1408ecb None None] Allow caching, nodes 3>=3 {{(pid=87440) _wait_startup_before_caching /opt/stack/neutron/neutron/common/ovn/hash_ring_manager.py:71}}
Jun 26 02:56:39.223383 np0000003686 devstack@neutron-api.service[87441]: DEBUG ovsdbapp.backend.ovs_idl [None req-280193af-0bb5-4b04-8f32-3da1ab71cdec None None] Created lookup_table index Chassis.name {{(pid=87441) autocreate_indices /opt/stack/data/venv/lib/python3.12/site-packages/ovsdbapp/backend/ovs_idl/__init__.py:87}}
Jun 26 02:56:39.223550 np0000003686 devstack@neutron-api.service[87441]: DEBUG ovsdbapp.backend.ovs_idl [None req-280193af-0bb5-4b04-8f32-3da1ab71cdec None None] Created lookup_table index Port_Binding.logical_port {{(pid=87441) autocreate_indices /opt/stack/data/venv/lib/python3.12/site-packages/ovsdbapp/backend/ovs_idl/__init__.py:87}}
Jun 26 02:56:39.223702 np0000003686 devstack@neutron-api.service[87441]: DEBUG ovsdbapp.backend.ovs_idl [None req-280193af-0bb5-4b04-8f32-3da1ab71cdec None None] Created schema index Chassis_Private.name {{(pid=87441) autocreate_indices /opt/stack/data/venv/lib/python3.12/site-packages/ovsdbapp/backend/ovs_idl/__init__.py:106}}
Jun 26 02:56:39.223838 np0000003686 devstack@neutron-api.service[87441]: DEBUG ovsdbapp.backend.ovs_idl [None req-280193af-0bb5-4b04-8f32-3da1ab71cdec None None] Created schema index Datapath_Binding.tunnel_key {{(pid=87441) autocreate_indices /opt/stack/data/venv/lib/python3.12/site-packages/ovsdbapp/backend/ovs_idl/__init__.py:106}}
Jun 26 02:56:39.224150 np0000003686 devstack@neutron-api.service[87440]: DEBUG neutron.common.ovn.hash_ring_manager [None req-2bca4b33-b7e1-46a1-8735-f94df1408ecb None None] Hash Ring loaded. 3 active nodes. 0 offline nodes {{(pid=87440) _load_hash_ring /opt/stack/neutron/neutron/common/ovn/hash_ring_manager.py:110}}
Jun 26 02:56:39.224325 np0000003686 devstack@neutron-api.service[87440]: DEBUG neutron.plugins.ml2.drivers.ovn.mech_driver.ovsdb.ovsdb_monitor [None req-2bca4b33-b7e1-46a1-8735-f94df1408ecb None None] Hash Ring: Node 701a45ff3993528194b02e6a4384c2ee (host: np0000003686) handling event "create" for row 7d2c3ee7-e2ab-438c-9ab4-43137d5dad58 (table: Chassis) {{(pid=87440) notify /opt/stack/neutron/neutron/plugins/ml2/drivers/ovn/mech_driver/ovsdb/ovsdb_monitor.py:1015}}
Jun 26 02:56:39.225120 np0000003686 devstack@neutron-api.service[87440]: DEBUG ovsdbapp.backend.ovs_idl.event [None req-2bca4b33-b7e1-46a1-8735-f94df1408ecb None None] Matched CREATE: ChassisBandwidthConfigEvent(events=('create', 'update'), table='Chassis', conditions=None, old_conditions=None), priority=20 to row=Chassis(uuid=7d2c3ee7-e2ab-438c-9ab4-43137d5dad58, encaps=[170faa59-07ab-40b7-bd00-f85a8dab93fb], external_ids={}, hostname='np0000003686', name='f2dccbca-33c8-40e1-8918-587c7563aafa', nb_cfg=0, other_config={'ct-commit-nat-v2': 'true', 'ct-commit-to-zone': 'true', 'ct-next-zone': 'true', 'ct-no-masked-label': 'true', 'ct-state-save': 'true', 'datapath-type': 'system', 'fdb-timestamp': 'true', 'iface-types': 'afxdp,afxdp-nonpmd,bareudp,erspan,geneve,gre,gtpu,internal,ip6erspan,ip6gre,lisp,patch,srv6,stt,system,tap,vxlan', 'is-interconn': 'false', 'ls-dpg-column': 'true', 'mac-binding-timestamp': 'true', 'ovn-bridge-mappings': 'public:br-ex', 'ovn-chassis-mac-mappings': '', 'ovn-cms-options': 'enable-chassis-as-gw', 'ovn-ct-lb-related': 'true', 'ovn-enable-lflow-cache': 'true', 'ovn-limit-lflow-cache': '', 'ovn-memlimit-lflow-cache-kb': '', 'ovn-monitor-all': 'false', 'ovn-trim-limit-lflow-cache': '', 'ovn-trim-timeout-ms': '', 'ovn-trim-wmark-perc-lflow-cache': '', 'port-up-notif': 'true'}, transport_zones=[], vtep_logical_switches=[]) old= {{(pid=87440) matches /opt/stack/data/venv/lib/python3.12/site-packages/ovsdbapp/backend/ovs_idl/event.py:55}}
Jun 26 02:56:39.225831 np0000003686 devstack@neutron-api.service[87440]: DEBUG neutron.plugins.ml2.drivers.ovn.mech_driver.ovsdb.ovsdb_monitor [None req-2bca4b33-b7e1-46a1-8735-f94df1408ecb None None] ChassisOVNAgentWriteEvent : Matched Chassis_Private, create, None None {{(pid=87440) matches /opt/stack/neutron/neutron/plugins/ml2/drivers/ovn/mech_driver/ovsdb/ovsdb_monitor.py:64}}
Jun 26 02:56:39.225979 np0000003686 devstack@neutron-api.service[87440]: DEBUG neutron.plugins.ml2.drivers.ovn.mech_driver.ovsdb.ovsdb_monitor [None req-2bca4b33-b7e1-46a1-8735-f94df1408ecb None None] ChassisAgentWriteEvent : Matched Chassis_Private, create, None None {{(pid=87440) matches /opt/stack/neutron/neutron/plugins/ml2/drivers/ovn/mech_driver/ovsdb/ovsdb_monitor.py:64}}
Jun 26 02:56:39.226954 np0000003686 devstack@neutron-api.service[87441]: INFO ovsdbapp.backend.ovs_idl.vlog [None req-280193af-0bb5-4b04-8f32-3da1ab71cdec None None] ssl:10.4.3.158:6642: connecting...
Jun 26 02:56:39.227753 np0000003686 devstack@neutron-api.service[87440]: INFO neutron.plugins.ml2.drivers.ovn.mech_driver.mech_driver [None req-2bca4b33-b7e1-46a1-8735-f94df1408ecb None None] WorkerService process has finished the post initialization
Jun 26 02:56:39.228178 np0000003686 devstack@neutron-api.service[87440]: DEBUG oslo_concurrency.processutils [None req-2bca4b33-b7e1-46a1-8735-f94df1408ecb None None] Running cmd (subprocess): ovsdb-client transact ssl:10.4.3.158:6641 --timeout 180 -p /opt/stack/data/CA/int-ca/private/devstack-cert.key -c /opt/stack/data/CA/int-ca/devstack-cert.crt -C /opt/stack/data/CA/int-ca/ca-chain.pem ["OVN_Northbound", {"op": "wait", "timeout": 0, "table": "Port_Group", "where": [["name", "==", "pvlan_pg_drop"]], "until": "==", "rows": []}, {"op": "insert", "table": "ACL", "row": {"action": "drop", "direction": "to-lport", "match": "outport == @pvlan_pg_drop && ip", "priority": 1010}, "uuid-name": "pvlandroptoport"}, {"op": "insert", "table": "ACL", "row": {"action": "drop", "direction": "from-lport", "match": "inport == @pvlan_pg_drop && ip", "priority": 1010}, "uuid-name": "pvlandropfromport"}, {"op": "insert", "table": "Port_Group", "row": {"name": "pvlan_pg_drop", "acls": ["set", [["named-uuid", "pvlandroptoport"], ["named-uuid", "pvlandropfromport"]]]}}] {{(pid=87440) execute /opt/stack/data/venv/lib/python3.12/site-packages/oslo_concurrency/processutils.py:440}}
Jun 26 02:56:39.228777 np0000003686 devstack@neutron-api.service[87440]: INFO neutron.plugins.ml2.drivers.ovn.mech_driver.ovsdb.extensions.qos [-] Starting OVNClientQosExtension
Jun 26 02:56:39.228974 np0000003686 devstack@neutron-api.service[87440]: INFO neutron.plugins.ml2.drivers.ovn.mech_driver.ovsdb.extensions.placement [-] Starting OVNClientPlacementExtension
Jun 26 02:56:39.233184 np0000003686 devstack@neutron-api.service[87441]: INFO ovsdbapp.backend.ovs_idl.vlog [None req-280193af-0bb5-4b04-8f32-3da1ab71cdec None None] ssl:10.4.3.158:6642: connected
Jun 26 02:56:39.245121 np0000003686 devstack@neutron-api.service[87442]: DEBUG neutron.common.ovn.hash_ring_manager [-] Allow caching, nodes 3>=3 {{(pid=87442) _wait_startup_before_caching /opt/stack/neutron/neutron/common/ovn/hash_ring_manager.py:71}}
Jun 26 02:56:39.245400 np0000003686 devstack@neutron-api.service[87442]: DEBUG neutron.plugins.ml2.drivers.ovn.mech_driver.ovsdb.ovsdb_monitor [-] Hash Ring: Node 8380a220fb3f5a549dd0b2e96f6b80e5 (host: np0000003686) handling event "update" for row db5e5bbf-7530-451f-9262-d74c5eee5964 (table: Connection) {{(pid=87442) notify /opt/stack/neutron/neutron/plugins/ml2/drivers/ovn/mech_driver/ovsdb/ovsdb_monitor.py:1015}}
Jun 26 02:56:39.252362 np0000003686 devstack@neutron-api.service[87441]: DEBUG neutron.plugins.ml2.drivers.ovn.mech_driver.ovsdb.ovsdb_monitor [-] Hash Ring: Node 04111e87644b563c8f668cec3f21672f (host: np0000003686) handling event "update" for row db5e5bbf-7530-451f-9262-d74c5eee5964 (table: Connection) {{(pid=87441) notify /opt/stack/neutron/neutron/plugins/ml2/drivers/ovn/mech_driver/ovsdb/ovsdb_monitor.py:1015}}
Jun 26 02:56:39.258963 np0000003686 devstack@neutron-api.service[87441]: DEBUG neutron.common.ovn.hash_ring_manager [None req-280193af-0bb5-4b04-8f32-3da1ab71cdec None None] Allow caching, nodes 3>=3 {{(pid=87441) _wait_startup_before_caching /opt/stack/neutron/neutron/common/ovn/hash_ring_manager.py:71}}
Jun 26 02:56:39.261552 np0000003686 devstack@neutron-api.service[87440]: DEBUG oslo_concurrency.processutils [None req-2bca4b33-b7e1-46a1-8735-f94df1408ecb None None] CMD "ovsdb-client transact ssl:10.4.3.158:6641 --timeout 180 -p /opt/stack/data/CA/int-ca/private/devstack-cert.key -c /opt/stack/data/CA/int-ca/devstack-cert.crt -C /opt/stack/data/CA/int-ca/ca-chain.pem ["OVN_Northbound", {"op": "wait", "timeout": 0, "table": "Port_Group", "where": [["name", "==", "pvlan_pg_drop"]], "until": "==", "rows": []}, {"op": "insert", "table": "ACL", "row": {"action": "drop", "direction": "to-lport", "match": "outport == @pvlan_pg_drop && ip", "priority": 1010}, "uuid-name": "pvlandroptoport"}, {"op": "insert", "table": "ACL", "row": {"action": "drop", "direction": "from-lport", "match": "inport == @pvlan_pg_drop && ip", "priority": 1010}, "uuid-name": "pvlandropfromport"}, {"op": "insert", "table": "Port_Group", "row": {"name": "pvlan_pg_drop", "acls": ["set", [["named-uuid", "pvlandroptoport"], ["named-uuid", "pvlandropfromport"]]]}}]" returned: 0 in 0.033s {{(pid=87440) execute /opt/stack/data/venv/lib/python3.12/site-packages/oslo_concurrency/processutils.py:468}}
Jun 26 02:56:39.263856 np0000003686 devstack@neutron-api.service[87441]: DEBUG neutron.common.ovn.hash_ring_manager [None req-280193af-0bb5-4b04-8f32-3da1ab71cdec None None] Hash Ring loaded. 3 active nodes. 0 offline nodes {{(pid=87441) _load_hash_ring /opt/stack/neutron/neutron/common/ovn/hash_ring_manager.py:110}}
Jun 26 02:56:39.263912 np0000003686 devstack@neutron-api.service[87440]: WSGI app 0 (mountpoint='') ready in 7 seconds on interpreter 0x703eb7aa3668 pid: 87440 (default app)
Jun 26 02:56:39.263950 np0000003686 devstack@neutron-api.service[87441]: DEBUG neutron.plugins.ml2.drivers.ovn.mech_driver.ovsdb.ovsdb_monitor [None req-280193af-0bb5-4b04-8f32-3da1ab71cdec None None] ChassisOVNAgentWriteEvent : Matched Chassis_Private, create, None None {{(pid=87441) matches /opt/stack/neutron/neutron/plugins/ml2/drivers/ovn/mech_driver/ovsdb/ovsdb_monitor.py:64}}
Jun 26 02:56:39.264067 np0000003686 devstack@neutron-api.service[87441]: DEBUG neutron.plugins.ml2.drivers.ovn.mech_driver.ovsdb.ovsdb_monitor [None req-280193af-0bb5-4b04-8f32-3da1ab71cdec None None] ChassisAgentWriteEvent : Matched Chassis_Private, create, None None {{(pid=87441) matches /opt/stack/neutron/neutron/plugins/ml2/drivers/ovn/mech_driver/ovsdb/ovsdb_monitor.py:64}}
Jun 26 02:56:39.264470 np0000003686 devstack@neutron-api.service[87441]: DEBUG neutron.plugins.ml2.drivers.ovn.mech_driver.ovsdb.ovsdb_monitor [None req-280193af-0bb5-4b04-8f32-3da1ab71cdec None None] Hash Ring: Node 04111e87644b563c8f668cec3f21672f (host: np0000003686) handling event "create" for row 152f6f1c-84d5-4e81-9d55-f342c7fe0cf7 (table: Chassis_Private) {{(pid=87441) notify /opt/stack/neutron/neutron/plugins/ml2/drivers/ovn/mech_driver/ovsdb/ovsdb_monitor.py:1015}}
Jun 26 02:56:39.264635 np0000003686 devstack@neutron-api.service[87441]: DEBUG neutron.plugins.ml2.drivers.ovn.mech_driver.ovsdb.ovsdb_monitor [None req-280193af-0bb5-4b04-8f32-3da1ab71cdec None None] Hash Ring: Node 04111e87644b563c8f668cec3f21672f (host: np0000003686) handling event "create" for row 170faa59-07ab-40b7-bd00-f85a8dab93fb (table: Encap) {{(pid=87441) notify /opt/stack/neutron/neutron/plugins/ml2/drivers/ovn/mech_driver/ovsdb/ovsdb_monitor.py:1015}}
Jun 26 02:56:39.266359 np0000003686 devstack@neutron-api.service[87441]: INFO neutron.plugins.ml2.drivers.ovn.mech_driver.mech_driver [None req-280193af-0bb5-4b04-8f32-3da1ab71cdec None None] WorkerService process has finished the post initialization
Jun 26 02:56:39.266758 np0000003686 devstack@neutron-api.service[87441]: DEBUG oslo_concurrency.processutils [None req-280193af-0bb5-4b04-8f32-3da1ab71cdec None None] Running cmd (subprocess): ovsdb-client transact ssl:10.4.3.158:6641 --timeout 180 -p /opt/stack/data/CA/int-ca/private/devstack-cert.key -c /opt/stack/data/CA/int-ca/devstack-cert.crt -C /opt/stack/data/CA/int-ca/ca-chain.pem ["OVN_Northbound", {"op": "wait", "timeout": 0, "table": "Port_Group", "where": [["name", "==", "pvlan_pg_drop"]], "until": "==", "rows": []}, {"op": "insert", "table": "ACL", "row": {"action": "drop", "direction": "to-lport", "match": "outport == @pvlan_pg_drop && ip", "priority": 1010}, "uuid-name": "pvlandroptoport"}, {"op": "insert", "table": "ACL", "row": {"action": "drop", "direction": "from-lport", "match": "inport == @pvlan_pg_drop && ip", "priority": 1010}, "uuid-name": "pvlandropfromport"}, {"op": "insert", "table": "Port_Group", "row": {"name": "pvlan_pg_drop", "acls": ["set", [["named-uuid", "pvlandroptoport"], ["named-uuid", "pvlandropfromport"]]]}}] {{(pid=87441) execute /opt/stack/data/venv/lib/python3.12/site-packages/oslo_concurrency/processutils.py:440}}
Jun 26 02:56:39.294318 np0000003686 devstack@neutron-api.service[87441]: DEBUG oslo_concurrency.processutils [None req-280193af-0bb5-4b04-8f32-3da1ab71cdec None None] CMD "ovsdb-client transact ssl:10.4.3.158:6641 --timeout 180 -p /opt/stack/data/CA/int-ca/private/devstack-cert.key -c /opt/stack/data/CA/int-ca/devstack-cert.crt -C /opt/stack/data/CA/int-ca/ca-chain.pem ["OVN_Northbound", {"op": "wait", "timeout": 0, "table": "Port_Group", "where": [["name", "==", "pvlan_pg_drop"]], "until": "==", "rows": []}, {"op": "insert", "table": "ACL", "row": {"action": "drop", "direction": "to-lport", "match": "outport == @pvlan_pg_drop && ip", "priority": 1010}, "uuid-name": "pvlandroptoport"}, {"op": "insert", "table": "ACL", "row": {"action": "drop", "direction": "from-lport", "match": "inport == @pvlan_pg_drop && ip", "priority": 1010}, "uuid-name": "pvlandropfromport"}, {"op": "insert", "table": "Port_Group", "row": {"name": "pvlan_pg_drop", "acls": ["set", [["named-uuid", "pvlandroptoport"], ["named-uuid", "pvlandropfromport"]]]}}]" returned: 0 in 0.027s {{(pid=87441) execute /opt/stack/data/venv/lib/python3.12/site-packages/oslo_concurrency/processutils.py:468}}
Jun 26 02:56:39.296389 np0000003686 devstack@neutron-api.service[87441]: WSGI app 0 (mountpoint='') ready in 7 seconds on interpreter 0x703eb7aa3668 pid: 87441 (default app)
Jun 26 02:56:41.738548 np0000003686 devstack@neutron-api.service[87442]: DEBUG neutron.plugins.ml2.drivers.ovn.mech_driver.ovsdb.ovsdb_monitor [-] Hash Ring: Node 8380a220fb3f5a549dd0b2e96f6b80e5 (host: np0000003686) handling event "update" for row db5e5bbf-7530-451f-9262-d74c5eee5964 (table: Connection) {{(pid=87442) notify /opt/stack/neutron/neutron/plugins/ml2/drivers/ovn/mech_driver/ovsdb/ovsdb_monitor.py:1015}}
Jun 26 02:56:41.744447 np0000003686 devstack@neutron-api.service[87441]: DEBUG neutron.plugins.ml2.drivers.ovn.mech_driver.ovsdb.ovsdb_monitor [-] Hash Ring: Node 04111e87644b563c8f668cec3f21672f (host: np0000003686) handling event "update" for row db5e5bbf-7530-451f-9262-d74c5eee5964 (table: Connection) {{(pid=87441) notify /opt/stack/neutron/neutron/plugins/ml2/drivers/ovn/mech_driver/ovsdb/ovsdb_monitor.py:1015}}
Jun 26 02:56:43.513704 np0000003686 devstack@neutron-api.service[87442]: DEBUG neutron.api.wsgi [None req-43b78e0e-114c-46c4-bc78-e2a07a26f5ae admin admin] Missing Content-Type {{(pid=87442) get_content_type /opt/stack/neutron/neutron/api/wsgi.py:80}}
Jun 26 02:56:43.514148 np0000003686 devstack@neutron-api.service[87442]: DEBUG neutron.api.wsgi [None req-43b78e0e-114c-46c4-bc78-e2a07a26f5ae admin admin] https://10.4.3.158/networking/v2.0/extensions returned with HTTP 200 {{(pid=87442) __call__ /opt/stack/neutron/neutron/api/wsgi.py:540}}
Jun 26 02:56:43.514463 np0000003686 devstack@neutron-api.service[87442]: [pid: 87442|app: 0|req: 2/2] 10.4.3.158 () {64 vars in 1292 bytes} [Fri Jun 26 02:56:42 2026] GET /networking/v2.0/extensions => generated 16171 bytes in 617 msecs (HTTP/1.1 200) 4 headers in 159 bytes (1 switches on core 0)
Jun 26 02:56:43.866807 np0000003686 devstack@neutron-api.service[87440]: DEBUG neutron.api.v2.base [None req-a0016c0a-eca0-4cae-8d95-e23662b93b27 admin admin] Request body: {'subnetpool': {'shared': True, 'default_prefixlen': 26, 'prefixes': ['10.1.0.0/20'], 'name': 'shared-default-subnetpool-v4', 'is_default': True}} {{(pid=87440) prepare_request_body /opt/stack/neutron/neutron/api/v2/base.py:727}}
Jun 26 02:56:44.101211 np0000003686 devstack@neutron-api.service[87440]: DEBUG neutron.policy [None req-a0016c0a-eca0-4cae-8d95-e23662b93b27 admin admin] Loaded default policies from ['neutron'] under neutron.policies entry points {{(pid=87440) register_rules /opt/stack/neutron/neutron/policy.py:65}}
Jun 26 02:56:44.238953 np0000003686 devstack@neutron-api.service[87440]: DEBUG neutron_lib.callbacks.manager [None req-a0016c0a-eca0-4cae-8d95-e23662b93b27 admin admin] Publish callbacks ['neutron.objects.securitygroup.RbacNeutronDbObjectMixin.validate_rbac_policy_change-2947523309213', 'neutron.objects.address_group.RbacNeutronDbObjectMixin.validate_rbac_policy_change-2947523678482', 'neutron.objects.network.RbacNeutronDbObjectMixin.validate_rbac_policy_change-2947523405236', 'neutron.objects.qos.policy.RbacNeutronDbObjectMixin.validate_rbac_policy_change-2947523411064', 'neutron.objects.subnetpool.RbacNeutronDbObjectMixin.validate_rbac_policy_change-2947523380492', 'neutron.objects.address_scope.RbacNeutronDbObjectMixin.validate_rbac_policy_change-2947523355536', 'neutron.plugins.ml2.plugin.External_net_db_mixin._process_ext_policy_create-259885', 'neutron.plugins.ml2.plugin.NeutronDbPluginV2.validate_network_rbac_policy_change-257797'] for rbac-policy (None), before_create {{(pid=87440) _notify_loop /opt/stack/data/venv/lib/python3.12/site-packages/neutron_lib/callbacks/manager.py:184}}
Jun 26 02:56:44.278428 np0000003686 devstack@neutron-api.service[87440]: DEBUG neutron_lib.callbacks.manager [None req-a0016c0a-eca0-4cae-8d95-e23662b93b27 admin admin] Publish callbacks [] for subnetpool (None), before_response {{(pid=87440) _notify_loop /opt/stack/data/venv/lib/python3.12/site-packages/neutron_lib/callbacks/manager.py:184}}
Jun 26 02:56:44.278905 np0000003686 devstack@neutron-api.service[87440]: [pid: 87440|app: 0|req: 1/3] 10.4.3.158 () {68 vars in 1336 bytes} [Fri Jun 26 02:56:43 2026] POST /networking/v2.0/subnetpools => generated 533 bytes in 504 msecs (HTTP/1.1 201) 4 headers in 162 bytes (1 switches on core 0)
Jun 26 02:56:44.622299 np0000003686 devstack@neutron-api.service[87441]: DEBUG neutron.api.v2.base [None req-cd3b84f9-8440-4bfb-a8e7-132efba3726e admin admin] Request body: {'subnetpool': {'shared': True, 'default_prefixlen': 64, 'prefixes': ['fda8:2730:498d::/56'], 'name': 'shared-default-subnetpool-v6', 'is_default': True}} {{(pid=87441) prepare_request_body /opt/stack/neutron/neutron/api/v2/base.py:727}}
Jun 26 02:56:44.820614 np0000003686 devstack@neutron-api.service[87441]: DEBUG neutron.policy [None req-cd3b84f9-8440-4bfb-a8e7-132efba3726e admin admin] Loaded default policies from ['neutron'] under neutron.policies entry points {{(pid=87441) register_rules /opt/stack/neutron/neutron/policy.py:65}}
Jun 26 02:56:44.952303 np0000003686 devstack@neutron-api.service[87441]: DEBUG neutron_lib.callbacks.manager [None req-cd3b84f9-8440-4bfb-a8e7-132efba3726e admin admin] Publish callbacks ['neutron.objects.securitygroup.RbacNeutronDbObjectMixin.validate_rbac_policy_change-2947523296103', 'neutron.objects.address_group.RbacNeutronDbObjectMixin.validate_rbac_policy_change-2947523698186', 'neutron.objects.network.RbacNeutronDbObjectMixin.validate_rbac_policy_change-2947523387765', 'neutron.objects.qos.policy.RbacNeutronDbObjectMixin.validate_rbac_policy_change-2947523406931', 'neutron.objects.subnetpool.RbacNeutronDbObjectMixin.validate_rbac_policy_change-2947523385320', 'neutron.objects.address_scope.RbacNeutronDbObjectMixin.validate_rbac_policy_change-2947523400062', 'neutron.plugins.ml2.plugin.External_net_db_mixin._process_ext_policy_create-154421', 'neutron.plugins.ml2.plugin.NeutronDbPluginV2.validate_network_rbac_policy_change-151325'] for rbac-policy (None), before_create {{(pid=87441) _notify_loop /opt/stack/data/venv/lib/python3.12/site-packages/neutron_lib/callbacks/manager.py:184}}
Jun 26 02:56:45.000570 np0000003686 devstack@neutron-api.service[87441]: DEBUG neutron_lib.callbacks.manager [None req-cd3b84f9-8440-4bfb-a8e7-132efba3726e admin admin] Publish callbacks [] for subnetpool (None), before_response {{(pid=87441) _notify_loop /opt/stack/data/venv/lib/python3.12/site-packages/neutron_lib/callbacks/manager.py:184}}
Jun 26 02:56:45.001365 np0000003686 devstack@neutron-api.service[87441]: [pid: 87441|app: 0|req: 1/4] 10.4.3.158 () {68 vars in 1336 bytes} [Fri Jun 26 02:56:44 2026] POST /networking/v2.0/subnetpools => generated 543 bytes in 484 msecs (HTTP/1.1 201) 4 headers in 162 bytes (1 switches on core 0)
Jun 26 02:56:45.231510 np0000003686 devstack@neutron-api.service[87442]: DEBUG neutron.api.v2.base [None req-3e108c81-9920-4958-adb4-5c8914b966f3 admin admin] Request body: {'network': {'admin_state_up': True, 'name': 'private'}} {{(pid=87442) prepare_request_body /opt/stack/neutron/neutron/api/v2/base.py:727}}
Jun 26 02:56:45.264441 np0000003686 devstack@neutron-api.service[87442]: DEBUG neutron.pecan_wsgi.hooks.quota_enforcement [None req-3e108c81-9920-4958-adb4-5c8914b966f3 admin admin] Made reservation on behalf of 89b232cd2715458fbffe3429d276befe for: {'network': 1} {{(pid=87442) before /opt/stack/neutron/neutron/pecan_wsgi/hooks/quota_enforcement.py:66}}
Jun 26 02:56:45.449915 np0000003686 devstack@neutron-api.service[87442]: DEBUG neutron.policy [None req-3e108c81-9920-4958-adb4-5c8914b966f3 admin admin] Loaded default policies from ['neutron'] under neutron.policies entry points {{(pid=87442) register_rules /opt/stack/neutron/neutron/policy.py:65}}
Jun 26 02:56:45.545432 np0000003686 devstack@neutron-api.service[87442]: DEBUG neutron_lib.callbacks.manager [None req-3e108c81-9920-4958-adb4-5c8914b966f3 admin admin] Publish callbacks ['neutron.plugins.ml2.plugin.SecurityGroupDbMixin._ensure_default_security_group_handler-161672'] for network (None), before_create {{(pid=87442) _notify_loop /opt/stack/data/venv/lib/python3.12/site-packages/neutron_lib/callbacks/manager.py:184}}
Jun 26 02:56:45.564958 np0000003686 devstack@neutron-api.service[87442]: DEBUG neutron_lib.callbacks.manager [None req-3e108c81-9920-4958-adb4-5c8914b966f3 admin admin] Publish callbacks [] for security_group (None), before_create {{(pid=87442) _notify_loop /opt/stack/data/venv/lib/python3.12/site-packages/neutron_lib/callbacks/manager.py:184}}
Jun 26 02:56:45.666526 np0000003686 devstack@neutron-api.service[87442]: DEBUG neutron_lib.callbacks.manager [None req-3e108c81-9920-4958-adb4-5c8914b966f3 admin admin] Publish callbacks ['neutron.plugins.ml2.drivers.ovn.mech_driver.mech_driver.OVNMechanismDriver._create_security_group_precommit-857882'] for security_group (6e8ed87d-0141-4340-8c68-82f9d0ab91c7), precommit_create {{(pid=87442) _notify_loop /opt/stack/data/venv/lib/python3.12/site-packages/neutron_lib/callbacks/manager.py:184}}
Jun 26 02:56:45.666768 np0000003686 devstack@neutron-api.service[87442]: DEBUG neutron.db.ovn_revision_numbers_db [None req-3e108c81-9920-4958-adb4-5c8914b966f3 admin admin] create_initial_revision uuid=6e8ed87d-0141-4340-8c68-82f9d0ab91c7, type=security_groups, rev=-1 {{(pid=87442) create_initial_revision /opt/stack/neutron/neutron/db/ovn_revision_numbers_db.py:98}}
Jun 26 02:56:45.668872 np0000003686 devstack@neutron-api.service[87442]: DEBUG neutron.db.ovn_revision_numbers_db [None req-3e108c81-9920-4958-adb4-5c8914b966f3 admin admin] create_initial_revision uuid=1d9218a8-9a57-4863-9717-d9166c831b18, type=security_group_rules, rev=-1 {{(pid=87442) create_initial_revision /opt/stack/neutron/neutron/db/ovn_revision_numbers_db.py:98}}
Jun 26 02:56:45.669863 np0000003686 devstack@neutron-api.service[87442]: DEBUG neutron.db.ovn_revision_numbers_db [None req-3e108c81-9920-4958-adb4-5c8914b966f3 admin admin] create_initial_revision uuid=374ce40d-3930-4431-ab69-9a34a46f7d6d, type=security_group_rules, rev=-1 {{(pid=87442) create_initial_revision /opt/stack/neutron/neutron/db/ovn_revision_numbers_db.py:98}}
Jun 26 02:56:45.671250 np0000003686 devstack@neutron-api.service[87442]: DEBUG neutron.db.ovn_revision_numbers_db [None req-3e108c81-9920-4958-adb4-5c8914b966f3 admin admin] create_initial_revision uuid=6a178382-d6bb-465a-9d20-1b128caca3c5, type=security_group_rules, rev=-1 {{(pid=87442) create_initial_revision /opt/stack/neutron/neutron/db/ovn_revision_numbers_db.py:98}}
Jun 26 02:56:45.672479 np0000003686 devstack@neutron-api.service[87442]: DEBUG neutron.db.ovn_revision_numbers_db [None req-3e108c81-9920-4958-adb4-5c8914b966f3 admin admin] create_initial_revision uuid=e053df4e-2e66-404c-a75b-959a1ed83d10, type=security_group_rules, rev=-1 {{(pid=87442) create_initial_revision /opt/stack/neutron/neutron/db/ovn_revision_numbers_db.py:98}}
Jun 26 02:56:45.676490 np0000003686 devstack@neutron-api.service[87442]: DEBUG neutron_lib.callbacks.manager [None req-3e108c81-9920-4958-adb4-5c8914b966f3 admin admin] Publish callbacks ['neutron.plugins.ml2.drivers.ovn.mech_driver.mech_driver.OVNMechanismDriver._create_security_group-857856', 'neutron.plugins.ml2.ovo_rpc._ObjectChangeHandler.handle_event-32633300'] for security_group (6e8ed87d-0141-4340-8c68-82f9d0ab91c7), after_create {{(pid=87442) _notify_loop /opt/stack/data/venv/lib/python3.12/site-packages/neutron_lib/callbacks/manager.py:184}}
Jun 26 02:56:45.677563 np0000003686 devstack@neutron-api.service[87442]: DEBUG ovsdbapp.backend.ovs_idl.transaction [-] Running txn n=1 command(idx=0): PgAddCommand(_result=None, name=pg_6e8ed87d_0141_4340_8c68_82f9d0ab91c7, may_exist=False, columns={'acls': [], 'external_ids': {'neutron:security_group_id': '6e8ed87d-0141-4340-8c68-82f9d0ab91c7'}}) {{(pid=87442) do_commit /opt/stack/data/venv/lib/python3.12/site-packages/ovsdbapp/backend/ovs_idl/transaction.py:89}}
Jun 26 02:56:45.678925 np0000003686 devstack@neutron-api.service[87442]: DEBUG ovsdbapp.backend.ovs_idl.transaction [-] Running txn n=1 command(idx=1): PgAclAddCommand(_result=None, entity=pg_6e8ed87d_0141_4340_8c68_82f9d0ab91c7, direction=to-lport, priority=1002, match=outport == @pg_6e8ed87d_0141_4340_8c68_82f9d0ab91c7 && ip6 && ip6.src == $pg_6e8ed87d_0141_4340_8c68_82f9d0ab91c7_ip6, action=allow-related, log=False, may_exist=True, severity=[], name=[], meter=[], external_ids={'neutron:security_group_rule_id': '1d9218a8-9a57-4863-9717-d9166c831b18'}) {{(pid=87442) do_commit /opt/stack/data/venv/lib/python3.12/site-packages/ovsdbapp/backend/ovs_idl/transaction.py:89}}
Jun 26 02:56:45.679387 np0000003686 devstack@neutron-api.service[87442]: DEBUG ovsdbapp.backend.ovs_idl.transaction [-] Running txn n=1 command(idx=2): PgAclAddCommand(_result=None, entity=pg_6e8ed87d_0141_4340_8c68_82f9d0ab91c7, direction=to-lport, priority=1002, match=outport == @pg_6e8ed87d_0141_4340_8c68_82f9d0ab91c7 && ip4 && ip4.src == $pg_6e8ed87d_0141_4340_8c68_82f9d0ab91c7_ip4, action=allow-related, log=False, may_exist=True, severity=[], name=[], meter=[], external_ids={'neutron:security_group_rule_id': '374ce40d-3930-4431-ab69-9a34a46f7d6d'}) {{(pid=87442) do_commit /opt/stack/data/venv/lib/python3.12/site-packages/ovsdbapp/backend/ovs_idl/transaction.py:89}}
Jun 26 02:56:45.679718 np0000003686 devstack@neutron-api.service[87442]: DEBUG ovsdbapp.backend.ovs_idl.transaction [-] Running txn n=1 command(idx=3): PgAclAddCommand(_result=None, entity=pg_6e8ed87d_0141_4340_8c68_82f9d0ab91c7, direction=from-lport, priority=1002, match=inport == @pg_6e8ed87d_0141_4340_8c68_82f9d0ab91c7 && ip6, action=allow-related, log=False, may_exist=True, severity=[], name=[], meter=[], external_ids={'neutron:security_group_rule_id': '6a178382-d6bb-465a-9d20-1b128caca3c5'}) {{(pid=87442) do_commit /opt/stack/data/venv/lib/python3.12/site-packages/ovsdbapp/backend/ovs_idl/transaction.py:89}}
Jun 26 02:56:45.680017 np0000003686 devstack@neutron-api.service[87442]: DEBUG ovsdbapp.backend.ovs_idl.transaction [-] Running txn n=1 command(idx=4): PgAclAddCommand(_result=None, entity=pg_6e8ed87d_0141_4340_8c68_82f9d0ab91c7, direction=from-lport, priority=1002, match=inport == @pg_6e8ed87d_0141_4340_8c68_82f9d0ab91c7 && ip4, action=allow-related, log=False, may_exist=True, severity=[], name=[], meter=[], external_ids={'neutron:security_group_rule_id': 'e053df4e-2e66-404c-a75b-959a1ed83d10'}) {{(pid=87442) do_commit /opt/stack/data/venv/lib/python3.12/site-packages/ovsdbapp/backend/ovs_idl/transaction.py:89}}
Jun 26 02:56:45.689024 np0000003686 devstack@neutron-api.service[87442]: DEBUG neutron.plugins.ml2.drivers.ovn.mech_driver.ovsdb.ovsdb_monitor [-] Hash Ring: Node 8380a220fb3f5a549dd0b2e96f6b80e5 (host: np0000003686) handling event "create" for row 5758eea4-b9ae-4f81-9d36-51312b8f8c9d (table: ACL) {{(pid=87442) notify /opt/stack/neutron/neutron/plugins/ml2/drivers/ovn/mech_driver/ovsdb/ovsdb_monitor.py:1015}}
Jun 26 02:56:45.689024 np0000003686 devstack@neutron-api.service[87442]: DEBUG neutron.plugins.ml2.drivers.ovn.mech_driver.ovsdb.ovsdb_monitor [-] Hash Ring: Node 8380a220fb3f5a549dd0b2e96f6b80e5 (host: np0000003686) handling event "create" for row 59b47338-daee-499c-8c95-b3950cf7c727 (table: ACL) {{(pid=87442) notify /opt/stack/neutron/neutron/plugins/ml2/drivers/ovn/mech_driver/ovsdb/ovsdb_monitor.py:1015}}
Jun 26 02:56:45.689024 np0000003686 devstack@neutron-api.service[87442]: DEBUG neutron.plugins.ml2.drivers.ovn.mech_driver.ovsdb.ovsdb_monitor [-] Hash Ring: Node 8380a220fb3f5a549dd0b2e96f6b80e5 (host: np0000003686) handling event "create" for row b60729eb-3714-42e5-854a-3cc151d07f97 (table: ACL) {{(pid=87442) notify /opt/stack/neutron/neutron/plugins/ml2/drivers/ovn/mech_driver/ovsdb/ovsdb_monitor.py:1015}}
Jun 26 02:56:45.689024 np0000003686 devstack@neutron-api.service[87442]: DEBUG neutron.plugins.ml2.drivers.ovn.mech_driver.ovsdb.ovsdb_monitor [-] Hash Ring: Node 8380a220fb3f5a549dd0b2e96f6b80e5 (host: np0000003686) handling event "create" for row f647fd9e-dc33-45d6-9e4d-48f63b9ea2f5 (table: ACL) {{(pid=87442) notify /opt/stack/neutron/neutron/plugins/ml2/drivers/ovn/mech_driver/ovsdb/ovsdb_monitor.py:1015}}
Jun 26 02:56:45.690075 np0000003686 devstack@neutron-api.service[87440]: DEBUG neutron.plugins.ml2.drivers.ovn.mech_driver.ovsdb.ovsdb_monitor [-] Hash Ring: Node 701a45ff3993528194b02e6a4384c2ee (host: np0000003686) handling event "create" for row 5758eea4-b9ae-4f81-9d36-51312b8f8c9d (table: ACL) {{(pid=87440) notify /opt/stack/neutron/neutron/plugins/ml2/drivers/ovn/mech_driver/ovsdb/ovsdb_monitor.py:1015}}
Jun 26 02:56:45.690541 np0000003686 devstack@neutron-api.service[87442]: DEBUG neutron.plugins.ml2.drivers.ovn.mech_driver.ovsdb.ovsdb_monitor [-] Hash Ring: Node 8380a220fb3f5a549dd0b2e96f6b80e5 (host: np0000003686) handling event "create" for row 5ec9389b-f68a-4c0f-a259-563a43055acd (table: Port_Group) {{(pid=87442) notify /opt/stack/neutron/neutron/plugins/ml2/drivers/ovn/mech_driver/ovsdb/ovsdb_monitor.py:1015}}
Jun 26 02:56:45.690951 np0000003686 devstack@neutron-api.service[87440]: DEBUG neutron.plugins.ml2.drivers.ovn.mech_driver.ovsdb.ovsdb_monitor [-] Hash Ring: Node 701a45ff3993528194b02e6a4384c2ee (host: np0000003686) handling event "create" for row 59b47338-daee-499c-8c95-b3950cf7c727 (table: ACL) {{(pid=87440) notify /opt/stack/neutron/neutron/plugins/ml2/drivers/ovn/mech_driver/ovsdb/ovsdb_monitor.py:1015}}
Jun 26 02:56:45.690951 np0000003686 devstack@neutron-api.service[87440]: DEBUG neutron.plugins.ml2.drivers.ovn.mech_driver.ovsdb.ovsdb_monitor [-] Hash Ring: Node 701a45ff3993528194b02e6a4384c2ee (host: np0000003686) handling event "create" for row f647fd9e-dc33-45d6-9e4d-48f63b9ea2f5 (table: ACL) {{(pid=87440) notify /opt/stack/neutron/neutron/plugins/ml2/drivers/ovn/mech_driver/ovsdb/ovsdb_monitor.py:1015}}
Jun 26 02:56:45.690951 np0000003686 devstack@neutron-api.service[87440]: DEBUG neutron.plugins.ml2.drivers.ovn.mech_driver.ovsdb.ovsdb_monitor [-] Hash Ring: Node 701a45ff3993528194b02e6a4384c2ee (host: np0000003686) handling event "create" for row 5ec9389b-f68a-4c0f-a259-563a43055acd (table: Port_Group) {{(pid=87440) notify /opt/stack/neutron/neutron/plugins/ml2/drivers/ovn/mech_driver/ovsdb/ovsdb_monitor.py:1015}}
Jun 26 02:56:45.711862 np0000003686 devstack@neutron-api.service[87442]: INFO neutron.db.ovn_revision_numbers_db [None req-3e108c81-9920-4958-adb4-5c8914b966f3 admin admin] Successfully bumped revision number for resource 6e8ed87d-0141-4340-8c68-82f9d0ab91c7 (type: security_groups) to 1
Jun 26 02:56:45.725963 np0000003686 devstack@neutron-api.service[87442]: INFO neutron.db.ovn_revision_numbers_db [None req-3e108c81-9920-4958-adb4-5c8914b966f3 admin admin] Successfully bumped revision number for resource 1d9218a8-9a57-4863-9717-d9166c831b18 (type: security_group_rules) to 0
Jun 26 02:56:45.735376 np0000003686 devstack@neutron-api.service[87442]: INFO neutron.db.ovn_revision_numbers_db [None req-3e108c81-9920-4958-adb4-5c8914b966f3 admin admin] Successfully bumped revision number for resource 374ce40d-3930-4431-ab69-9a34a46f7d6d (type: security_group_rules) to 0
Jun 26 02:56:45.745112 np0000003686 devstack@neutron-api.service[87442]: INFO neutron.db.ovn_revision_numbers_db [None req-3e108c81-9920-4958-adb4-5c8914b966f3 admin admin] Successfully bumped revision number for resource 6a178382-d6bb-465a-9d20-1b128caca3c5 (type: security_group_rules) to 0
Jun 26 02:56:45.757236 np0000003686 devstack@neutron-api.service[87442]: INFO neutron.db.ovn_revision_numbers_db [None req-3e108c81-9920-4958-adb4-5c8914b966f3 admin admin] Successfully bumped revision number for resource e053df4e-2e66-404c-a75b-959a1ed83d10 (type: security_group_rules) to 0
Jun 26 02:56:45.777255 np0000003686 devstack@neutron-api.service[87442]: DEBUG neutron.api.rpc.handlers.resources_rpc [None req-3e108c81-9920-4958-adb4-5c8914b966f3 admin admin] Pushing event updated for resources: {'SecurityGroup': ['ID=6e8ed87d-0141-4340-8c68-82f9d0ab91c7,revision_number=1']} {{(pid=87442) push /opt/stack/neutron/neutron/api/rpc/handlers/resources_rpc.py:237}}
Jun 26 02:56:45.783417 np0000003686 devstack@neutron-api.service[87442]: DEBUG ovsdbapp.backend.ovs_idl.transaction [-] Running txn n=1 command(idx=0): CheckLivenessCommand(_result=None) {{(pid=87442) do_commit /opt/stack/data/venv/lib/python3.12/site-packages/ovsdbapp/backend/ovs_idl/transaction.py:89}}
Jun 26 02:56:45.785126 np0000003686 devstack@neutron-api.service[87442]: DEBUG neutron.plugins.ml2.drivers.ovn.mech_driver.ovsdb.ovsdb_monitor [-] Hash Ring: Node 8380a220fb3f5a549dd0b2e96f6b80e5 (host: np0000003686) handling event "update" for row febb2fd4-4366-4e0c-906d-9a0edab44a83 (table: NB_Global) {{(pid=87442) notify /opt/stack/neutron/neutron/plugins/ml2/drivers/ovn/mech_driver/ovsdb/ovsdb_monitor.py:1015}}
Jun 26 02:56:45.789622 np0000003686 devstack@neutron-api.service[87440]: DEBUG neutron.plugins.ml2.drivers.ovn.mech_driver.ovsdb.ovsdb_monitor [-] Hash Ring: Node 701a45ff3993528194b02e6a4384c2ee (host: np0000003686) handling event "update" for row febb2fd4-4366-4e0c-906d-9a0edab44a83 (table: NB_Global) {{(pid=87440) notify /opt/stack/neutron/neutron/plugins/ml2/drivers/ovn/mech_driver/ovsdb/ovsdb_monitor.py:1015}}
Jun 26 02:56:45.789622 np0000003686 devstack@neutron-api.service[87440]: DEBUG neutron.plugins.ml2.drivers.ovn.mech_driver.ovsdb.ovsdb_monitor [-] Hash Ring: Node 701a45ff3993528194b02e6a4384c2ee (host: np0000003686) handling event "update" for row febb2fd4-4366-4e0c-906d-9a0edab44a83 (table: NB_Global) {{(pid=87440) notify /opt/stack/neutron/neutron/plugins/ml2/drivers/ovn/mech_driver/ovsdb/ovsdb_monitor.py:1015}}
Jun 26 02:56:45.790280 np0000003686 devstack@neutron-api.service[87442]: DEBUG neutron.api.rpc.callbacks.version_manager [None req-3e108c81-9920-4958-adb4-5c8914b966f3 admin admin] Tracked resource versions report:
Jun 26 02:56:45.790280 np0000003686 devstack@neutron-api.service[87442]: pushed versions:
Jun 26 02:56:45.790280 np0000003686 devstack@neutron-api.service[87442]: { 'AddressGroup': {'1.2'},
Jun 26 02:56:45.790280 np0000003686 devstack@neutron-api.service[87442]: 'Agent': {'1.1'},
Jun 26 02:56:45.790280 np0000003686 devstack@neutron-api.service[87442]: 'ConntrackHelper': {'1.0'},
Jun 26 02:56:45.790280 np0000003686 devstack@neutron-api.service[87442]: 'LocalIPAssociation': {'1.0'},
Jun 26 02:56:45.790280 np0000003686 devstack@neutron-api.service[87442]: 'Log': {'1.0'},
Jun 26 02:56:45.790280 np0000003686 devstack@neutron-api.service[87442]: 'NDPProxy': {'1.0'},
Jun 26 02:56:45.790280 np0000003686 devstack@neutron-api.service[87442]: 'Network': {'1.3'},
Jun 26 02:56:45.790280 np0000003686 devstack@neutron-api.service[87442]: 'Port': {'1.11'},
Jun 26 02:56:45.790280 np0000003686 devstack@neutron-api.service[87442]: 'PortForwarding': {'1.3'},
Jun 26 02:56:45.790280 np0000003686 devstack@neutron-api.service[87442]: 'QosPolicy': {'1.10'},
Jun 26 02:56:45.790280 np0000003686 devstack@neutron-api.service[87442]: 'SecurityGroup': {'1.6'},
Jun 26 02:56:45.790280 np0000003686 devstack@neutron-api.service[87442]: 'SecurityGroupRule': {'1.3'},
Jun 26 02:56:45.790280 np0000003686 devstack@neutron-api.service[87442]: 'SubPort': {'1.0'},
Jun 26 02:56:45.790280 np0000003686 devstack@neutron-api.service[87442]: 'Subnet': {'1.2'},
Jun 26 02:56:45.790280 np0000003686 devstack@neutron-api.service[87442]: 'Trunk': {'1.1'}}
Jun 26 02:56:45.790280 np0000003686 devstack@neutron-api.service[87442]: consumer versions:
Jun 26 02:56:45.790280 np0000003686 devstack@neutron-api.service[87442]: {}
Jun 26 02:56:45.790280 np0000003686 devstack@neutron-api.service[87442]: {{(pid=87442) report /opt/stack/neutron/neutron/api/rpc/callbacks/version_manager.py:183}}
Jun 26 02:56:45.791221 np0000003686 devstack@neutron-api.service[87440]: DEBUG neutron.plugins.ml2.drivers.ovn.mech_driver.ovsdb.ovsdb_monitor [-] Hash Ring: Node 701a45ff3993528194b02e6a4384c2ee (host: np0000003686) handling event "update" for row febb2fd4-4366-4e0c-906d-9a0edab44a83 (table: NB_Global) {{(pid=87440) notify /opt/stack/neutron/neutron/plugins/ml2/drivers/ovn/mech_driver/ovsdb/ovsdb_monitor.py:1015}}
Jun 26 02:56:45.794447 np0000003686 devstack@neutron-api.service[87440]: DEBUG neutron.plugins.ml2.drivers.ovn.mech_driver.ovsdb.ovsdb_monitor [-] Hash Ring: Node 701a45ff3993528194b02e6a4384c2ee (host: np0000003686) handling event "update" for row febb2fd4-4366-4e0c-906d-9a0edab44a83 (table: NB_Global) {{(pid=87440) notify /opt/stack/neutron/neutron/plugins/ml2/drivers/ovn/mech_driver/ovsdb/ovsdb_monitor.py:1015}}
Jun 26 02:56:45.794630 np0000003686 devstack@neutron-api.service[87441]: DEBUG neutron.plugins.ml2.drivers.ovn.mech_driver.ovsdb.ovsdb_monitor [-] ChassisAgentWriteEvent : Matched Chassis_Private, update, None None {{(pid=87441) matches /opt/stack/neutron/neutron/plugins/ml2/drivers/ovn/mech_driver/ovsdb/ovsdb_monitor.py:64}}
Jun 26 02:56:45.795190 np0000003686 devstack@neutron-api.service[87440]: DEBUG neutron.plugins.ml2.drivers.ovn.mech_driver.ovsdb.ovsdb_monitor [-] ChassisAgentWriteEvent : Matched Chassis_Private, update, None None {{(pid=87440) matches /opt/stack/neutron/neutron/plugins/ml2/drivers/ovn/mech_driver/ovsdb/ovsdb_monitor.py:64}}
Jun 26 02:56:45.795704 np0000003686 devstack@neutron-api.service[87441]: DEBUG neutron.plugins.ml2.drivers.ovn.mech_driver.ovsdb.ovsdb_monitor [-] Hash Ring: Node 04111e87644b563c8f668cec3f21672f (host: np0000003686) handling event "update" for row 152f6f1c-84d5-4e81-9d55-f342c7fe0cf7 (table: Chassis_Private) {{(pid=87441) notify /opt/stack/neutron/neutron/plugins/ml2/drivers/ovn/mech_driver/ovsdb/ovsdb_monitor.py:1015}}
Jun 26 02:56:45.796671 np0000003686 devstack@neutron-api.service[87440]: DEBUG neutron.plugins.ml2.drivers.ovn.mech_driver.ovsdb.ovsdb_monitor [-] ChassisOVNAgentWriteEvent : Matched Chassis_Private, update, None None {{(pid=87440) matches /opt/stack/neutron/neutron/plugins/ml2/drivers/ovn/mech_driver/ovsdb/ovsdb_monitor.py:64}}
Jun 26 02:56:45.800693 np0000003686 devstack@neutron-api.service[87441]: DEBUG neutron.plugins.ml2.drivers.ovn.mech_driver.ovsdb.ovsdb_monitor [-] ChassisOVNAgentWriteEvent : Matched Chassis_Private, update, None None {{(pid=87441) matches /opt/stack/neutron/neutron/plugins/ml2/drivers/ovn/mech_driver/ovsdb/ovsdb_monitor.py:64}}
Jun 26 02:56:45.801444 np0000003686 devstack@neutron-api.service[87441]: DEBUG neutron.plugins.ml2.drivers.ovn.mech_driver.ovsdb.ovsdb_monitor [-] Hash Ring: Node 04111e87644b563c8f668cec3f21672f (host: np0000003686) handling event "update" for row 152f6f1c-84d5-4e81-9d55-f342c7fe0cf7 (table: Chassis_Private) {{(pid=87441) notify /opt/stack/neutron/neutron/plugins/ml2/drivers/ovn/mech_driver/ovsdb/ovsdb_monitor.py:1015}}
Jun 26 02:56:45.802355 np0000003686 devstack@neutron-api.service[87442]: DEBUG neutron.plugins.ml2.drivers.ovn.mech_driver.ovsdb.ovsdb_monitor [-] Hash Ring: Node 8380a220fb3f5a549dd0b2e96f6b80e5 (host: np0000003686) handling event "update" for row febb2fd4-4366-4e0c-906d-9a0edab44a83 (table: NB_Global) {{(pid=87442) notify /opt/stack/neutron/neutron/plugins/ml2/drivers/ovn/mech_driver/ovsdb/ovsdb_monitor.py:1015}}
Jun 26 02:56:45.803189 np0000003686 devstack@neutron-api.service[87442]: DEBUG neutron.plugins.ml2.drivers.ovn.mech_driver.ovsdb.ovsdb_monitor [-] ChassisAgentWriteEvent : Matched Chassis_Private, update, None None {{(pid=87442) matches /opt/stack/neutron/neutron/plugins/ml2/drivers/ovn/mech_driver/ovsdb/ovsdb_monitor.py:64}}
Jun 26 02:56:45.806639 np0000003686 devstack@neutron-api.service[87442]: DEBUG neutron.plugins.ml2.drivers.ovn.mech_driver.ovsdb.ovsdb_monitor [-] Hash Ring: Node 8380a220fb3f5a549dd0b2e96f6b80e5 (host: np0000003686) handling event "update" for row febb2fd4-4366-4e0c-906d-9a0edab44a83 (table: NB_Global) {{(pid=87442) notify /opt/stack/neutron/neutron/plugins/ml2/drivers/ovn/mech_driver/ovsdb/ovsdb_monitor.py:1015}}
Jun 26 02:56:45.808767 np0000003686 devstack@neutron-api.service[87442]: DEBUG neutron.plugins.ml2.drivers.ovn.mech_driver.ovsdb.ovsdb_monitor [-] Hash Ring: Node 8380a220fb3f5a549dd0b2e96f6b80e5 (host: np0000003686) handling event "update" for row febb2fd4-4366-4e0c-906d-9a0edab44a83 (table: NB_Global) {{(pid=87442) notify /opt/stack/neutron/neutron/plugins/ml2/drivers/ovn/mech_driver/ovsdb/ovsdb_monitor.py:1015}}
Jun 26 02:56:45.810810 np0000003686 devstack@neutron-api.service[87442]: DEBUG neutron.common.ovn.hash_ring_manager [-] Allow caching, nodes 3>=3 {{(pid=87442) _wait_startup_before_caching /opt/stack/neutron/neutron/common/ovn/hash_ring_manager.py:71}}
Jun 26 02:56:45.810810 np0000003686 devstack@neutron-api.service[87442]: DEBUG neutron.plugins.ml2.drivers.ovn.mech_driver.ovsdb.ovsdb_monitor [-] Hash Ring: Node 8380a220fb3f5a549dd0b2e96f6b80e5 (host: np0000003686) handling event "update" for row 152f6f1c-84d5-4e81-9d55-f342c7fe0cf7 (table: Chassis_Private) {{(pid=87442) notify /opt/stack/neutron/neutron/plugins/ml2/drivers/ovn/mech_driver/ovsdb/ovsdb_monitor.py:1015}}
Jun 26 02:56:45.812474 np0000003686 devstack@neutron-api.service[87442]: DEBUG neutron.plugins.ml2.drivers.ovn.mech_driver.ovsdb.ovsdb_monitor [-] ChassisOVNAgentWriteEvent : Matched Chassis_Private, update, None None {{(pid=87442) matches /opt/stack/neutron/neutron/plugins/ml2/drivers/ovn/mech_driver/ovsdb/ovsdb_monitor.py:64}}
Jun 26 02:56:45.812659 np0000003686 devstack@neutron-api.service[87442]: DEBUG neutron.plugins.ml2.drivers.ovn.mech_driver.ovsdb.ovsdb_monitor [-] Hash Ring: Node 8380a220fb3f5a549dd0b2e96f6b80e5 (host: np0000003686) handling event "update" for row 152f6f1c-84d5-4e81-9d55-f342c7fe0cf7 (table: Chassis_Private) {{(pid=87442) notify /opt/stack/neutron/neutron/plugins/ml2/drivers/ovn/mech_driver/ovsdb/ovsdb_monitor.py:1015}}
Jun 26 02:56:45.852886 np0000003686 devstack@neutron-api.service[87442]: DEBUG neutron.plugins.ml2.drivers.helpers [None req-3e108c81-9920-4958-adb4-5c8914b966f3 admin admin] geneve segment allocate from pool success with {'geneve_vni': 15026} {{(pid=87442) allocate_partially_specified_segment /opt/stack/neutron/neutron/plugins/ml2/drivers/helpers.py:142}}
Jun 26 02:56:45.865084 np0000003686 devstack@neutron-api.service[87442]: DEBUG neutron_lib.callbacks.manager [None req-3e108c81-9920-4958-adb4-5c8914b966f3 admin admin] Publish callbacks ['neutron.services.segments.db._add_segment_host_mapping_for_segment-7713409810202', 'neutron.plugins.ml2.plugin.Ml2Plugin._handle_segment_change-420672'] for segment (364ad889-2959-4306-9f52-b3de69d6d0e5), precommit_create {{(pid=87442) _notify_loop /opt/stack/data/venv/lib/python3.12/site-packages/neutron_lib/callbacks/manager.py:184}}
Jun 26 02:56:45.865311 np0000003686 devstack@neutron-api.service[87442]: INFO neutron.db.segments_db [None req-3e108c81-9920-4958-adb4-5c8914b966f3 admin admin] Added segment 364ad889-2959-4306-9f52-b3de69d6d0e5 of type geneve for network 0c289e2d-874c-4b2c-bcba-3d0d334e779d
Jun 26 02:56:45.912912 np0000003686 devstack@neutron-api.service[87442]: DEBUG neutron_lib.callbacks.manager [None req-3e108c81-9920-4958-adb4-5c8914b966f3 admin admin] Publish callbacks ['neutron.services.auto_allocate.db._ensure_external_network_default_value_callback-7713409067012'] for network (0c289e2d-874c-4b2c-bcba-3d0d334e779d), precommit_create {{(pid=87442) _notify_loop /opt/stack/data/venv/lib/python3.12/site-packages/neutron_lib/callbacks/manager.py:184}}
Jun 26 02:56:45.933162 np0000003686 devstack@neutron-api.service[87442]: DEBUG neutron.plugins.ml2.drivers.ovn.mech_driver.mech_driver [None req-3e108c81-9920-4958-adb4-5c8914b966f3 admin admin] Validating network segment with type geneve, segmentation ID 15026, physical network None {{(pid=87442) _validate_network_segments /opt/stack/neutron/neutron/plugins/ml2/drivers/ovn/mech_driver/mech_driver.py:646}}
Jun 26 02:56:45.933299 np0000003686 devstack@neutron-api.service[87442]: DEBUG neutron.db.ovn_revision_numbers_db [None req-3e108c81-9920-4958-adb4-5c8914b966f3 admin admin] create_initial_revision uuid=0c289e2d-874c-4b2c-bcba-3d0d334e779d, type=networks, rev=-1 {{(pid=87442) create_initial_revision /opt/stack/neutron/neutron/db/ovn_revision_numbers_db.py:98}}
Jun 26 02:56:45.951249 np0000003686 devstack@neutron-api.service[87442]: DEBUG neutron_lib.callbacks.manager [None req-3e108c81-9920-4958-adb4-5c8914b966f3 admin admin] Publish callbacks ['neutron.plugins.ml2.ovo_rpc._ObjectChangeHandler.handle_event-32633289'] for network (0c289e2d-874c-4b2c-bcba-3d0d334e779d), after_create {{(pid=87442) _notify_loop /opt/stack/data/venv/lib/python3.12/site-packages/neutron_lib/callbacks/manager.py:184}}
Jun 26 02:56:46.000923 np0000003686 devstack@neutron-api.service[87442]: DEBUG neutron.api.rpc.handlers.resources_rpc [None req-3e108c81-9920-4958-adb4-5c8914b966f3 admin admin] Pushing event updated for resources: {'Network': ['ID=0c289e2d-874c-4b2c-bcba-3d0d334e779d,revision_number=1']} {{(pid=87442) push /opt/stack/neutron/neutron/api/rpc/handlers/resources_rpc.py:237}}
Jun 26 02:56:46.009558 np0000003686 devstack@neutron-api.service[87442]: DEBUG ovsdbapp.backend.ovs_idl.transaction [-] Running txn n=1 command(idx=0): AddNetworkCommand(_result=None, network_uuid=0c289e2d-874c-4b2c-bcba-3d0d334e779d, may_exist=True, columns={'external_ids': {'neutron:network_name': 'private', 'neutron:mtu': '1372', 'neutron:revision_number': '1', 'neutron:availability_zone_hints': '', 'neutron:provnet-network-type': 'geneve'}, 'other_config': {'mcast_snoop': 'false', 'mcast_flood_unregistered': 'false', 'vlan-passthru': 'false'}}) {{(pid=87442) do_commit /opt/stack/data/venv/lib/python3.12/site-packages/ovsdbapp/backend/ovs_idl/transaction.py:89}}
