Jun 26 02:56:50.020699 np0000003686 devstack@neutron-api.service[87442]: DEBUG neutron_lib.callbacks.manager [None req-e6695f4d-38cf-4164-afeb-99578b24500c admin admin] Publish callbacks [] for router (None), before_response {{(pid=87442) _notify_loop /opt/stack/data/venv/lib/python3.12/site-packages/neutron_lib/callbacks/manager.py:184}}
Jun 26 02:56:50.021195 np0000003686 devstack@neutron-api.service[87442]: [pid: 87442|app: 0|req: 6/14] 10.4.3.158 () {68 vars in 1323 bytes} [Fri Jun 26 02:56:49 2026] POST /networking/v2.0/routers => generated 599 bytes in 227 msecs (HTTP/1.1 201) 4 headers in 162 bytes (1 switches on core 0)
Jun 26 02:56:50.279174 np0000003686 devstack@neutron-api.service[87440]: DEBUG neutron.api.wsgi [None req-20056a77-230c-4620-8bd4-7eebd20a4b51 admin admin] Missing Content-Type {{(pid=87440) get_content_type /opt/stack/neutron/neutron/api/wsgi.py:80}}
Jun 26 02:56:50.279611 np0000003686 devstack@neutron-api.service[87440]: DEBUG neutron.api.wsgi [None req-20056a77-230c-4620-8bd4-7eebd20a4b51 admin admin] https://10.4.3.158/networking/v2.0/extensions returned with HTTP 200 {{(pid=87440) __call__ /opt/stack/neutron/neutron/api/wsgi.py:540}}
Jun 26 02:56:50.279937 np0000003686 devstack@neutron-api.service[87440]: [pid: 87440|app: 0|req: 5/15] 10.4.3.158 () {64 vars in 1292 bytes} [Fri Jun 26 02:56:50 2026] GET /networking/v2.0/extensions => generated 16171 bytes in 3 msecs (HTTP/1.1 200) 4 headers in 159 bytes (1 switches on core 0)
Jun 26 02:56:50.552892 np0000003686 devstack@neutron-api.service[87441]: DEBUG neutron.api.v2.base [None req-094d8e65-ac57-4eb4-a1bd-60a9481c518c admin admin] Request body: {'network': {'provider:physical_network': 'public', 'router:external': True, 'name': 'public', 'provider:network_type': 'flat', 'admin_state_up': True, 'is_default': True}} {{(pid=87441) prepare_request_body /opt/stack/neutron/neutron/api/v2/base.py:727}}
Jun 26 02:56:50.567069 np0000003686 devstack@neutron-api.service[87441]: DEBUG neutron.pecan_wsgi.hooks.quota_enforcement [None req-094d8e65-ac57-4eb4-a1bd-60a9481c518c admin admin] Made reservation on behalf of 89b232cd2715458fbffe3429d276befe for: {'network': 1} {{(pid=87441) before /opt/stack/neutron/neutron/pecan_wsgi/hooks/quota_enforcement.py:66}}
Jun 26 02:56:50.570520 np0000003686 devstack@neutron-api.service[87441]: DEBUG neutron_lib.callbacks.manager [None req-094d8e65-ac57-4eb4-a1bd-60a9481c518c admin admin] Publish callbacks ['neutron.plugins.ml2.plugin.SecurityGroupDbMixin._ensure_default_security_group_handler-90647'] for network (None), before_create {{(pid=87441) _notify_loop /opt/stack/data/venv/lib/python3.12/site-packages/neutron_lib/callbacks/manager.py:184}}
Jun 26 02:56:50.605540 np0000003686 devstack@neutron-api.service[87441]: DEBUG neutron.plugins.ml2.drivers.type_flat [None req-094d8e65-ac57-4eb4-a1bd-60a9481c518c admin admin] Reserving flat network on physical network public {{(pid=87441) reserve_provider_segment /opt/stack/neutron/neutron/plugins/ml2/drivers/type_flat.py:100}}
Jun 26 02:56:50.618056 np0000003686 devstack@neutron-api.service[87441]: DEBUG neutron_lib.callbacks.manager [None req-094d8e65-ac57-4eb4-a1bd-60a9481c518c admin admin] Publish callbacks ['neutron.services.segments.db._add_segment_host_mapping_for_segment-7713409810182', 'neutron.plugins.ml2.plugin.Ml2Plugin._handle_segment_change-433045'] for segment (3bfb2dea-3acc-4bbc-86b9-8c26e85bec62), precommit_create {{(pid=87441) _notify_loop /opt/stack/data/venv/lib/python3.12/site-packages/neutron_lib/callbacks/manager.py:184}}
Jun 26 02:56:50.618390 np0000003686 devstack@neutron-api.service[87441]: DEBUG neutron_lib.callbacks.manager [None req-094d8e65-ac57-4eb4-a1bd-60a9481c518c admin admin] Unsubscribe: segment precommit_create {{(pid=87441) unsubscribe /opt/stack/data/venv/lib/python3.12/site-packages/neutron_lib/callbacks/manager.py:90}}
Jun 26 02:56:50.618586 np0000003686 devstack@neutron-api.service[87441]: INFO neutron.db.segments_db [None req-094d8e65-ac57-4eb4-a1bd-60a9481c518c admin admin] Added segment 3bfb2dea-3acc-4bbc-86b9-8c26e85bec62 of type flat for network f6f286e5-dc5e-405b-85f7-a087b01be391
Jun 26 02:56:50.661031 np0000003686 devstack@neutron-api.service[87441]: DEBUG neutron_lib.callbacks.manager [None req-094d8e65-ac57-4eb4-a1bd-60a9481c518c admin admin] Publish callbacks ['neutron.services.auto_allocate.db._ensure_external_network_default_value_callback-7713408544228'] for network (f6f286e5-dc5e-405b-85f7-a087b01be391), precommit_create {{(pid=87441) _notify_loop /opt/stack/data/venv/lib/python3.12/site-packages/neutron_lib/callbacks/manager.py:184}}
Jun 26 02:56:50.680874 np0000003686 devstack@neutron-api.service[87441]: DEBUG neutron.plugins.ml2.drivers.ovn.mech_driver.mech_driver [None req-094d8e65-ac57-4eb4-a1bd-60a9481c518c admin admin] Validating network segment with type flat, segmentation ID None, physical network public {{(pid=87441) _validate_network_segments /opt/stack/neutron/neutron/plugins/ml2/drivers/ovn/mech_driver/mech_driver.py:646}}
Jun 26 02:56:50.681032 np0000003686 devstack@neutron-api.service[87441]: DEBUG neutron.db.ovn_revision_numbers_db [None req-094d8e65-ac57-4eb4-a1bd-60a9481c518c admin admin] create_initial_revision uuid=f6f286e5-dc5e-405b-85f7-a087b01be391, type=networks, rev=-1 {{(pid=87441) create_initial_revision /opt/stack/neutron/neutron/db/ovn_revision_numbers_db.py:98}}
Jun 26 02:56:50.700176 np0000003686 devstack@neutron-api.service[87441]: DEBUG neutron_lib.callbacks.manager [None req-094d8e65-ac57-4eb4-a1bd-60a9481c518c admin admin] Publish callbacks ['neutron.plugins.ml2.ovo_rpc._ObjectChangeHandler.handle_event-33545370'] for network (f6f286e5-dc5e-405b-85f7-a087b01be391), after_create {{(pid=87441) _notify_loop /opt/stack/data/venv/lib/python3.12/site-packages/neutron_lib/callbacks/manager.py:184}}
Jun 26 02:56:50.753551 np0000003686 devstack@neutron-api.service[87441]: DEBUG neutron.api.rpc.handlers.resources_rpc [None req-094d8e65-ac57-4eb4-a1bd-60a9481c518c admin admin] Pushing event updated for resources: {'Network': ['ID=f6f286e5-dc5e-405b-85f7-a087b01be391,revision_number=1']} {{(pid=87441) push /opt/stack/neutron/neutron/api/rpc/handlers/resources_rpc.py:237}}
Jun 26 02:56:50.759546 np0000003686 devstack@neutron-api.service[87441]: DEBUG neutron.api.rpc.callbacks.version_manager [None req-094d8e65-ac57-4eb4-a1bd-60a9481c518c admin admin] Tracked resource versions report:
Jun 26 02:56:50.759546 np0000003686 devstack@neutron-api.service[87441]: pushed versions:
Jun 26 02:56:50.759546 np0000003686 devstack@neutron-api.service[87441]: { 'AddressGroup': {'1.2'},
Jun 26 02:56:50.759546 np0000003686 devstack@neutron-api.service[87441]: 'Agent': {'1.1'},
Jun 26 02:56:50.759546 np0000003686 devstack@neutron-api.service[87441]: 'ConntrackHelper': {'1.0'},
Jun 26 02:56:50.759546 np0000003686 devstack@neutron-api.service[87441]: 'LocalIPAssociation': {'1.0'},
Jun 26 02:56:50.759546 np0000003686 devstack@neutron-api.service[87441]: 'Log': {'1.0'},
Jun 26 02:56:50.759546 np0000003686 devstack@neutron-api.service[87441]: 'NDPProxy': {'1.0'},
Jun 26 02:56:50.759546 np0000003686 devstack@neutron-api.service[87441]: 'Network': {'1.3'},
Jun 26 02:56:50.759546 np0000003686 devstack@neutron-api.service[87441]: 'Port': {'1.11'},
Jun 26 02:56:50.759546 np0000003686 devstack@neutron-api.service[87441]: 'PortForwarding': {'1.3'},
Jun 26 02:56:50.759546 np0000003686 devstack@neutron-api.service[87441]: 'QosPolicy': {'1.10'},
Jun 26 02:56:50.759546 np0000003686 devstack@neutron-api.service[87441]: 'SecurityGroup': {'1.6'},
Jun 26 02:56:50.759546 np0000003686 devstack@neutron-api.service[87441]: 'SecurityGroupRule': {'1.3'},
Jun 26 02:56:50.759546 np0000003686 devstack@neutron-api.service[87441]: 'SubPort': {'1.0'},
Jun 26 02:56:50.759546 np0000003686 devstack@neutron-api.service[87441]: 'Subnet': {'1.2'},
Jun 26 02:56:50.759546 np0000003686 devstack@neutron-api.service[87441]: 'Trunk': {'1.1'}}
Jun 26 02:56:50.759546 np0000003686 devstack@neutron-api.service[87441]: consumer versions:
Jun 26 02:56:50.759546 np0000003686 devstack@neutron-api.service[87441]: { OVN Controller Gateway agent@np0000003686: {},
Jun 26 02:56:50.759546 np0000003686 devstack@neutron-api.service[87441]: OVN Neutron agent@np0000003686: {}}
Jun 26 02:56:50.759546 np0000003686 devstack@neutron-api.service[87441]: {{(pid=87441) report /opt/stack/neutron/neutron/api/rpc/callbacks/version_manager.py:183}}
Jun 26 02:56:50.770476 np0000003686 devstack@neutron-api.service[87441]: INFO neutron.plugins.ml2.drivers.ovn.mech_driver.ovsdb.extensions.qos [None req-094d8e65-ac57-4eb4-a1bd-60a9481c518c admin admin] Starting OVNClientQosExtension
Jun 26 02:56:50.770594 np0000003686 devstack@neutron-api.service[87441]: INFO neutron.plugins.ml2.drivers.ovn.mech_driver.ovsdb.extensions.placement [None req-094d8e65-ac57-4eb4-a1bd-60a9481c518c admin admin] Starting OVNClientPlacementExtension
Jun 26 02:56:50.777464 np0000003686 devstack@neutron-api.service[87441]: DEBUG ovsdbapp.backend.ovs_idl.transaction [-] Running txn n=1 command(idx=0): AddNetworkCommand(_result=None, network_uuid=f6f286e5-dc5e-405b-85f7-a087b01be391, may_exist=True, columns={'external_ids': {'neutron:network_name': 'public', 'neutron:mtu': '1430', 'neutron:revision_number': '1', 'neutron:availability_zone_hints': '', 'neutron:provnet-network-type': 'flat', 'neutron:provnet-physical-network': 'public'}, 'other_config': {'mcast_snoop': 'false', 'mcast_flood_unregistered': 'false', 'vlan-passthru': 'false', 'fdb_age_threshold': '300', 'broadcast-arps-to-all-routers': 'true'}}) {{(pid=87441) do_commit /opt/stack/data/venv/lib/python3.12/site-packages/ovsdbapp/backend/ovs_idl/transaction.py:89}}
Jun 26 02:56:50.777796 np0000003686 devstack@neutron-api.service[87441]: DEBUG neutron.common.ovn.utils [-] OVS persist_uuid supported=True {{(pid=87441) ovs_persist_uuid_supported /opt/stack/neutron/neutron/common/ovn/utils.py:1544}}
Jun 26 02:56:50.778149 np0000003686 devstack@neutron-api.service[87441]: DEBUG ovsdbapp.backend.ovs_idl.transaction [-] Running txn n=1 command(idx=1): AddLSwitchPortCommand(_result=None, lport=provnet-3bfb2dea-3acc-4bbc-86b9-8c26e85bec62, lswitch=neutron-f6f286e5-dc5e-405b-85f7-a087b01be391, may_exist=True, network_uuid=f6f286e5-dc5e-405b-85f7-a087b01be391, columns={'addresses': ['unknown'], 'external_ids': {'neutron:provnet-physical-network': 'public'}, 'type': 'localnet', 'tag_request': [], 'options': {'network_name': 'public', 'mcast_flood_reports': 'true', 'mcast_flood': 'false', 'localnet_learn_fdb': 'false'}}) {{(pid=87441) do_commit /opt/stack/data/venv/lib/python3.12/site-packages/ovsdbapp/backend/ovs_idl/transaction.py:89}}
Jun 26 02:56:50.795277 np0000003686 devstack@neutron-api.service[87442]: DEBUG neutron.plugins.ml2.drivers.ovn.mech_driver.ovsdb.ovsdb_monitor [-] Hash Ring: Node 8380a220fb3f5a549dd0b2e96f6b80e5 (host: np0000003686) handling event "create" for row f6f286e5-dc5e-405b-85f7-a087b01be391 (table: Logical_Switch) {{(pid=87442) notify /opt/stack/neutron/neutron/plugins/ml2/drivers/ovn/mech_driver/ovsdb/ovsdb_monitor.py:1015}}
Jun 26 02:56:50.795335 np0000003686 devstack@neutron-api.service[87440]: DEBUG neutron.plugins.ml2.drivers.ovn.mech_driver.ovsdb.ovsdb_monitor [-] Hash Ring: Node 701a45ff3993528194b02e6a4384c2ee (host: np0000003686) handling event "create" for row f6f286e5-dc5e-405b-85f7-a087b01be391 (table: Logical_Switch) {{(pid=87440) notify /opt/stack/neutron/neutron/plugins/ml2/drivers/ovn/mech_driver/ovsdb/ovsdb_monitor.py:1015}}
Jun 26 02:56:50.796243 np0000003686 devstack@neutron-api.service[87442]: DEBUG neutron.plugins.ml2.drivers.ovn.mech_driver.ovsdb.ovsdb_monitor [-] Hash Ring: Node 8380a220fb3f5a549dd0b2e96f6b80e5 (host: np0000003686) handling event "create" for row b5becba8-8671-4d4e-bf8a-d320a4674e25 (table: Logical_Switch_Port) {{(pid=87442) notify /opt/stack/neutron/neutron/plugins/ml2/drivers/ovn/mech_driver/ovsdb/ovsdb_monitor.py:1015}}
Jun 26 02:56:50.796464 np0000003686 devstack@neutron-api.service[87441]: DEBUG neutron.plugins.ml2.drivers.ovn.mech_driver.ovsdb.ovsdb_monitor [-] Hash Ring: Node 04111e87644b563c8f668cec3f21672f (host: np0000003686) handling event "create" for row b5becba8-8671-4d4e-bf8a-d320a4674e25 (table: Logical_Switch_Port) {{(pid=87441) notify /opt/stack/neutron/neutron/plugins/ml2/drivers/ovn/mech_driver/ovsdb/ovsdb_monitor.py:1015}}
Jun 26 02:56:50.798138 np0000003686 devstack@neutron-api.service[87442]: DEBUG neutron.plugins.ml2.drivers.ovn.mech_driver.ovsdb.ovsdb_monitor [-] Hash Ring: Node 8380a220fb3f5a549dd0b2e96f6b80e5 (host: np0000003686) handling event "update" for row b5becba8-8671-4d4e-bf8a-d320a4674e25 (table: Logical_Switch_Port) {{(pid=87442) notify /opt/stack/neutron/neutron/plugins/ml2/drivers/ovn/mech_driver/ovsdb/ovsdb_monitor.py:1015}}
Jun 26 02:56:50.804316 np0000003686 devstack@neutron-api.service[87440]: DEBUG neutron.plugins.ml2.drivers.ovn.mech_driver.ovsdb.ovsdb_monitor [-] Hash Ring: Node 701a45ff3993528194b02e6a4384c2ee (host: np0000003686) handling event "create" for row 8535e102-75b3-4220-9ee8-6d91b327ffbd (table: Datapath_Binding) {{(pid=87440) notify /opt/stack/neutron/neutron/plugins/ml2/drivers/ovn/mech_driver/ovsdb/ovsdb_monitor.py:1015}}
Jun 26 02:56:50.809759 np0000003686 devstack@neutron-api.service[87442]: DEBUG neutron.plugins.ml2.drivers.ovn.mech_driver.ovsdb.ovsdb_monitor [-] Hash Ring: Node 8380a220fb3f5a549dd0b2e96f6b80e5 (host: np0000003686) handling event "create" for row 8535e102-75b3-4220-9ee8-6d91b327ffbd (table: Datapath_Binding) {{(pid=87442) notify /opt/stack/neutron/neutron/plugins/ml2/drivers/ovn/mech_driver/ovsdb/ovsdb_monitor.py:1015}}
Jun 26 02:56:50.809759 np0000003686 devstack@neutron-api.service[87442]: DEBUG neutron.plugins.ml2.drivers.ovn.mech_driver.ovsdb.ovsdb_monitor [-] Hash Ring: Node 8380a220fb3f5a549dd0b2e96f6b80e5 (host: np0000003686) handling event "create" for row b17f7971-eea0-4d9e-9a54-4a5f49814749 (table: Port_Binding) {{(pid=87442) notify /opt/stack/neutron/neutron/plugins/ml2/drivers/ovn/mech_driver/ovsdb/ovsdb_monitor.py:1015}}
Jun 26 02:56:50.811564 np0000003686 devstack@neutron-api.service[87441]: DEBUG neutron.plugins.ml2.drivers.ovn.mech_driver.ovsdb.ovsdb_monitor [-] Hash Ring: Node 04111e87644b563c8f668cec3f21672f (host: np0000003686) handling event "update" for row b5becba8-8671-4d4e-bf8a-d320a4674e25 (table: Logical_Switch_Port) {{(pid=87441) notify /opt/stack/neutron/neutron/plugins/ml2/drivers/ovn/mech_driver/ovsdb/ovsdb_monitor.py:1015}}
Jun 26 02:56:50.833202 np0000003686 devstack@neutron-api.service[87441]: INFO neutron.db.ovn_revision_numbers_db [None req-094d8e65-ac57-4eb4-a1bd-60a9481c518c admin admin] Successfully bumped revision number for resource f6f286e5-dc5e-405b-85f7-a087b01be391 (type: networks) to 1
Jun 26 02:56:50.885293 np0000003686 devstack@neutron-api.service[87441]: DEBUG neutron_lib.callbacks.manager [None req-094d8e65-ac57-4eb4-a1bd-60a9481c518c admin admin] Publish callbacks ['neutron.plugins.ml2.plugin.SecurityGroupDbMixin._ensure_default_security_group_handler-90647'] for port (None), before_create {{(pid=87441) _notify_loop /opt/stack/data/venv/lib/python3.12/site-packages/neutron_lib/callbacks/manager.py:184}}
Jun 26 02:56:50.974602 np0000003686 devstack@neutron-api.service[87441]: DEBUG neutron_lib.callbacks.manager [None req-094d8e65-ac57-4eb4-a1bd-60a9481c518c admin admin] Publish callbacks ['neutron.plugins.ml2.drivers.ovn.mech_driver.mech_driver.OVNMechanismDriver._validate_allowed_address_pairs-904887'] for allowed_address_pair (29b49152-deab-4142-94e1-f82b5c16f53d), before_create {{(pid=87441) _notify_loop /opt/stack/data/venv/lib/python3.12/site-packages/neutron_lib/callbacks/manager.py:184}}
Jun 26 02:56:50.975243 np0000003686 devstack@neutron-api.service[87441]: DEBUG neutron_lib.callbacks.manager [None req-094d8e65-ac57-4eb4-a1bd-60a9481c518c admin admin] Publish callbacks [] for port (29b49152-deab-4142-94e1-f82b5c16f53d), precommit_create {{(pid=87441) _notify_loop /opt/stack/data/venv/lib/python3.12/site-packages/neutron_lib/callbacks/manager.py:184}}
Jun 26 02:56:50.975456 np0000003686 devstack@neutron-api.service[87441]: DEBUG neutron.plugins.ml2.drivers.ovn.mech_driver.mech_driver [None req-094d8e65-ac57-4eb4-a1bd-60a9481c518c admin admin] No provisioning block for port 29b49152-deab-4142-94e1-f82b5c16f53d since it does not have a host {{(pid=87441) _is_port_provisioning_required /opt/stack/neutron/neutron/plugins/ml2/drivers/ovn/mech_driver/mech_driver.py:899}}
Jun 26 02:56:50.975567 np0000003686 devstack@neutron-api.service[87441]: DEBUG neutron.db.ovn_revision_numbers_db [None req-094d8e65-ac57-4eb4-a1bd-60a9481c518c admin admin] create_initial_revision uuid=29b49152-deab-4142-94e1-f82b5c16f53d, type=ports, rev=-1 {{(pid=87441) create_initial_revision /opt/stack/neutron/neutron/db/ovn_revision_numbers_db.py:98}}
Jun 26 02:56:51.233378 np0000003686 devstack@neutron-api.service[87441]: DEBUG neutron_lib.callbacks.manager [None req-094d8e65-ac57-4eb4-a1bd-60a9481c518c admin admin] Publish callbacks ['neutron.plugins.ml2.ovo_rpc._ObjectChangeHandler.handle_event-1861263'] for port (29b49152-deab-4142-94e1-f82b5c16f53d), after_create {{(pid=87441) _notify_loop /opt/stack/data/venv/lib/python3.12/site-packages/neutron_lib/callbacks/manager.py:184}}
Jun 26 02:56:51.286661 np0000003686 devstack@neutron-api.service[87441]: DEBUG neutron.api.rpc.handlers.resources_rpc [None req-094d8e65-ac57-4eb4-a1bd-60a9481c518c admin admin] Pushing event updated for resources: {'Port': ['ID=29b49152-deab-4142-94e1-f82b5c16f53d,revision_number=1']} {{(pid=87441) push /opt/stack/neutron/neutron/api/rpc/handlers/resources_rpc.py:237}}
Jun 26 02:56:51.318613 np0000003686 devstack@neutron-api.service[87441]: DEBUG neutron.plugins.ml2.drivers.ovn.mech_driver.ovsdb.commands [None req-094d8e65-ac57-4eb4-a1bd-60a9481c518c admin admin] Converting tag [] to a tag_request {{(pid=87441) _tag_column_to_tag_request /opt/stack/neutron/neutron/plugins/ml2/drivers/ovn/mech_driver/ovsdb/commands.py:205}}
Jun 26 02:56:51.319487 np0000003686 devstack@neutron-api.service[87441]: DEBUG ovsdbapp.backend.ovs_idl.transaction [-] Running txn n=1 command(idx=0): AddLSwitchPortCommand(_result=None, lport=29b49152-deab-4142-94e1-f82b5c16f53d, lswitch=neutron-f6f286e5-dc5e-405b-85f7-a087b01be391, may_exist=True, network_uuid=f6f286e5-dc5e-405b-85f7-a087b01be391, columns={'addresses': ['fa:16:3e:0a:38:54'], 'external_ids': {'neutron:port_name': '', 'neutron:device_id': 'ovnmeta-f6f286e5-dc5e-405b-85f7-a087b01be391', 'neutron:project_id': '89b232cd2715458fbffe3429d276befe', 'neutron:cidrs': '', 'neutron:device_owner': 'network:distributed', 'neutron:subnet_pool_addr_scope4': '', 'neutron:subnet_pool_addr_scope6': '', 'neutron:network_name': 'neutron-f6f286e5-dc5e-405b-85f7-a087b01be391', 'neutron:security_group_ids': '', 'neutron:revision_number': '1', 'neutron:vnic_type': 'normal', 'neutron:port_capabilities': '', 'neutron:mtu': '1430'}, 'parent_name': [], 'enabled': True, 'options': {}, 'type': 'localport', 'port_security': [], 'dhcpv4_options': [], 'dhcpv6_options': [], 'tag_request': []}) {{(pid=87441) do_commit /opt/stack/data/venv/lib/python3.12/site-packages/ovsdbapp/backend/ovs_idl/transaction.py:89}}
Jun 26 02:56:51.319978 np0000003686 devstack@neutron-api.service[87441]: DEBUG ovsdbapp.backend.ovs_idl.transaction [-] Running txn n=1 command(idx=1): QoSDelCommand(_result=None, switch=neutron-f6f286e5-dc5e-405b-85f7-a087b01be391, conditions=[('direction', '=', 'to-lport'), ('priority', '=', 2002), ('match', '=', 'outport == "29b49152-deab-4142-94e1-f82b5c16f53d"')], if_exists=True) {{(pid=87441) do_commit /opt/stack/data/venv/lib/python3.12/site-packages/ovsdbapp/backend/ovs_idl/transaction.py:89}}
Jun 26 02:56:51.320237 np0000003686 devstack@neutron-api.service[87441]: DEBUG ovsdbapp.backend.ovs_idl.transaction [-] Running txn n=1 command(idx=2): QoSDelCommand(_result=None, switch=neutron-f6f286e5-dc5e-405b-85f7-a087b01be391, conditions=[('direction', '=', 'from-lport'), ('priority', '=', 2002), ('match', '=', 'inport == "29b49152-deab-4142-94e1-f82b5c16f53d"')], if_exists=True) {{(pid=87441) do_commit /opt/stack/data/venv/lib/python3.12/site-packages/ovsdbapp/backend/ovs_idl/transaction.py:89}}
Jun 26 02:56:51.320405 np0000003686 devstack@neutron-api.service[87441]: DEBUG ovsdbapp.backend.ovs_idl.transaction [-] Running txn n=1 command(idx=3): UpdateLSwitchPortQosOptionsCommand(_result=None, lport=AddLSwitchPortCommand(_result=afce3320-0067-4652-adc3-a48863e006b3, lport=29b49152-deab-4142-94e1-f82b5c16f53d, lswitch=neutron-f6f286e5-dc5e-405b-85f7-a087b01be391, may_exist=True, network_uuid=f6f286e5-dc5e-405b-85f7-a087b01be391, columns={'addresses': ['fa:16:3e:0a:38:54'], 'external_ids': {'neutron:port_name': '', 'neutron:device_id': 'ovnmeta-f6f286e5-dc5e-405b-85f7-a087b01be391', 'neutron:project_id': '89b232cd2715458fbffe3429d276befe', 'neutron:cidrs': '', 'neutron:device_owner': 'network:distributed', 'neutron:subnet_pool_addr_scope4': '', 'neutron:subnet_pool_addr_scope6': '', 'neutron:network_name': 'neutron-f6f286e5-dc5e-405b-85f7-a087b01be391', 'neutron:security_group_ids': '', 'neutron:revision_number': '1', 'neutron:vnic_type': 'normal', 'neutron:port_capabilities': '', 'neutron:mtu': '1430'}, 'parent_name': [], 'enabled': True, 'options': {}, 'type': 'localport', 'port_security': [], 'tag_request': []}), if_exists=True, qos={'qos_max_rate': None, 'qos_burst': None, 'qos_min_rate': None}) {{(pid=87441) do_commit /opt/stack/data/venv/lib/python3.12/site-packages/ovsdbapp/backend/ovs_idl/transaction.py:89}}
Jun 26 02:56:51.324560 np0000003686 devstack@neutron-api.service[87441]: DEBUG neutron.plugins.ml2.drivers.ovn.mech_driver.ovsdb.ovsdb_monitor [-] Hash Ring: Node 04111e87644b563c8f668cec3f21672f (host: np0000003686) handling event "create" for row dd20eb6d-b931-4e7f-8a89-b986fc2c7027 (table: Logical_Switch_Port) {{(pid=87441) notify /opt/stack/neutron/neutron/plugins/ml2/drivers/ovn/mech_driver/ovsdb/ovsdb_monitor.py:1015}}
Jun 26 02:56:51.325022 np0000003686 devstack@neutron-api.service[87442]: DEBUG neutron.plugins.ml2.drivers.ovn.mech_driver.ovsdb.ovsdb_monitor [-] Hash Ring: Node 8380a220fb3f5a549dd0b2e96f6b80e5 (host: np0000003686) handling event "update" for row f6f286e5-dc5e-405b-85f7-a087b01be391 (table: Logical_Switch) {{(pid=87442) notify /opt/stack/neutron/neutron/plugins/ml2/drivers/ovn/mech_driver/ovsdb/ovsdb_monitor.py:1015}}
Jun 26 02:56:51.325489 np0000003686 devstack@neutron-api.service[87442]: DEBUG neutron.plugins.ml2.drivers.ovn.mech_driver.ovsdb.ovsdb_monitor [-] Hash Ring: Node 8380a220fb3f5a549dd0b2e96f6b80e5 (host: np0000003686) handling event "create" for row dd20eb6d-b931-4e7f-8a89-b986fc2c7027 (table: Logical_Switch_Port) {{(pid=87442) notify /opt/stack/neutron/neutron/plugins/ml2/drivers/ovn/mech_driver/ovsdb/ovsdb_monitor.py:1015}}
Jun 26 02:56:51.325877 np0000003686 devstack@neutron-api.service[87441]: DEBUG ovsdbapp.backend.ovs_idl.event [-] Matched CREATE: LogicalSwitchPortCreateEvent(events=('create',), table='Logical_Switch_Port', conditions=[], old_conditions=None), priority=20 to row=Logical_Switch_Port(uuid=dd20eb6d-b931-4e7f-8a89-b986fc2c7027, addresses=['fa:16:3e:0a:38:54'], dhcpv4_options=[], dhcpv6_options=[], dynamic_addresses=[], enabled=True, external_ids={'neutron:cidrs': '', 'neutron:device_id': 'ovnmeta-f6f286e5-dc5e-405b-85f7-a087b01be391', 'neutron:device_owner': 'network:distributed', 'neutron:mtu': '1430', 'neutron:network_name': 'neutron-f6f286e5-dc5e-405b-85f7-a087b01be391', 'neutron:port_capabilities': '', 'neutron:port_name': '', 'neutron:project_id': '89b232cd2715458fbffe3429d276befe', 'neutron:revision_number': '1', 'neutron:security_group_ids': '', 'neutron:subnet_pool_addr_scope4': '', 'neutron:subnet_pool_addr_scope6': '', 'neutron:vnic_type': 'normal'}, ha_chassis_group=[], mirror_rules=[], name='29b49152-deab-4142-94e1-f82b5c16f53d', options={}, parent_name=[], port_security=[], tag=[], tag_request=[], type='localport', up=[]) old= {{(pid=87441) matches /opt/stack/data/venv/lib/python3.12/site-packages/ovsdbapp/backend/ovs_idl/event.py:55}}
Jun 26 02:56:51.326870 np0000003686 devstack@neutron-api.service[87442]: DEBUG ovsdbapp.backend.ovs_idl.event [-] Matched CREATE: LogicalSwitchPortCreateEvent(events=('create',), table='Logical_Switch_Port', conditions=[], old_conditions=None), priority=20 to row=Logical_Switch_Port(uuid=dd20eb6d-b931-4e7f-8a89-b986fc2c7027, addresses=['fa:16:3e:0a:38:54'], dhcpv4_options=[], dhcpv6_options=[], dynamic_addresses=[], enabled=True, external_ids={'neutron:cidrs': '', 'neutron:device_id': 'ovnmeta-f6f286e5-dc5e-405b-85f7-a087b01be391', 'neutron:device_owner': 'network:distributed', 'neutron:mtu': '1430', 'neutron:network_name': 'neutron-f6f286e5-dc5e-405b-85f7-a087b01be391', 'neutron:port_capabilities': '', 'neutron:port_name': '', 'neutron:project_id': '89b232cd2715458fbffe3429d276befe', 'neutron:revision_number': '1', 'neutron:security_group_ids': '', 'neutron:subnet_pool_addr_scope4': '', 'neutron:subnet_pool_addr_scope6': '', 'neutron:vnic_type': 'normal'}, ha_chassis_group=[], mirror_rules=[], name='29b49152-deab-4142-94e1-f82b5c16f53d', options={}, parent_name=[], port_security=[], tag=[], tag_request=[], type='localport', up=[]) old= {{(pid=87442) matches /opt/stack/data/venv/lib/python3.12/site-packages/ovsdbapp/backend/ovs_idl/event.py:55}}
Jun 26 02:56:51.327079 np0000003686 devstack@neutron-api.service[87441]: INFO neutron.plugins.ml2.drivers.ovn.mech_driver.mech_driver [-] OVN reports status down for port: 29b49152-deab-4142-94e1-f82b5c16f53d
Jun 26 02:56:51.328498 np0000003686 devstack@neutron-api.service[87441]: DEBUG neutron.plugins.ml2.drivers.ovn.mech_driver.ovsdb.ovsdb_monitor [-] Hash Ring: Node 04111e87644b563c8f668cec3f21672f (host: np0000003686) handling event "update" for row dd20eb6d-b931-4e7f-8a89-b986fc2c7027 (table: Logical_Switch_Port) {{(pid=87441) notify /opt/stack/neutron/neutron/plugins/ml2/drivers/ovn/mech_driver/ovsdb/ovsdb_monitor.py:1015}}
Jun 26 02:56:51.329017 np0000003686 devstack@neutron-api.service[87442]: INFO neutron.plugins.ml2.drivers.ovn.mech_driver.mech_driver [None req-a3c9aa40-b449-405e-84d9-3d3f8be4573f None None] OVN reports status down for port: 29b49152-deab-4142-94e1-f82b5c16f53d
Jun 26 02:56:51.329689 np0000003686 devstack@neutron-api.service[87440]: DEBUG neutron.plugins.ml2.drivers.ovn.mech_driver.ovsdb.ovsdb_monitor [-] Hash Ring: Node 701a45ff3993528194b02e6a4384c2ee (host: np0000003686) handling event "update" for row f6f286e5-dc5e-405b-85f7-a087b01be391 (table: Logical_Switch) {{(pid=87440) notify /opt/stack/neutron/neutron/plugins/ml2/drivers/ovn/mech_driver/ovsdb/ovsdb_monitor.py:1015}}
Jun 26 02:56:51.333657 np0000003686 devstack@neutron-api.service[87442]: DEBUG neutron.plugins.ml2.drivers.ovn.mech_driver.ovsdb.ovsdb_monitor [-] Hash Ring: Node 8380a220fb3f5a549dd0b2e96f6b80e5 (host: np0000003686) handling event "update" for row dd20eb6d-b931-4e7f-8a89-b986fc2c7027 (table: Logical_Switch_Port) {{(pid=87442) notify /opt/stack/neutron/neutron/plugins/ml2/drivers/ovn/mech_driver/ovsdb/ovsdb_monitor.py:1015}}
Jun 26 02:56:51.336937 np0000003686 devstack@neutron-api.service[87442]: DEBUG neutron.plugins.ml2.drivers.ovn.mech_driver.ovsdb.ovsdb_monitor [-] Hash Ring: Node 8380a220fb3f5a549dd0b2e96f6b80e5 (host: np0000003686) handling event "create" for row 3bd018c0-3f33-4d1e-8cf9-7ac0fe37be1a (table: Port_Binding) {{(pid=87442) notify /opt/stack/neutron/neutron/plugins/ml2/drivers/ovn/mech_driver/ovsdb/ovsdb_monitor.py:1015}}
Jun 26 02:56:51.338399 np0000003686 devstack@neutron-api.service[87441]: DEBUG neutron.plugins.ml2.drivers.ovn.mech_driver.ovsdb.ovsdb_monitor [-] Hash Ring: Node 04111e87644b563c8f668cec3f21672f (host: np0000003686) handling event "create" for row 3bd018c0-3f33-4d1e-8cf9-7ac0fe37be1a (table: Port_Binding) {{(pid=87441) notify /opt/stack/neutron/neutron/plugins/ml2/drivers/ovn/mech_driver/ovsdb/ovsdb_monitor.py:1015}}
Jun 26 02:56:51.359392 np0000003686 devstack@neutron-api.service[87442]: DEBUG neutron.db.provisioning_blocks [None req-a3c9aa40-b449-405e-84d9-3d3f8be4573f None None] Transition to ACTIVE for port object 29b49152-deab-4142-94e1-f82b5c16f53d will not be triggered until provisioned by entity L2. {{(pid=87442) add_provisioning_component /opt/stack/neutron/neutron/db/provisioning_blocks.py:74}}
Jun 26 02:56:51.379451 np0000003686 devstack@neutron-api.service[87442]: DEBUG neutron.plugins.ml2.plugin [None req-a3c9aa40-b449-405e-84d9-3d3f8be4573f None None] Current status of the port 29b49152-deab-4142-94e1-f82b5c16f53d is: DOWN; New status is: DOWN {{(pid=87442) _update_individual_port_db_status /opt/stack/neutron/neutron/plugins/ml2/plugin.py:2473}}
Jun 26 02:56:51.380352 np0000003686 devstack@neutron-api.service[87442]: DEBUG ovsdbapp.backend.ovs_idl.transaction [-] Running txn n=1 command(idx=0): DbRemoveCommand(_result=None, table=Logical_Switch_Port, record=29b49152-deab-4142-94e1-f82b5c16f53d, column=external_ids, values=('neutron:host_id',), keyvalues={}, if_exists=True) {{(pid=87442) do_commit /opt/stack/data/venv/lib/python3.12/site-packages/ovsdbapp/backend/ovs_idl/transaction.py:89}}
Jun 26 02:56:51.401238 np0000003686 devstack@neutron-api.service[87441]: INFO neutron.db.ovn_revision_numbers_db [None req-094d8e65-ac57-4eb4-a1bd-60a9481c518c admin admin] Successfully bumped revision number for resource 29b49152-deab-4142-94e1-f82b5c16f53d (type: ports) to 1
Jun 26 02:56:51.426406 np0000003686 devstack@neutron-api.service[87441]: DEBUG neutron.pecan_wsgi.hooks.policy_enforcement [None req-094d8e65-ac57-4eb4-a1bd-60a9481c518c admin admin] Attributes excluded by policy engine: ['standard_attr_id'] {{(pid=87441) _exclude_attributes_by_policy /opt/stack/neutron/neutron/pecan_wsgi/hooks/policy_enforcement.py:259}}
Jun 26 02:56:51.426871 np0000003686 devstack@neutron-api.service[87441]: DEBUG neutron_lib.callbacks.manager [None req-094d8e65-ac57-4eb4-a1bd-60a9481c518c admin admin] Publish callbacks [] for network (None), before_response {{(pid=87441) _notify_loop /opt/stack/data/venv/lib/python3.12/site-packages/neutron_lib/callbacks/manager.py:184}}
Jun 26 02:56:51.438394 np0000003686 devstack@neutron-api.service[87441]: DEBUG neutron.db.provisioning_blocks [None req-d167e7c6-a358-41d6-a642-0d6571685a45 None None] Ignored duplicate provisioning block setup for port 29b49152-deab-4142-94e1-f82b5c16f53d by entity L2. {{(pid=87441) add_provisioning_component /opt/stack/neutron/neutron/db/provisioning_blocks.py:69}}
Jun 26 02:56:51.440393 np0000003686 devstack@neutron-api.service[87441]: [pid: 87441|app: 0|req: 5/16] 10.4.3.158 () {68 vars in 1327 bytes} [Fri Jun 26 02:56:50 2026] POST /networking/v2.0/networks => generated 679 bytes in 890 msecs (HTTP/1.1 201) 4 headers in 162 bytes (1 switches on core 0)
Jun 26 02:56:51.480698 np0000003686 devstack@neutron-api.service[87441]: DEBUG neutron.plugins.ml2.plugin [None req-d167e7c6-a358-41d6-a642-0d6571685a45 None None] Current status of the port 29b49152-deab-4142-94e1-f82b5c16f53d is: DOWN; New status is: DOWN {{(pid=87441) _update_individual_port_db_status /opt/stack/neutron/neutron/plugins/ml2/plugin.py:2473}}
Jun 26 02:56:51.481869 np0000003686 devstack@neutron-api.service[87441]: DEBUG ovsdbapp.backend.ovs_idl.transaction [-] Running txn n=1 command(idx=0): DbRemoveCommand(_result=None, table=Logical_Switch_Port, record=29b49152-deab-4142-94e1-f82b5c16f53d, column=external_ids, values=('neutron:host_id',), keyvalues={}, if_exists=True) {{(pid=87441) do_commit /opt/stack/data/venv/lib/python3.12/site-packages/ovsdbapp/backend/ovs_idl/transaction.py:89}}
Jun 26 02:56:51.683181 np0000003686 devstack@neutron-api.service[87442]: DEBUG neutron.pecan_wsgi.hooks.policy_enforcement [None req-dee675d0-432b-4a9f-8b1a-5e8083ed7331 admin admin] Attributes excluded by policy engine: ['standard_attr_id', 'shared'] {{(pid=87442) _exclude_attributes_by_policy /opt/stack/neutron/neutron/pecan_wsgi/hooks/policy_enforcement.py:259}}
Jun 26 02:56:51.683408 np0000003686 devstack@neutron-api.service[87442]: [pid: 87442|app: 0|req: 7/17] 10.4.3.158 () {64 vars in 1381 bytes} [Fri Jun 26 02:56:51 2026] GET /networking/v2.0/subnets/dc9e0885-b070-4160-ae77-fe37c055b021 => generated 666 bytes in 20 msecs (HTTP/1.1 200) 4 headers in 157 bytes (1 switches on core 0)
Jun 26 02:56:51.697171 np0000003686 devstack@neutron-api.service[87440]: DEBUG neutron.api.wsgi [None req-374d3608-87d3-40ed-8bb4-352370f5e08a admin admin] Missing Content-Type {{(pid=87440) get_content_type /opt/stack/neutron/neutron/api/wsgi.py:80}}
Jun 26 02:56:51.787714 np0000003686 devstack@neutron-api.service[87440]: [pid: 87440|app: 0|req: 6/18] 10.4.3.158 () {64 vars in 1381 bytes} [Fri Jun 26 02:56:51 2026] GET /networking/v2.0/routers/486ab830-cdc2-47ab-a4c5-2410bd9c0a57 => generated 599 bytes in 93 msecs (HTTP/1.1 200) 4 headers in 157 bytes (1 switches on core 0)
Jun 26 02:56:51.927358 np0000003686 devstack@neutron-api.service[87441]: DEBUG neutron_lib.callbacks.manager [None req-f43353ff-1921-4acb-8aa7-e4330fd2782d admin admin] Publish callbacks ['neutron.plugins.ml2.plugin.SecurityGroupDbMixin._ensure_default_security_group_handler-90647'] for port (None), before_create {{(pid=87441) _notify_loop /opt/stack/data/venv/lib/python3.12/site-packages/neutron_lib/callbacks/manager.py:184}}
Jun 26 02:56:52.030717 np0000003686 devstack@neutron-api.service[87441]: DEBUG neutron.db.db_base_plugin_common [None req-f43353ff-1921-4acb-8aa7-e4330fd2782d admin admin] Allocated IP 10.1.0.1 (0c289e2d-874c-4b2c-bcba-3d0d334e779d/dc9e0885-b070-4160-ae77-fe37c055b021/855bab87-d626-4cd5-9038-bec335508648) {{(pid=87441) _store_ip_allocation /opt/stack/neutron/neutron/db/db_base_plugin_common.py:131}}
Jun 26 02:56:52.090269 np0000003686 devstack@neutron-api.service[87441]: DEBUG neutron_lib.callbacks.manager [None req-f43353ff-1921-4acb-8aa7-e4330fd2782d admin admin] Publish callbacks ['neutron.plugins.ml2.drivers.ovn.mech_driver.mech_driver.OVNMechanismDriver._validate_allowed_address_pairs-904887'] for allowed_address_pair (855bab87-d626-4cd5-9038-bec335508648), before_create {{(pid=87441) _notify_loop /opt/stack/data/venv/lib/python3.12/site-packages/neutron_lib/callbacks/manager.py:184}}
Jun 26 02:56:52.090726 np0000003686 devstack@neutron-api.service[87441]: DEBUG neutron_lib.callbacks.manager [None req-f43353ff-1921-4acb-8aa7-e4330fd2782d admin admin] Publish callbacks [] for port (855bab87-d626-4cd5-9038-bec335508648), precommit_create {{(pid=87441) _notify_loop /opt/stack/data/venv/lib/python3.12/site-packages/neutron_lib/callbacks/manager.py:184}}
Jun 26 02:56:52.090962 np0000003686 devstack@neutron-api.service[87441]: DEBUG neutron.plugins.ml2.drivers.ovn.mech_driver.mech_driver [None req-f43353ff-1921-4acb-8aa7-e4330fd2782d admin admin] No provisioning block for port 855bab87-d626-4cd5-9038-bec335508648 since it does not have a host {{(pid=87441) _is_port_provisioning_required /opt/stack/neutron/neutron/plugins/ml2/drivers/ovn/mech_driver/mech_driver.py:899}}
Jun 26 02:56:52.091161 np0000003686 devstack@neutron-api.service[87441]: DEBUG neutron.db.ovn_revision_numbers_db [None req-f43353ff-1921-4acb-8aa7-e4330fd2782d admin admin] create_initial_revision uuid=855bab87-d626-4cd5-9038-bec335508648, type=ports, rev=-1 {{(pid=87441) create_initial_revision /opt/stack/neutron/neutron/db/ovn_revision_numbers_db.py:98}}
Jun 26 02:56:52.154027 np0000003686 devstack@neutron-api.service[87441]: DEBUG neutron.db.ovn_revision_numbers_db [None req-f43353ff-1921-4acb-8aa7-e4330fd2782d admin admin] create_initial_revision uuid=855bab87-d626-4cd5-9038-bec335508648, type=router_ports, rev=-1 {{(pid=87441) create_initial_revision /opt/stack/neutron/neutron/db/ovn_revision_numbers_db.py:98}}
Jun 26 02:56:52.178325 np0000003686 devstack@neutron-api.service[87441]: DEBUG neutron_lib.callbacks.manager [None req-f43353ff-1921-4acb-8aa7-e4330fd2782d admin admin] Publish callbacks ['neutron.plugins.ml2.ovo_rpc._ObjectChangeHandler.handle_event-1861263'] for port (855bab87-d626-4cd5-9038-bec335508648), after_create {{(pid=87441) _notify_loop /opt/stack/data/venv/lib/python3.12/site-packages/neutron_lib/callbacks/manager.py:184}}
Jun 26 02:56:52.199432 np0000003686 devstack@neutron-api.service[87441]: DEBUG neutron.api.rpc.handlers.resources_rpc [None req-f43353ff-1921-4acb-8aa7-e4330fd2782d admin admin] Pushing event updated for resources: {'Port': ['ID=855bab87-d626-4cd5-9038-bec335508648,revision_number=1']} {{(pid=87441) push /opt/stack/neutron/neutron/api/rpc/handlers/resources_rpc.py:237}}
Jun 26 02:56:52.257420 np0000003686 devstack@neutron-api.service[87441]: DEBUG neutron.plugins.ml2.drivers.ovn.mech_driver.ovsdb.commands [None req-f43353ff-1921-4acb-8aa7-e4330fd2782d admin admin] Converting tag [] to a tag_request {{(pid=87441) _tag_column_to_tag_request /opt/stack/neutron/neutron/plugins/ml2/drivers/ovn/mech_driver/ovsdb/commands.py:205}}
Jun 26 02:56:52.257961 np0000003686 devstack@neutron-api.service[87441]: DEBUG ovsdbapp.backend.ovs_idl.transaction [-] Running txn n=1 command(idx=0): AddLSwitchPortCommand(_result=None, lport=855bab87-d626-4cd5-9038-bec335508648, lswitch=neutron-0c289e2d-874c-4b2c-bcba-3d0d334e779d, may_exist=True, network_uuid=0c289e2d-874c-4b2c-bcba-3d0d334e779d, columns={'addresses': ['unknown'], 'external_ids': {'neutron:port_name': '', 'neutron:device_id': '486ab830-cdc2-47ab-a4c5-2410bd9c0a57', 'neutron:project_id': '89b232cd2715458fbffe3429d276befe', 'neutron:cidrs': '10.1.0.1/26', 'neutron:device_owner': 'network:router_interface', 'neutron:subnet_pool_addr_scope4': '', 'neutron:subnet_pool_addr_scope6': '', 'neutron:network_name': 'neutron-0c289e2d-874c-4b2c-bcba-3d0d334e779d', 'neutron:security_group_ids': '', 'neutron:revision_number': '1', 'neutron:vnic_type': 'normal', 'neutron:port_capabilities': '', 'neutron:mtu': ''}, 'parent_name': [], 'enabled': True, 'options': {}, 'type': '', 'port_security': [], 'dhcpv4_options': [], 'dhcpv6_options': [], 'tag_request': []}) {{(pid=87441) do_commit /opt/stack/data/venv/lib/python3.12/site-packages/ovsdbapp/backend/ovs_idl/transaction.py:89}}
Jun 26 02:56:52.258485 np0000003686 devstack@neutron-api.service[87441]: DEBUG ovsdbapp.backend.ovs_idl.transaction [-] Running txn n=1 command(idx=1): QoSDelCommand(_result=None, switch=neutron-0c289e2d-874c-4b2c-bcba-3d0d334e779d, conditions=[('direction', '=', 'to-lport'), ('priority', '=', 2002), ('match', '=', 'outport == "855bab87-d626-4cd5-9038-bec335508648"')], if_exists=True) {{(pid=87441) do_commit /opt/stack/data/venv/lib/python3.12/site-packages/ovsdbapp/backend/ovs_idl/transaction.py:89}}
Jun 26 02:56:52.258687 np0000003686 devstack@neutron-api.service[87441]: DEBUG ovsdbapp.backend.ovs_idl.transaction [-] Running txn n=1 command(idx=2): QoSDelCommand(_result=None, switch=neutron-0c289e2d-874c-4b2c-bcba-3d0d334e779d, conditions=[('direction', '=', 'from-lport'), ('priority', '=', 2002), ('match', '=', 'inport == "855bab87-d626-4cd5-9038-bec335508648"')], if_exists=True) {{(pid=87441) do_commit /opt/stack/data/venv/lib/python3.12/site-packages/ovsdbapp/backend/ovs_idl/transaction.py:89}}
Jun 26 02:56:52.265640 np0000003686 devstack@neutron-api.service[87441]: DEBUG neutron.plugins.ml2.drivers.ovn.mech_driver.ovsdb.ovsdb_monitor [-] Hash Ring: Node 04111e87644b563c8f668cec3f21672f (host: np0000003686) handling event "update" for row 0c289e2d-874c-4b2c-bcba-3d0d334e779d (table: Logical_Switch) {{(pid=87441) notify /opt/stack/neutron/neutron/plugins/ml2/drivers/ovn/mech_driver/ovsdb/ovsdb_monitor.py:1015}}
Jun 26 02:56:52.267178 np0000003686 devstack@neutron-api.service[87442]: DEBUG neutron.plugins.ml2.drivers.ovn.mech_driver.ovsdb.ovsdb_monitor [-] Hash Ring: Node 8380a220fb3f5a549dd0b2e96f6b80e5 (host: np0000003686) handling event "create" for row 79f43a10-98de-4d57-a50a-76f88acadf9e (table: Port_Binding) {{(pid=87442) notify /opt/stack/neutron/neutron/plugins/ml2/drivers/ovn/mech_driver/ovsdb/ovsdb_monitor.py:1015}}
Jun 26 02:56:52.269169 np0000003686 devstack@neutron-api.service[87442]: DEBUG neutron.plugins.ml2.drivers.ovn.mech_driver.ovsdb.ovsdb_monitor [-] Hash Ring: Node 8380a220fb3f5a549dd0b2e96f6b80e5 (host: np0000003686) handling event "update" for row 0c289e2d-874c-4b2c-bcba-3d0d334e779d (table: Logical_Switch) {{(pid=87442) notify /opt/stack/neutron/neutron/plugins/ml2/drivers/ovn/mech_driver/ovsdb/ovsdb_monitor.py:1015}}
Jun 26 02:56:52.269169 np0000003686 devstack@neutron-api.service[87442]: DEBUG neutron.plugins.ml2.drivers.ovn.mech_driver.ovsdb.ovsdb_monitor [-] Hash Ring: Node 8380a220fb3f5a549dd0b2e96f6b80e5 (host: np0000003686) handling event "create" for row 2727298b-6296-4adc-a71b-b8a9a3b7a501 (table: Logical_Switch_Port) {{(pid=87442) notify /opt/stack/neutron/neutron/plugins/ml2/drivers/ovn/mech_driver/ovsdb/ovsdb_monitor.py:1015}}
Jun 26 02:56:52.269725 np0000003686 devstack@neutron-api.service[87440]: DEBUG neutron.plugins.ml2.drivers.ovn.mech_driver.ovsdb.ovsdb_monitor [-] Hash Ring: Node 701a45ff3993528194b02e6a4384c2ee (host: np0000003686) handling event "create" for row 2727298b-6296-4adc-a71b-b8a9a3b7a501 (table: Logical_Switch_Port) {{(pid=87440) notify /opt/stack/neutron/neutron/plugins/ml2/drivers/ovn/mech_driver/ovsdb/ovsdb_monitor.py:1015}}
Jun 26 02:56:52.272680 np0000003686 devstack@neutron-api.service[87440]: DEBUG ovsdbapp.backend.ovs_idl.event [-] Matched CREATE: LogicalSwitchPortCreateEvent(events=('create',), table='Logical_Switch_Port', conditions=[], old_conditions=None), priority=20 to row=Logical_Switch_Port(uuid=2727298b-6296-4adc-a71b-b8a9a3b7a501, addresses=['unknown'], dhcpv4_options=[], dhcpv6_options=[], dynamic_addresses=[], enabled=True, external_ids={'neutron:cidrs': '10.1.0.1/26', 'neutron:device_id': '486ab830-cdc2-47ab-a4c5-2410bd9c0a57', 'neutron:device_owner': 'network:router_interface', 'neutron:mtu': '', 'neutron:network_name': 'neutron-0c289e2d-874c-4b2c-bcba-3d0d334e779d', 'neutron:port_capabilities': '', 'neutron:port_name': '', 'neutron:project_id': '89b232cd2715458fbffe3429d276befe', 'neutron:revision_number': '1', 'neutron:security_group_ids': '', 'neutron:subnet_pool_addr_scope4': '', 'neutron:subnet_pool_addr_scope6': '', 'neutron:vnic_type': 'normal'}, ha_chassis_group=[], mirror_rules=[], name='855bab87-d626-4cd5-9038-bec335508648', options={}, parent_name=[], port_security=[], tag=[], tag_request=[], type='', up=[]) old= {{(pid=87440) matches /opt/stack/data/venv/lib/python3.12/site-packages/ovsdbapp/backend/ovs_idl/event.py:55}}
Jun 26 02:56:52.273602 np0000003686 devstack@neutron-api.service[87442]: DEBUG ovsdbapp.backend.ovs_idl.event [-] Matched CREATE: LogicalSwitchPortCreateEvent(events=('create',), table='Logical_Switch_Port', conditions=[], old_conditions=None), priority=20 to row=Logical_Switch_Port(uuid=2727298b-6296-4adc-a71b-b8a9a3b7a501, addresses=['unknown'], dhcpv4_options=[], dhcpv6_options=[], dynamic_addresses=[], enabled=True, external_ids={'neutron:cidrs': '10.1.0.1/26', 'neutron:device_id': '486ab830-cdc2-47ab-a4c5-2410bd9c0a57', 'neutron:device_owner': 'network:router_interface', 'neutron:mtu': '', 'neutron:network_name': 'neutron-0c289e2d-874c-4b2c-bcba-3d0d334e779d', 'neutron:port_capabilities': '', 'neutron:port_name': '', 'neutron:project_id': '89b232cd2715458fbffe3429d276befe', 'neutron:revision_number': '1', 'neutron:security_group_ids': '', 'neutron:subnet_pool_addr_scope4': '', 'neutron:subnet_pool_addr_scope6': '', 'neutron:vnic_type': 'normal'}, ha_chassis_group=[], mirror_rules=[], name='855bab87-d626-4cd5-9038-bec335508648', options={}, parent_name=[], port_security=[], tag=[], tag_request=[], type='', up=[]) old= {{(pid=87442) matches /opt/stack/data/venv/lib/python3.12/site-packages/ovsdbapp/backend/ovs_idl/event.py:55}}
Jun 26 02:56:52.274511 np0000003686 devstack@neutron-api.service[87440]: DEBUG neutron.plugins.ml2.drivers.ovn.mech_driver.ovsdb.ovsdb_monitor [-] Hash Ring: Node 701a45ff3993528194b02e6a4384c2ee (host: np0000003686) handling event "update" for row 2727298b-6296-4adc-a71b-b8a9a3b7a501 (table: Logical_Switch_Port) {{(pid=87440) notify /opt/stack/neutron/neutron/plugins/ml2/drivers/ovn/mech_driver/ovsdb/ovsdb_monitor.py:1015}}
Jun 26 02:56:52.275260 np0000003686 devstack@neutron-api.service[87442]: INFO neutron.plugins.ml2.drivers.ovn.mech_driver.mech_driver [None req-a3c9aa40-b449-405e-84d9-3d3f8be4573f None None] OVN reports status down for port: 855bab87-d626-4cd5-9038-bec335508648
Jun 26 02:56:52.275466 np0000003686 devstack@neutron-api.service[87440]: INFO neutron.plugins.ml2.drivers.ovn.mech_driver.mech_driver [-] OVN reports status down for port: 855bab87-d626-4cd5-9038-bec335508648
Jun 26 02:56:52.275649 np0000003686 devstack@neutron-api.service[87442]: DEBUG neutron.plugins.ml2.drivers.ovn.mech_driver.ovsdb.ovsdb_monitor [-] Hash Ring: Node 8380a220fb3f5a549dd0b2e96f6b80e5 (host: np0000003686) handling event "update" for row 2727298b-6296-4adc-a71b-b8a9a3b7a501 (table: Logical_Switch_Port) {{(pid=87442) notify /opt/stack/neutron/neutron/plugins/ml2/drivers/ovn/mech_driver/ovsdb/ovsdb_monitor.py:1015}}
Jun 26 02:56:52.298683 np0000003686 devstack@neutron-api.service[87442]: DEBUG neutron.db.provisioning_blocks [None req-a3c9aa40-b449-405e-84d9-3d3f8be4573f None None] Transition to ACTIVE for port object 855bab87-d626-4cd5-9038-bec335508648 will not be triggered until provisioned by entity L2. {{(pid=87442) add_provisioning_component /opt/stack/neutron/neutron/db/provisioning_blocks.py:74}}
Jun 26 02:56:52.300410 np0000003686 devstack@neutron-api.service[87441]: INFO neutron.db.ovn_revision_numbers_db [None req-f43353ff-1921-4acb-8aa7-e4330fd2782d admin admin] Successfully bumped revision number for resource 855bab87-d626-4cd5-9038-bec335508648 (type: ports) to 1
Jun 26 02:56:52.310641 np0000003686 devstack@neutron-api.service[87441]: DEBUG neutron_lib.callbacks.manager [None req-f43353ff-1921-4acb-8aa7-e4330fd2782d admin admin] Publish callbacks [] for router_interface (486ab830-cdc2-47ab-a4c5-2410bd9c0a57), before_create {{(pid=87441) _notify_loop /opt/stack/data/venv/lib/python3.12/site-packages/neutron_lib/callbacks/manager.py:184}}
Jun 26 02:56:52.322272 np0000003686 devstack@neutron-api.service[87442]: DEBUG neutron.plugins.ml2.plugin [None req-a3c9aa40-b449-405e-84d9-3d3f8be4573f None None] Current status of the port 855bab87-d626-4cd5-9038-bec335508648 is: DOWN; New status is: DOWN {{(pid=87442) _update_individual_port_db_status /opt/stack/neutron/neutron/plugins/ml2/plugin.py:2473}}
Jun 26 02:56:52.323608 np0000003686 devstack@neutron-api.service[87442]: DEBUG ovsdbapp.backend.ovs_idl.transaction [-] Running txn n=1 command(idx=0): DbRemoveCommand(_result=None, table=Logical_Switch_Port, record=855bab87-d626-4cd5-9038-bec335508648, column=external_ids, values=('neutron:host_id',), keyvalues={}, if_exists=True) {{(pid=87442) do_commit /opt/stack/data/venv/lib/python3.12/site-packages/ovsdbapp/backend/ovs_idl/transaction.py:89}}
Jun 26 02:56:52.497080 np0000003686 devstack@neutron-api.service[87441]: DEBUG neutron_lib.callbacks.manager [None req-f43353ff-1921-4acb-8aa7-e4330fd2782d admin admin] Publish callbacks ['neutron.plugins.ml2.plugin.SecurityGroupDbMixin._ensure_default_security_group_handler-90647', 'neutron.services.ovn_l3.plugin.OVNL3RouterPlugin._port_update-7713408732000', 'neutron.db.l3_db.L3_NAT_dbonly_mixin._prevent_internal_ip_change_for_fip-7713409662156'] for port (855bab87-d626-4cd5-9038-bec335508648), before_update {{(pid=87441) _notify_loop /opt/stack/data/venv/lib/python3.12/site-packages/neutron_lib/callbacks/manager.py:184}}
Jun 26 02:56:52.525913 np0000003686 devstack@neutron-api.service[87440]: DEBUG neutron.db.provisioning_blocks [None req-50afa9c2-4318-45f5-b57c-1708c2e95de5 None None] Ignored duplicate provisioning block setup for port 855bab87-d626-4cd5-9038-bec335508648 by entity L2. {{(pid=87440) add_provisioning_component /opt/stack/neutron/neutron/db/provisioning_blocks.py:69}}
Jun 26 02:56:52.559211 np0000003686 devstack@neutron-api.service[87440]: DEBUG neutron.plugins.ml2.plugin [None req-50afa9c2-4318-45f5-b57c-1708c2e95de5 None None] Current status of the port 855bab87-d626-4cd5-9038-bec335508648 is: DOWN; New status is: DOWN {{(pid=87440) _update_individual_port_db_status /opt/stack/neutron/neutron/plugins/ml2/plugin.py:2473}}
Jun 26 02:56:52.560334 np0000003686 devstack@neutron-api.service[87440]: DEBUG ovsdbapp.backend.ovs_idl.transaction [-] Running txn n=1 command(idx=0): DbRemoveCommand(_result=None, table=Logical_Switch_Port, record=855bab87-d626-4cd5-9038-bec335508648, column=external_ids, values=('neutron:host_id',), keyvalues={}, if_exists=True) {{(pid=87440) do_commit /opt/stack/data/venv/lib/python3.12/site-packages/ovsdbapp/backend/ovs_idl/transaction.py:89}}
Jun 26 02:56:52.635418 np0000003686 devstack@neutron-api.service[87441]: DEBUG neutron_lib.callbacks.manager [None req-f43353ff-1921-4acb-8aa7-e4330fd2782d admin admin] Publish callbacks [] for port (855bab87-d626-4cd5-9038-bec335508648), precommit_update {{(pid=87441) _notify_loop /opt/stack/data/venv/lib/python3.12/site-packages/neutron_lib/callbacks/manager.py:184}}
Jun 26 02:56:52.635669 np0000003686 devstack@neutron-api.service[87441]: DEBUG neutron.plugins.ml2.drivers.ovn.mech_driver.mech_driver [None req-f43353ff-1921-4acb-8aa7-e4330fd2782d admin admin] No provisioning block for port 855bab87-d626-4cd5-9038-bec335508648 since it does not have a host {{(pid=87441) _is_port_provisioning_required /opt/stack/neutron/neutron/plugins/ml2/drivers/ovn/mech_driver/mech_driver.py:899}}
