May 20 17:13:30.759226 np0000001091 systemd[1]: Starting devstack@n-api-meta.service - Devstack devstack@n-api-meta.service...
May 20 17:13:30.764626 np0000001091 devstack@n-api-meta.service[95052]: [uWSGI] getting INI configuration from /etc/nova/nova-metadata-uwsgi.ini
May 20 17:13:30.766985 np0000001091 devstack@n-api-meta.service[95052]: *** Starting uWSGI 2.0.24-debian (64bit) on [Wed May 20 17:13:30 2026] ***
May 20 17:13:30.766985 np0000001091 devstack@n-api-meta.service[95052]: compiled with version: 13.2.0 on 17 April 2024 16:23:48
May 20 17:13:30.766985 np0000001091 devstack@n-api-meta.service[95052]: os: Linux-6.8.0-100-generic #100-Ubuntu SMP PREEMPT_DYNAMIC Tue Jan 13 16:40:06 UTC 2026
May 20 17:13:30.766985 np0000001091 devstack@n-api-meta.service[95052]: nodename: np0000001091
May 20 17:13:30.766985 np0000001091 devstack@n-api-meta.service[95052]: machine: x86_64
May 20 17:13:30.766985 np0000001091 devstack@n-api-meta.service[95052]: clock source: unix
May 20 17:13:30.766985 np0000001091 devstack@n-api-meta.service[95052]: pcre jit disabled
May 20 17:13:30.766985 np0000001091 devstack@n-api-meta.service[95052]: detected number of CPU cores: 12
May 20 17:13:30.766985 np0000001091 devstack@n-api-meta.service[95052]: current working directory: /
May 20 17:13:30.766985 np0000001091 devstack@n-api-meta.service[95052]: detected binary path: /usr/bin/uwsgi-core
May 20 17:13:30.766985 np0000001091 devstack@n-api-meta.service[95052]: your processes number limit is 95969
May 20 17:13:30.766985 np0000001091 devstack@n-api-meta.service[95052]: your memory page size is 4096 bytes
May 20 17:13:30.766985 np0000001091 devstack@n-api-meta.service[95052]: detected max file descriptor number: 2048
May 20 17:13:30.766985 np0000001091 devstack@n-api-meta.service[95052]: lock engine: pthread robust mutexes
May 20 17:13:30.767696 np0000001091 devstack@n-api-meta.service[95052]: thunder lock: enabled
May 20 17:13:30.767834 np0000001091 devstack@n-api-meta.service[95052]: uWSGI http bound on 0.0.0.0:8775 fd 5
May 20 17:13:30.767894 np0000001091 devstack@n-api-meta.service[95052]: uwsgi socket 0 bound to TCP address 127.0.0.1:37033 (port auto-assigned) fd 4
May 20 17:13:30.767971 np0000001091 devstack@n-api-meta.service[95052]: Python version: 3.12.3 (main, Mar 23 2026, 19:04:32) [GCC 13.3.0]
May 20 17:13:30.767971 np0000001091 devstack@n-api-meta.service[95052]: PEP 405 virtualenv detected: /opt/stack/data/venv
May 20 17:13:30.767971 np0000001091 devstack@n-api-meta.service[95052]: Set PythonHome to /opt/stack/data/venv
May 20 17:13:30.801633 np0000001091 devstack@n-api-meta.service[95052]: Python main interpreter initialized at 0x7f13bfea3668
May 20 17:13:30.801633 np0000001091 devstack@n-api-meta.service[95052]: python threads support enabled
May 20 17:13:30.801633 np0000001091 devstack@n-api-meta.service[95052]: your server socket listen backlog is limited to 100 connections
May 20 17:13:30.801633 np0000001091 devstack@n-api-meta.service[95052]: your mercy for graceful operations on workers is 80 seconds
May 20 17:13:30.802119 np0000001091 devstack@n-api-meta.service[95052]: mapped 537436 bytes (524 KB) for 3 cores
May 20 17:13:30.802258 np0000001091 devstack@n-api-meta.service[95052]: *** Operational MODE: preforking ***
May 20 17:13:30.802474 np0000001091 devstack@n-api-meta.service[95052]: *** uWSGI is running in multiple interpreter mode ***
May 20 17:13:30.802474 np0000001091 devstack@n-api-meta.service[95052]: spawned uWSGI master process (pid: 95052)
May 20 17:13:30.802632 np0000001091 systemd[1]: Started devstack@n-api-meta.service - Devstack devstack@n-api-meta.service.
May 20 17:13:30.803079 np0000001091 devstack@n-api-meta.service[95052]: spawned uWSGI worker 1 (pid: 95053, cores: 1)
May 20 17:13:30.803655 np0000001091 devstack@n-api-meta.service[95052]: spawned uWSGI worker 2 (pid: 95054, cores: 1)
May 20 17:13:30.804193 np0000001091 devstack@n-api-meta.service[95052]: spawned uWSGI worker 3 (pid: 95055, cores: 1)
May 20 17:13:30.804800 np0000001091 devstack@n-api-meta.service[95052]: spawned uWSGI http 1 (pid: 95056)
May 20 17:13:30.804800 np0000001091 devstack@n-api-meta.service[95052]: running "unix_signal:15 gracefully_kill_them_all" (master-start)...
May 20 17:13:32.523757 np0000001091 devstack@n-api-meta.service[95055]: INFO dbcounter [None req-34ffd686-9c6d-4304-b759-13cf5c670c39 None None] Registered counter for database nova_api
May 20 17:13:32.537720 np0000001091 devstack@n-api-meta.service[95055]: DEBUG oslo_db.sqlalchemy.engines [None req-34ffd686-9c6d-4304-b759-13cf5c670c39 None None] MySQL server mode set to STRICT_TRANS_TABLES,STRICT_ALL_TABLES,NO_ZERO_IN_DATE,NO_ZERO_DATE,ERROR_FOR_DIVISION_BY_ZERO,TRADITIONAL,NO_ENGINE_SUBSTITUTION {{(pid=95055) _check_effective_sql_mode /opt/stack/data/venv/lib/python3.12/site-packages/oslo_db/sqlalchemy/engines.py:325}}
May 20 17:13:32.543783 np0000001091 devstack@n-api-meta.service[95053]: INFO dbcounter [None req-57cc7da6-8136-4b98-b7e4-f917846e2bf5 None None] Registered counter for database nova_api
May 20 17:13:32.547682 np0000001091 devstack@n-api-meta.service[95054]: INFO dbcounter [None req-f977b781-dfe8-4d7f-bc5f-b7cea4340e8e None None] Registered counter for database nova_api
May 20 17:13:32.558403 np0000001091 devstack@n-api-meta.service[95053]: DEBUG oslo_db.sqlalchemy.engines [None req-57cc7da6-8136-4b98-b7e4-f917846e2bf5 None None] MySQL server mode set to STRICT_TRANS_TABLES,STRICT_ALL_TABLES,NO_ZERO_IN_DATE,NO_ZERO_DATE,ERROR_FOR_DIVISION_BY_ZERO,TRADITIONAL,NO_ENGINE_SUBSTITUTION {{(pid=95053) _check_effective_sql_mode /opt/stack/data/venv/lib/python3.12/site-packages/oslo_db/sqlalchemy/engines.py:325}}
May 20 17:13:32.562993 np0000001091 devstack@n-api-meta.service[95054]: DEBUG oslo_db.sqlalchemy.engines [None req-f977b781-dfe8-4d7f-bc5f-b7cea4340e8e None None] MySQL server mode set to STRICT_TRANS_TABLES,STRICT_ALL_TABLES,NO_ZERO_IN_DATE,NO_ZERO_DATE,ERROR_FOR_DIVISION_BY_ZERO,TRADITIONAL,NO_ENGINE_SUBSTITUTION {{(pid=95054) _check_effective_sql_mode /opt/stack/data/venv/lib/python3.12/site-packages/oslo_db/sqlalchemy/engines.py:325}}
May 20 17:13:32.567480 np0000001091 devstack@n-api-meta.service[95055]: DEBUG dbcounter [-] [95055] Writer thread running {{(pid=95055) stat_writer /opt/stack/data/venv/lib/python3.12/site-packages/dbcounter.py:102}}
May 20 17:13:32.570346 np0000001091 devstack@n-api-meta.service[95055]: DEBUG nova.context [None req-34ffd686-9c6d-4304-b759-13cf5c670c39 None None] Found 2 cells: 00000000-0000-0000-0000-000000000000(cell0),539d5773-c33c-40c8-99a1-5e86202e6735(cell1) {{(pid=95055) load_cells /opt/stack/nova/nova/context.py:509}}
May 20 17:13:32.570598 np0000001091 devstack@n-api-meta.service[95055]: INFO nova.utils [None req-34ffd686-9c6d-4304-b759-13cf5c670c39 None None] The cell worker thread pool MainProcess.cell_worker is initialized
May 20 17:13:32.572310 np0000001091 devstack@n-api-meta.service[95055]: DEBUG oslo_concurrency.lockutils [None req-34ffd686-9c6d-4304-b759-13cf5c670c39 None None] Acquiring lock "00000000-0000-0000-0000-000000000000" by "nova.context.set_target_cell..get_or_set_cached_cell_and_set_connections" {{(pid=95055) inner /opt/stack/data/venv/lib/python3.12/site-packages/oslo_concurrency/lockutils.py:511}}
May 20 17:13:32.572484 np0000001091 devstack@n-api-meta.service[95055]: DEBUG oslo_concurrency.lockutils [None req-34ffd686-9c6d-4304-b759-13cf5c670c39 None None] Lock "00000000-0000-0000-0000-000000000000" acquired by "nova.context.set_target_cell..get_or_set_cached_cell_and_set_connections" :: waited 0.000s {{(pid=95055) inner /opt/stack/data/venv/lib/python3.12/site-packages/oslo_concurrency/lockutils.py:524}}
May 20 17:13:32.572834 np0000001091 devstack@n-api-meta.service[95055]: DEBUG oslo_concurrency.lockutils [None req-34ffd686-9c6d-4304-b759-13cf5c670c39 None None] Lock "00000000-0000-0000-0000-000000000000" "released" by "nova.context.set_target_cell..get_or_set_cached_cell_and_set_connections" :: held 0.000s {{(pid=95055) inner /opt/stack/data/venv/lib/python3.12/site-packages/oslo_concurrency/lockutils.py:543}}
May 20 17:13:32.573549 np0000001091 devstack@n-api-meta.service[95055]: DEBUG oslo_concurrency.lockutils [None req-34ffd686-9c6d-4304-b759-13cf5c670c39 None None] Acquiring lock "539d5773-c33c-40c8-99a1-5e86202e6735" by "nova.context.set_target_cell..get_or_set_cached_cell_and_set_connections" {{(pid=95055) inner /opt/stack/data/venv/lib/python3.12/site-packages/oslo_concurrency/lockutils.py:511}}
May 20 17:13:32.573697 np0000001091 devstack@n-api-meta.service[95055]: DEBUG oslo_concurrency.lockutils [None req-34ffd686-9c6d-4304-b759-13cf5c670c39 None None] Lock "539d5773-c33c-40c8-99a1-5e86202e6735" acquired by "nova.context.set_target_cell..get_or_set_cached_cell_and_set_connections" :: waited 0.000s {{(pid=95055) inner /opt/stack/data/venv/lib/python3.12/site-packages/oslo_concurrency/lockutils.py:524}}
May 20 17:13:32.574587 np0000001091 devstack@n-api-meta.service[95055]: DEBUG oslo_concurrency.lockutils [None req-34ffd686-9c6d-4304-b759-13cf5c670c39 None None] Lock "539d5773-c33c-40c8-99a1-5e86202e6735" "released" by "nova.context.set_target_cell..get_or_set_cached_cell_and_set_connections" :: held 0.001s {{(pid=95055) inner /opt/stack/data/venv/lib/python3.12/site-packages/oslo_concurrency/lockutils.py:543}}
May 20 17:13:32.576352 np0000001091 devstack@n-api-meta.service[95055]: INFO dbcounter [None req-34ffd686-9c6d-4304-b759-13cf5c670c39 None None] Registered counter for database nova_cell0
May 20 17:13:32.580182 np0000001091 devstack@n-api-meta.service[95055]: INFO dbcounter [None req-34ffd686-9c6d-4304-b759-13cf5c670c39 None None] Registered counter for database nova_cell1
May 20 17:13:32.585052 np0000001091 devstack@n-api-meta.service[95055]: DEBUG oslo_db.sqlalchemy.engines [None req-34ffd686-9c6d-4304-b759-13cf5c670c39 None None] MySQL server mode set to STRICT_TRANS_TABLES,STRICT_ALL_TABLES,NO_ZERO_IN_DATE,NO_ZERO_DATE,ERROR_FOR_DIVISION_BY_ZERO,TRADITIONAL,NO_ENGINE_SUBSTITUTION {{(pid=95055) _check_effective_sql_mode /opt/stack/data/venv/lib/python3.12/site-packages/oslo_db/sqlalchemy/engines.py:325}}
May 20 17:13:32.586740 np0000001091 devstack@n-api-meta.service[95053]: DEBUG dbcounter [-] [95053] Writer thread running {{(pid=95053) stat_writer /opt/stack/data/venv/lib/python3.12/site-packages/dbcounter.py:102}}
May 20 17:13:32.587731 np0000001091 devstack@n-api-meta.service[95055]: DEBUG oslo_db.sqlalchemy.engines [None req-34ffd686-9c6d-4304-b759-13cf5c670c39 None None] MySQL server mode set to STRICT_TRANS_TABLES,STRICT_ALL_TABLES,NO_ZERO_IN_DATE,NO_ZERO_DATE,ERROR_FOR_DIVISION_BY_ZERO,TRADITIONAL,NO_ENGINE_SUBSTITUTION {{(pid=95055) _check_effective_sql_mode /opt/stack/data/venv/lib/python3.12/site-packages/oslo_db/sqlalchemy/engines.py:325}}
May 20 17:13:32.589265 np0000001091 devstack@n-api-meta.service[95053]: DEBUG nova.context [None req-57cc7da6-8136-4b98-b7e4-f917846e2bf5 None None] Found 2 cells: 00000000-0000-0000-0000-000000000000(cell0),539d5773-c33c-40c8-99a1-5e86202e6735(cell1) {{(pid=95053) load_cells /opt/stack/nova/nova/context.py:509}}
May 20 17:13:32.589730 np0000001091 devstack@n-api-meta.service[95053]: INFO nova.utils [None req-57cc7da6-8136-4b98-b7e4-f917846e2bf5 None None] The cell worker thread pool MainProcess.cell_worker is initialized
May 20 17:13:32.591688 np0000001091 devstack@n-api-meta.service[95053]: DEBUG oslo_concurrency.lockutils [None req-57cc7da6-8136-4b98-b7e4-f917846e2bf5 None None] Acquiring lock "00000000-0000-0000-0000-000000000000" by "nova.context.set_target_cell..get_or_set_cached_cell_and_set_connections" {{(pid=95053) inner /opt/stack/data/venv/lib/python3.12/site-packages/oslo_concurrency/lockutils.py:511}}
May 20 17:13:32.591840 np0000001091 devstack@n-api-meta.service[95053]: DEBUG oslo_concurrency.lockutils [None req-57cc7da6-8136-4b98-b7e4-f917846e2bf5 None None] Lock "00000000-0000-0000-0000-000000000000" acquired by "nova.context.set_target_cell..get_or_set_cached_cell_and_set_connections" :: waited 0.000s {{(pid=95053) inner /opt/stack/data/venv/lib/python3.12/site-packages/oslo_concurrency/lockutils.py:524}}
May 20 17:13:32.592203 np0000001091 devstack@n-api-meta.service[95053]: DEBUG oslo_concurrency.lockutils [None req-57cc7da6-8136-4b98-b7e4-f917846e2bf5 None None] Lock "00000000-0000-0000-0000-000000000000" "released" by "nova.context.set_target_cell..get_or_set_cached_cell_and_set_connections" :: held 0.000s {{(pid=95053) inner /opt/stack/data/venv/lib/python3.12/site-packages/oslo_concurrency/lockutils.py:543}}
May 20 17:13:32.592897 np0000001091 devstack@n-api-meta.service[95053]: DEBUG oslo_concurrency.lockutils [None req-57cc7da6-8136-4b98-b7e4-f917846e2bf5 None None] Acquiring lock "539d5773-c33c-40c8-99a1-5e86202e6735" by "nova.context.set_target_cell..get_or_set_cached_cell_and_set_connections" {{(pid=95053) inner /opt/stack/data/venv/lib/python3.12/site-packages/oslo_concurrency/lockutils.py:511}}
May 20 17:13:32.593050 np0000001091 devstack@n-api-meta.service[95054]: DEBUG dbcounter [-] [95054] Writer thread running {{(pid=95054) stat_writer /opt/stack/data/venv/lib/python3.12/site-packages/dbcounter.py:102}}
May 20 17:13:32.594393 np0000001091 devstack@n-api-meta.service[95053]: DEBUG oslo_concurrency.lockutils [None req-57cc7da6-8136-4b98-b7e4-f917846e2bf5 None None] Lock "539d5773-c33c-40c8-99a1-5e86202e6735" acquired by "nova.context.set_target_cell..get_or_set_cached_cell_and_set_connections" :: waited 0.001s {{(pid=95053) inner /opt/stack/data/venv/lib/python3.12/site-packages/oslo_concurrency/lockutils.py:524}}
May 20 17:13:32.595599 np0000001091 devstack@n-api-meta.service[95053]: INFO dbcounter [None req-57cc7da6-8136-4b98-b7e4-f917846e2bf5 None None] Registered counter for database nova_cell0
May 20 17:13:32.596204 np0000001091 devstack@n-api-meta.service[95054]: DEBUG nova.context [None req-f977b781-dfe8-4d7f-bc5f-b7cea4340e8e None None] Found 2 cells: 00000000-0000-0000-0000-000000000000(cell0),539d5773-c33c-40c8-99a1-5e86202e6735(cell1) {{(pid=95054) load_cells /opt/stack/nova/nova/context.py:509}}
May 20 17:13:32.596425 np0000001091 devstack@n-api-meta.service[95054]: INFO nova.utils [None req-f977b781-dfe8-4d7f-bc5f-b7cea4340e8e None None] The cell worker thread pool MainProcess.cell_worker is initialized
May 20 17:13:32.597007 np0000001091 devstack@n-api-meta.service[95053]: DEBUG oslo_concurrency.lockutils [None req-57cc7da6-8136-4b98-b7e4-f917846e2bf5 None None] Lock "539d5773-c33c-40c8-99a1-5e86202e6735" "released" by "nova.context.set_target_cell..get_or_set_cached_cell_and_set_connections" :: held 0.001s {{(pid=95053) inner /opt/stack/data/venv/lib/python3.12/site-packages/oslo_concurrency/lockutils.py:543}}
May 20 17:13:32.598087 np0000001091 devstack@n-api-meta.service[95054]: DEBUG oslo_concurrency.lockutils [None req-f977b781-dfe8-4d7f-bc5f-b7cea4340e8e None None] Acquiring lock "00000000-0000-0000-0000-000000000000" by "nova.context.set_target_cell..get_or_set_cached_cell_and_set_connections" {{(pid=95054) inner /opt/stack/data/venv/lib/python3.12/site-packages/oslo_concurrency/lockutils.py:511}}
May 20 17:13:32.598263 np0000001091 devstack@n-api-meta.service[95054]: DEBUG oslo_concurrency.lockutils [None req-f977b781-dfe8-4d7f-bc5f-b7cea4340e8e None None] Lock "00000000-0000-0000-0000-000000000000" acquired by "nova.context.set_target_cell..get_or_set_cached_cell_and_set_connections" :: waited 0.000s {{(pid=95054) inner /opt/stack/data/venv/lib/python3.12/site-packages/oslo_concurrency/lockutils.py:524}}
May 20 17:13:32.598641 np0000001091 devstack@n-api-meta.service[95054]: DEBUG oslo_concurrency.lockutils [None req-f977b781-dfe8-4d7f-bc5f-b7cea4340e8e None None] Lock "00000000-0000-0000-0000-000000000000" "released" by "nova.context.set_target_cell..get_or_set_cached_cell_and_set_connections" :: held 0.000s {{(pid=95054) inner /opt/stack/data/venv/lib/python3.12/site-packages/oslo_concurrency/lockutils.py:543}}
May 20 17:13:32.599293 np0000001091 devstack@n-api-meta.service[95053]: INFO dbcounter [None req-57cc7da6-8136-4b98-b7e4-f917846e2bf5 None None] Registered counter for database nova_cell1
May 20 17:13:32.599350 np0000001091 devstack@n-api-meta.service[95054]: DEBUG oslo_concurrency.lockutils [None req-f977b781-dfe8-4d7f-bc5f-b7cea4340e8e None None] Acquiring lock "539d5773-c33c-40c8-99a1-5e86202e6735" by "nova.context.set_target_cell..get_or_set_cached_cell_and_set_connections" {{(pid=95054) inner /opt/stack/data/venv/lib/python3.12/site-packages/oslo_concurrency/lockutils.py:511}}
May 20 17:13:32.599427 np0000001091 devstack@n-api-meta.service[95054]: DEBUG oslo_concurrency.lockutils [None req-f977b781-dfe8-4d7f-bc5f-b7cea4340e8e None None] Lock "539d5773-c33c-40c8-99a1-5e86202e6735" acquired by "nova.context.set_target_cell..get_or_set_cached_cell_and_set_connections" :: waited 0.000s {{(pid=95054) inner /opt/stack/data/venv/lib/python3.12/site-packages/oslo_concurrency/lockutils.py:524}}
May 20 17:13:32.600312 np0000001091 devstack@n-api-meta.service[95054]: DEBUG oslo_concurrency.lockutils [None req-f977b781-dfe8-4d7f-bc5f-b7cea4340e8e None None] Lock "539d5773-c33c-40c8-99a1-5e86202e6735" "released" by "nova.context.set_target_cell..get_or_set_cached_cell_and_set_connections" :: held 0.001s {{(pid=95054) inner /opt/stack/data/venv/lib/python3.12/site-packages/oslo_concurrency/lockutils.py:543}}
May 20 17:13:32.602126 np0000001091 devstack@n-api-meta.service[95054]: INFO dbcounter [None req-f977b781-dfe8-4d7f-bc5f-b7cea4340e8e None None] Registered counter for database nova_cell0
May 20 17:13:32.607343 np0000001091 devstack@n-api-meta.service[95054]: INFO dbcounter [None req-f977b781-dfe8-4d7f-bc5f-b7cea4340e8e None None] Registered counter for database nova_cell1
May 20 17:13:32.607461 np0000001091 devstack@n-api-meta.service[95053]: DEBUG oslo_db.sqlalchemy.engines [None req-57cc7da6-8136-4b98-b7e4-f917846e2bf5 None None] MySQL server mode set to STRICT_TRANS_TABLES,STRICT_ALL_TABLES,NO_ZERO_IN_DATE,NO_ZERO_DATE,ERROR_FOR_DIVISION_BY_ZERO,TRADITIONAL,NO_ENGINE_SUBSTITUTION {{(pid=95053) _check_effective_sql_mode /opt/stack/data/venv/lib/python3.12/site-packages/oslo_db/sqlalchemy/engines.py:325}}
May 20 17:13:32.609158 np0000001091 devstack@n-api-meta.service[95053]: DEBUG oslo_db.sqlalchemy.engines [None req-57cc7da6-8136-4b98-b7e4-f917846e2bf5 None None] MySQL server mode set to STRICT_TRANS_TABLES,STRICT_ALL_TABLES,NO_ZERO_IN_DATE,NO_ZERO_DATE,ERROR_FOR_DIVISION_BY_ZERO,TRADITIONAL,NO_ENGINE_SUBSTITUTION {{(pid=95053) _check_effective_sql_mode /opt/stack/data/venv/lib/python3.12/site-packages/oslo_db/sqlalchemy/engines.py:325}}
May 20 17:13:32.617556 np0000001091 devstack@n-api-meta.service[95054]: DEBUG oslo_db.sqlalchemy.engines [None req-f977b781-dfe8-4d7f-bc5f-b7cea4340e8e None None] MySQL server mode set to STRICT_TRANS_TABLES,STRICT_ALL_TABLES,NO_ZERO_IN_DATE,NO_ZERO_DATE,ERROR_FOR_DIVISION_BY_ZERO,TRADITIONAL,NO_ENGINE_SUBSTITUTION {{(pid=95054) _check_effective_sql_mode /opt/stack/data/venv/lib/python3.12/site-packages/oslo_db/sqlalchemy/engines.py:325}}
May 20 17:13:32.621304 np0000001091 devstack@n-api-meta.service[95054]: DEBUG oslo_db.sqlalchemy.engines [None req-f977b781-dfe8-4d7f-bc5f-b7cea4340e8e None None] MySQL server mode set to STRICT_TRANS_TABLES,STRICT_ALL_TABLES,NO_ZERO_IN_DATE,NO_ZERO_DATE,ERROR_FOR_DIVISION_BY_ZERO,TRADITIONAL,NO_ENGINE_SUBSTITUTION {{(pid=95054) _check_effective_sql_mode /opt/stack/data/venv/lib/python3.12/site-packages/oslo_db/sqlalchemy/engines.py:325}}
May 20 17:13:32.673125 np0000001091 devstack@n-api-meta.service[95055]: DEBUG dbcounter [-] [95055] Writer thread running {{(pid=95055) stat_writer /opt/stack/data/venv/lib/python3.12/site-packages/dbcounter.py:102}}
May 20 17:13:32.676630 np0000001091 devstack@n-api-meta.service[95055]: DEBUG dbcounter [-] [95055] Writer thread running {{(pid=95055) stat_writer /opt/stack/data/venv/lib/python3.12/site-packages/dbcounter.py:102}}
May 20 17:13:32.680785 np0000001091 devstack@n-api-meta.service[95055]: INFO dbcounter [None req-34ffd686-9c6d-4304-b759-13cf5c670c39 None None] Registered counter for database nova_cell0
May 20 17:13:32.688375 np0000001091 devstack@n-api-meta.service[95055]: DEBUG oslo_db.sqlalchemy.engines [None req-34ffd686-9c6d-4304-b759-13cf5c670c39 None None] MySQL server mode set to STRICT_TRANS_TABLES,STRICT_ALL_TABLES,NO_ZERO_IN_DATE,NO_ZERO_DATE,ERROR_FOR_DIVISION_BY_ZERO,TRADITIONAL,NO_ENGINE_SUBSTITUTION {{(pid=95055) _check_effective_sql_mode /opt/stack/data/venv/lib/python3.12/site-packages/oslo_db/sqlalchemy/engines.py:325}}
May 20 17:13:32.690223 np0000001091 devstack@n-api-meta.service[95053]: DEBUG dbcounter [-] [95053] Writer thread running {{(pid=95053) stat_writer /opt/stack/data/venv/lib/python3.12/site-packages/dbcounter.py:102}}
May 20 17:13:32.693870 np0000001091 devstack@n-api-meta.service[95053]: DEBUG dbcounter [-] [95053] Writer thread running {{(pid=95053) stat_writer /opt/stack/data/venv/lib/python3.12/site-packages/dbcounter.py:102}}
May 20 17:13:32.695622 np0000001091 devstack@n-api-meta.service[95055]: DEBUG dbcounter [-] [95055] Writer thread running {{(pid=95055) stat_writer /opt/stack/data/venv/lib/python3.12/site-packages/dbcounter.py:102}}
May 20 17:13:32.697139 np0000001091 devstack@n-api-meta.service[95053]: INFO dbcounter [None req-57cc7da6-8136-4b98-b7e4-f917846e2bf5 None None] Registered counter for database nova_cell0
May 20 17:13:32.702845 np0000001091 devstack@n-api-meta.service[95053]: DEBUG oslo_db.sqlalchemy.engines [None req-57cc7da6-8136-4b98-b7e4-f917846e2bf5 None None] MySQL server mode set to STRICT_TRANS_TABLES,STRICT_ALL_TABLES,NO_ZERO_IN_DATE,NO_ZERO_DATE,ERROR_FOR_DIVISION_BY_ZERO,TRADITIONAL,NO_ENGINE_SUBSTITUTION {{(pid=95053) _check_effective_sql_mode /opt/stack/data/venv/lib/python3.12/site-packages/oslo_db/sqlalchemy/engines.py:325}}
May 20 17:13:32.708341 np0000001091 devstack@n-api-meta.service[95053]: DEBUG dbcounter [-] [95053] Writer thread running {{(pid=95053) stat_writer /opt/stack/data/venv/lib/python3.12/site-packages/dbcounter.py:102}}
May 20 17:13:32.720560 np0000001091 devstack@n-api-meta.service[95054]: DEBUG dbcounter [-] [95054] Writer thread running {{(pid=95054) stat_writer /opt/stack/data/venv/lib/python3.12/site-packages/dbcounter.py:102}}
May 20 17:13:32.721276 np0000001091 devstack@n-api-meta.service[95054]: DEBUG dbcounter [-] [95054] Writer thread running {{(pid=95054) stat_writer /opt/stack/data/venv/lib/python3.12/site-packages/dbcounter.py:102}}
May 20 17:13:32.724254 np0000001091 devstack@n-api-meta.service[95054]: INFO dbcounter [None req-f977b781-dfe8-4d7f-bc5f-b7cea4340e8e None None] Registered counter for database nova_cell0
May 20 17:13:32.731180 np0000001091 devstack@n-api-meta.service[95054]: DEBUG oslo_db.sqlalchemy.engines [None req-f977b781-dfe8-4d7f-bc5f-b7cea4340e8e None None] MySQL server mode set to STRICT_TRANS_TABLES,STRICT_ALL_TABLES,NO_ZERO_IN_DATE,NO_ZERO_DATE,ERROR_FOR_DIVISION_BY_ZERO,TRADITIONAL,NO_ENGINE_SUBSTITUTION {{(pid=95054) _check_effective_sql_mode /opt/stack/data/venv/lib/python3.12/site-packages/oslo_db/sqlalchemy/engines.py:325}}
May 20 17:13:32.734491 np0000001091 devstack@n-api-meta.service[95053]: WARNING nova.api.metadata.handler [None req-57cc7da6-8136-4b98-b7e4-f917846e2bf5 None None] metadata_proxy_shared_secret is not configured, the metadata information returned by the proxy cannot be trusted
May 20 17:13:32.736301 np0000001091 devstack@n-api-meta.service[95054]: DEBUG dbcounter [-] [95054] Writer thread running {{(pid=95054) stat_writer /opt/stack/data/venv/lib/python3.12/site-packages/dbcounter.py:102}}
May 20 17:13:32.736598 np0000001091 devstack@n-api-meta.service[95053]: DEBUG nova.api.openstack.wsgi_app [None req-57cc7da6-8136-4b98-b7e4-f917846e2bf5 None None] ******************************************************************************** {{(pid=95053) log_opt_values /opt/stack/data/venv/lib/python3.12/site-packages/oslo_config/cfg.py:3229}}
May 20 17:13:32.736712 np0000001091 devstack@n-api-meta.service[95053]: DEBUG nova.api.openstack.wsgi_app [None req-57cc7da6-8136-4b98-b7e4-f917846e2bf5 None None] Configuration options gathered from: {{(pid=95053) log_opt_values /opt/stack/data/venv/lib/python3.12/site-packages/oslo_config/cfg.py:3230}}
May 20 17:13:32.736829 np0000001091 devstack@n-api-meta.service[95053]: DEBUG nova.api.openstack.wsgi_app [None req-57cc7da6-8136-4b98-b7e4-f917846e2bf5 None None] command line args: [] {{(pid=95053) log_opt_values /opt/stack/data/venv/lib/python3.12/site-packages/oslo_config/cfg.py:3231}}
May 20 17:13:32.737025 np0000001091 devstack@n-api-meta.service[95053]: DEBUG nova.api.openstack.wsgi_app [None req-57cc7da6-8136-4b98-b7e4-f917846e2bf5 None None] config files: ['/etc/nova/api-paste.ini', '/etc/nova/nova.conf'] {{(pid=95053) log_opt_values /opt/stack/data/venv/lib/python3.12/site-packages/oslo_config/cfg.py:3232}}
May 20 17:13:32.737123 np0000001091 devstack@n-api-meta.service[95053]: DEBUG nova.api.openstack.wsgi_app [None req-57cc7da6-8136-4b98-b7e4-f917846e2bf5 None None] ================================================================================ {{(pid=95053) log_opt_values /opt/stack/data/venv/lib/python3.12/site-packages/oslo_config/cfg.py:3237}}
May 20 17:13:32.737663 np0000001091 devstack@n-api-meta.service[95053]: DEBUG nova.api.openstack.wsgi_app [None req-57cc7da6-8136-4b98-b7e4-f917846e2bf5 None None] allow_resize_to_same_host = True {{(pid=95053) log_opt_values /opt/stack/data/venv/lib/python3.12/site-packages/oslo_config/cfg.py:3245}}
May 20 17:13:32.737663 np0000001091 devstack@n-api-meta.service[95053]: DEBUG nova.api.openstack.wsgi_app [None req-57cc7da6-8136-4b98-b7e4-f917846e2bf5 None None] arq_binding_timeout = 300 {{(pid=95053) log_opt_values /opt/stack/data/venv/lib/python3.12/site-packages/oslo_config/cfg.py:3245}}
May 20 17:13:32.737663 np0000001091 devstack@n-api-meta.service[95053]: DEBUG nova.api.openstack.wsgi_app [None req-57cc7da6-8136-4b98-b7e4-f917846e2bf5 None None] block_device_allocate_retries = 60 {{(pid=95053) log_opt_values /opt/stack/data/venv/lib/python3.12/site-packages/oslo_config/cfg.py:3245}}
May 20 17:13:32.737663 np0000001091 devstack@n-api-meta.service[95053]: DEBUG nova.api.openstack.wsgi_app [None req-57cc7da6-8136-4b98-b7e4-f917846e2bf5 None None] block_device_allocate_retries_interval = 3 {{(pid=95053) log_opt_values /opt/stack/data/venv/lib/python3.12/site-packages/oslo_config/cfg.py:3245}}
May 20 17:13:32.737814 np0000001091 devstack@n-api-meta.service[95053]: DEBUG nova.api.openstack.wsgi_app [None req-57cc7da6-8136-4b98-b7e4-f917846e2bf5 None None] cell_worker_thread_pool_size = 5 {{(pid=95053) log_opt_values /opt/stack/data/venv/lib/python3.12/site-packages/oslo_config/cfg.py:3245}}
May 20 17:13:32.737901 np0000001091 devstack@n-api-meta.service[95053]: DEBUG nova.api.openstack.wsgi_app [None req-57cc7da6-8136-4b98-b7e4-f917846e2bf5 None None] cert = self.pem {{(pid=95053) log_opt_values /opt/stack/data/venv/lib/python3.12/site-packages/oslo_config/cfg.py:3245}}
May 20 17:13:32.738065 np0000001091 devstack@n-api-meta.service[95053]: DEBUG nova.api.openstack.wsgi_app [None req-57cc7da6-8136-4b98-b7e4-f917846e2bf5 None None] compute_driver = libvirt.LibvirtDriver {{(pid=95053) log_opt_values /opt/stack/data/venv/lib/python3.12/site-packages/oslo_config/cfg.py:3245}}
May 20 17:13:32.738204 np0000001091 devstack@n-api-meta.service[95053]: DEBUG nova.api.openstack.wsgi_app [None req-57cc7da6-8136-4b98-b7e4-f917846e2bf5 None None] compute_monitors = [] {{(pid=95053) log_opt_values /opt/stack/data/venv/lib/python3.12/site-packages/oslo_config/cfg.py:3245}}
May 20 17:13:32.738328 np0000001091 devstack@n-api-meta.service[95053]: DEBUG nova.api.openstack.wsgi_app [None req-57cc7da6-8136-4b98-b7e4-f917846e2bf5 None None] config_dir = [] {{(pid=95053) log_opt_values /opt/stack/data/venv/lib/python3.12/site-packages/oslo_config/cfg.py:3245}}
May 20 17:13:32.738470 np0000001091 devstack@n-api-meta.service[95053]: DEBUG nova.api.openstack.wsgi_app [None req-57cc7da6-8136-4b98-b7e4-f917846e2bf5 None None] config_drive_format = iso9660 {{(pid=95053) log_opt_values /opt/stack/data/venv/lib/python3.12/site-packages/oslo_config/cfg.py:3245}}
May 20 17:13:32.738892 np0000001091 devstack@n-api-meta.service[95053]: DEBUG nova.api.openstack.wsgi_app [None req-57cc7da6-8136-4b98-b7e4-f917846e2bf5 None None] config_file = ['/etc/nova/api-paste.ini', '/etc/nova/nova.conf'] {{(pid=95053) log_opt_values /opt/stack/data/venv/lib/python3.12/site-packages/oslo_config/cfg.py:3245}}
May 20 17:13:32.738892 np0000001091 devstack@n-api-meta.service[95053]: DEBUG nova.api.openstack.wsgi_app [None req-57cc7da6-8136-4b98-b7e4-f917846e2bf5 None None] config_source = [] {{(pid=95053) log_opt_values /opt/stack/data/venv/lib/python3.12/site-packages/oslo_config/cfg.py:3245}}
May 20 17:13:32.738892 np0000001091 devstack@n-api-meta.service[95053]: DEBUG nova.api.openstack.wsgi_app [None req-57cc7da6-8136-4b98-b7e4-f917846e2bf5 None None] console_host = np0000001091 {{(pid=95053) log_opt_values /opt/stack/data/venv/lib/python3.12/site-packages/oslo_config/cfg.py:3245}}
May 20 17:13:32.739019 np0000001091 devstack@n-api-meta.service[95053]: DEBUG nova.api.openstack.wsgi_app [None req-57cc7da6-8136-4b98-b7e4-f917846e2bf5 None None] control_exchange = nova {{(pid=95053) log_opt_values /opt/stack/data/venv/lib/python3.12/site-packages/oslo_config/cfg.py:3245}}
May 20 17:13:32.739062 np0000001091 devstack@n-api-meta.service[95053]: DEBUG nova.api.openstack.wsgi_app [None req-57cc7da6-8136-4b98-b7e4-f917846e2bf5 None None] cpu_allocation_ratio = None {{(pid=95053) log_opt_values /opt/stack/data/venv/lib/python3.12/site-packages/oslo_config/cfg.py:3245}}
May 20 17:13:32.739150 np0000001091 devstack@n-api-meta.service[95053]: DEBUG nova.api.openstack.wsgi_app [None req-57cc7da6-8136-4b98-b7e4-f917846e2bf5 None None] daemon = False {{(pid=95053) log_opt_values /opt/stack/data/venv/lib/python3.12/site-packages/oslo_config/cfg.py:3245}}
May 20 17:13:32.739266 np0000001091 devstack@n-api-meta.service[95053]: DEBUG nova.api.openstack.wsgi_app [None req-57cc7da6-8136-4b98-b7e4-f917846e2bf5 None None] debug = True {{(pid=95053) log_opt_values /opt/stack/data/venv/lib/python3.12/site-packages/oslo_config/cfg.py:3245}}
May 20 17:13:32.739380 np0000001091 devstack@n-api-meta.service[95053]: DEBUG nova.api.openstack.wsgi_app [None req-57cc7da6-8136-4b98-b7e4-f917846e2bf5 None None] default_access_ip_network_name = None {{(pid=95053) log_opt_values /opt/stack/data/venv/lib/python3.12/site-packages/oslo_config/cfg.py:3245}}
May 20 17:13:32.739513 np0000001091 devstack@n-api-meta.service[95053]: DEBUG nova.api.openstack.wsgi_app [None req-57cc7da6-8136-4b98-b7e4-f917846e2bf5 None None] default_availability_zone = nova {{(pid=95053) log_opt_values /opt/stack/data/venv/lib/python3.12/site-packages/oslo_config/cfg.py:3245}}
May 20 17:13:32.739632 np0000001091 devstack@n-api-meta.service[95053]: DEBUG nova.api.openstack.wsgi_app [None req-57cc7da6-8136-4b98-b7e4-f917846e2bf5 None None] default_ephemeral_format = ext4 {{(pid=95053) log_opt_values /opt/stack/data/venv/lib/python3.12/site-packages/oslo_config/cfg.py:3245}}
May 20 17:13:32.739753 np0000001091 devstack@n-api-meta.service[95053]: DEBUG nova.api.openstack.wsgi_app [None req-57cc7da6-8136-4b98-b7e4-f917846e2bf5 None None] default_green_pool_size = 1000 {{(pid=95053) log_opt_values /opt/stack/data/venv/lib/python3.12/site-packages/oslo_config/cfg.py:3245}}
May 20 17:13:32.739954 np0000001091 devstack@n-api-meta.service[95053]: DEBUG nova.api.openstack.wsgi_app [None req-57cc7da6-8136-4b98-b7e4-f917846e2bf5 None None] default_log_levels = ['amqp=WARN', 'boto=WARN', 'sqlalchemy=WARN', 'suds=INFO', 'oslo.messaging=INFO', 'oslo_messaging=INFO', 'iso8601=WARN', 'requests.packages.urllib3.connectionpool=WARN', 'urllib3.connectionpool=WARN', 'websocket=WARN', 'requests.packages.urllib3.util.retry=WARN', 'urllib3.util.retry=WARN', 'keystonemiddleware=WARN', 'routes.middleware=WARN', 'stevedore=WARN', 'taskflow=WARN', 'keystoneauth=WARN', 'oslo.cache=INFO', 'oslo_policy=INFO', 'dogpile.core.dogpile=INFO', 'glanceclient=WARN', 'oslo.privsep.daemon=INFO'] {{(pid=95053) log_opt_values /opt/stack/data/venv/lib/python3.12/site-packages/oslo_config/cfg.py:3245}}
May 20 17:13:32.740071 np0000001091 devstack@n-api-meta.service[95053]: DEBUG nova.api.openstack.wsgi_app [None req-57cc7da6-8136-4b98-b7e4-f917846e2bf5 None None] default_schedule_zone = None {{(pid=95053) log_opt_values /opt/stack/data/venv/lib/python3.12/site-packages/oslo_config/cfg.py:3245}}
May 20 17:13:32.740195 np0000001091 devstack@n-api-meta.service[95053]: DEBUG nova.api.openstack.wsgi_app [None req-57cc7da6-8136-4b98-b7e4-f917846e2bf5 None None] default_thread_pool_size = 10 {{(pid=95053) log_opt_values /opt/stack/data/venv/lib/python3.12/site-packages/oslo_config/cfg.py:3245}}
May 20 17:13:32.740369 np0000001091 devstack@n-api-meta.service[95053]: DEBUG nova.api.openstack.wsgi_app [None req-57cc7da6-8136-4b98-b7e4-f917846e2bf5 None None] disk_allocation_ratio = None {{(pid=95053) log_opt_values /opt/stack/data/venv/lib/python3.12/site-packages/oslo_config/cfg.py:3245}}
May 20 17:13:32.740505 np0000001091 devstack@n-api-meta.service[95053]: DEBUG nova.api.openstack.wsgi_app [None req-57cc7da6-8136-4b98-b7e4-f917846e2bf5 None None] enable_new_services = True {{(pid=95053) log_opt_values /opt/stack/data/venv/lib/python3.12/site-packages/oslo_config/cfg.py:3245}}
May 20 17:13:32.740620 np0000001091 devstack@n-api-meta.service[95053]: DEBUG nova.api.openstack.wsgi_app [None req-57cc7da6-8136-4b98-b7e4-f917846e2bf5 None None] flat_injected = False {{(pid=95053) log_opt_values /opt/stack/data/venv/lib/python3.12/site-packages/oslo_config/cfg.py:3245}}
May 20 17:13:32.740743 np0000001091 devstack@n-api-meta.service[95053]: DEBUG nova.api.openstack.wsgi_app [None req-57cc7da6-8136-4b98-b7e4-f917846e2bf5 None None] force_config_drive = True {{(pid=95053) log_opt_values /opt/stack/data/venv/lib/python3.12/site-packages/oslo_config/cfg.py:3245}}
May 20 17:13:32.740869 np0000001091 devstack@n-api-meta.service[95053]: DEBUG nova.api.openstack.wsgi_app [None req-57cc7da6-8136-4b98-b7e4-f917846e2bf5 None None] force_raw_images = True {{(pid=95053) log_opt_values /opt/stack/data/venv/lib/python3.12/site-packages/oslo_config/cfg.py:3245}}
May 20 17:13:32.741023 np0000001091 devstack@n-api-meta.service[95053]: DEBUG nova.api.openstack.wsgi_app [None req-57cc7da6-8136-4b98-b7e4-f917846e2bf5 None None] graceful_shutdown_timeout = 5 {{(pid=95053) log_opt_values /opt/stack/data/venv/lib/python3.12/site-packages/oslo_config/cfg.py:3245}}
May 20 17:13:32.741934 np0000001091 devstack@n-api-meta.service[95053]: DEBUG nova.api.openstack.wsgi_app [None req-57cc7da6-8136-4b98-b7e4-f917846e2bf5 None None] heal_instance_info_cache_interval = -1 {{(pid=95053) log_opt_values /opt/stack/data/venv/lib/python3.12/site-packages/oslo_config/cfg.py:3245}}
May 20 17:13:32.741934 np0000001091 devstack@n-api-meta.service[95053]: DEBUG nova.api.openstack.wsgi_app [None req-57cc7da6-8136-4b98-b7e4-f917846e2bf5 None None] host = np0000001091 {{(pid=95053) log_opt_values /opt/stack/data/venv/lib/python3.12/site-packages/oslo_config/cfg.py:3245}}
May 20 17:13:32.741934 np0000001091 devstack@n-api-meta.service[95053]: DEBUG nova.api.openstack.wsgi_app [None req-57cc7da6-8136-4b98-b7e4-f917846e2bf5 None None] initial_cpu_allocation_ratio = 4.0 {{(pid=95053) log_opt_values /opt/stack/data/venv/lib/python3.12/site-packages/oslo_config/cfg.py:3245}}
May 20 17:13:32.741934 np0000001091 devstack@n-api-meta.service[95053]: DEBUG nova.api.openstack.wsgi_app [None req-57cc7da6-8136-4b98-b7e4-f917846e2bf5 None None] initial_disk_allocation_ratio = 1.0 {{(pid=95053) log_opt_values /opt/stack/data/venv/lib/python3.12/site-packages/oslo_config/cfg.py:3245}}
May 20 17:13:32.741934 np0000001091 devstack@n-api-meta.service[95053]: DEBUG nova.api.openstack.wsgi_app [None req-57cc7da6-8136-4b98-b7e4-f917846e2bf5 None None] initial_ram_allocation_ratio = 1.0 {{(pid=95053) log_opt_values /opt/stack/data/venv/lib/python3.12/site-packages/oslo_config/cfg.py:3245}}
May 20 17:13:32.741934 np0000001091 devstack@n-api-meta.service[95053]: DEBUG nova.api.openstack.wsgi_app [None req-57cc7da6-8136-4b98-b7e4-f917846e2bf5 None None] injected_network_template = /opt/stack/nova/nova/virt/interfaces.template {{(pid=95053) log_opt_values /opt/stack/data/venv/lib/python3.12/site-packages/oslo_config/cfg.py:3245}}
May 20 17:13:32.742157 np0000001091 devstack@n-api-meta.service[95053]: DEBUG nova.api.openstack.wsgi_app [None req-57cc7da6-8136-4b98-b7e4-f917846e2bf5 None None] instance_build_timeout = 0 {{(pid=95053) log_opt_values /opt/stack/data/venv/lib/python3.12/site-packages/oslo_config/cfg.py:3245}}
May 20 17:13:32.742157 np0000001091 devstack@n-api-meta.service[95053]: DEBUG nova.api.openstack.wsgi_app [None req-57cc7da6-8136-4b98-b7e4-f917846e2bf5 None None] instance_delete_interval = 300 {{(pid=95053) log_opt_values /opt/stack/data/venv/lib/python3.12/site-packages/oslo_config/cfg.py:3245}}
May 20 17:13:32.742235 np0000001091 devstack@n-api-meta.service[95053]: DEBUG nova.api.openstack.wsgi_app [None req-57cc7da6-8136-4b98-b7e4-f917846e2bf5 None None] instance_format = [instance: %(uuid)s] {{(pid=95053) log_opt_values /opt/stack/data/venv/lib/python3.12/site-packages/oslo_config/cfg.py:3245}}
May 20 17:13:32.742303 np0000001091 devstack@n-api-meta.service[95053]: DEBUG nova.api.openstack.wsgi_app [None req-57cc7da6-8136-4b98-b7e4-f917846e2bf5 None None] instance_name_template = instance-%08x {{(pid=95053) log_opt_values /opt/stack/data/venv/lib/python3.12/site-packages/oslo_config/cfg.py:3245}}
May 20 17:13:32.742417 np0000001091 devstack@n-api-meta.service[95053]: DEBUG nova.api.openstack.wsgi_app [None req-57cc7da6-8136-4b98-b7e4-f917846e2bf5 None None] instance_usage_audit = False {{(pid=95053) log_opt_values /opt/stack/data/venv/lib/python3.12/site-packages/oslo_config/cfg.py:3245}}
May 20 17:13:32.742509 np0000001091 devstack@n-api-meta.service[95055]: WARNING nova.api.metadata.handler [None req-34ffd686-9c6d-4304-b759-13cf5c670c39 None None] metadata_proxy_shared_secret is not configured, the metadata information returned by the proxy cannot be trusted
May 20 17:13:32.742554 np0000001091 devstack@n-api-meta.service[95053]: DEBUG nova.api.openstack.wsgi_app [None req-57cc7da6-8136-4b98-b7e4-f917846e2bf5 None None] instance_usage_audit_period = month {{(pid=95053) log_opt_values /opt/stack/data/venv/lib/python3.12/site-packages/oslo_config/cfg.py:3245}}
May 20 17:13:32.742666 np0000001091 devstack@n-api-meta.service[95053]: DEBUG nova.api.openstack.wsgi_app [None req-57cc7da6-8136-4b98-b7e4-f917846e2bf5 None None] instance_uuid_format = [instance: %(uuid)s] {{(pid=95053) log_opt_values /opt/stack/data/venv/lib/python3.12/site-packages/oslo_config/cfg.py:3245}}
May 20 17:13:32.742783 np0000001091 devstack@n-api-meta.service[95053]: DEBUG nova.api.openstack.wsgi_app [None req-57cc7da6-8136-4b98-b7e4-f917846e2bf5 None None] instances_path = /opt/stack/data/nova/instances {{(pid=95053) log_opt_values /opt/stack/data/venv/lib/python3.12/site-packages/oslo_config/cfg.py:3245}}
May 20 17:13:32.742924 np0000001091 devstack@n-api-meta.service[95053]: DEBUG nova.api.openstack.wsgi_app [None req-57cc7da6-8136-4b98-b7e4-f917846e2bf5 None None] internal_service_availability_zone = internal {{(pid=95053) log_opt_values /opt/stack/data/venv/lib/python3.12/site-packages/oslo_config/cfg.py:3245}}
May 20 17:13:32.743040 np0000001091 devstack@n-api-meta.service[95053]: DEBUG nova.api.openstack.wsgi_app [None req-57cc7da6-8136-4b98-b7e4-f917846e2bf5 None None] key = None {{(pid=95053) log_opt_values /opt/stack/data/venv/lib/python3.12/site-packages/oslo_config/cfg.py:3245}}
May 20 17:13:32.743154 np0000001091 devstack@n-api-meta.service[95053]: DEBUG nova.api.openstack.wsgi_app [None req-57cc7da6-8136-4b98-b7e4-f917846e2bf5 None None] live_migration_retry_count = 30 {{(pid=95053) log_opt_values /opt/stack/data/venv/lib/python3.12/site-packages/oslo_config/cfg.py:3245}}
May 20 17:13:32.743273 np0000001091 devstack@n-api-meta.service[95053]: DEBUG nova.api.openstack.wsgi_app [None req-57cc7da6-8136-4b98-b7e4-f917846e2bf5 None None] log_color = False {{(pid=95053) log_opt_values /opt/stack/data/venv/lib/python3.12/site-packages/oslo_config/cfg.py:3245}}
May 20 17:13:32.743387 np0000001091 devstack@n-api-meta.service[95053]: DEBUG nova.api.openstack.wsgi_app [None req-57cc7da6-8136-4b98-b7e4-f917846e2bf5 None None] log_config_append = None {{(pid=95053) log_opt_values /opt/stack/data/venv/lib/python3.12/site-packages/oslo_config/cfg.py:3245}}
May 20 17:13:32.743516 np0000001091 devstack@n-api-meta.service[95053]: DEBUG nova.api.openstack.wsgi_app [None req-57cc7da6-8136-4b98-b7e4-f917846e2bf5 None None] log_date_format = %Y-%m-%d %H:%M:%S {{(pid=95053) log_opt_values /opt/stack/data/venv/lib/python3.12/site-packages/oslo_config/cfg.py:3245}}
May 20 17:13:32.743629 np0000001091 devstack@n-api-meta.service[95053]: DEBUG nova.api.openstack.wsgi_app [None req-57cc7da6-8136-4b98-b7e4-f917846e2bf5 None None] log_dir = None {{(pid=95053) log_opt_values /opt/stack/data/venv/lib/python3.12/site-packages/oslo_config/cfg.py:3245}}
May 20 17:13:32.743743 np0000001091 devstack@n-api-meta.service[95053]: DEBUG nova.api.openstack.wsgi_app [None req-57cc7da6-8136-4b98-b7e4-f917846e2bf5 None None] log_file = None {{(pid=95053) log_opt_values /opt/stack/data/venv/lib/python3.12/site-packages/oslo_config/cfg.py:3245}}
May 20 17:13:32.745130 np0000001091 devstack@n-api-meta.service[95053]: DEBUG nova.api.openstack.wsgi_app [None req-57cc7da6-8136-4b98-b7e4-f917846e2bf5 None None] log_options = True {{(pid=95053) log_opt_values /opt/stack/data/venv/lib/python3.12/site-packages/oslo_config/cfg.py:3245}}
May 20 17:13:32.745130 np0000001091 devstack@n-api-meta.service[95053]: DEBUG nova.api.openstack.wsgi_app [None req-57cc7da6-8136-4b98-b7e4-f917846e2bf5 None None] log_rotate_interval = 1 {{(pid=95053) log_opt_values /opt/stack/data/venv/lib/python3.12/site-packages/oslo_config/cfg.py:3245}}
May 20 17:13:32.745130 np0000001091 devstack@n-api-meta.service[95053]: DEBUG nova.api.openstack.wsgi_app [None req-57cc7da6-8136-4b98-b7e4-f917846e2bf5 None None] log_rotate_interval_type = days {{(pid=95053) log_opt_values /opt/stack/data/venv/lib/python3.12/site-packages/oslo_config/cfg.py:3245}}
May 20 17:13:32.745130 np0000001091 devstack@n-api-meta.service[95053]: DEBUG nova.api.openstack.wsgi_app [None req-57cc7da6-8136-4b98-b7e4-f917846e2bf5 None None] log_rotation_type = none {{(pid=95053) log_opt_values /opt/stack/data/venv/lib/python3.12/site-packages/oslo_config/cfg.py:3245}}
May 20 17:13:32.745130 np0000001091 devstack@n-api-meta.service[95053]: DEBUG nova.api.openstack.wsgi_app [None req-57cc7da6-8136-4b98-b7e4-f917846e2bf5 None None] logging_context_format_string = %(color)s%(levelname)s %(name)s [%(global_request_id)s %(request_id)s %(project_name)s %(user_name)s%(color)s] %(instance)s%(color)s%(message)s {{(pid=95053) log_opt_values /opt/stack/data/venv/lib/python3.12/site-packages/oslo_config/cfg.py:3245}}
May 20 17:13:32.745130 np0000001091 devstack@n-api-meta.service[95053]: DEBUG nova.api.openstack.wsgi_app [None req-57cc7da6-8136-4b98-b7e4-f917846e2bf5 None None] logging_debug_format_suffix = {{(pid=%(process)d) %(funcName)s %(pathname)s:%(lineno)d}} {{(pid=95053) log_opt_values /opt/stack/data/venv/lib/python3.12/site-packages/oslo_config/cfg.py:3245}}
May 20 17:13:32.745390 np0000001091 devstack@n-api-meta.service[95053]: DEBUG nova.api.openstack.wsgi_app [None req-57cc7da6-8136-4b98-b7e4-f917846e2bf5 None None] logging_default_format_string = %(color)s%(levelname)s %(name)s [-%(color)s] %(instance)s%(color)s%(message)s {{(pid=95053) log_opt_values /opt/stack/data/venv/lib/python3.12/site-packages/oslo_config/cfg.py:3245}}
May 20 17:13:32.745390 np0000001091 devstack@n-api-meta.service[95053]: DEBUG nova.api.openstack.wsgi_app [None req-57cc7da6-8136-4b98-b7e4-f917846e2bf5 None None] logging_exception_prefix = ERROR %(name)s %(instance)s {{(pid=95053) log_opt_values /opt/stack/data/venv/lib/python3.12/site-packages/oslo_config/cfg.py:3245}}
May 20 17:13:32.745390 np0000001091 devstack@n-api-meta.service[95053]: DEBUG nova.api.openstack.wsgi_app [None req-57cc7da6-8136-4b98-b7e4-f917846e2bf5 None None] logging_user_identity_format = %(user)s %(project)s %(domain)s %(system_scope)s %(user_domain)s %(project_domain)s {{(pid=95053) log_opt_values /opt/stack/data/venv/lib/python3.12/site-packages/oslo_config/cfg.py:3245}}
May 20 17:13:32.745390 np0000001091 devstack@n-api-meta.service[95053]: DEBUG nova.api.openstack.wsgi_app [None req-57cc7da6-8136-4b98-b7e4-f917846e2bf5 None None] long_rpc_timeout = 1800 {{(pid=95053) log_opt_values /opt/stack/data/venv/lib/python3.12/site-packages/oslo_config/cfg.py:3245}}
May 20 17:13:32.745390 np0000001091 devstack@n-api-meta.service[95053]: DEBUG nova.api.openstack.wsgi_app [None req-57cc7da6-8136-4b98-b7e4-f917846e2bf5 None None] manager_shutdown_timeout = 160 {{(pid=95053) log_opt_values /opt/stack/data/venv/lib/python3.12/site-packages/oslo_config/cfg.py:3245}}
May 20 17:13:32.745390 np0000001091 devstack@n-api-meta.service[95053]: DEBUG nova.api.openstack.wsgi_app [None req-57cc7da6-8136-4b98-b7e4-f917846e2bf5 None None] max_concurrent_builds = 10 {{(pid=95053) log_opt_values /opt/stack/data/venv/lib/python3.12/site-packages/oslo_config/cfg.py:3245}}
May 20 17:13:32.745533 np0000001091 devstack@n-api-meta.service[95053]: DEBUG nova.api.openstack.wsgi_app [None req-57cc7da6-8136-4b98-b7e4-f917846e2bf5 None None] max_concurrent_live_migrations = 1 {{(pid=95053) log_opt_values /opt/stack/data/venv/lib/python3.12/site-packages/oslo_config/cfg.py:3245}}
May 20 17:13:32.745533 np0000001091 devstack@n-api-meta.service[95053]: DEBUG nova.api.openstack.wsgi_app [None req-57cc7da6-8136-4b98-b7e4-f917846e2bf5 None None] max_concurrent_snapshots = 5 {{(pid=95053) log_opt_values /opt/stack/data/venv/lib/python3.12/site-packages/oslo_config/cfg.py:3245}}
May 20 17:13:32.745533 np0000001091 devstack@n-api-meta.service[95053]: DEBUG nova.api.openstack.wsgi_app [None req-57cc7da6-8136-4b98-b7e4-f917846e2bf5 None None] max_local_block_devices = 3 {{(pid=95053) log_opt_values /opt/stack/data/venv/lib/python3.12/site-packages/oslo_config/cfg.py:3245}}
May 20 17:13:32.745533 np0000001091 devstack@n-api-meta.service[95053]: DEBUG nova.api.openstack.wsgi_app [None req-57cc7da6-8136-4b98-b7e4-f917846e2bf5 None None] max_logfile_count = 30 {{(pid=95053) log_opt_values /opt/stack/data/venv/lib/python3.12/site-packages/oslo_config/cfg.py:3245}}
May 20 17:13:32.745612 np0000001091 devstack@n-api-meta.service[95053]: DEBUG nova.api.openstack.wsgi_app [None req-57cc7da6-8136-4b98-b7e4-f917846e2bf5 None None] max_logfile_size_mb = 200 {{(pid=95053) log_opt_values /opt/stack/data/venv/lib/python3.12/site-packages/oslo_config/cfg.py:3245}}
May 20 17:13:32.745642 np0000001091 devstack@n-api-meta.service[95055]: DEBUG nova.api.openstack.wsgi_app [None req-34ffd686-9c6d-4304-b759-13cf5c670c39 None None] ******************************************************************************** {{(pid=95055) log_opt_values /opt/stack/data/venv/lib/python3.12/site-packages/oslo_config/cfg.py:3229}}
May 20 17:13:32.745719 np0000001091 devstack@n-api-meta.service[95053]: DEBUG nova.api.openstack.wsgi_app [None req-57cc7da6-8136-4b98-b7e4-f917846e2bf5 None None] maximum_instance_delete_attempts = 5 {{(pid=95053) log_opt_values /opt/stack/data/venv/lib/python3.12/site-packages/oslo_config/cfg.py:3245}}
May 20 17:13:32.745756 np0000001091 devstack@n-api-meta.service[95055]: DEBUG nova.api.openstack.wsgi_app [None req-34ffd686-9c6d-4304-b759-13cf5c670c39 None None] Configuration options gathered from: {{(pid=95055) log_opt_values /opt/stack/data/venv/lib/python3.12/site-packages/oslo_config/cfg.py:3230}}
May 20 17:13:32.747237 np0000001091 devstack@n-api-meta.service[95053]: DEBUG nova.api.openstack.wsgi_app [None req-57cc7da6-8136-4b98-b7e4-f917846e2bf5 None None] migrate_max_retries = -1 {{(pid=95053) log_opt_values /opt/stack/data/venv/lib/python3.12/site-packages/oslo_config/cfg.py:3245}}
May 20 17:13:32.747287 np0000001091 devstack@n-api-meta.service[95055]: DEBUG nova.api.openstack.wsgi_app [None req-34ffd686-9c6d-4304-b759-13cf5c670c39 None None] command line args: [] {{(pid=95055) log_opt_values /opt/stack/data/venv/lib/python3.12/site-packages/oslo_config/cfg.py:3231}}
May 20 17:13:32.747345 np0000001091 devstack@n-api-meta.service[95053]: DEBUG nova.api.openstack.wsgi_app [None req-57cc7da6-8136-4b98-b7e4-f917846e2bf5 None None] mkisofs_cmd = genisoimage {{(pid=95053) log_opt_values /opt/stack/data/venv/lib/python3.12/site-packages/oslo_config/cfg.py:3245}}
May 20 17:13:32.747380 np0000001091 devstack@n-api-meta.service[95055]: DEBUG nova.api.openstack.wsgi_app [None req-34ffd686-9c6d-4304-b759-13cf5c670c39 None None] config files: ['/etc/nova/api-paste.ini', '/etc/nova/nova.conf'] {{(pid=95055) log_opt_values /opt/stack/data/venv/lib/python3.12/site-packages/oslo_config/cfg.py:3232}}
May 20 17:13:32.747403 np0000001091 devstack@n-api-meta.service[95053]: DEBUG nova.api.openstack.wsgi_app [None req-57cc7da6-8136-4b98-b7e4-f917846e2bf5 None None] my_block_storage_ip = 10.4.3.5 {{(pid=95053) log_opt_values /opt/stack/data/venv/lib/python3.12/site-packages/oslo_config/cfg.py:3245}}
May 20 17:13:32.747495 np0000001091 devstack@n-api-meta.service[95055]: DEBUG nova.api.openstack.wsgi_app [None req-34ffd686-9c6d-4304-b759-13cf5c670c39 None None] ================================================================================ {{(pid=95055) log_opt_values /opt/stack/data/venv/lib/python3.12/site-packages/oslo_config/cfg.py:3237}}
