May 20 17:13:08.425150 np0000001091 neutron-periodic-workers[91992]: DEBUG cotyledon.oslo_config_glue [-] ovn.disable_ovn_dhcp_for_baremetal_ports = False {{(pid=91992) log_opt_values /opt/stack/data/venv/lib/python3.12/site-packages/oslo_config/cfg.py:3256}}
May 20 17:13:08.425375 np0000001091 neutron-periodic-workers[91992]: DEBUG cotyledon.oslo_config_glue [-] ovn.dns_records_ovn_owned = False {{(pid=91992) log_opt_values /opt/stack/data/venv/lib/python3.12/site-packages/oslo_config/cfg.py:3256}}
May 20 17:13:08.425375 np0000001091 neutron-periodic-workers[91992]: DEBUG cotyledon.oslo_config_glue [-] ovn.dns_servers = [] {{(pid=91992) log_opt_values /opt/stack/data/venv/lib/python3.12/site-packages/oslo_config/cfg.py:3256}}
May 20 17:13:08.425375 np0000001091 neutron-periodic-workers[91992]: DEBUG cotyledon.oslo_config_glue [-] ovn.enable_distributed_floating_ip = False {{(pid=91992) log_opt_values /opt/stack/data/venv/lib/python3.12/site-packages/oslo_config/cfg.py:3256}}
May 20 17:13:08.425375 np0000001091 neutron-periodic-workers[91992]: DEBUG cotyledon.oslo_config_glue [-] ovn.fdb_age_threshold = 300 {{(pid=91992) log_opt_values /opt/stack/data/venv/lib/python3.12/site-packages/oslo_config/cfg.py:3256}}
May 20 17:13:08.425375 np0000001091 neutron-periodic-workers[91992]: DEBUG cotyledon.oslo_config_glue [-] ovn.ha_failover_strategy = normal {{(pid=91992) log_opt_values /opt/stack/data/venv/lib/python3.12/site-packages/oslo_config/cfg.py:3256}}
May 20 17:13:08.425375 np0000001091 neutron-periodic-workers[91992]: DEBUG cotyledon.oslo_config_glue [-] ovn.live_migration_activation_strategy = rarp {{(pid=91992) log_opt_values /opt/stack/data/venv/lib/python3.12/site-packages/oslo_config/cfg.py:3256}}
May 20 17:13:08.425375 np0000001091 neutron-periodic-workers[91992]: DEBUG cotyledon.oslo_config_glue [-] ovn.localnet_learn_fdb = False {{(pid=91992) log_opt_values /opt/stack/data/venv/lib/python3.12/site-packages/oslo_config/cfg.py:3256}}
May 20 17:13:08.425375 np0000001091 neutron-periodic-workers[91992]: DEBUG cotyledon.oslo_config_glue [-] ovn.mac_binding_age_threshold = 300 {{(pid=91992) log_opt_values /opt/stack/data/venv/lib/python3.12/site-packages/oslo_config/cfg.py:3256}}
May 20 17:13:08.425375 np0000001091 neutron-periodic-workers[91992]: DEBUG cotyledon.oslo_config_glue [-] ovn.neutron_sync_mode = log {{(pid=91992) log_opt_values /opt/stack/data/venv/lib/python3.12/site-packages/oslo_config/cfg.py:3256}}
May 20 17:13:08.425562 np0000001091 neutron-periodic-workers[91992]: DEBUG cotyledon.oslo_config_glue [-] ovn.ovn_dhcp4_global_options = {} {{(pid=91992) log_opt_values /opt/stack/data/venv/lib/python3.12/site-packages/oslo_config/cfg.py:3256}}
May 20 17:13:08.425562 np0000001091 neutron-periodic-workers[91992]: DEBUG cotyledon.oslo_config_glue [-] ovn.ovn_dhcp6_global_options = {} {{(pid=91992) log_opt_values /opt/stack/data/venv/lib/python3.12/site-packages/oslo_config/cfg.py:3256}}
May 20 17:13:08.425562 np0000001091 neutron-periodic-workers[91992]: DEBUG cotyledon.oslo_config_glue [-] ovn.ovn_l3_scheduler = leastloaded {{(pid=91992) log_opt_values /opt/stack/data/venv/lib/python3.12/site-packages/oslo_config/cfg.py:3256}}
May 20 17:13:08.425562 np0000001091 neutron-periodic-workers[91992]: DEBUG cotyledon.oslo_config_glue [-] ovn.ovn_metadata_enabled = True {{(pid=91992) log_opt_values /opt/stack/data/venv/lib/python3.12/site-packages/oslo_config/cfg.py:3256}}
May 20 17:13:08.425562 np0000001091 neutron-periodic-workers[91992]: DEBUG cotyledon.oslo_config_glue [-] ovn.ovn_nb_ca_cert = /opt/stack/data/CA/int-ca/ca-chain.pem {{(pid=91992) log_opt_values /opt/stack/data/venv/lib/python3.12/site-packages/oslo_config/cfg.py:3256}}
May 20 17:13:08.425562 np0000001091 neutron-periodic-workers[91992]: DEBUG cotyledon.oslo_config_glue [-] ovn.ovn_nb_certificate = /opt/stack/data/CA/int-ca/devstack-cert.crt {{(pid=91992) log_opt_values /opt/stack/data/venv/lib/python3.12/site-packages/oslo_config/cfg.py:3256}}
May 20 17:13:08.425562 np0000001091 neutron-periodic-workers[91992]: DEBUG cotyledon.oslo_config_glue [-] ovn.ovn_nb_connection = ['ssl:10.4.3.5:6641'] {{(pid=91992) log_opt_values /opt/stack/data/venv/lib/python3.12/site-packages/oslo_config/cfg.py:3256}}
May 20 17:13:08.425562 np0000001091 neutron-periodic-workers[91992]: DEBUG cotyledon.oslo_config_glue [-] ovn.ovn_nb_private_key = /opt/stack/data/CA/int-ca/private/devstack-cert.key {{(pid=91992) log_opt_values /opt/stack/data/venv/lib/python3.12/site-packages/oslo_config/cfg.py:3256}}
May 20 17:13:08.425721 np0000001091 neutron-periodic-workers[91992]: DEBUG cotyledon.oslo_config_glue [-] ovn.ovn_router_indirect_snat = False {{(pid=91992) log_opt_values /opt/stack/data/venv/lib/python3.12/site-packages/oslo_config/cfg.py:3256}}
May 20 17:13:08.425721 np0000001091 neutron-periodic-workers[91992]: DEBUG cotyledon.oslo_config_glue [-] ovn.ovn_sb_ca_cert = /opt/stack/data/CA/int-ca/ca-chain.pem {{(pid=91992) log_opt_values /opt/stack/data/venv/lib/python3.12/site-packages/oslo_config/cfg.py:3256}}
May 20 17:13:08.425721 np0000001091 neutron-periodic-workers[91992]: DEBUG cotyledon.oslo_config_glue [-] ovn.ovn_sb_certificate = /opt/stack/data/CA/int-ca/devstack-cert.crt {{(pid=91992) log_opt_values /opt/stack/data/venv/lib/python3.12/site-packages/oslo_config/cfg.py:3256}}
May 20 17:13:08.425721 np0000001091 neutron-periodic-workers[91992]: DEBUG cotyledon.oslo_config_glue [-] ovn.ovn_sb_connection = ['ssl:10.4.3.5:6642'] {{(pid=91992) log_opt_values /opt/stack/data/venv/lib/python3.12/site-packages/oslo_config/cfg.py:3256}}
May 20 17:13:08.425721 np0000001091 neutron-periodic-workers[91992]: DEBUG cotyledon.oslo_config_glue [-] ovn.ovn_sb_private_key = /opt/stack/data/CA/int-ca/private/devstack-cert.key {{(pid=91992) log_opt_values /opt/stack/data/venv/lib/python3.12/site-packages/oslo_config/cfg.py:3256}}
May 20 17:13:08.425721 np0000001091 neutron-periodic-workers[91992]: DEBUG cotyledon.oslo_config_glue [-] ovn.ovs_create_tap = False {{(pid=91992) log_opt_values /opt/stack/data/venv/lib/python3.12/site-packages/oslo_config/cfg.py:3256}}
May 20 17:13:08.425721 np0000001091 neutron-periodic-workers[91992]: DEBUG cotyledon.oslo_config_glue [-] ovn.ovsdb_connection_timeout = 180 {{(pid=91992) log_opt_values /opt/stack/data/venv/lib/python3.12/site-packages/oslo_config/cfg.py:3256}}
May 20 17:13:08.425721 np0000001091 neutron-periodic-workers[91992]: DEBUG cotyledon.oslo_config_glue [-] ovn.ovsdb_log_level = INFO {{(pid=91992) log_opt_values /opt/stack/data/venv/lib/python3.12/site-packages/oslo_config/cfg.py:3256}}
May 20 17:13:08.425905 np0000001091 neutron-periodic-workers[91992]: DEBUG cotyledon.oslo_config_glue [-] ovn.ovsdb_probe_interval = 60000 {{(pid=91992) log_opt_values /opt/stack/data/venv/lib/python3.12/site-packages/oslo_config/cfg.py:3256}}
May 20 17:13:08.425905 np0000001091 neutron-periodic-workers[91992]: DEBUG cotyledon.oslo_config_glue [-] ovn.ovsdb_retry_max_interval = 180 {{(pid=91992) log_opt_values /opt/stack/data/venv/lib/python3.12/site-packages/oslo_config/cfg.py:3256}}
May 20 17:13:08.425905 np0000001091 neutron-periodic-workers[91992]: DEBUG cotyledon.oslo_config_glue [-] ovn.stateless_nat_enabled = False {{(pid=91992) log_opt_values /opt/stack/data/venv/lib/python3.12/site-packages/oslo_config/cfg.py:3256}}
May 20 17:13:08.425905 np0000001091 neutron-periodic-workers[91992]: DEBUG cotyledon.oslo_config_glue [-] ovn.vhost_sock_dir = /var/run/openvswitch {{(pid=91992) log_opt_values /opt/stack/data/venv/lib/python3.12/site-packages/oslo_config/cfg.py:3256}}
May 20 17:13:08.425905 np0000001091 neutron-periodic-workers[91992]: DEBUG cotyledon.oslo_config_glue [-] OVS.bridge_mac_table_size = 50000 {{(pid=91992) log_opt_values /opt/stack/data/venv/lib/python3.12/site-packages/oslo_config/cfg.py:3256}}
May 20 17:13:08.425905 np0000001091 neutron-periodic-workers[91992]: DEBUG cotyledon.oslo_config_glue [-] OVS.igmp_flood = False {{(pid=91992) log_opt_values /opt/stack/data/venv/lib/python3.12/site-packages/oslo_config/cfg.py:3256}}
May 20 17:13:08.425905 np0000001091 neutron-periodic-workers[91992]: DEBUG cotyledon.oslo_config_glue [-] OVS.igmp_flood_reports = True {{(pid=91992) log_opt_values /opt/stack/data/venv/lib/python3.12/site-packages/oslo_config/cfg.py:3256}}
May 20 17:13:08.425905 np0000001091 neutron-periodic-workers[91992]: DEBUG cotyledon.oslo_config_glue [-] OVS.igmp_flood_unregistered = False {{(pid=91992) log_opt_values /opt/stack/data/venv/lib/python3.12/site-packages/oslo_config/cfg.py:3256}}
May 20 17:13:08.425905 np0000001091 neutron-periodic-workers[91992]: DEBUG cotyledon.oslo_config_glue [-] OVS.igmp_snooping_enable = False {{(pid=91992) log_opt_values /opt/stack/data/venv/lib/python3.12/site-packages/oslo_config/cfg.py:3256}}
May 20 17:13:08.426119 np0000001091 neutron-periodic-workers[91992]: DEBUG cotyledon.oslo_config_glue [-] OVS.ovsdb_timeout = 10 {{(pid=91992) log_opt_values /opt/stack/data/venv/lib/python3.12/site-packages/oslo_config/cfg.py:3256}}
May 20 17:13:08.426119 np0000001091 neutron-periodic-workers[91992]: DEBUG cotyledon.oslo_config_glue [-] ovn_nb_global.fdb_removal_limit = 0 {{(pid=91992) log_opt_values /opt/stack/data/venv/lib/python3.12/site-packages/oslo_config/cfg.py:3256}}
May 20 17:13:08.426119 np0000001091 neutron-periodic-workers[91992]: DEBUG cotyledon.oslo_config_glue [-] ovn_nb_global.ignore_lsp_down = False {{(pid=91992) log_opt_values /opt/stack/data/venv/lib/python3.12/site-packages/oslo_config/cfg.py:3256}}
May 20 17:13:08.426119 np0000001091 neutron-periodic-workers[91992]: DEBUG cotyledon.oslo_config_glue [-] ovn_nb_global.mac_binding_removal_limit = 0 {{(pid=91992) log_opt_values /opt/stack/data/venv/lib/python3.12/site-packages/oslo_config/cfg.py:3256}}
May 20 17:13:08.426119 np0000001091 neutron-periodic-workers[91992]: DEBUG cotyledon.oslo_config_glue [-] ******************************************************************************** {{(pid=91992) log_opt_values /opt/stack/data/venv/lib/python3.12/site-packages/oslo_config/cfg.py:3263}}
May 20 17:13:08.426119 np0000001091 neutron-periodic-workers[91992]: DEBUG cotyledon._service_worker [-] Run service ServiceWrapper(0) [91992] {{(pid=91992) wait_forever /opt/stack/data/venv/lib/python3.12/site-packages/cotyledon/_service_worker.py:218}}
May 20 17:13:18.071607 np0000001091 neutron-periodic-workers[90928]: DEBUG dbcounter [-] [90928] Writing DB stats neutron:SELECT=4 {{(pid=90928) stat_writer /opt/stack/data/venv/lib/python3.12/site-packages/dbcounter.py:115}}
May 20 17:13:50.394358 np0000001091 neutron-periodic-workers[91974]: DEBUG oslo_db.sqlalchemy.engines [None req-447da344-6789-42e0-9690-2d0e875ca2e7 None None] Parent process 90928 forked (91974) with an open database connection, which is being discarded and recreated. {{(pid=91974) checkout /opt/stack/data/venv/lib/python3.12/site-packages/oslo_db/sqlalchemy/engines.py:402}}
May 20 17:13:50.400336 np0000001091 neutron-periodic-workers[91974]: DEBUG dbcounter [-] [91974] Writer thread running {{(pid=91974) stat_writer /opt/stack/data/venv/lib/python3.12/site-packages/dbcounter.py:102}}
May 20 17:13:50.403187 np0000001091 neutron-periodic-workers[91974]: DEBUG neutron.db.agents_db [None req-447da344-6789-42e0-9690-2d0e875ca2e7 None None] Agent healthcheck: found 0 active agents {{(pid=91974) agent_health_check /opt/stack/neutron/neutron/db/agents_db.py:322}}
May 20 17:13:50.403356 np0000001091 neutron-periodic-workers[91974]: DEBUG oslo.service.backend._threading.loopingcall [None req-447da344-6789-42e0-9690-2d0e875ca2e7 None None] Fixed interval looping call 'neutron.plugins.ml2.plugin.AgentDbMixin.agent_health_check' sleeping for 36.99 seconds {{(pid=91974) _run_loop /opt/stack/data/venv/lib/python3.12/site-packages/oslo_service/backend/_threading/loopingcall.py:125}}
May 20 17:14:00.400720 np0000001091 neutron-periodic-workers[91974]: DEBUG dbcounter [-] [91974] Writing DB stats neutron:SELECT=1 {{(pid=91974) stat_writer /opt/stack/data/venv/lib/python3.12/site-packages/dbcounter.py:115}}
May 20 17:14:19.375124 np0000001091 neutron-periodic-workers[91958]: DEBUG dbcounter [-] [91958] Writer thread running {{(pid=91958) stat_writer /opt/stack/data/venv/lib/python3.12/site-packages/dbcounter.py:102}}
May 20 17:14:19.382408 np0000001091 neutron-periodic-workers[91958]: DEBUG oslo.service.backend._threading.loopingcall [None req-b36271ef-f873-4203-b101-3ad424f55139 None None] Fixed interval looping call 'neutron.plugins.ml2.plugin.DhcpAgentSchedulerDbMixin.remove_networks_from_down_agents' sleeping for 36.98 seconds {{(pid=91958) _run_loop /opt/stack/data/venv/lib/python3.12/site-packages/oslo_service/backend/_threading/loopingcall.py:125}}
May 20 17:14:27.396976 np0000001091 neutron-periodic-workers[91974]: DEBUG neutron.db.agents_db [None req-447da344-6789-42e0-9690-2d0e875ca2e7 None None] Agent healthcheck: found 0 active agents {{(pid=91974) agent_health_check /opt/stack/neutron/neutron/db/agents_db.py:322}}
May 20 17:14:27.396976 np0000001091 neutron-periodic-workers[91974]: DEBUG oslo.service.backend._threading.loopingcall [None req-447da344-6789-42e0-9690-2d0e875ca2e7 None None] Fixed interval looping call 'neutron.plugins.ml2.plugin.AgentDbMixin.agent_health_check' sleeping for 37.00 seconds {{(pid=91974) _run_loop /opt/stack/data/venv/lib/python3.12/site-packages/oslo_service/backend/_threading/loopingcall.py:125}}
May 20 17:14:29.381501 np0000001091 neutron-periodic-workers[91958]: DEBUG dbcounter [-] [91958] Writing DB stats neutron:SELECT=3 {{(pid=91958) stat_writer /opt/stack/data/venv/lib/python3.12/site-packages/dbcounter.py:115}}
May 20 17:14:37.395950 np0000001091 neutron-periodic-workers[91974]: DEBUG dbcounter [-] [91974] Writing DB stats neutron:SELECT=1 {{(pid=91974) stat_writer /opt/stack/data/venv/lib/python3.12/site-packages/dbcounter.py:115}}
May 20 17:14:56.368574 np0000001091 neutron-periodic-workers[91958]: DEBUG oslo.service.backend._threading.loopingcall [None req-b36271ef-f873-4203-b101-3ad424f55139 None None] Fixed interval looping call 'neutron.plugins.ml2.plugin.DhcpAgentSchedulerDbMixin.remove_networks_from_down_agents' sleeping for 36.99 seconds {{(pid=91958) _run_loop /opt/stack/data/venv/lib/python3.12/site-packages/oslo_service/backend/_threading/loopingcall.py:125}}
May 20 17:15:04.400297 np0000001091 neutron-periodic-workers[91974]: DEBUG neutron.db.agents_db [None req-447da344-6789-42e0-9690-2d0e875ca2e7 None None] Agent healthcheck: found 0 active agents {{(pid=91974) agent_health_check /opt/stack/neutron/neutron/db/agents_db.py:322}}
May 20 17:15:04.400755 np0000001091 neutron-periodic-workers[91974]: DEBUG oslo.service.backend._threading.loopingcall [None req-447da344-6789-42e0-9690-2d0e875ca2e7 None None] Fixed interval looping call 'neutron.plugins.ml2.plugin.AgentDbMixin.agent_health_check' sleeping for 37.00 seconds {{(pid=91974) _run_loop /opt/stack/data/venv/lib/python3.12/site-packages/oslo_service/backend/_threading/loopingcall.py:125}}
May 20 17:15:06.367923 np0000001091 neutron-periodic-workers[91958]: DEBUG dbcounter [-] [91958] Writing DB stats neutron:SELECT=3 {{(pid=91958) stat_writer /opt/stack/data/venv/lib/python3.12/site-packages/dbcounter.py:115}}
May 20 17:15:08.408494 np0000001091 neutron-periodic-workers[91985]: DEBUG dbcounter [-] [91985] Writer thread running {{(pid=91985) stat_writer /opt/stack/data/venv/lib/python3.12/site-packages/dbcounter.py:102}}
May 20 17:15:08.410110 np0000001091 neutron-periodic-workers[91985]: DEBUG oslo.service.backend._threading.loopingcall [None req-b575c2ad-32b3-4842-8f7a-5249702f02d5 None None] Fixed interval looping call 'neutron.db.quota.driver_nolock.DbQuotaNoLockDriver._remove_expired_reservations' sleeping for 119.99 seconds {{(pid=91985) _run_loop /opt/stack/data/venv/lib/python3.12/site-packages/oslo_service/backend/_threading/loopingcall.py:125}}
May 20 17:15:14.399380 np0000001091 neutron-periodic-workers[91974]: DEBUG dbcounter [-] [91974] Writing DB stats neutron:SELECT=1 {{(pid=91974) stat_writer /opt/stack/data/venv/lib/python3.12/site-packages/dbcounter.py:115}}
May 20 17:15:18.409424 np0000001091 neutron-periodic-workers[91985]: DEBUG dbcounter [-] [91985] Writing DB stats neutron:DELETE=1 {{(pid=91985) stat_writer /opt/stack/data/venv/lib/python3.12/site-packages/dbcounter.py:115}}
May 20 17:15:33.364997 np0000001091 neutron-periodic-workers[91958]: DEBUG oslo.service.backend._threading.loopingcall [None req-b36271ef-f873-4203-b101-3ad424f55139 None None] Fixed interval looping call 'neutron.plugins.ml2.plugin.DhcpAgentSchedulerDbMixin.remove_networks_from_down_agents' sleeping for 36.99 seconds {{(pid=91958) _run_loop /opt/stack/data/venv/lib/python3.12/site-packages/oslo_service/backend/_threading/loopingcall.py:125}}
May 20 17:15:41.403489 np0000001091 neutron-periodic-workers[91974]: DEBUG neutron.db.agents_db [None req-447da344-6789-42e0-9690-2d0e875ca2e7 None None] Agent healthcheck: found 0 active agents {{(pid=91974) agent_health_check /opt/stack/neutron/neutron/db/agents_db.py:322}}
May 20 17:15:41.403975 np0000001091 neutron-periodic-workers[91974]: DEBUG oslo.service.backend._threading.loopingcall [None req-447da344-6789-42e0-9690-2d0e875ca2e7 None None] Fixed interval looping call 'neutron.plugins.ml2.plugin.AgentDbMixin.agent_health_check' sleeping for 37.00 seconds {{(pid=91974) _run_loop /opt/stack/data/venv/lib/python3.12/site-packages/oslo_service/backend/_threading/loopingcall.py:125}}
May 20 17:15:42.438741 np0000001091 neutron-periodic-workers[91992]: DEBUG dbcounter [-] [91992] Writer thread running {{(pid=91992) stat_writer /opt/stack/data/venv/lib/python3.12/site-packages/dbcounter.py:102}}
May 20 17:15:42.449159 np0000001091 neutron-periodic-workers[91992]: DEBUG oslo.service.backend._threading.loopingcall [None req-d82b593a-99b9-4b90-b3b6-aca66b938117 None None] Fixed interval looping call 'neutron.services.ovn_l3.plugin.L3_NAT_dbonly_mixin._clean_garbage' sleeping for 299.97 seconds {{(pid=91992) _run_loop /opt/stack/data/venv/lib/python3.12/site-packages/oslo_service/backend/_threading/loopingcall.py:125}}
May 20 17:15:43.363934 np0000001091 neutron-periodic-workers[91958]: DEBUG dbcounter [-] [91958] Writing DB stats neutron:SELECT=3 {{(pid=91958) stat_writer /opt/stack/data/venv/lib/python3.12/site-packages/dbcounter.py:115}}
May 20 17:15:51.402629 np0000001091 neutron-periodic-workers[91974]: DEBUG dbcounter [-] [91974] Writing DB stats neutron:SELECT=1 {{(pid=91974) stat_writer /opt/stack/data/venv/lib/python3.12/site-packages/dbcounter.py:115}}
May 20 17:15:52.439234 np0000001091 neutron-periodic-workers[91992]: DEBUG dbcounter [-] [91992] Writing DB stats neutron:SELECT=1 {{(pid=91992) stat_writer /opt/stack/data/venv/lib/python3.12/site-packages/dbcounter.py:115}}
May 20 17:16:10.365318 np0000001091 neutron-periodic-workers[91958]: DEBUG oslo.service.backend._threading.loopingcall [None req-b36271ef-f873-4203-b101-3ad424f55139 None None] Fixed interval looping call 'neutron.plugins.ml2.plugin.DhcpAgentSchedulerDbMixin.remove_networks_from_down_agents' sleeping for 36.99 seconds {{(pid=91958) _run_loop /opt/stack/data/venv/lib/python3.12/site-packages/oslo_service/backend/_threading/loopingcall.py:125}}
May 20 17:16:18.412228 np0000001091 neutron-periodic-workers[91974]: DEBUG neutron.db.agents_db [None req-447da344-6789-42e0-9690-2d0e875ca2e7 None None] Agent healthcheck: found 0 active agents {{(pid=91974) agent_health_check /opt/stack/neutron/neutron/db/agents_db.py:322}}
May 20 17:16:18.412665 np0000001091 neutron-periodic-workers[91974]: DEBUG oslo.service.backend._threading.loopingcall [None req-447da344-6789-42e0-9690-2d0e875ca2e7 None None] Fixed interval looping call 'neutron.plugins.ml2.plugin.AgentDbMixin.agent_health_check' sleeping for 36.99 seconds {{(pid=91974) _run_loop /opt/stack/data/venv/lib/python3.12/site-packages/oslo_service/backend/_threading/loopingcall.py:125}}
May 20 17:16:20.364069 np0000001091 neutron-periodic-workers[91958]: DEBUG dbcounter [-] [91958] Writing DB stats neutron:SELECT=3 {{(pid=91958) stat_writer /opt/stack/data/venv/lib/python3.12/site-packages/dbcounter.py:115}}
May 20 17:16:28.411877 np0000001091 neutron-periodic-workers[91974]: DEBUG dbcounter [-] [91974] Writing DB stats neutron:SELECT=1 {{(pid=91974) stat_writer /opt/stack/data/venv/lib/python3.12/site-packages/dbcounter.py:115}}
May 20 17:16:47.369036 np0000001091 neutron-periodic-workers[91958]: DEBUG oslo.service.backend._threading.loopingcall [None req-b36271ef-f873-4203-b101-3ad424f55139 None None] Fixed interval looping call 'neutron.plugins.ml2.plugin.DhcpAgentSchedulerDbMixin.remove_networks_from_down_agents' sleeping for 36.99 seconds {{(pid=91958) _run_loop /opt/stack/data/venv/lib/python3.12/site-packages/oslo_service/backend/_threading/loopingcall.py:125}}
May 20 17:16:55.406610 np0000001091 neutron-periodic-workers[91974]: DEBUG neutron.db.agents_db [None req-447da344-6789-42e0-9690-2d0e875ca2e7 None None] Agent healthcheck: found 0 active agents {{(pid=91974) agent_health_check /opt/stack/neutron/neutron/db/agents_db.py:322}}
May 20 17:16:55.406971 np0000001091 neutron-periodic-workers[91974]: DEBUG oslo.service.backend._threading.loopingcall [None req-447da344-6789-42e0-9690-2d0e875ca2e7 None None] Fixed interval looping call 'neutron.plugins.ml2.plugin.AgentDbMixin.agent_health_check' sleeping for 37.00 seconds {{(pid=91974) _run_loop /opt/stack/data/venv/lib/python3.12/site-packages/oslo_service/backend/_threading/loopingcall.py:125}}
May 20 17:16:57.367326 np0000001091 neutron-periodic-workers[91958]: DEBUG dbcounter [-] [91958] Writing DB stats neutron:SELECT=3 {{(pid=91958) stat_writer /opt/stack/data/venv/lib/python3.12/site-packages/dbcounter.py:115}}
May 20 17:17:05.406364 np0000001091 neutron-periodic-workers[91974]: DEBUG dbcounter [-] [91974] Writing DB stats neutron:SELECT=1 {{(pid=91974) stat_writer /opt/stack/data/venv/lib/python3.12/site-packages/dbcounter.py:115}}
May 20 17:17:08.407878 np0000001091 neutron-periodic-workers[91985]: DEBUG oslo.service.backend._threading.loopingcall [None req-b575c2ad-32b3-4842-8f7a-5249702f02d5 None None] Fixed interval looping call 'neutron.db.quota.driver_nolock.DbQuotaNoLockDriver._remove_expired_reservations' sleeping for 119.99 seconds {{(pid=91985) _run_loop /opt/stack/data/venv/lib/python3.12/site-packages/oslo_service/backend/_threading/loopingcall.py:125}}
May 20 17:17:18.407026 np0000001091 neutron-periodic-workers[91985]: DEBUG dbcounter [-] [91985] Writing DB stats neutron:DELETE=1 {{(pid=91985) stat_writer /opt/stack/data/venv/lib/python3.12/site-packages/dbcounter.py:115}}
May 20 17:17:24.366965 np0000001091 neutron-periodic-workers[91958]: DEBUG oslo.service.backend._threading.loopingcall [None req-b36271ef-f873-4203-b101-3ad424f55139 None None] Fixed interval looping call 'neutron.plugins.ml2.plugin.DhcpAgentSchedulerDbMixin.remove_networks_from_down_agents' sleeping for 36.99 seconds {{(pid=91958) _run_loop /opt/stack/data/venv/lib/python3.12/site-packages/oslo_service/backend/_threading/loopingcall.py:125}}
May 20 17:17:32.414447 np0000001091 neutron-periodic-workers[91974]: DEBUG neutron.db.agents_db [None req-447da344-6789-42e0-9690-2d0e875ca2e7 None None] Agent healthcheck: found 0 active agents {{(pid=91974) agent_health_check /opt/stack/neutron/neutron/db/agents_db.py:322}}
May 20 17:17:32.414746 np0000001091 neutron-periodic-workers[91974]: DEBUG oslo.service.backend._threading.loopingcall [None req-447da344-6789-42e0-9690-2d0e875ca2e7 None None] Fixed interval looping call 'neutron.plugins.ml2.plugin.AgentDbMixin.agent_health_check' sleeping for 36.99 seconds {{(pid=91974) _run_loop /opt/stack/data/venv/lib/python3.12/site-packages/oslo_service/backend/_threading/loopingcall.py:125}}
May 20 17:17:34.366024 np0000001091 neutron-periodic-workers[91958]: DEBUG dbcounter [-] [91958] Writing DB stats neutron:SELECT=3 {{(pid=91958) stat_writer /opt/stack/data/venv/lib/python3.12/site-packages/dbcounter.py:115}}
May 20 17:17:42.409747 np0000001091 neutron-periodic-workers[91974]: DEBUG dbcounter [-] [91974] Writing DB stats neutron:SELECT=1 {{(pid=91974) stat_writer /opt/stack/data/venv/lib/python3.12/site-packages/dbcounter.py:115}}
May 20 17:18:01.365606 np0000001091 neutron-periodic-workers[91958]: DEBUG oslo.service.backend._threading.loopingcall [None req-b36271ef-f873-4203-b101-3ad424f55139 None None] Fixed interval looping call 'neutron.plugins.ml2.plugin.DhcpAgentSchedulerDbMixin.remove_networks_from_down_agents' sleeping for 36.99 seconds {{(pid=91958) _run_loop /opt/stack/data/venv/lib/python3.12/site-packages/oslo_service/backend/_threading/loopingcall.py:125}}
May 20 17:18:09.413938 np0000001091 neutron-periodic-workers[91974]: DEBUG neutron.db.agents_db [None req-447da344-6789-42e0-9690-2d0e875ca2e7 None None] Agent healthcheck: found 0 active agents {{(pid=91974) agent_health_check /opt/stack/neutron/neutron/db/agents_db.py:322}}
May 20 17:18:09.414350 np0000001091 neutron-periodic-workers[91974]: DEBUG oslo.service.backend._threading.loopingcall [None req-447da344-6789-42e0-9690-2d0e875ca2e7 None None] Fixed interval looping call 'neutron.plugins.ml2.plugin.AgentDbMixin.agent_health_check' sleeping for 36.99 seconds {{(pid=91974) _run_loop /opt/stack/data/venv/lib/python3.12/site-packages/oslo_service/backend/_threading/loopingcall.py:125}}
May 20 17:18:11.367707 np0000001091 neutron-periodic-workers[91958]: DEBUG dbcounter [-] [91958] Writing DB stats neutron:SELECT=3 {{(pid=91958) stat_writer /opt/stack/data/venv/lib/python3.12/site-packages/dbcounter.py:115}}
May 20 17:18:19.409050 np0000001091 neutron-periodic-workers[91974]: DEBUG dbcounter [-] [91974] Writing DB stats neutron:SELECT=1 {{(pid=91974) stat_writer /opt/stack/data/venv/lib/python3.12/site-packages/dbcounter.py:115}}
May 20 17:18:38.360447 np0000001091 neutron-periodic-workers[91958]: DEBUG oslo.service.backend._threading.loopingcall [None req-b36271ef-f873-4203-b101-3ad424f55139 None None] Fixed interval looping call 'neutron.plugins.ml2.plugin.DhcpAgentSchedulerDbMixin.remove_networks_from_down_agents' sleeping for 37.00 seconds {{(pid=91958) _run_loop /opt/stack/data/venv/lib/python3.12/site-packages/oslo_service/backend/_threading/loopingcall.py:125}}
May 20 17:18:46.418333 np0000001091 neutron-periodic-workers[91974]: DEBUG neutron.db.agents_db [None req-447da344-6789-42e0-9690-2d0e875ca2e7 None None] Agent healthcheck: found 0 active agents {{(pid=91974) agent_health_check /opt/stack/neutron/neutron/db/agents_db.py:322}}
May 20 17:18:46.418333 np0000001091 neutron-periodic-workers[91974]: DEBUG oslo.service.backend._threading.loopingcall [None req-447da344-6789-42e0-9690-2d0e875ca2e7 None None] Fixed interval looping call 'neutron.plugins.ml2.plugin.AgentDbMixin.agent_health_check' sleeping for 36.99 seconds {{(pid=91974) _run_loop /opt/stack/data/venv/lib/python3.12/site-packages/oslo_service/backend/_threading/loopingcall.py:125}}
May 20 17:18:48.359782 np0000001091 neutron-periodic-workers[91958]: DEBUG dbcounter [-] [91958] Writing DB stats neutron:SELECT=3 {{(pid=91958) stat_writer /opt/stack/data/venv/lib/python3.12/site-packages/dbcounter.py:115}}
May 20 17:18:56.409272 np0000001091 neutron-periodic-workers[91974]: DEBUG dbcounter [-] [91974] Writing DB stats neutron:SELECT=1 {{(pid=91974) stat_writer /opt/stack/data/venv/lib/python3.12/site-packages/dbcounter.py:115}}
May 20 17:19:08.399870 np0000001091 neutron-periodic-workers[91985]: DEBUG oslo.service.backend._threading.loopingcall [None req-b575c2ad-32b3-4842-8f7a-5249702f02d5 None None] Fixed interval looping call 'neutron.db.quota.driver_nolock.DbQuotaNoLockDriver._remove_expired_reservations' sleeping for 120.00 seconds {{(pid=91985) _run_loop /opt/stack/data/venv/lib/python3.12/site-packages/oslo_service/backend/_threading/loopingcall.py:125}}
May 20 17:19:15.374812 np0000001091 neutron-periodic-workers[91958]: DEBUG oslo.service.backend._threading.loopingcall [None req-b36271ef-f873-4203-b101-3ad424f55139 None None] Fixed interval looping call 'neutron.plugins.ml2.plugin.DhcpAgentSchedulerDbMixin.remove_networks_from_down_agents' sleeping for 36.99 seconds {{(pid=91958) _run_loop /opt/stack/data/venv/lib/python3.12/site-packages/oslo_service/backend/_threading/loopingcall.py:125}}
May 20 17:19:18.399437 np0000001091 neutron-periodic-workers[91985]: DEBUG dbcounter [-] [91985] Writing DB stats neutron:DELETE=1 {{(pid=91985) stat_writer /opt/stack/data/venv/lib/python3.12/site-packages/dbcounter.py:115}}
May 20 17:19:23.408885 np0000001091 neutron-periodic-workers[91974]: DEBUG neutron.db.agents_db [None req-447da344-6789-42e0-9690-2d0e875ca2e7 None None] Agent healthcheck: found 0 active agents {{(pid=91974) agent_health_check /opt/stack/neutron/neutron/db/agents_db.py:322}}
May 20 17:19:23.408885 np0000001091 neutron-periodic-workers[91974]: DEBUG oslo.service.backend._threading.loopingcall [None req-447da344-6789-42e0-9690-2d0e875ca2e7 None None] Fixed interval looping call 'neutron.plugins.ml2.plugin.AgentDbMixin.agent_health_check' sleeping for 36.99 seconds {{(pid=91974) _run_loop /opt/stack/data/venv/lib/python3.12/site-packages/oslo_service/backend/_threading/loopingcall.py:125}}
May 20 17:19:25.372786 np0000001091 neutron-periodic-workers[91958]: DEBUG dbcounter [-] [91958] Writing DB stats neutron:SELECT=3 {{(pid=91958) stat_writer /opt/stack/data/venv/lib/python3.12/site-packages/dbcounter.py:115}}
May 20 17:19:33.403727 np0000001091 neutron-periodic-workers[91974]: DEBUG dbcounter [-] [91974] Writing DB stats neutron:SELECT=1 {{(pid=91974) stat_writer /opt/stack/data/venv/lib/python3.12/site-packages/dbcounter.py:115}}
May 20 17:19:52.381069 np0000001091 neutron-periodic-workers[91958]: DEBUG oslo.service.backend._threading.loopingcall [None req-b36271ef-f873-4203-b101-3ad424f55139 None None] Fixed interval looping call 'neutron.plugins.ml2.plugin.DhcpAgentSchedulerDbMixin.remove_networks_from_down_agents' sleeping for 36.99 seconds {{(pid=91958) _run_loop /opt/stack/data/venv/lib/python3.12/site-packages/oslo_service/backend/_threading/loopingcall.py:125}}
May 20 17:20:00.404316 np0000001091 neutron-periodic-workers[91974]: DEBUG neutron.db.agents_db [None req-447da344-6789-42e0-9690-2d0e875ca2e7 None None] Agent healthcheck: found 0 active agents {{(pid=91974) agent_health_check /opt/stack/neutron/neutron/db/agents_db.py:322}}
May 20 17:20:00.404714 np0000001091 neutron-periodic-workers[91974]: DEBUG oslo.service.backend._threading.loopingcall [None req-447da344-6789-42e0-9690-2d0e875ca2e7 None None] Fixed interval looping call 'neutron.plugins.ml2.plugin.AgentDbMixin.agent_health_check' sleeping for 36.99 seconds {{(pid=91974) _run_loop /opt/stack/data/venv/lib/python3.12/site-packages/oslo_service/backend/_threading/loopingcall.py:125}}
May 20 17:20:02.380841 np0000001091 neutron-periodic-workers[91958]: DEBUG dbcounter [-] [91958] Writing DB stats neutron:SELECT=3 {{(pid=91958) stat_writer /opt/stack/data/venv/lib/python3.12/site-packages/dbcounter.py:115}}
May 20 17:20:10.404531 np0000001091 neutron-periodic-workers[91974]: DEBUG dbcounter [-] [91974] Writing DB stats neutron:SELECT=1 {{(pid=91974) stat_writer /opt/stack/data/venv/lib/python3.12/site-packages/dbcounter.py:115}}
May 20 17:20:29.382026 np0000001091 neutron-periodic-workers[91958]: DEBUG oslo.service.backend._threading.loopingcall [None req-b36271ef-f873-4203-b101-3ad424f55139 None None] Fixed interval looping call 'neutron.plugins.ml2.plugin.DhcpAgentSchedulerDbMixin.remove_networks_from_down_agents' sleeping for 36.99 seconds {{(pid=91958) _run_loop /opt/stack/data/venv/lib/python3.12/site-packages/oslo_service/backend/_threading/loopingcall.py:125}}
May 20 17:20:37.400096 np0000001091 neutron-periodic-workers[91974]: DEBUG neutron.db.agents_db [None req-447da344-6789-42e0-9690-2d0e875ca2e7 None None] Agent healthcheck: found 0 active agents {{(pid=91974) agent_health_check /opt/stack/neutron/neutron/db/agents_db.py:322}}
May 20 17:20:37.400509 np0000001091 neutron-periodic-workers[91974]: DEBUG oslo.service.backend._threading.loopingcall [None req-447da344-6789-42e0-9690-2d0e875ca2e7 None None] Fixed interval looping call 'neutron.plugins.ml2.plugin.AgentDbMixin.agent_health_check' sleeping for 37.00 seconds {{(pid=91974) _run_loop /opt/stack/data/venv/lib/python3.12/site-packages/oslo_service/backend/_threading/loopingcall.py:125}}
May 20 17:20:39.380731 np0000001091 neutron-periodic-workers[91958]: DEBUG dbcounter [-] [91958] Writing DB stats neutron:SELECT=3 {{(pid=91958) stat_writer /opt/stack/data/venv/lib/python3.12/site-packages/dbcounter.py:115}}
May 20 17:20:42.428262 np0000001091 neutron-periodic-workers[91992]: DEBUG oslo.service.backend._threading.loopingcall [None req-d82b593a-99b9-4b90-b3b6-aca66b938117 None None] Fixed interval looping call 'neutron.services.ovn_l3.plugin.L3_NAT_dbonly_mixin._clean_garbage' sleeping for 299.99 seconds {{(pid=91992) _run_loop /opt/stack/data/venv/lib/python3.12/site-packages/oslo_service/backend/_threading/loopingcall.py:125}}
May 20 17:20:47.399789 np0000001091 neutron-periodic-workers[91974]: DEBUG dbcounter [-] [91974] Writing DB stats neutron:SELECT=1 {{(pid=91974) stat_writer /opt/stack/data/venv/lib/python3.12/site-packages/dbcounter.py:115}}
May 20 17:20:52.421435 np0000001091 neutron-periodic-workers[91992]: DEBUG dbcounter [-] [91992] Writing DB stats neutron:SELECT=1 {{(pid=91992) stat_writer /opt/stack/data/venv/lib/python3.12/site-packages/dbcounter.py:115}}
May 20 17:21:06.380066 np0000001091 neutron-periodic-workers[91958]: DEBUG oslo.service.backend._threading.loopingcall [None req-b36271ef-f873-4203-b101-3ad424f55139 None None] Fixed interval looping call 'neutron.plugins.ml2.plugin.DhcpAgentSchedulerDbMixin.remove_networks_from_down_agents' sleeping for 36.99 seconds {{(pid=91958) _run_loop /opt/stack/data/venv/lib/python3.12/site-packages/oslo_service/backend/_threading/loopingcall.py:125}}
May 20 17:21:08.407076 np0000001091 neutron-periodic-workers[91985]: DEBUG oslo.service.backend._threading.loopingcall [None req-b575c2ad-32b3-4842-8f7a-5249702f02d5 None None] Fixed interval looping call 'neutron.db.quota.driver_nolock.DbQuotaNoLockDriver._remove_expired_reservations' sleeping for 119.99 seconds {{(pid=91985) _run_loop /opt/stack/data/venv/lib/python3.12/site-packages/oslo_service/backend/_threading/loopingcall.py:125}}
May 20 17:21:14.403272 np0000001091 neutron-periodic-workers[91974]: DEBUG neutron.db.agents_db [None req-447da344-6789-42e0-9690-2d0e875ca2e7 None None] Agent healthcheck: found 0 active agents {{(pid=91974) agent_health_check /opt/stack/neutron/neutron/db/agents_db.py:322}}
May 20 17:21:14.403614 np0000001091 neutron-periodic-workers[91974]: DEBUG oslo.service.backend._threading.loopingcall [None req-447da344-6789-42e0-9690-2d0e875ca2e7 None None] Fixed interval looping call 'neutron.plugins.ml2.plugin.AgentDbMixin.agent_health_check' sleeping for 37.00 seconds {{(pid=91974) _run_loop /opt/stack/data/venv/lib/python3.12/site-packages/oslo_service/backend/_threading/loopingcall.py:125}}
May 20 17:21:16.379098 np0000001091 neutron-periodic-workers[91958]: DEBUG dbcounter [-] [91958] Writing DB stats neutron:SELECT=3 {{(pid=91958) stat_writer /opt/stack/data/venv/lib/python3.12/site-packages/dbcounter.py:115}}
May 20 17:21:18.406370 np0000001091 neutron-periodic-workers[91985]: DEBUG dbcounter [-] [91985] Writing DB stats neutron:DELETE=1 {{(pid=91985) stat_writer /opt/stack/data/venv/lib/python3.12/site-packages/dbcounter.py:115}}
May 20 17:21:24.405115 np0000001091 neutron-periodic-workers[91974]: DEBUG dbcounter [-] [91974] Writing DB stats neutron:SELECT=1 {{(pid=91974) stat_writer /opt/stack/data/venv/lib/python3.12/site-packages/dbcounter.py:115}}
May 20 17:21:43.377270 np0000001091 neutron-periodic-workers[91958]: DEBUG oslo.service.backend._threading.loopingcall [None req-b36271ef-f873-4203-b101-3ad424f55139 None None] Fixed interval looping call 'neutron.plugins.ml2.plugin.DhcpAgentSchedulerDbMixin.remove_networks_from_down_agents' sleeping for 36.99 seconds {{(pid=91958) _run_loop /opt/stack/data/venv/lib/python3.12/site-packages/oslo_service/backend/_threading/loopingcall.py:125}}
May 20 17:21:51.408887 np0000001091 neutron-periodic-workers[91974]: DEBUG neutron.db.agents_db [None req-447da344-6789-42e0-9690-2d0e875ca2e7 None None] Agent healthcheck: found 0 active agents {{(pid=91974) agent_health_check /opt/stack/neutron/neutron/db/agents_db.py:322}}
May 20 17:21:51.409326 np0000001091 neutron-periodic-workers[91974]: DEBUG oslo.service.backend._threading.loopingcall [None req-447da344-6789-42e0-9690-2d0e875ca2e7 None None] Fixed interval looping call 'neutron.plugins.ml2.plugin.AgentDbMixin.agent_health_check' sleeping for 37.00 seconds {{(pid=91974) _run_loop /opt/stack/data/venv/lib/python3.12/site-packages/oslo_service/backend/_threading/loopingcall.py:125}}
May 20 17:21:53.376666 np0000001091 neutron-periodic-workers[91958]: DEBUG dbcounter [-] [91958] Writing DB stats neutron:SELECT=3 {{(pid=91958) stat_writer /opt/stack/data/venv/lib/python3.12/site-packages/dbcounter.py:115}}
May 20 17:22:01.408453 np0000001091 neutron-periodic-workers[91974]: DEBUG dbcounter [-] [91974] Writing DB stats neutron:SELECT=1 {{(pid=91974) stat_writer /opt/stack/data/venv/lib/python3.12/site-packages/dbcounter.py:115}}
May 20 17:22:20.376044 np0000001091 neutron-periodic-workers[91958]: DEBUG oslo.service.backend._threading.loopingcall [None req-b36271ef-f873-4203-b101-3ad424f55139 None None] Fixed interval looping call 'neutron.plugins.ml2.plugin.DhcpAgentSchedulerDbMixin.remove_networks_from_down_agents' sleeping for 36.99 seconds {{(pid=91958) _run_loop /opt/stack/data/venv/lib/python3.12/site-packages/oslo_service/backend/_threading/loopingcall.py:125}}
May 20 17:22:28.412136 np0000001091 neutron-periodic-workers[91974]: DEBUG neutron.db.agents_db [None req-447da344-6789-42e0-9690-2d0e875ca2e7 None None] Agent healthcheck: found 0 active agents {{(pid=91974) agent_health_check /opt/stack/neutron/neutron/db/agents_db.py:322}}
May 20 17:22:28.412551 np0000001091 neutron-periodic-workers[91974]: DEBUG oslo.service.backend._threading.loopingcall [None req-447da344-6789-42e0-9690-2d0e875ca2e7 None None] Fixed interval looping call 'neutron.plugins.ml2.plugin.AgentDbMixin.agent_health_check' sleeping for 37.00 seconds {{(pid=91974) _run_loop /opt/stack/data/venv/lib/python3.12/site-packages/oslo_service/backend/_threading/loopingcall.py:125}}
May 20 17:22:30.374811 np0000001091 neutron-periodic-workers[91958]: DEBUG dbcounter [-] [91958] Writing DB stats neutron:SELECT=3 {{(pid=91958) stat_writer /opt/stack/data/venv/lib/python3.12/site-packages/dbcounter.py:115}}
May 20 17:22:38.412526 np0000001091 neutron-periodic-workers[91974]: DEBUG dbcounter [-] [91974] Writing DB stats neutron:SELECT=1 {{(pid=91974) stat_writer /opt/stack/data/venv/lib/python3.12/site-packages/dbcounter.py:115}}
May 20 17:22:57.372155 np0000001091 neutron-periodic-workers[91958]: DEBUG oslo.service.backend._threading.loopingcall [None req-b36271ef-f873-4203-b101-3ad424f55139 None None] Fixed interval looping call 'neutron.plugins.ml2.plugin.DhcpAgentSchedulerDbMixin.remove_networks_from_down_agents' sleeping for 36.99 seconds {{(pid=91958) _run_loop /opt/stack/data/venv/lib/python3.12/site-packages/oslo_service/backend/_threading/loopingcall.py:125}}
May 20 17:23:05.416348 np0000001091 neutron-periodic-workers[91974]: DEBUG neutron.db.agents_db [None req-447da344-6789-42e0-9690-2d0e875ca2e7 None None] Agent healthcheck: found 0 active agents {{(pid=91974) agent_health_check /opt/stack/neutron/neutron/db/agents_db.py:322}}
May 20 17:23:05.418733 np0000001091 neutron-periodic-workers[91974]: DEBUG oslo.service.backend._threading.loopingcall [None req-447da344-6789-42e0-9690-2d0e875ca2e7 None None] Fixed interval looping call 'neutron.plugins.ml2.plugin.AgentDbMixin.agent_health_check' sleeping for 37.00 seconds {{(pid=91974) _run_loop /opt/stack/data/venv/lib/python3.12/site-packages/oslo_service/backend/_threading/loopingcall.py:125}}
May 20 17:23:07.372254 np0000001091 neutron-periodic-workers[91958]: DEBUG dbcounter [-] [91958] Writing DB stats neutron:SELECT=3 {{(pid=91958) stat_writer /opt/stack/data/venv/lib/python3.12/site-packages/dbcounter.py:115}}
May 20 17:23:08.400072 np0000001091 neutron-periodic-workers[91985]: DEBUG oslo.service.backend._threading.loopingcall [None req-b575c2ad-32b3-4842-8f7a-5249702f02d5 None None] Fixed interval looping call 'neutron.db.quota.driver_nolock.DbQuotaNoLockDriver._remove_expired_reservations' sleeping for 120.00 seconds {{(pid=91985) _run_loop /opt/stack/data/venv/lib/python3.12/site-packages/oslo_service/backend/_threading/loopingcall.py:125}}
May 20 17:23:15.419124 np0000001091 neutron-periodic-workers[91974]: DEBUG dbcounter [-] [91974] Writing DB stats neutron:SELECT=1 {{(pid=91974) stat_writer /opt/stack/data/venv/lib/python3.12/site-packages/dbcounter.py:115}}
May 20 17:23:18.399379 np0000001091 neutron-periodic-workers[91985]: DEBUG dbcounter [-] [91985] Writing DB stats neutron:DELETE=1 {{(pid=91985) stat_writer /opt/stack/data/venv/lib/python3.12/site-packages/dbcounter.py:115}}
May 20 17:23:34.369192 np0000001091 neutron-periodic-workers[91958]: DEBUG oslo.service.backend._threading.loopingcall [None req-b36271ef-f873-4203-b101-3ad424f55139 None None] Fixed interval looping call 'neutron.plugins.ml2.plugin.DhcpAgentSchedulerDbMixin.remove_networks_from_down_agents' sleeping for 36.99 seconds {{(pid=91958) _run_loop /opt/stack/data/venv/lib/python3.12/site-packages/oslo_service/backend/_threading/loopingcall.py:125}}
May 20 17:23:42.423884 np0000001091 neutron-periodic-workers[91974]: DEBUG neutron.db.agents_db [None req-447da344-6789-42e0-9690-2d0e875ca2e7 None None] Agent healthcheck: found 0 active agents {{(pid=91974) agent_health_check /opt/stack/neutron/neutron/db/agents_db.py:322}}
May 20 17:23:42.423884 np0000001091 neutron-periodic-workers[91974]: DEBUG oslo.service.backend._threading.loopingcall [None req-447da344-6789-42e0-9690-2d0e875ca2e7 None None] Fixed interval looping call 'neutron.plugins.ml2.plugin.AgentDbMixin.agent_health_check' sleeping for 37.00 seconds {{(pid=91974) _run_loop /opt/stack/data/venv/lib/python3.12/site-packages/oslo_service/backend/_threading/loopingcall.py:125}}
May 20 17:23:44.368039 np0000001091 neutron-periodic-workers[91958]: DEBUG dbcounter [-] [91958] Writing DB stats neutron:SELECT=3 {{(pid=91958) stat_writer /opt/stack/data/venv/lib/python3.12/site-packages/dbcounter.py:115}}
May 20 17:23:52.420986 np0000001091 neutron-periodic-workers[91974]: DEBUG dbcounter [-] [91974] Writing DB stats neutron:SELECT=1 {{(pid=91974) stat_writer /opt/stack/data/venv/lib/python3.12/site-packages/dbcounter.py:115}}
May 20 17:24:11.366022 np0000001091 neutron-periodic-workers[91958]: DEBUG oslo.service.backend._threading.loopingcall [None req-b36271ef-f873-4203-b101-3ad424f55139 None None] Fixed interval looping call 'neutron.plugins.ml2.plugin.DhcpAgentSchedulerDbMixin.remove_networks_from_down_agents' sleeping for 36.99 seconds {{(pid=91958) _run_loop /opt/stack/data/venv/lib/python3.12/site-packages/oslo_service/backend/_threading/loopingcall.py:125}}
May 20 17:24:19.425127 np0000001091 neutron-periodic-workers[91974]: DEBUG neutron.db.agents_db [None req-447da344-6789-42e0-9690-2d0e875ca2e7 None None] Agent healthcheck: found 0 active agents {{(pid=91974) agent_health_check /opt/stack/neutron/neutron/db/agents_db.py:322}}
May 20 17:24:19.425489 np0000001091 neutron-periodic-workers[91974]: DEBUG oslo.service.backend._threading.loopingcall [None req-447da344-6789-42e0-9690-2d0e875ca2e7 None None] Fixed interval looping call 'neutron.plugins.ml2.plugin.AgentDbMixin.agent_health_check' sleeping for 37.00 seconds {{(pid=91974) _run_loop /opt/stack/data/venv/lib/python3.12/site-packages/oslo_service/backend/_threading/loopingcall.py:125}}
May 20 17:24:21.365232 np0000001091 neutron-periodic-workers[91958]: DEBUG dbcounter [-] [91958] Writing DB stats neutron:SELECT=3 {{(pid=91958) stat_writer /opt/stack/data/venv/lib/python3.12/site-packages/dbcounter.py:115}}
May 20 17:24:29.424683 np0000001091 neutron-periodic-workers[91974]: DEBUG dbcounter [-] [91974] Writing DB stats neutron:SELECT=1 {{(pid=91974) stat_writer /opt/stack/data/venv/lib/python3.12/site-packages/dbcounter.py:115}}
May 20 17:24:48.365402 np0000001091 neutron-periodic-workers[91958]: DEBUG oslo.service.backend._threading.loopingcall [None req-b36271ef-f873-4203-b101-3ad424f55139 None None] Fixed interval looping call 'neutron.plugins.ml2.plugin.DhcpAgentSchedulerDbMixin.remove_networks_from_down_agents' sleeping for 36.99 seconds {{(pid=91958) _run_loop /opt/stack/data/venv/lib/python3.12/site-packages/oslo_service/backend/_threading/loopingcall.py:125}}
May 20 17:24:56.428102 np0000001091 neutron-periodic-workers[91974]: DEBUG neutron.db.agents_db [None req-447da344-6789-42e0-9690-2d0e875ca2e7 None None] Agent healthcheck: found 0 active agents {{(pid=91974) agent_health_check /opt/stack/neutron/neutron/db/agents_db.py:322}}
May 20 17:24:56.428612 np0000001091 neutron-periodic-workers[91974]: DEBUG oslo.service.backend._threading.loopingcall [None req-447da344-6789-42e0-9690-2d0e875ca2e7 None None] Fixed interval looping call 'neutron.plugins.ml2.plugin.AgentDbMixin.agent_health_check' sleeping for 37.00 seconds {{(pid=91974) _run_loop /opt/stack/data/venv/lib/python3.12/site-packages/oslo_service/backend/_threading/loopingcall.py:125}}
May 20 17:24:58.366572 np0000001091 neutron-periodic-workers[91958]: DEBUG dbcounter [-] [91958] Writing DB stats neutron:SELECT=3 {{(pid=91958) stat_writer /opt/stack/data/venv/lib/python3.12/site-packages/dbcounter.py:115}}
May 20 17:25:06.427740 np0000001091 neutron-periodic-workers[91974]: DEBUG dbcounter [-] [91974] Writing DB stats neutron:SELECT=1 {{(pid=91974) stat_writer /opt/stack/data/venv/lib/python3.12/site-packages/dbcounter.py:115}}
May 20 17:25:08.403676 np0000001091 neutron-periodic-workers[91985]: DEBUG oslo.service.backend._threading.loopingcall [None req-b575c2ad-32b3-4842-8f7a-5249702f02d5 None None] Fixed interval looping call 'neutron.db.quota.driver_nolock.DbQuotaNoLockDriver._remove_expired_reservations' sleeping for 120.00 seconds {{(pid=91985) _run_loop /opt/stack/data/venv/lib/python3.12/site-packages/oslo_service/backend/_threading/loopingcall.py:125}}
May 20 17:25:18.403014 np0000001091 neutron-periodic-workers[91985]: DEBUG dbcounter [-] [91985] Writing DB stats neutron:DELETE=1 {{(pid=91985) stat_writer /opt/stack/data/venv/lib/python3.12/site-packages/dbcounter.py:115}}
May 20 17:25:25.362273 np0000001091 neutron-periodic-workers[91958]: DEBUG oslo.service.backend._threading.loopingcall [None req-b36271ef-f873-4203-b101-3ad424f55139 None None] Fixed interval looping call 'neutron.plugins.ml2.plugin.DhcpAgentSchedulerDbMixin.remove_networks_from_down_agents' sleeping for 36.99 seconds {{(pid=91958) _run_loop /opt/stack/data/venv/lib/python3.12/site-packages/oslo_service/backend/_threading/loopingcall.py:125}}
May 20 17:25:33.431113 np0000001091 neutron-periodic-workers[91974]: DEBUG neutron.db.agents_db [None req-447da344-6789-42e0-9690-2d0e875ca2e7 None None] Agent healthcheck: found 0 active agents {{(pid=91974) agent_health_check /opt/stack/neutron/neutron/db/agents_db.py:322}}
May 20 17:25:33.431493 np0000001091 neutron-periodic-workers[91974]: DEBUG oslo.service.backend._threading.loopingcall [None req-447da344-6789-42e0-9690-2d0e875ca2e7 None None] Fixed interval looping call 'neutron.plugins.ml2.plugin.AgentDbMixin.agent_health_check' sleeping for 37.00 seconds {{(pid=91974) _run_loop /opt/stack/data/venv/lib/python3.12/site-packages/oslo_service/backend/_threading/loopingcall.py:125}}
May 20 17:25:35.361102 np0000001091 neutron-periodic-workers[91958]: DEBUG dbcounter [-] [91958] Writing DB stats neutron:SELECT=3 {{(pid=91958) stat_writer /opt/stack/data/venv/lib/python3.12/site-packages/dbcounter.py:115}}
May 20 17:25:42.425501 np0000001091 neutron-periodic-workers[91992]: DEBUG oslo.service.backend._threading.loopingcall [None req-d82b593a-99b9-4b90-b3b6-aca66b938117 None None] Fixed interval looping call 'neutron.services.ovn_l3.plugin.L3_NAT_dbonly_mixin._clean_garbage' sleeping for 299.99 seconds {{(pid=91992) _run_loop /opt/stack/data/venv/lib/python3.12/site-packages/oslo_service/backend/_threading/loopingcall.py:125}}
May 20 17:25:43.430449 np0000001091 neutron-periodic-workers[91974]: DEBUG dbcounter [-] [91974] Writing DB stats neutron:SELECT=1 {{(pid=91974) stat_writer /opt/stack/data/venv/lib/python3.12/site-packages/dbcounter.py:115}}
May 20 17:25:52.420253 np0000001091 neutron-periodic-workers[91992]: DEBUG dbcounter [-] [91992] Writing DB stats neutron:SELECT=1 {{(pid=91992) stat_writer /opt/stack/data/venv/lib/python3.12/site-packages/dbcounter.py:115}}
May 20 17:26:02.357414 np0000001091 neutron-periodic-workers[91958]: DEBUG oslo.service.backend._threading.loopingcall [None req-b36271ef-f873-4203-b101-3ad424f55139 None None] Fixed interval looping call 'neutron.plugins.ml2.plugin.DhcpAgentSchedulerDbMixin.remove_networks_from_down_agents' sleeping for 37.00 seconds {{(pid=91958) _run_loop /opt/stack/data/venv/lib/python3.12/site-packages/oslo_service/backend/_threading/loopingcall.py:125}}
May 20 17:26:10.440352 np0000001091 neutron-periodic-workers[91974]: DEBUG neutron.db.agents_db [None req-447da344-6789-42e0-9690-2d0e875ca2e7 None None] Agent healthcheck: found 0 active agents {{(pid=91974) agent_health_check /opt/stack/neutron/neutron/db/agents_db.py:322}}
