Jun 18 07:21:56.824818 np0000003122 devstack@g-api.service[102013]: DEBUG glance_store.location [-] Registering scheme http with {'store': , 'location_class': , 'store_entry': 'http'} {{(pid=102013) register_scheme_map /opt/stack/data/venv/lib/python3.12/site-packages/glance_store/location.py:146}}
Jun 18 07:21:56.824859 np0000003122 devstack@g-api.service[102013]: DEBUG glance_store.location [-] Registering scheme https with {'store': , 'location_class': , 'store_entry': 'http'} {{(pid=102013) register_scheme_map /opt/stack/data/venv/lib/python3.12/site-packages/glance_store/location.py:146}}
Jun 18 07:21:56.824896 np0000003122 devstack@g-api.service[102013]: DEBUG glance_store.backend [-] Attempting to import store swift {{(pid=102013) _load_store /opt/stack/data/venv/lib/python3.12/site-packages/glance_store/backend.py:215}}
Jun 18 07:21:56.825074 np0000003122 devstack@g-api.service[102013]: WARNING oslo_config.cfg [-] Deprecated: Option "default_store" from group "glance_store" is deprecated for removal (
Jun 18 07:21:56.825074 np0000003122 devstack@g-api.service[102013]: This option is deprecated against new config option
Jun 18 07:21:56.825074 np0000003122 devstack@g-api.service[102013]: ``default_backend`` which acts similar to ``default_store`` config
Jun 18 07:21:56.825074 np0000003122 devstack@g-api.service[102013]: option.
Jun 18 07:21:56.825074 np0000003122 devstack@g-api.service[102013]: This option is scheduled for removal in the U development
Jun 18 07:21:56.825074 np0000003122 devstack@g-api.service[102013]: cycle.
Jun 18 07:21:56.825074 np0000003122 devstack@g-api.service[102013]: ). Its value may be silently ignored in the future.
Jun 18 07:21:56.826592 np0000003122 devstack@g-api.service[102013]: DEBUG glance_store.capabilities [-] Store glance_store._drivers.swift.store.SingleTenantStore doesn't support updating dynamic storage capabilities. Please overwrite 'update_capabilities' method of the store to implement updating logics if needed. {{(pid=102013) update_capabilities /opt/stack/data/venv/lib/python3.12/site-packages/glance_store/capabilities.py:91}}
Jun 18 07:21:56.827301 np0000003122 devstack@g-api.service[102013]: DEBUG glance_store.backend [-] Registering store swift with schemes ('swift+https', 'swift', 'swift+http', 'swift+config') {{(pid=102013) create_stores /opt/stack/data/venv/lib/python3.12/site-packages/glance_store/backend.py:261}}
Jun 18 07:21:56.827301 np0000003122 devstack@g-api.service[102013]: DEBUG glance_store.driver [-] Late loading location class glance_store._drivers.swift.store.StoreLocation {{(pid=102013) get_store_location_class /opt/stack/data/venv/lib/python3.12/site-packages/glance_store/driver.py:134}}
Jun 18 07:21:56.827301 np0000003122 devstack@g-api.service[102013]: DEBUG glance_store.location [-] Registering scheme swift+https with {'store': , 'location_class': , 'store_entry': 'swift'} {{(pid=102013) register_scheme_map /opt/stack/data/venv/lib/python3.12/site-packages/glance_store/location.py:146}}
Jun 18 07:21:56.827301 np0000003122 devstack@g-api.service[102013]: DEBUG glance_store.location [-] Registering scheme swift with {'store': , 'location_class': , 'store_entry': 'swift'} {{(pid=102013) register_scheme_map /opt/stack/data/venv/lib/python3.12/site-packages/glance_store/location.py:146}}
Jun 18 07:21:56.827301 np0000003122 devstack@g-api.service[102013]: DEBUG glance_store.location [-] Registering scheme swift+http with {'store': , 'location_class': , 'store_entry': 'swift'} {{(pid=102013) register_scheme_map /opt/stack/data/venv/lib/python3.12/site-packages/glance_store/location.py:146}}
Jun 18 07:21:56.827535 np0000003122 devstack@g-api.service[102013]: DEBUG glance_store.location [-] Registering scheme swift+config with {'store': , 'location_class': , 'store_entry': 'swift'} {{(pid=102013) register_scheme_map /opt/stack/data/venv/lib/python3.12/site-packages/glance_store/location.py:146}}
Jun 18 07:21:56.827535 np0000003122 devstack@g-api.service[102013]: DEBUG glance_store.backend [-] Attempting to import store swift {{(pid=102013) _load_store /opt/stack/data/venv/lib/python3.12/site-packages/glance_store/backend.py:215}}
Jun 18 07:21:56.829175 np0000003122 devstack@g-api.service[102013]: DEBUG glance_store.capabilities [-] Store glance_store._drivers.swift.store.SingleTenantStore doesn't support updating dynamic storage capabilities. Please overwrite 'update_capabilities' method of the store to implement updating logics if needed. {{(pid=102013) update_capabilities /opt/stack/data/venv/lib/python3.12/site-packages/glance_store/capabilities.py:91}}
Jun 18 07:21:56.829258 np0000003122 devstack@g-api.service[102013]: DEBUG glance_store.driver [-] Late loading location class glance_store._drivers.swift.store.StoreLocation {{(pid=102013) get_store_location_class /opt/stack/data/venv/lib/python3.12/site-packages/glance_store/driver.py:134}}
Jun 18 07:21:56.829377 np0000003122 devstack@g-api.service[102013]: DEBUG glance_store.location [-] Registering scheme swift+https with {'store': , 'location_class': , 'store_entry': 'swift'} {{(pid=102013) register_scheme_map /opt/stack/data/venv/lib/python3.12/site-packages/glance_store/location.py:146}}
Jun 18 07:21:56.829475 np0000003122 devstack@g-api.service[102013]: DEBUG glance_store.location [-] Registering scheme swift+https with {'store': , 'location_class': , 'store_entry': 'swift'} {{(pid=102013) register_scheme_map /opt/stack/data/venv/lib/python3.12/site-packages/glance_store/location.py:146}}
Jun 18 07:21:56.829549 np0000003122 devstack@g-api.service[102013]: DEBUG glance_store.location [-] Registering scheme swift with {'store': , 'location_class': , 'store_entry': 'swift'} {{(pid=102013) register_scheme_map /opt/stack/data/venv/lib/python3.12/site-packages/glance_store/location.py:146}}
Jun 18 07:21:56.829605 np0000003122 devstack@g-api.service[102013]: DEBUG glance_store.location [-] Registering scheme swift+https with {'store': , 'location_class': , 'store_entry': 'swift'} {{(pid=102013) register_scheme_map /opt/stack/data/venv/lib/python3.12/site-packages/glance_store/location.py:146}}
Jun 18 07:21:56.829679 np0000003122 devstack@g-api.service[102013]: DEBUG glance_store.location [-] Registering scheme swift with {'store': , 'location_class': , 'store_entry': 'swift'} {{(pid=102013) register_scheme_map /opt/stack/data/venv/lib/python3.12/site-packages/glance_store/location.py:146}}
Jun 18 07:21:56.829746 np0000003122 devstack@g-api.service[102013]: DEBUG glance_store.location [-] Registering scheme swift+http with {'store': , 'location_class': , 'store_entry': 'swift'} {{(pid=102013) register_scheme_map /opt/stack/data/venv/lib/python3.12/site-packages/glance_store/location.py:146}}
Jun 18 07:21:56.829789 np0000003122 devstack@g-api.service[102013]: DEBUG glance_store.location [-] Registering scheme swift+https with {'store': , 'location_class': , 'store_entry': 'swift'} {{(pid=102013) register_scheme_map /opt/stack/data/venv/lib/python3.12/site-packages/glance_store/location.py:146}}
Jun 18 07:21:56.829827 np0000003122 devstack@g-api.service[102013]: DEBUG glance_store.location [-] Registering scheme swift with {'store': , 'location_class': , 'store_entry': 'swift'} {{(pid=102013) register_scheme_map /opt/stack/data/venv/lib/python3.12/site-packages/glance_store/location.py:146}}
Jun 18 07:21:56.829883 np0000003122 devstack@g-api.service[102013]: DEBUG glance_store.location [-] Registering scheme swift+http with {'store': , 'location_class': , 'store_entry': 'swift'} {{(pid=102013) register_scheme_map /opt/stack/data/venv/lib/python3.12/site-packages/glance_store/location.py:146}}
Jun 18 07:21:56.829922 np0000003122 devstack@g-api.service[102013]: DEBUG glance_store.location [-] Registering scheme swift+config with {'store': , 'location_class': , 'store_entry': 'swift'} {{(pid=102013) register_scheme_map /opt/stack/data/venv/lib/python3.12/site-packages/glance_store/location.py:146}}
Jun 18 07:21:56.830209 np0000003122 devstack@g-api.service[102013]: DEBUG glance.sqlite_migration [-] SQLite caching database not located, skipping migration {{(pid=102013) get_db_path /opt/stack/glance/glance/sqlite_migration.py:68}}
Jun 18 07:21:56.830407 np0000003122 devstack@g-api.service[102013]: WARNING glance.common.wsgi_app [-] Import methods are enabled but staging directory /tmp/staging/ does not exist; Imports will fail!
Jun 18 07:21:57.070695 np0000003122 devstack@g-api.service[102012]: DEBUG glance.common.config [None req-9655b557-ccfa-4ce3-b5fb-45b0f8ddcb18 None None] Loading glance-api-keystone+cachemanagement from /etc/glance/glance-api-paste.ini {{(pid=102012) load_paste_app /opt/stack/glance/glance/common/config.py:758}}
Jun 18 07:21:57.083321 np0000003122 devstack@g-api.service[102011]: DEBUG glance.common.config [None req-a8e33105-1644-46aa-92c2-7f03221bfe99 None None] Loading glance-api-keystone+cachemanagement from /etc/glance/glance-api-paste.ini {{(pid=102011) load_paste_app /opt/stack/glance/glance/common/config.py:758}}
Jun 18 07:21:57.136007 np0000003122 devstack@g-api.service[102013]: DEBUG glance.common.config [None req-fbb02aca-6d6a-44e0-b41d-0b95ae171816 None None] Loading glance-api-keystone+cachemanagement from /etc/glance/glance-api-paste.ini {{(pid=102013) load_paste_app /opt/stack/glance/glance/common/config.py:758}}
Jun 18 07:21:57.666253 np0000003122 devstack@g-api.service[102011]: INFO glance.image_cache [None req-a8e33105-1644-46aa-92c2-7f03221bfe99 None None] Image cache loaded driver 'centralized_db'.
Jun 18 07:21:57.677146 np0000003122 devstack@g-api.service[102013]: INFO glance.image_cache [None req-fbb02aca-6d6a-44e0-b41d-0b95ae171816 None None] Image cache loaded driver 'centralized_db'.
Jun 18 07:21:57.681914 np0000003122 devstack@g-api.service[102012]: INFO glance.image_cache [None req-9655b557-ccfa-4ce3-b5fb-45b0f8ddcb18 None None] Image cache loaded driver 'centralized_db'.
Jun 18 07:21:57.713017 np0000003122 devstack@g-api.service[102011]: INFO dbcounter [None req-a8e33105-1644-46aa-92c2-7f03221bfe99 None None] Registered counter for database glance
Jun 18 07:21:57.724446 np0000003122 devstack@g-api.service[102013]: INFO dbcounter [None req-fbb02aca-6d6a-44e0-b41d-0b95ae171816 None None] Registered counter for database glance
Jun 18 07:21:57.725075 np0000003122 devstack@g-api.service[102012]: INFO dbcounter [None req-9655b557-ccfa-4ce3-b5fb-45b0f8ddcb18 None None] Registered counter for database glance
Jun 18 07:21:57.759463 np0000003122 devstack@g-api.service[102011]: DEBUG oslo_db.sqlalchemy.engines [None req-a8e33105-1644-46aa-92c2-7f03221bfe99 None None] MySQL server mode set to STRICT_TRANS_TABLES,STRICT_ALL_TABLES,NO_ZERO_IN_DATE,NO_ZERO_DATE,ERROR_FOR_DIVISION_BY_ZERO,TRADITIONAL,NO_ENGINE_SUBSTITUTION {{(pid=102011) _check_effective_sql_mode /opt/stack/data/venv/lib/python3.12/site-packages/oslo_db/sqlalchemy/engines.py:325}}
Jun 18 07:21:57.770573 np0000003122 devstack@g-api.service[102013]: DEBUG oslo_db.sqlalchemy.engines [None req-fbb02aca-6d6a-44e0-b41d-0b95ae171816 None None] MySQL server mode set to STRICT_TRANS_TABLES,STRICT_ALL_TABLES,NO_ZERO_IN_DATE,NO_ZERO_DATE,ERROR_FOR_DIVISION_BY_ZERO,TRADITIONAL,NO_ENGINE_SUBSTITUTION {{(pid=102013) _check_effective_sql_mode /opt/stack/data/venv/lib/python3.12/site-packages/oslo_db/sqlalchemy/engines.py:325}}
Jun 18 07:21:57.773292 np0000003122 devstack@g-api.service[102012]: DEBUG oslo_db.sqlalchemy.engines [None req-9655b557-ccfa-4ce3-b5fb-45b0f8ddcb18 None None] MySQL server mode set to STRICT_TRANS_TABLES,STRICT_ALL_TABLES,NO_ZERO_IN_DATE,NO_ZERO_DATE,ERROR_FOR_DIVISION_BY_ZERO,TRADITIONAL,NO_ENGINE_SUBSTITUTION {{(pid=102012) _check_effective_sql_mode /opt/stack/data/venv/lib/python3.12/site-packages/oslo_db/sqlalchemy/engines.py:325}}
Jun 18 07:21:57.782717 np0000003122 devstack@g-api.service[102011]: DEBUG dbcounter [-] [102011] Writer thread running {{(pid=102011) stat_writer /opt/stack/data/venv/lib/python3.12/site-packages/dbcounter.py:102}}
Jun 18 07:21:57.793292 np0000003122 devstack@g-api.service[102013]: DEBUG dbcounter [-] [102013] Writer thread running {{(pid=102013) stat_writer /opt/stack/data/venv/lib/python3.12/site-packages/dbcounter.py:102}}
Jun 18 07:21:57.794985 np0000003122 devstack@g-api.service[102011]: INFO glance.image_cache [None req-a8e33105-1644-46aa-92c2-7f03221bfe99 None None] Image cache loaded driver 'centralized_db'.
Jun 18 07:21:57.796411 np0000003122 devstack@g-api.service[102013]: DEBUG glance.image_cache.drivers.centralized_db [None req-fbb02aca-6d6a-44e0-b41d-0b95ae171816 None None] Node reference is already recorded, ignoring it {{(pid=102013) configure /opt/stack/glance/glance/image_cache/drivers/centralized_db.py:71}}
Jun 18 07:21:57.797726 np0000003122 devstack@g-api.service[102012]: DEBUG dbcounter [-] [102012] Writer thread running {{(pid=102012) stat_writer /opt/stack/data/venv/lib/python3.12/site-packages/dbcounter.py:102}}
Jun 18 07:21:57.800443 np0000003122 devstack@g-api.service[102012]: DEBUG glance.image_cache.drivers.centralized_db [None req-9655b557-ccfa-4ce3-b5fb-45b0f8ddcb18 None None] Node reference is already recorded, ignoring it {{(pid=102012) configure /opt/stack/glance/glance/image_cache/drivers/centralized_db.py:71}}
Jun 18 07:21:57.801785 np0000003122 devstack@g-api.service[102013]: INFO glance.image_cache [None req-fbb02aca-6d6a-44e0-b41d-0b95ae171816 None None] Image cache loaded driver 'centralized_db'.
Jun 18 07:21:57.802254 np0000003122 devstack@g-api.service[102011]: DEBUG glance.image_cache.drivers.centralized_db [None req-a8e33105-1644-46aa-92c2-7f03221bfe99 None None] Node reference is already recorded, ignoring it {{(pid=102011) configure /opt/stack/glance/glance/image_cache/drivers/centralized_db.py:71}}
Jun 18 07:21:57.805926 np0000003122 devstack@g-api.service[102012]: INFO glance.image_cache [None req-9655b557-ccfa-4ce3-b5fb-45b0f8ddcb18 None None] Image cache loaded driver 'centralized_db'.
Jun 18 07:21:57.809118 np0000003122 devstack@g-api.service[102011]: DEBUG glance.api.v2.cached_images [None req-a8e33105-1644-46aa-92c2-7f03221bfe99 None None] Started cache worker thread {{(pid=102011) __init__ /opt/stack/glance/glance/api/v2/cached_images.py:69}}
Jun 18 07:21:57.809823 np0000003122 devstack@g-api.service[102011]: INFO glance.image_cache [None req-a8e33105-1644-46aa-92c2-7f03221bfe99 None None] Image cache loaded driver 'centralized_db'.
Jun 18 07:21:57.809885 np0000003122 devstack@g-api.service[102013]: DEBUG glance.image_cache.drivers.centralized_db [None req-fbb02aca-6d6a-44e0-b41d-0b95ae171816 None None] Node reference is already recorded, ignoring it {{(pid=102013) configure /opt/stack/glance/glance/image_cache/drivers/centralized_db.py:71}}
Jun 18 07:21:57.815459 np0000003122 devstack@g-api.service[102012]: DEBUG glance.image_cache.drivers.centralized_db [None req-9655b557-ccfa-4ce3-b5fb-45b0f8ddcb18 None None] Node reference is already recorded, ignoring it {{(pid=102012) configure /opt/stack/glance/glance/image_cache/drivers/centralized_db.py:71}}
Jun 18 07:21:57.819314 np0000003122 devstack@g-api.service[102011]: DEBUG glance.image_cache.drivers.centralized_db [None req-a8e33105-1644-46aa-92c2-7f03221bfe99 None None] Node reference is already recorded, ignoring it {{(pid=102011) configure /opt/stack/glance/glance/image_cache/drivers/centralized_db.py:71}}
Jun 18 07:21:57.912110 np0000003122 devstack@g-api.service[102013]: DEBUG glance.api.v2.cached_images [None req-fbb02aca-6d6a-44e0-b41d-0b95ae171816 None None] Started cache worker thread {{(pid=102013) __init__ /opt/stack/glance/glance/api/v2/cached_images.py:69}}
Jun 18 07:21:57.913056 np0000003122 devstack@g-api.service[102013]: INFO glance.image_cache [None req-fbb02aca-6d6a-44e0-b41d-0b95ae171816 None None] Image cache loaded driver 'centralized_db'.
Jun 18 07:21:57.922495 np0000003122 devstack@g-api.service[102013]: DEBUG glance.image_cache.drivers.centralized_db [None req-fbb02aca-6d6a-44e0-b41d-0b95ae171816 None None] Node reference is already recorded, ignoring it {{(pid=102013) configure /opt/stack/glance/glance/image_cache/drivers/centralized_db.py:71}}
Jun 18 07:21:57.927398 np0000003122 devstack@g-api.service[102013]: INFO glance.api.middleware.cache_manage [None req-fbb02aca-6d6a-44e0-b41d-0b95ae171816 None None] Initialized image cache management middleware
Jun 18 07:21:57.927572 np0000003122 devstack@g-api.service[102013]: INFO glance.image_cache [None req-fbb02aca-6d6a-44e0-b41d-0b95ae171816 None None] Image cache loaded driver 'centralized_db'.
Jun 18 07:21:57.934059 np0000003122 devstack@g-api.service[102012]: DEBUG glance.api.v2.cached_images [None req-9655b557-ccfa-4ce3-b5fb-45b0f8ddcb18 None None] Started cache worker thread {{(pid=102012) __init__ /opt/stack/glance/glance/api/v2/cached_images.py:69}}
Jun 18 07:21:57.934873 np0000003122 devstack@g-api.service[102012]: INFO glance.image_cache [None req-9655b557-ccfa-4ce3-b5fb-45b0f8ddcb18 None None] Image cache loaded driver 'centralized_db'.
Jun 18 07:21:57.935938 np0000003122 devstack@g-api.service[102013]: DEBUG glance.image_cache.drivers.centralized_db [None req-fbb02aca-6d6a-44e0-b41d-0b95ae171816 None None] Node reference is already recorded, ignoring it {{(pid=102013) configure /opt/stack/glance/glance/image_cache/drivers/centralized_db.py:71}}
Jun 18 07:21:57.939638 np0000003122 devstack@g-api.service[102013]: INFO glance.api.middleware.cache [None req-fbb02aca-6d6a-44e0-b41d-0b95ae171816 None None] Initialized image cache middleware
Jun 18 07:21:57.940148 np0000003122 devstack@g-api.service[102011]: INFO glance.api.middleware.cache_manage [None req-a8e33105-1644-46aa-92c2-7f03221bfe99 None None] Initialized image cache management middleware
Jun 18 07:21:57.940346 np0000003122 devstack@g-api.service[102011]: INFO glance.image_cache [None req-a8e33105-1644-46aa-92c2-7f03221bfe99 None None] Image cache loaded driver 'centralized_db'.
Jun 18 07:21:57.943885 np0000003122 devstack@g-api.service[102012]: DEBUG glance.image_cache.drivers.centralized_db [None req-9655b557-ccfa-4ce3-b5fb-45b0f8ddcb18 None None] Node reference is already recorded, ignoring it {{(pid=102012) configure /opt/stack/glance/glance/image_cache/drivers/centralized_db.py:71}}
Jun 18 07:21:57.948751 np0000003122 devstack@g-api.service[102011]: DEBUG glance.image_cache.drivers.centralized_db [None req-a8e33105-1644-46aa-92c2-7f03221bfe99 None None] Node reference is already recorded, ignoring it {{(pid=102011) configure /opt/stack/glance/glance/image_cache/drivers/centralized_db.py:71}}
Jun 18 07:21:57.949899 np0000003122 devstack@g-api.service[102012]: INFO glance.api.middleware.cache_manage [None req-9655b557-ccfa-4ce3-b5fb-45b0f8ddcb18 None None] Initialized image cache management middleware
Jun 18 07:21:57.950052 np0000003122 devstack@g-api.service[102012]: INFO glance.image_cache [None req-9655b557-ccfa-4ce3-b5fb-45b0f8ddcb18 None None] Image cache loaded driver 'centralized_db'.
Jun 18 07:21:57.954372 np0000003122 devstack@g-api.service[102011]: INFO glance.api.middleware.cache [None req-a8e33105-1644-46aa-92c2-7f03221bfe99 None None] Initialized image cache middleware
Jun 18 07:21:57.954869 np0000003122 devstack@g-api.service[102013]: DEBUG glance.common.config [None req-fbb02aca-6d6a-44e0-b41d-0b95ae171816 None None] ******************************************************************************** {{(pid=102013) log_opt_values /opt/stack/data/venv/lib/python3.12/site-packages/oslo_config/cfg.py:3226}}
Jun 18 07:21:57.954869 np0000003122 devstack@g-api.service[102013]: DEBUG glance.common.config [None req-fbb02aca-6d6a-44e0-b41d-0b95ae171816 None None] Configuration options gathered from: {{(pid=102013) log_opt_values /opt/stack/data/venv/lib/python3.12/site-packages/oslo_config/cfg.py:3227}}
Jun 18 07:21:57.955167 np0000003122 devstack@g-api.service[102013]: DEBUG glance.common.config [None req-fbb02aca-6d6a-44e0-b41d-0b95ae171816 None None] command line args: [] {{(pid=102013) log_opt_values /opt/stack/data/venv/lib/python3.12/site-packages/oslo_config/cfg.py:3228}}
Jun 18 07:21:57.955289 np0000003122 devstack@g-api.service[102013]: DEBUG glance.common.config [None req-fbb02aca-6d6a-44e0-b41d-0b95ae171816 None None] config files: ['/etc/glance/glance-image-import.conf', '/etc/glance/glance-api.conf'] {{(pid=102013) log_opt_values /opt/stack/data/venv/lib/python3.12/site-packages/oslo_config/cfg.py:3229}}
Jun 18 07:21:57.955358 np0000003122 devstack@g-api.service[102013]: DEBUG glance.common.config [None req-fbb02aca-6d6a-44e0-b41d-0b95ae171816 None None] ================================================================================ {{(pid=102013) log_opt_values /opt/stack/data/venv/lib/python3.12/site-packages/oslo_config/cfg.py:3234}}
Jun 18 07:21:57.955523 np0000003122 devstack@g-api.service[102013]: DEBUG glance.common.config [None req-fbb02aca-6d6a-44e0-b41d-0b95ae171816 None None] allow_anonymous_access = False {{(pid=102013) log_opt_values /opt/stack/data/venv/lib/python3.12/site-packages/oslo_config/cfg.py:3242}}
Jun 18 07:21:57.955662 np0000003122 devstack@g-api.service[102013]: DEBUG glance.common.config [None req-fbb02aca-6d6a-44e0-b41d-0b95ae171816 None None] api_limit_max = 1000 {{(pid=102013) log_opt_values /opt/stack/data/venv/lib/python3.12/site-packages/oslo_config/cfg.py:3242}}
Jun 18 07:21:57.955662 np0000003122 devstack@g-api.service[102013]: DEBUG glance.common.config [None req-fbb02aca-6d6a-44e0-b41d-0b95ae171816 None None] backlog = 4096 {{(pid=102013) log_opt_values /opt/stack/data/venv/lib/python3.12/site-packages/oslo_config/cfg.py:3242}}
Jun 18 07:21:57.955791 np0000003122 devstack@g-api.service[102013]: DEBUG glance.common.config [None req-fbb02aca-6d6a-44e0-b41d-0b95ae171816 None None] bind_host = 0.0.0.0 {{(pid=102013) log_opt_values /opt/stack/data/venv/lib/python3.12/site-packages/oslo_config/cfg.py:3242}}
Jun 18 07:21:57.955888 np0000003122 devstack@g-api.service[102013]: DEBUG glance.common.config [None req-fbb02aca-6d6a-44e0-b41d-0b95ae171816 None None] bind_port = 19292 {{(pid=102013) log_opt_values /opt/stack/data/venv/lib/python3.12/site-packages/oslo_config/cfg.py:3242}}
Jun 18 07:21:57.955982 np0000003122 devstack@g-api.service[102013]: DEBUG glance.common.config [None req-fbb02aca-6d6a-44e0-b41d-0b95ae171816 None None] client_socket_timeout = 900 {{(pid=102013) log_opt_values /opt/stack/data/venv/lib/python3.12/site-packages/oslo_config/cfg.py:3242}}
Jun 18 07:21:57.956069 np0000003122 devstack@g-api.service[102013]: DEBUG glance.common.config [None req-fbb02aca-6d6a-44e0-b41d-0b95ae171816 None None] config_dir = [] {{(pid=102013) log_opt_values /opt/stack/data/venv/lib/python3.12/site-packages/oslo_config/cfg.py:3242}}
Jun 18 07:21:57.956136 np0000003122 devstack@g-api.service[102013]: DEBUG glance.common.config [None req-fbb02aca-6d6a-44e0-b41d-0b95ae171816 None None] config_file = ['/etc/glance/glance-image-import.conf', '/etc/glance/glance-api.conf'] {{(pid=102013) log_opt_values /opt/stack/data/venv/lib/python3.12/site-packages/oslo_config/cfg.py:3242}}
Jun 18 07:21:57.956250 np0000003122 devstack@g-api.service[102013]: DEBUG glance.common.config [None req-fbb02aca-6d6a-44e0-b41d-0b95ae171816 None None] config_source = [] {{(pid=102013) log_opt_values /opt/stack/data/venv/lib/python3.12/site-packages/oslo_config/cfg.py:3242}}
Jun 18 07:21:57.956342 np0000003122 devstack@g-api.service[102013]: DEBUG glance.common.config [None req-fbb02aca-6d6a-44e0-b41d-0b95ae171816 None None] control_exchange = glance {{(pid=102013) log_opt_values /opt/stack/data/venv/lib/python3.12/site-packages/oslo_config/cfg.py:3242}}
Jun 18 07:21:57.956405 np0000003122 devstack@g-api.service[102013]: DEBUG glance.common.config [None req-fbb02aca-6d6a-44e0-b41d-0b95ae171816 None None] debug = True {{(pid=102013) log_opt_values /opt/stack/data/venv/lib/python3.12/site-packages/oslo_config/cfg.py:3242}}
Jun 18 07:21:57.956567 np0000003122 devstack@g-api.service[102013]: DEBUG glance.common.config [None req-fbb02aca-6d6a-44e0-b41d-0b95ae171816 None None] default_log_levels = ['amqp=WARN', 'boto=WARN', 'sqlalchemy=WARN', 'suds=INFO', 'oslo.messaging=INFO', 'oslo_messaging=INFO', 'iso8601=WARN', 'requests.packages.urllib3.connectionpool=WARN', 'urllib3.connectionpool=WARN', 'websocket=WARN', 'requests.packages.urllib3.util.retry=WARN', 'urllib3.util.retry=WARN', 'keystonemiddleware=WARN', 'routes.middleware=WARN', 'stevedore=WARN', 'taskflow=WARN', 'keystoneauth=WARN', 'oslo.cache=INFO', 'oslo_policy=INFO', 'dogpile.core.dogpile=INFO'] {{(pid=102013) log_opt_values /opt/stack/data/venv/lib/python3.12/site-packages/oslo_config/cfg.py:3242}}
Jun 18 07:21:57.956656 np0000003122 devstack@g-api.service[102013]: DEBUG glance.common.config [None req-fbb02aca-6d6a-44e0-b41d-0b95ae171816 None None] default_publisher_id = image.localhost {{(pid=102013) log_opt_values /opt/stack/data/venv/lib/python3.12/site-packages/oslo_config/cfg.py:3242}}
Jun 18 07:21:57.956734 np0000003122 devstack@g-api.service[102013]: DEBUG glance.common.config [None req-fbb02aca-6d6a-44e0-b41d-0b95ae171816 None None] delayed_delete = False {{(pid=102013) log_opt_values /opt/stack/data/venv/lib/python3.12/site-packages/oslo_config/cfg.py:3242}}
Jun 18 07:21:57.956824 np0000003122 devstack@g-api.service[102013]: DEBUG glance.common.config [None req-fbb02aca-6d6a-44e0-b41d-0b95ae171816 None None] digest_algorithm = sha256 {{(pid=102013) log_opt_values /opt/stack/data/venv/lib/python3.12/site-packages/oslo_config/cfg.py:3242}}
Jun 18 07:21:57.956911 np0000003122 devstack@g-api.service[102013]: DEBUG glance.common.config [None req-fbb02aca-6d6a-44e0-b41d-0b95ae171816 None None] disabled_notifications = [] {{(pid=102013) log_opt_values /opt/stack/data/venv/lib/python3.12/site-packages/oslo_config/cfg.py:3242}}
Jun 18 07:21:57.956996 np0000003122 devstack@g-api.service[102013]: DEBUG glance.common.config [None req-fbb02aca-6d6a-44e0-b41d-0b95ae171816 None None] do_secure_hash = True {{(pid=102013) log_opt_values /opt/stack/data/venv/lib/python3.12/site-packages/oslo_config/cfg.py:3242}}
Jun 18 07:21:57.957080 np0000003122 devstack@g-api.service[102013]: DEBUG glance.common.config [None req-fbb02aca-6d6a-44e0-b41d-0b95ae171816 None None] enabled_backends = None {{(pid=102013) log_opt_values /opt/stack/data/venv/lib/python3.12/site-packages/oslo_config/cfg.py:3242}}
Jun 18 07:21:57.957201 np0000003122 devstack@g-api.service[102013]: DEBUG glance.common.config [None req-fbb02aca-6d6a-44e0-b41d-0b95ae171816 None None] enabled_import_methods = ['glance-direct', 'web-download', 'copy-image'] {{(pid=102013) log_opt_values /opt/stack/data/venv/lib/python3.12/site-packages/oslo_config/cfg.py:3242}}
Jun 18 07:21:57.957288 np0000003122 devstack@g-api.service[102013]: DEBUG glance.common.config [None req-fbb02aca-6d6a-44e0-b41d-0b95ae171816 None None] fatal_deprecations = False {{(pid=102013) log_opt_values /opt/stack/data/venv/lib/python3.12/site-packages/oslo_config/cfg.py:3242}}
Jun 18 07:21:57.957377 np0000003122 devstack@g-api.service[102013]: DEBUG glance.common.config [None req-fbb02aca-6d6a-44e0-b41d-0b95ae171816 None None] hashing_algorithm = sha512 {{(pid=102013) log_opt_values /opt/stack/data/venv/lib/python3.12/site-packages/oslo_config/cfg.py:3242}}
Jun 18 07:21:57.957458 np0000003122 devstack@g-api.service[102013]: DEBUG glance.common.config [None req-fbb02aca-6d6a-44e0-b41d-0b95ae171816 None None] http_keepalive = True {{(pid=102013) log_opt_values /opt/stack/data/venv/lib/python3.12/site-packages/oslo_config/cfg.py:3242}}
Jun 18 07:21:57.957550 np0000003122 devstack@g-api.service[102013]: DEBUG glance.common.config [None req-fbb02aca-6d6a-44e0-b41d-0b95ae171816 None None] http_retries = 3 {{(pid=102013) log_opt_values /opt/stack/data/venv/lib/python3.12/site-packages/oslo_config/cfg.py:3242}}
Jun 18 07:21:57.957640 np0000003122 devstack@g-api.service[102013]: DEBUG glance.common.config [None req-fbb02aca-6d6a-44e0-b41d-0b95ae171816 None None] image_cache_dir = /opt/stack/data/glance/cache/ {{(pid=102013) log_opt_values /opt/stack/data/venv/lib/python3.12/site-packages/oslo_config/cfg.py:3242}}
Jun 18 07:21:57.957728 np0000003122 devstack@g-api.service[102013]: DEBUG glance.common.config [None req-fbb02aca-6d6a-44e0-b41d-0b95ae171816 None None] image_cache_driver = centralized_db {{(pid=102013) log_opt_values /opt/stack/data/venv/lib/python3.12/site-packages/oslo_config/cfg.py:3242}}
Jun 18 07:21:57.957815 np0000003122 devstack@g-api.service[102013]: DEBUG glance.common.config [None req-fbb02aca-6d6a-44e0-b41d-0b95ae171816 None None] image_cache_max_size = 10737418240 {{(pid=102013) log_opt_values /opt/stack/data/venv/lib/python3.12/site-packages/oslo_config/cfg.py:3242}}
Jun 18 07:21:57.957905 np0000003122 devstack@g-api.service[102013]: DEBUG glance.common.config [None req-fbb02aca-6d6a-44e0-b41d-0b95ae171816 None None] image_cache_sqlite_db = cache.db {{(pid=102013) log_opt_values /opt/stack/data/venv/lib/python3.12/site-packages/oslo_config/cfg.py:3242}}
Jun 18 07:21:57.958000 np0000003122 devstack@g-api.service[102013]: DEBUG glance.common.config [None req-fbb02aca-6d6a-44e0-b41d-0b95ae171816 None None] image_cache_stall_time = 86400 {{(pid=102013) log_opt_values /opt/stack/data/venv/lib/python3.12/site-packages/oslo_config/cfg.py:3242}}
Jun 18 07:21:57.958082 np0000003122 devstack@g-api.service[102013]: DEBUG glance.common.config [None req-fbb02aca-6d6a-44e0-b41d-0b95ae171816 None None] image_location_quota = 10 {{(pid=102013) log_opt_values /opt/stack/data/venv/lib/python3.12/site-packages/oslo_config/cfg.py:3242}}
Jun 18 07:21:57.958184 np0000003122 devstack@g-api.service[102013]: DEBUG glance.common.config [None req-fbb02aca-6d6a-44e0-b41d-0b95ae171816 None None] image_member_quota = 128 {{(pid=102013) log_opt_values /opt/stack/data/venv/lib/python3.12/site-packages/oslo_config/cfg.py:3242}}
Jun 18 07:21:57.958270 np0000003122 devstack@g-api.service[102013]: DEBUG glance.common.config [None req-fbb02aca-6d6a-44e0-b41d-0b95ae171816 None None] image_property_quota = 128 {{(pid=102013) log_opt_values /opt/stack/data/venv/lib/python3.12/site-packages/oslo_config/cfg.py:3242}}
Jun 18 07:21:57.958354 np0000003122 devstack@g-api.service[102013]: DEBUG glance.common.config [None req-fbb02aca-6d6a-44e0-b41d-0b95ae171816 None None] image_size_cap = 1099511627776 {{(pid=102013) log_opt_values /opt/stack/data/venv/lib/python3.12/site-packages/oslo_config/cfg.py:3242}}
Jun 18 07:21:57.958434 np0000003122 devstack@g-api.service[102013]: DEBUG glance.common.config [None req-fbb02aca-6d6a-44e0-b41d-0b95ae171816 None None] image_tag_quota = 128 {{(pid=102013) log_opt_values /opt/stack/data/venv/lib/python3.12/site-packages/oslo_config/cfg.py:3242}}
Jun 18 07:21:57.958536 np0000003122 devstack@g-api.service[102013]: DEBUG glance.common.config [None req-fbb02aca-6d6a-44e0-b41d-0b95ae171816 None None] instance_format = [instance: %(uuid)s] {{(pid=102013) log_opt_values /opt/stack/data/venv/lib/python3.12/site-packages/oslo_config/cfg.py:3242}}
Jun 18 07:21:57.958628 np0000003122 devstack@g-api.service[102013]: DEBUG glance.common.config [None req-fbb02aca-6d6a-44e0-b41d-0b95ae171816 None None] instance_uuid_format = [instance: %(uuid)s] {{(pid=102013) log_opt_values /opt/stack/data/venv/lib/python3.12/site-packages/oslo_config/cfg.py:3242}}
Jun 18 07:21:57.958712 np0000003122 devstack@g-api.service[102013]: DEBUG glance.common.config [None req-fbb02aca-6d6a-44e0-b41d-0b95ae171816 None None] limit_param_default = 25 {{(pid=102013) log_opt_values /opt/stack/data/venv/lib/python3.12/site-packages/oslo_config/cfg.py:3242}}
Jun 18 07:21:57.958802 np0000003122 devstack@g-api.service[102013]: DEBUG glance.common.config [None req-fbb02aca-6d6a-44e0-b41d-0b95ae171816 None None] log_color = False {{(pid=102013) log_opt_values /opt/stack/data/venv/lib/python3.12/site-packages/oslo_config/cfg.py:3242}}
Jun 18 07:21:57.958891 np0000003122 devstack@g-api.service[102013]: DEBUG glance.common.config [None req-fbb02aca-6d6a-44e0-b41d-0b95ae171816 None None] log_config_append = None {{(pid=102013) log_opt_values /opt/stack/data/venv/lib/python3.12/site-packages/oslo_config/cfg.py:3242}}
Jun 18 07:21:57.958979 np0000003122 devstack@g-api.service[102013]: DEBUG glance.common.config [None req-fbb02aca-6d6a-44e0-b41d-0b95ae171816 None None] log_date_format = %Y-%m-%d %H:%M:%S {{(pid=102013) log_opt_values /opt/stack/data/venv/lib/python3.12/site-packages/oslo_config/cfg.py:3242}}
Jun 18 07:21:57.959062 np0000003122 devstack@g-api.service[102013]: DEBUG glance.common.config [None req-fbb02aca-6d6a-44e0-b41d-0b95ae171816 None None] log_dir = None {{(pid=102013) log_opt_values /opt/stack/data/venv/lib/python3.12/site-packages/oslo_config/cfg.py:3242}}
Jun 18 07:21:57.959145 np0000003122 devstack@g-api.service[102013]: DEBUG glance.common.config [None req-fbb02aca-6d6a-44e0-b41d-0b95ae171816 None None] log_file = None {{(pid=102013) log_opt_values /opt/stack/data/venv/lib/python3.12/site-packages/oslo_config/cfg.py:3242}}
Jun 18 07:21:57.959212 np0000003122 devstack@g-api.service[102012]: DEBUG glance.image_cache.drivers.centralized_db [None req-9655b557-ccfa-4ce3-b5fb-45b0f8ddcb18 None None] Node reference is already recorded, ignoring it {{(pid=102012) configure /opt/stack/glance/glance/image_cache/drivers/centralized_db.py:71}}
Jun 18 07:21:57.959258 np0000003122 devstack@g-api.service[102013]: DEBUG glance.common.config [None req-fbb02aca-6d6a-44e0-b41d-0b95ae171816 None None] log_rotate_interval = 1 {{(pid=102013) log_opt_values /opt/stack/data/venv/lib/python3.12/site-packages/oslo_config/cfg.py:3242}}
Jun 18 07:21:57.959336 np0000003122 devstack@g-api.service[102013]: DEBUG glance.common.config [None req-fbb02aca-6d6a-44e0-b41d-0b95ae171816 None None] log_rotate_interval_type = days {{(pid=102013) log_opt_values /opt/stack/data/venv/lib/python3.12/site-packages/oslo_config/cfg.py:3242}}
Jun 18 07:21:57.959424 np0000003122 devstack@g-api.service[102013]: DEBUG glance.common.config [None req-fbb02aca-6d6a-44e0-b41d-0b95ae171816 None None] log_rotation_type = none {{(pid=102013) log_opt_values /opt/stack/data/venv/lib/python3.12/site-packages/oslo_config/cfg.py:3242}}
Jun 18 07:21:57.959483 np0000003122 devstack@g-api.service[102013]: DEBUG glance.common.config [None req-fbb02aca-6d6a-44e0-b41d-0b95ae171816 None None] logging_context_format_string = %(color)s%(levelname)s %(name)s [%(global_request_id)s %(request_id)s %(project_name)s %(user_name)s%(color)s] %(instance)s%(color)s%(message)s {{(pid=102013) log_opt_values /opt/stack/data/venv/lib/python3.12/site-packages/oslo_config/cfg.py:3242}}
Jun 18 07:21:57.959593 np0000003122 devstack@g-api.service[102013]: DEBUG glance.common.config [None req-fbb02aca-6d6a-44e0-b41d-0b95ae171816 None None] logging_debug_format_suffix = {{(pid=%(process)d) %(funcName)s %(pathname)s:%(lineno)d}} {{(pid=102013) log_opt_values /opt/stack/data/venv/lib/python3.12/site-packages/oslo_config/cfg.py:3242}}
Jun 18 07:21:57.959696 np0000003122 devstack@g-api.service[102013]: DEBUG glance.common.config [None req-fbb02aca-6d6a-44e0-b41d-0b95ae171816 None None] logging_default_format_string = %(color)s%(levelname)s %(name)s [-%(color)s] %(instance)s%(color)s%(message)s {{(pid=102013) log_opt_values /opt/stack/data/venv/lib/python3.12/site-packages/oslo_config/cfg.py:3242}}
Jun 18 07:21:57.959786 np0000003122 devstack@g-api.service[102013]: DEBUG glance.common.config [None req-fbb02aca-6d6a-44e0-b41d-0b95ae171816 None None] logging_exception_prefix = ERROR %(name)s %(instance)s {{(pid=102013) log_opt_values /opt/stack/data/venv/lib/python3.12/site-packages/oslo_config/cfg.py:3242}}
Jun 18 07:21:57.959847 np0000003122 devstack@g-api.service[102013]: DEBUG glance.common.config [None req-fbb02aca-6d6a-44e0-b41d-0b95ae171816 None None] logging_user_identity_format = %(user)s %(project)s %(domain)s %(system_scope)s %(user_domain)s %(project_domain)s {{(pid=102013) log_opt_values /opt/stack/data/venv/lib/python3.12/site-packages/oslo_config/cfg.py:3242}}
Jun 18 07:21:57.959931 np0000003122 devstack@g-api.service[102013]: DEBUG glance.common.config [None req-fbb02aca-6d6a-44e0-b41d-0b95ae171816 None None] max_header_line = 16384 {{(pid=102013) log_opt_values /opt/stack/data/venv/lib/python3.12/site-packages/oslo_config/cfg.py:3242}}
Jun 18 07:21:57.960011 np0000003122 devstack@g-api.service[102013]: DEBUG glance.common.config [None req-fbb02aca-6d6a-44e0-b41d-0b95ae171816 None None] max_logfile_count = 30 {{(pid=102013) log_opt_values /opt/stack/data/venv/lib/python3.12/site-packages/oslo_config/cfg.py:3242}}
Jun 18 07:21:57.960091 np0000003122 devstack@g-api.service[102013]: DEBUG glance.common.config [None req-fbb02aca-6d6a-44e0-b41d-0b95ae171816 None None] max_logfile_size_mb = 200 {{(pid=102013) log_opt_values /opt/stack/data/venv/lib/python3.12/site-packages/oslo_config/cfg.py:3242}}
Jun 18 07:21:57.960192 np0000003122 devstack@g-api.service[102013]: DEBUG glance.common.config [None req-fbb02aca-6d6a-44e0-b41d-0b95ae171816 None None] max_request_id_length = 64 {{(pid=102013) log_opt_values /opt/stack/data/venv/lib/python3.12/site-packages/oslo_config/cfg.py:3242}}
Jun 18 07:21:57.960275 np0000003122 devstack@g-api.service[102013]: DEBUG glance.common.config [None req-fbb02aca-6d6a-44e0-b41d-0b95ae171816 None None] metadata_encryption_key = **** {{(pid=102013) log_opt_values /opt/stack/data/venv/lib/python3.12/site-packages/oslo_config/cfg.py:3242}}
Jun 18 07:21:57.960363 np0000003122 devstack@g-api.service[102013]: DEBUG glance.common.config [None req-fbb02aca-6d6a-44e0-b41d-0b95ae171816 None None] node_staging_uri = file:///tmp/staging/ {{(pid=102013) log_opt_values /opt/stack/data/venv/lib/python3.12/site-packages/oslo_config/cfg.py:3242}}
Jun 18 07:21:57.960443 np0000003122 devstack@g-api.service[102013]: DEBUG glance.common.config [None req-fbb02aca-6d6a-44e0-b41d-0b95ae171816 None None] property_protection_file = None {{(pid=102013) log_opt_values /opt/stack/data/venv/lib/python3.12/site-packages/oslo_config/cfg.py:3242}}
Jun 18 07:21:57.960567 np0000003122 devstack@g-api.service[102013]: DEBUG glance.common.config [None req-fbb02aca-6d6a-44e0-b41d-0b95ae171816 None None] property_protection_rule_format = roles {{(pid=102013) log_opt_values /opt/stack/data/venv/lib/python3.12/site-packages/oslo_config/cfg.py:3242}}
Jun 18 07:21:57.960662 np0000003122 devstack@g-api.service[102013]: DEBUG glance.common.config [None req-fbb02aca-6d6a-44e0-b41d-0b95ae171816 None None] public_endpoint = https://10.4.3.47/image {{(pid=102013) log_opt_values /opt/stack/data/venv/lib/python3.12/site-packages/oslo_config/cfg.py:3242}}
Jun 18 07:21:57.960748 np0000003122 devstack@g-api.service[102013]: DEBUG glance.common.config [None req-fbb02aca-6d6a-44e0-b41d-0b95ae171816 None None] publish_errors = False {{(pid=102013) log_opt_values /opt/stack/data/venv/lib/python3.12/site-packages/oslo_config/cfg.py:3242}}
Jun 18 07:21:57.960828 np0000003122 devstack@g-api.service[102013]: DEBUG glance.common.config [None req-fbb02aca-6d6a-44e0-b41d-0b95ae171816 None None] pydev_worker_debug_host = None {{(pid=102013) log_opt_values /opt/stack/data/venv/lib/python3.12/site-packages/oslo_config/cfg.py:3242}}
Jun 18 07:21:57.960915 np0000003122 devstack@g-api.service[102013]: DEBUG glance.common.config [None req-fbb02aca-6d6a-44e0-b41d-0b95ae171816 None None] pydev_worker_debug_port = 5678 {{(pid=102013) log_opt_values /opt/stack/data/venv/lib/python3.12/site-packages/oslo_config/cfg.py:3242}}
Jun 18 07:21:57.960995 np0000003122 devstack@g-api.service[102013]: DEBUG glance.common.config [None req-fbb02aca-6d6a-44e0-b41d-0b95ae171816 None None] rate_limit_burst = 0 {{(pid=102013) log_opt_values /opt/stack/data/venv/lib/python3.12/site-packages/oslo_config/cfg.py:3242}}
Jun 18 07:21:57.961130 np0000003122 devstack@g-api.service[102013]: DEBUG glance.common.config [None req-fbb02aca-6d6a-44e0-b41d-0b95ae171816 None None] rate_limit_except_level = CRITICAL {{(pid=102013) log_opt_values /opt/stack/data/venv/lib/python3.12/site-packages/oslo_config/cfg.py:3242}}
Jun 18 07:21:57.961331 np0000003122 devstack@g-api.service[102013]: DEBUG glance.common.config [None req-fbb02aca-6d6a-44e0-b41d-0b95ae171816 None None] rate_limit_interval = 0 {{(pid=102013) log_opt_values /opt/stack/data/venv/lib/python3.12/site-packages/oslo_config/cfg.py:3242}}
Jun 18 07:21:57.961430 np0000003122 devstack@g-api.service[102013]: DEBUG glance.common.config [None req-fbb02aca-6d6a-44e0-b41d-0b95ae171816 None None] scrub_pool_size = 1 {{(pid=102013) log_opt_values /opt/stack/data/venv/lib/python3.12/site-packages/oslo_config/cfg.py:3242}}
Jun 18 07:21:57.961538 np0000003122 devstack@g-api.service[102013]: DEBUG glance.common.config [None req-fbb02aca-6d6a-44e0-b41d-0b95ae171816 None None] scrub_time = 0 {{(pid=102013) log_opt_values /opt/stack/data/venv/lib/python3.12/site-packages/oslo_config/cfg.py:3242}}
Jun 18 07:21:57.961628 np0000003122 devstack@g-api.service[102013]: DEBUG glance.common.config [None req-fbb02aca-6d6a-44e0-b41d-0b95ae171816 None None] shell_completion = None {{(pid=102013) log_opt_values /opt/stack/data/venv/lib/python3.12/site-packages/oslo_config/cfg.py:3242}}
Jun 18 07:21:57.961774 np0000003122 devstack@g-api.service[102013]: DEBUG glance.common.config [None req-fbb02aca-6d6a-44e0-b41d-0b95ae171816 None None] show_image_direct_url = False {{(pid=102013) log_opt_values /opt/stack/data/venv/lib/python3.12/site-packages/oslo_config/cfg.py:3242}}
Jun 18 07:21:57.962026 np0000003122 devstack@g-api.service[102013]: WARNING oslo_config.cfg [None req-fbb02aca-6d6a-44e0-b41d-0b95ae171816 None None] Deprecated: Option "show_multiple_locations" from group "DEFAULT" is deprecated for removal (Use of this option, deprecated since Newton, is a security risk and will be removed once we figure out a way to satisfy those use cases that currently require it. An earlier announcement that the same functionality can be achieved with greater granularity by using policies is incorrect. You cannot work around this option via policy configuration at the present time, though that is the direction we believe the fix will take. Please keep an eye on the Glance release notes to stay up to date on progress in addressing this issue.). Its value may be silently ignored in the future.
Jun 18 07:21:57.962132 np0000003122 devstack@g-api.service[102013]: DEBUG glance.common.config [None req-fbb02aca-6d6a-44e0-b41d-0b95ae171816 None None] show_multiple_locations = False {{(pid=102013) log_opt_values /opt/stack/data/venv/lib/python3.12/site-packages/oslo_config/cfg.py:3242}}
Jun 18 07:21:57.962291 np0000003122 devstack@g-api.service[102013]: DEBUG glance.common.config [None req-fbb02aca-6d6a-44e0-b41d-0b95ae171816 None None] syslog_log_facility = LOG_USER {{(pid=102013) log_opt_values /opt/stack/data/venv/lib/python3.12/site-packages/oslo_config/cfg.py:3242}}
Jun 18 07:21:57.963019 np0000003122 devstack@g-api.service[102013]: DEBUG glance.common.config [None req-fbb02aca-6d6a-44e0-b41d-0b95ae171816 None None] tcp_keepidle = 600 {{(pid=102013) log_opt_values /opt/stack/data/venv/lib/python3.12/site-packages/oslo_config/cfg.py:3242}}
Jun 18 07:21:57.963019 np0000003122 devstack@g-api.service[102013]: DEBUG glance.common.config [None req-fbb02aca-6d6a-44e0-b41d-0b95ae171816 None None] transport_url = **** {{(pid=102013) log_opt_values /opt/stack/data/venv/lib/python3.12/site-packages/oslo_config/cfg.py:3242}}
Jun 18 07:21:57.963389 np0000003122 devstack@g-api.service[102013]: DEBUG glance.common.config [None req-fbb02aca-6d6a-44e0-b41d-0b95ae171816 None None] use_journal = False {{(pid=102013) log_opt_values /opt/stack/data/venv/lib/python3.12/site-packages/oslo_config/cfg.py:3242}}
Jun 18 07:21:57.963543 np0000003122 devstack@g-api.service[102013]: DEBUG glance.common.config [None req-fbb02aca-6d6a-44e0-b41d-0b95ae171816 None None] use_json = False {{(pid=102013) log_opt_values /opt/stack/data/venv/lib/python3.12/site-packages/oslo_config/cfg.py:3242}}
Jun 18 07:21:57.963694 np0000003122 devstack@g-api.service[102013]: DEBUG glance.common.config [None req-fbb02aca-6d6a-44e0-b41d-0b95ae171816 None None] use_keystone_limits = True {{(pid=102013) log_opt_values /opt/stack/data/venv/lib/python3.12/site-packages/oslo_config/cfg.py:3242}}
Jun 18 07:21:57.963812 np0000003122 devstack@g-api.service[102013]: DEBUG glance.common.config [None req-fbb02aca-6d6a-44e0-b41d-0b95ae171816 None None] use_stderr = False {{(pid=102013) log_opt_values /opt/stack/data/venv/lib/python3.12/site-packages/oslo_config/cfg.py:3242}}
Jun 18 07:21:57.963908 np0000003122 devstack@g-api.service[102013]: DEBUG glance.common.config [None req-fbb02aca-6d6a-44e0-b41d-0b95ae171816 None None] use_syslog = False {{(pid=102013) log_opt_values /opt/stack/data/venv/lib/python3.12/site-packages/oslo_config/cfg.py:3242}}
Jun 18 07:21:57.964002 np0000003122 devstack@g-api.service[102013]: DEBUG glance.common.config [None req-fbb02aca-6d6a-44e0-b41d-0b95ae171816 None None] user_storage_quota = 0 {{(pid=102013) log_opt_values /opt/stack/data/venv/lib/python3.12/site-packages/oslo_config/cfg.py:3242}}
Jun 18 07:21:57.964090 np0000003122 devstack@g-api.service[102013]: DEBUG glance.common.config [None req-fbb02aca-6d6a-44e0-b41d-0b95ae171816 None None] worker_self_reference_url = http://127.0.0.1:60999 {{(pid=102013) log_opt_values /opt/stack/data/venv/lib/python3.12/site-packages/oslo_config/cfg.py:3242}}
Jun 18 07:21:57.964197 np0000003122 devstack@g-api.service[102013]: DEBUG glance.common.config [None req-fbb02aca-6d6a-44e0-b41d-0b95ae171816 None None] workers = None {{(pid=102013) log_opt_values /opt/stack/data/venv/lib/python3.12/site-packages/oslo_config/cfg.py:3242}}
Jun 18 07:21:57.964311 np0000003122 devstack@g-api.service[102013]: DEBUG glance.common.config [None req-fbb02aca-6d6a-44e0-b41d-0b95ae171816 None None] oslo_concurrency.disable_process_locking = False {{(pid=102013) log_opt_values /opt/stack/data/venv/lib/python3.12/site-packages/oslo_config/cfg.py:3253}}
Jun 18 07:21:57.964442 np0000003122 devstack@g-api.service[102013]: DEBUG glance.common.config [None req-fbb02aca-6d6a-44e0-b41d-0b95ae171816 None None] oslo_concurrency.lock_path = /opt/stack/data/glance/locks {{(pid=102013) log_opt_values /opt/stack/data/venv/lib/python3.12/site-packages/oslo_config/cfg.py:3253}}
Jun 18 07:21:57.964569 np0000003122 devstack@g-api.service[102013]: DEBUG glance.common.config [None req-fbb02aca-6d6a-44e0-b41d-0b95ae171816 None None] oslo_middleware.enable_proxy_headers_parsing = False {{(pid=102013) log_opt_values /opt/stack/data/venv/lib/python3.12/site-packages/oslo_config/cfg.py:3253}}
Jun 18 07:21:57.964663 np0000003122 devstack@g-api.service[102013]: DEBUG glance.common.config [None req-fbb02aca-6d6a-44e0-b41d-0b95ae171816 None None] oslo_middleware.http_basic_auth_user_file = /etc/htpasswd {{(pid=102013) log_opt_values /opt/stack/data/venv/lib/python3.12/site-packages/oslo_config/cfg.py:3253}}
Jun 18 07:21:57.964932 np0000003122 devstack@g-api.service[102013]: DEBUG glance.common.config [None req-fbb02aca-6d6a-44e0-b41d-0b95ae171816 None None] paste_deploy.config_file = None {{(pid=102013) log_opt_values /opt/stack/data/venv/lib/python3.12/site-packages/oslo_config/cfg.py:3253}}
Jun 18 07:21:57.964932 np0000003122 devstack@g-api.service[102013]: DEBUG glance.common.config [None req-fbb02aca-6d6a-44e0-b41d-0b95ae171816 None None] paste_deploy.flavor = keystone+cachemanagement {{(pid=102013) log_opt_values /opt/stack/data/venv/lib/python3.12/site-packages/oslo_config/cfg.py:3253}}
Jun 18 07:21:57.965015 np0000003122 devstack@g-api.service[102012]: INFO glance.api.middleware.cache [None req-9655b557-ccfa-4ce3-b5fb-45b0f8ddcb18 None None] Initialized image cache middleware
Jun 18 07:21:57.965134 np0000003122 devstack@g-api.service[102013]: DEBUG glance.common.config [None req-fbb02aca-6d6a-44e0-b41d-0b95ae171816 None None] image_format.container_formats = ['ami', 'ari', 'aki', 'bare', 'ovf', 'ova', 'docker', 'compressed'] {{(pid=102013) log_opt_values /opt/stack/data/venv/lib/python3.12/site-packages/oslo_config/cfg.py:3253}}
Jun 18 07:21:57.965370 np0000003122 devstack@g-api.service[102013]: DEBUG glance.common.config [None req-fbb02aca-6d6a-44e0-b41d-0b95ae171816 None None] image_format.disk_formats = ['ami', 'ari', 'aki', 'vhd', 'vhdx', 'vmdk', 'raw', 'qcow2', 'vdi', 'iso', 'ploop'] {{(pid=102013) log_opt_values /opt/stack/data/venv/lib/python3.12/site-packages/oslo_config/cfg.py:3253}}
Jun 18 07:21:57.965527 np0000003122 devstack@g-api.service[102013]: DEBUG glance.common.config [None req-fbb02aca-6d6a-44e0-b41d-0b95ae171816 None None] image_format.gpt_safety_checks_nonfatal = [] {{(pid=102013) log_opt_values /opt/stack/data/venv/lib/python3.12/site-packages/oslo_config/cfg.py:3253}}
Jun 18 07:21:57.965679 np0000003122 devstack@g-api.service[102013]: DEBUG glance.common.config [None req-fbb02aca-6d6a-44e0-b41d-0b95ae171816 None None] image_format.require_image_format_match = True {{(pid=102013) log_opt_values /opt/stack/data/venv/lib/python3.12/site-packages/oslo_config/cfg.py:3253}}
Jun 18 07:21:57.965823 np0000003122 devstack@g-api.service[102013]: DEBUG glance.common.config [None req-fbb02aca-6d6a-44e0-b41d-0b95ae171816 None None] image_format.vmdk_allowed_types = ['streamOptimized', 'monolithicSparse'] {{(pid=102013) log_opt_values /opt/stack/data/venv/lib/python3.12/site-packages/oslo_config/cfg.py:3253}}
Jun 18 07:21:57.965955 np0000003122 devstack@g-api.service[102013]: DEBUG glance.common.config [None req-fbb02aca-6d6a-44e0-b41d-0b95ae171816 None None] task.task_executor = taskflow {{(pid=102013) log_opt_values /opt/stack/data/venv/lib/python3.12/site-packages/oslo_config/cfg.py:3253}}
Jun 18 07:21:57.966097 np0000003122 devstack@g-api.service[102013]: DEBUG glance.common.config [None req-fbb02aca-6d6a-44e0-b41d-0b95ae171816 None None] task.task_time_to_live = 48 {{(pid=102013) log_opt_values /opt/stack/data/venv/lib/python3.12/site-packages/oslo_config/cfg.py:3253}}
