Jul 29 23:53:41.648256 np0000006107 nova-scheduler[96644]: DEBUG cotyledon.oslo_config_glue [-] workarounds.libvirt_disable_apic = False {{(pid=96644) log_opt_values /opt/stack/data/venv/lib/python3.12/site-packages/oslo_config/cfg.py:3253}}
Jul 29 23:53:41.648256 np0000006107 nova-scheduler[96644]: DEBUG cotyledon.oslo_config_glue [-] workarounds.never_download_image_if_on_rbd = False {{(pid=96644) log_opt_values /opt/stack/data/venv/lib/python3.12/site-packages/oslo_config/cfg.py:3253}}
Jul 29 23:53:41.648256 np0000006107 nova-scheduler[96644]: DEBUG cotyledon.oslo_config_glue [-] workarounds.qemu_monitor_announce_self_count = 3 {{(pid=96644) log_opt_values /opt/stack/data/venv/lib/python3.12/site-packages/oslo_config/cfg.py:3253}}
Jul 29 23:53:41.648256 np0000006107 nova-scheduler[96644]: DEBUG cotyledon.oslo_config_glue [-] workarounds.qemu_monitor_announce_self_interval = 1 {{(pid=96644) log_opt_values /opt/stack/data/venv/lib/python3.12/site-packages/oslo_config/cfg.py:3253}}
Jul 29 23:53:41.648256 np0000006107 nova-scheduler[96644]: DEBUG cotyledon.oslo_config_glue [-] workarounds.reserve_disk_resource_for_image_cache = False {{(pid=96644) log_opt_values /opt/stack/data/venv/lib/python3.12/site-packages/oslo_config/cfg.py:3253}}
Jul 29 23:53:41.648449 np0000006107 nova-scheduler[96644]: DEBUG cotyledon.oslo_config_glue [-] workarounds.skip_cpu_compare_at_startup = False {{(pid=96644) log_opt_values /opt/stack/data/venv/lib/python3.12/site-packages/oslo_config/cfg.py:3253}}
Jul 29 23:53:41.648449 np0000006107 nova-scheduler[96644]: DEBUG cotyledon.oslo_config_glue [-] workarounds.skip_cpu_compare_on_dest = False {{(pid=96644) log_opt_values /opt/stack/data/venv/lib/python3.12/site-packages/oslo_config/cfg.py:3253}}
Jul 29 23:53:41.648449 np0000006107 nova-scheduler[96644]: DEBUG cotyledon.oslo_config_glue [-] workarounds.skip_hypervisor_version_check_on_lm = False {{(pid=96644) log_opt_values /opt/stack/data/venv/lib/python3.12/site-packages/oslo_config/cfg.py:3253}}
Jul 29 23:53:41.648449 np0000006107 nova-scheduler[96644]: DEBUG cotyledon.oslo_config_glue [-] workarounds.skip_reserve_in_use_ironic_nodes = False {{(pid=96644) log_opt_values /opt/stack/data/venv/lib/python3.12/site-packages/oslo_config/cfg.py:3253}}
Jul 29 23:53:41.648449 np0000006107 nova-scheduler[96644]: DEBUG cotyledon.oslo_config_glue [-] workarounds.unified_limits_count_pcpu_as_vcpu = False {{(pid=96644) log_opt_values /opt/stack/data/venv/lib/python3.12/site-packages/oslo_config/cfg.py:3253}}
Jul 29 23:53:41.648449 np0000006107 nova-scheduler[96644]: DEBUG cotyledon.oslo_config_glue [-] workarounds.wait_for_vif_plugged_event_during_hard_reboot = [] {{(pid=96644) log_opt_values /opt/stack/data/venv/lib/python3.12/site-packages/oslo_config/cfg.py:3253}}
Jul 29 23:53:41.648449 np0000006107 nova-scheduler[96644]: DEBUG cotyledon.oslo_config_glue [-] wsgi.api_paste_config = /etc/nova/api-paste.ini {{(pid=96644) log_opt_values /opt/stack/data/venv/lib/python3.12/site-packages/oslo_config/cfg.py:3253}}
Jul 29 23:53:41.648449 np0000006107 nova-scheduler[96644]: DEBUG cotyledon.oslo_config_glue [-] wsgi.secure_proxy_ssl_header = None {{(pid=96644) log_opt_values /opt/stack/data/venv/lib/python3.12/site-packages/oslo_config/cfg.py:3253}}
Jul 29 23:53:41.648449 np0000006107 nova-scheduler[96644]: DEBUG cotyledon.oslo_config_glue [-] zvm.ca_file = None {{(pid=96644) log_opt_values /opt/stack/data/venv/lib/python3.12/site-packages/oslo_config/cfg.py:3253}}
Jul 29 23:53:41.648630 np0000006107 nova-scheduler[96644]: DEBUG cotyledon.oslo_config_glue [-] zvm.cloud_connector_url = None {{(pid=96644) log_opt_values /opt/stack/data/venv/lib/python3.12/site-packages/oslo_config/cfg.py:3253}}
Jul 29 23:53:41.648630 np0000006107 nova-scheduler[96644]: DEBUG cotyledon.oslo_config_glue [-] zvm.image_tmp_path = /opt/stack/data/nova/images {{(pid=96644) log_opt_values /opt/stack/data/venv/lib/python3.12/site-packages/oslo_config/cfg.py:3253}}
Jul 29 23:53:41.648630 np0000006107 nova-scheduler[96644]: DEBUG cotyledon.oslo_config_glue [-] zvm.reachable_timeout = 300 {{(pid=96644) log_opt_values /opt/stack/data/venv/lib/python3.12/site-packages/oslo_config/cfg.py:3253}}
Jul 29 23:53:41.648630 np0000006107 nova-scheduler[96644]: DEBUG cotyledon.oslo_config_glue [-] oslo_versionedobjects.fatal_exception_format_errors = False {{(pid=96644) log_opt_values /opt/stack/data/venv/lib/python3.12/site-packages/oslo_config/cfg.py:3253}}
Jul 29 23:53:41.648630 np0000006107 nova-scheduler[96644]: DEBUG cotyledon.oslo_config_glue [-] oslo_middleware.http_basic_auth_user_file = /etc/htpasswd {{(pid=96644) log_opt_values /opt/stack/data/venv/lib/python3.12/site-packages/oslo_config/cfg.py:3253}}
Jul 29 23:53:41.648630 np0000006107 nova-scheduler[96644]: DEBUG cotyledon.oslo_config_glue [-] oslo_messaging_metrics.metrics_buffer_size = 1000 {{(pid=96644) log_opt_values /opt/stack/data/venv/lib/python3.12/site-packages/oslo_config/cfg.py:3253}}
Jul 29 23:53:41.648630 np0000006107 nova-scheduler[96644]: DEBUG cotyledon.oslo_config_glue [-] oslo_messaging_metrics.metrics_enabled = False {{(pid=96644) log_opt_values /opt/stack/data/venv/lib/python3.12/site-packages/oslo_config/cfg.py:3253}}
Jul 29 23:53:41.648630 np0000006107 nova-scheduler[96644]: DEBUG cotyledon.oslo_config_glue [-] oslo_messaging_metrics.metrics_process_name = {{(pid=96644) log_opt_values /opt/stack/data/venv/lib/python3.12/site-packages/oslo_config/cfg.py:3253}}
Jul 29 23:53:41.648848 np0000006107 nova-scheduler[96644]: DEBUG cotyledon.oslo_config_glue [-] oslo_messaging_metrics.metrics_socket_file = /var/tmp/metrics_collector.sock {{(pid=96644) log_opt_values /opt/stack/data/venv/lib/python3.12/site-packages/oslo_config/cfg.py:3253}}
Jul 29 23:53:41.648848 np0000006107 nova-scheduler[96644]: DEBUG cotyledon.oslo_config_glue [-] oslo_messaging_metrics.metrics_thread_stop_timeout = 10 {{(pid=96644) log_opt_values /opt/stack/data/venv/lib/python3.12/site-packages/oslo_config/cfg.py:3253}}
Jul 29 23:53:41.648848 np0000006107 nova-scheduler[96644]: DEBUG cotyledon.oslo_config_glue [-] profiler.connection_string = messaging:// {{(pid=96644) log_opt_values /opt/stack/data/venv/lib/python3.12/site-packages/oslo_config/cfg.py:3253}}
Jul 29 23:53:41.648848 np0000006107 nova-scheduler[96644]: DEBUG cotyledon.oslo_config_glue [-] profiler.enabled = False {{(pid=96644) log_opt_values /opt/stack/data/venv/lib/python3.12/site-packages/oslo_config/cfg.py:3253}}
Jul 29 23:53:41.648848 np0000006107 nova-scheduler[96644]: DEBUG cotyledon.oslo_config_glue [-] profiler.es_doc_type = notification {{(pid=96644) log_opt_values /opt/stack/data/venv/lib/python3.12/site-packages/oslo_config/cfg.py:3253}}
Jul 29 23:53:41.648848 np0000006107 nova-scheduler[96644]: DEBUG cotyledon.oslo_config_glue [-] profiler.es_scroll_size = 10000 {{(pid=96644) log_opt_values /opt/stack/data/venv/lib/python3.12/site-packages/oslo_config/cfg.py:3253}}
Jul 29 23:53:41.648848 np0000006107 nova-scheduler[96644]: DEBUG cotyledon.oslo_config_glue [-] profiler.es_scroll_time = 2m {{(pid=96644) log_opt_values /opt/stack/data/venv/lib/python3.12/site-packages/oslo_config/cfg.py:3253}}
Jul 29 23:53:41.648848 np0000006107 nova-scheduler[96644]: DEBUG cotyledon.oslo_config_glue [-] profiler.filter_error_trace = False {{(pid=96644) log_opt_values /opt/stack/data/venv/lib/python3.12/site-packages/oslo_config/cfg.py:3253}}
Jul 29 23:53:41.648848 np0000006107 nova-scheduler[96644]: DEBUG cotyledon.oslo_config_glue [-] profiler.hmac_keys = **** {{(pid=96644) log_opt_values /opt/stack/data/venv/lib/python3.12/site-packages/oslo_config/cfg.py:3253}}
Jul 29 23:53:41.649034 np0000006107 nova-scheduler[96644]: DEBUG cotyledon.oslo_config_glue [-] profiler.sentinel_service_name = mymaster {{(pid=96644) log_opt_values /opt/stack/data/venv/lib/python3.12/site-packages/oslo_config/cfg.py:3253}}
Jul 29 23:53:41.649034 np0000006107 nova-scheduler[96644]: DEBUG cotyledon.oslo_config_glue [-] profiler.socket_timeout = 0.1 {{(pid=96644) log_opt_values /opt/stack/data/venv/lib/python3.12/site-packages/oslo_config/cfg.py:3253}}
Jul 29 23:53:41.649034 np0000006107 nova-scheduler[96644]: DEBUG cotyledon.oslo_config_glue [-] profiler.trace_requests = False {{(pid=96644) log_opt_values /opt/stack/data/venv/lib/python3.12/site-packages/oslo_config/cfg.py:3253}}
Jul 29 23:53:41.649034 np0000006107 nova-scheduler[96644]: DEBUG cotyledon.oslo_config_glue [-] profiler.trace_sqlalchemy = False {{(pid=96644) log_opt_values /opt/stack/data/venv/lib/python3.12/site-packages/oslo_config/cfg.py:3253}}
Jul 29 23:53:41.649034 np0000006107 nova-scheduler[96644]: DEBUG cotyledon.oslo_config_glue [-] profiler_jaeger.process_tags = {} {{(pid=96644) log_opt_values /opt/stack/data/venv/lib/python3.12/site-packages/oslo_config/cfg.py:3253}}
Jul 29 23:53:41.649034 np0000006107 nova-scheduler[96644]: DEBUG cotyledon.oslo_config_glue [-] profiler_jaeger.service_name_prefix = None {{(pid=96644) log_opt_values /opt/stack/data/venv/lib/python3.12/site-packages/oslo_config/cfg.py:3253}}
Jul 29 23:53:41.649034 np0000006107 nova-scheduler[96644]: DEBUG cotyledon.oslo_config_glue [-] profiler_otlp.service_name_prefix = None {{(pid=96644) log_opt_values /opt/stack/data/venv/lib/python3.12/site-packages/oslo_config/cfg.py:3253}}
Jul 29 23:53:41.649034 np0000006107 nova-scheduler[96644]: DEBUG cotyledon.oslo_config_glue [-] oslo_messaging_rabbit.amqp_auto_delete = False {{(pid=96644) log_opt_values /opt/stack/data/venv/lib/python3.12/site-packages/oslo_config/cfg.py:3253}}
Jul 29 23:53:41.649034 np0000006107 nova-scheduler[96644]: DEBUG cotyledon.oslo_config_glue [-] oslo_messaging_rabbit.amqp_durable_queues = False {{(pid=96644) log_opt_values /opt/stack/data/venv/lib/python3.12/site-packages/oslo_config/cfg.py:3253}}
Jul 29 23:53:41.649267 np0000006107 nova-scheduler[96644]: DEBUG cotyledon.oslo_config_glue [-] oslo_messaging_rabbit.conn_pool_min_size = 2 {{(pid=96644) log_opt_values /opt/stack/data/venv/lib/python3.12/site-packages/oslo_config/cfg.py:3253}}
Jul 29 23:53:41.649267 np0000006107 nova-scheduler[96644]: DEBUG cotyledon.oslo_config_glue [-] oslo_messaging_rabbit.conn_pool_ttl = 1200 {{(pid=96644) log_opt_values /opt/stack/data/venv/lib/python3.12/site-packages/oslo_config/cfg.py:3253}}
Jul 29 23:53:41.649267 np0000006107 nova-scheduler[96644]: DEBUG cotyledon.oslo_config_glue [-] oslo_messaging_rabbit.direct_mandatory_flag = True {{(pid=96644) log_opt_values /opt/stack/data/venv/lib/python3.12/site-packages/oslo_config/cfg.py:3253}}
Jul 29 23:53:41.649267 np0000006107 nova-scheduler[96644]: DEBUG cotyledon.oslo_config_glue [-] oslo_messaging_rabbit.enable_cancel_on_failover = False {{(pid=96644) log_opt_values /opt/stack/data/venv/lib/python3.12/site-packages/oslo_config/cfg.py:3253}}
Jul 29 23:53:41.649267 np0000006107 nova-scheduler[96644]: DEBUG cotyledon.oslo_config_glue [-] oslo_messaging_rabbit.heartbeat_rate = 3 {{(pid=96644) log_opt_values /opt/stack/data/venv/lib/python3.12/site-packages/oslo_config/cfg.py:3253}}
Jul 29 23:53:41.649267 np0000006107 nova-scheduler[96644]: DEBUG cotyledon.oslo_config_glue [-] oslo_messaging_rabbit.heartbeat_timeout_threshold = 60 {{(pid=96644) log_opt_values /opt/stack/data/venv/lib/python3.12/site-packages/oslo_config/cfg.py:3253}}
Jul 29 23:53:41.649267 np0000006107 nova-scheduler[96644]: DEBUG cotyledon.oslo_config_glue [-] oslo_messaging_rabbit.hostname = np0000006107 {{(pid=96644) log_opt_values /opt/stack/data/venv/lib/python3.12/site-packages/oslo_config/cfg.py:3253}}
Jul 29 23:53:41.649267 np0000006107 nova-scheduler[96644]: DEBUG cotyledon.oslo_config_glue [-] oslo_messaging_rabbit.kombu_compression = None {{(pid=96644) log_opt_values /opt/stack/data/venv/lib/python3.12/site-packages/oslo_config/cfg.py:3253}}
Jul 29 23:53:41.649267 np0000006107 nova-scheduler[96644]: DEBUG cotyledon.oslo_config_glue [-] oslo_messaging_rabbit.kombu_failover_strategy = round-robin {{(pid=96644) log_opt_values /opt/stack/data/venv/lib/python3.12/site-packages/oslo_config/cfg.py:3253}}
Jul 29 23:53:41.649472 np0000006107 nova-scheduler[96644]: DEBUG cotyledon.oslo_config_glue [-] oslo_messaging_rabbit.kombu_missing_consumer_retry_timeout = 60 {{(pid=96644) log_opt_values /opt/stack/data/venv/lib/python3.12/site-packages/oslo_config/cfg.py:3253}}
Jul 29 23:53:41.649472 np0000006107 nova-scheduler[96644]: DEBUG cotyledon.oslo_config_glue [-] oslo_messaging_rabbit.kombu_reconnect_delay = 1.0 {{(pid=96644) log_opt_values /opt/stack/data/venv/lib/python3.12/site-packages/oslo_config/cfg.py:3253}}
Jul 29 23:53:41.649472 np0000006107 nova-scheduler[96644]: DEBUG cotyledon.oslo_config_glue [-] oslo_messaging_rabbit.kombu_reconnect_splay = 0.0 {{(pid=96644) log_opt_values /opt/stack/data/venv/lib/python3.12/site-packages/oslo_config/cfg.py:3253}}
Jul 29 23:53:41.649472 np0000006107 nova-scheduler[96644]: DEBUG cotyledon.oslo_config_glue [-] oslo_messaging_rabbit.processname = nova-scheduler {{(pid=96644) log_opt_values /opt/stack/data/venv/lib/python3.12/site-packages/oslo_config/cfg.py:3253}}
Jul 29 23:53:41.649472 np0000006107 nova-scheduler[96644]: DEBUG cotyledon.oslo_config_glue [-] oslo_messaging_rabbit.rabbit_ha_queues = False {{(pid=96644) log_opt_values /opt/stack/data/venv/lib/python3.12/site-packages/oslo_config/cfg.py:3253}}
Jul 29 23:53:41.649472 np0000006107 nova-scheduler[96644]: DEBUG cotyledon.oslo_config_glue [-] oslo_messaging_rabbit.rabbit_interval_max = 30 {{(pid=96644) log_opt_values /opt/stack/data/venv/lib/python3.12/site-packages/oslo_config/cfg.py:3253}}
Jul 29 23:53:41.649472 np0000006107 nova-scheduler[96644]: DEBUG cotyledon.oslo_config_glue [-] oslo_messaging_rabbit.rabbit_login_method = AMQPLAIN {{(pid=96644) log_opt_values /opt/stack/data/venv/lib/python3.12/site-packages/oslo_config/cfg.py:3253}}
Jul 29 23:53:41.649472 np0000006107 nova-scheduler[96644]: DEBUG cotyledon.oslo_config_glue [-] oslo_messaging_rabbit.rabbit_qos_prefetch_count = 0 {{(pid=96644) log_opt_values /opt/stack/data/venv/lib/python3.12/site-packages/oslo_config/cfg.py:3253}}
Jul 29 23:53:41.649472 np0000006107 nova-scheduler[96644]: DEBUG cotyledon.oslo_config_glue [-] oslo_messaging_rabbit.rabbit_quorum_delivery_limit = 0 {{(pid=96644) log_opt_values /opt/stack/data/venv/lib/python3.12/site-packages/oslo_config/cfg.py:3253}}
Jul 29 23:53:41.649653 np0000006107 nova-scheduler[96644]: DEBUG cotyledon.oslo_config_glue [-] oslo_messaging_rabbit.rabbit_quorum_max_memory_bytes = 0 {{(pid=96644) log_opt_values /opt/stack/data/venv/lib/python3.12/site-packages/oslo_config/cfg.py:3253}}
Jul 29 23:53:41.649653 np0000006107 nova-scheduler[96644]: DEBUG cotyledon.oslo_config_glue [-] oslo_messaging_rabbit.rabbit_quorum_max_memory_length = 0 {{(pid=96644) log_opt_values /opt/stack/data/venv/lib/python3.12/site-packages/oslo_config/cfg.py:3253}}
Jul 29 23:53:41.649653 np0000006107 nova-scheduler[96644]: DEBUG cotyledon.oslo_config_glue [-] oslo_messaging_rabbit.rabbit_quorum_queue = False {{(pid=96644) log_opt_values /opt/stack/data/venv/lib/python3.12/site-packages/oslo_config/cfg.py:3253}}
Jul 29 23:53:41.649653 np0000006107 nova-scheduler[96644]: DEBUG cotyledon.oslo_config_glue [-] oslo_messaging_rabbit.rabbit_retry_backoff = 2 {{(pid=96644) log_opt_values /opt/stack/data/venv/lib/python3.12/site-packages/oslo_config/cfg.py:3253}}
Jul 29 23:53:41.649653 np0000006107 nova-scheduler[96644]: DEBUG cotyledon.oslo_config_glue [-] oslo_messaging_rabbit.rabbit_retry_interval = 1 {{(pid=96644) log_opt_values /opt/stack/data/venv/lib/python3.12/site-packages/oslo_config/cfg.py:3253}}
Jul 29 23:53:41.649653 np0000006107 nova-scheduler[96644]: DEBUG cotyledon.oslo_config_glue [-] oslo_messaging_rabbit.rabbit_stream_fanout = False {{(pid=96644) log_opt_values /opt/stack/data/venv/lib/python3.12/site-packages/oslo_config/cfg.py:3253}}
Jul 29 23:53:41.649653 np0000006107 nova-scheduler[96644]: DEBUG cotyledon.oslo_config_glue [-] oslo_messaging_rabbit.rabbit_transient_queues_ttl = 1800 {{(pid=96644) log_opt_values /opt/stack/data/venv/lib/python3.12/site-packages/oslo_config/cfg.py:3253}}
Jul 29 23:53:41.649653 np0000006107 nova-scheduler[96644]: DEBUG cotyledon.oslo_config_glue [-] oslo_messaging_rabbit.rabbit_transient_quorum_queue = False {{(pid=96644) log_opt_values /opt/stack/data/venv/lib/python3.12/site-packages/oslo_config/cfg.py:3253}}
Jul 29 23:53:41.649853 np0000006107 nova-scheduler[96644]: DEBUG cotyledon.oslo_config_glue [-] oslo_messaging_rabbit.rpc_conn_pool_size = 30 {{(pid=96644) log_opt_values /opt/stack/data/venv/lib/python3.12/site-packages/oslo_config/cfg.py:3253}}
Jul 29 23:53:41.649853 np0000006107 nova-scheduler[96644]: DEBUG cotyledon.oslo_config_glue [-] oslo_messaging_rabbit.ssl = False {{(pid=96644) log_opt_values /opt/stack/data/venv/lib/python3.12/site-packages/oslo_config/cfg.py:3253}}
Jul 29 23:53:41.649853 np0000006107 nova-scheduler[96644]: DEBUG cotyledon.oslo_config_glue [-] oslo_messaging_rabbit.ssl_ca_file = {{(pid=96644) log_opt_values /opt/stack/data/venv/lib/python3.12/site-packages/oslo_config/cfg.py:3253}}
Jul 29 23:53:41.649853 np0000006107 nova-scheduler[96644]: DEBUG cotyledon.oslo_config_glue [-] oslo_messaging_rabbit.ssl_cert_file = {{(pid=96644) log_opt_values /opt/stack/data/venv/lib/python3.12/site-packages/oslo_config/cfg.py:3253}}
Jul 29 23:53:41.649853 np0000006107 nova-scheduler[96644]: DEBUG cotyledon.oslo_config_glue [-] oslo_messaging_rabbit.ssl_enforce_fips_mode = False {{(pid=96644) log_opt_values /opt/stack/data/venv/lib/python3.12/site-packages/oslo_config/cfg.py:3253}}
Jul 29 23:53:41.649853 np0000006107 nova-scheduler[96644]: DEBUG cotyledon.oslo_config_glue [-] oslo_messaging_rabbit.ssl_enforce_hostname_verification = True {{(pid=96644) log_opt_values /opt/stack/data/venv/lib/python3.12/site-packages/oslo_config/cfg.py:3253}}
Jul 29 23:53:41.649853 np0000006107 nova-scheduler[96644]: DEBUG cotyledon.oslo_config_glue [-] oslo_messaging_rabbit.ssl_key_file = {{(pid=96644) log_opt_values /opt/stack/data/venv/lib/python3.12/site-packages/oslo_config/cfg.py:3253}}
Jul 29 23:53:41.649853 np0000006107 nova-scheduler[96644]: DEBUG cotyledon.oslo_config_glue [-] oslo_messaging_rabbit.ssl_version = {{(pid=96644) log_opt_values /opt/stack/data/venv/lib/python3.12/site-packages/oslo_config/cfg.py:3253}}
Jul 29 23:53:41.649853 np0000006107 nova-scheduler[96644]: DEBUG cotyledon.oslo_config_glue [-] oslo_messaging_rabbit.use_queue_manager = False {{(pid=96644) log_opt_values /opt/stack/data/venv/lib/python3.12/site-packages/oslo_config/cfg.py:3253}}
Jul 29 23:53:41.650025 np0000006107 nova-scheduler[96644]: DEBUG cotyledon.oslo_config_glue [-] oslo_messaging_notifications.driver = ['messagingv2'] {{(pid=96644) log_opt_values /opt/stack/data/venv/lib/python3.12/site-packages/oslo_config/cfg.py:3253}}
Jul 29 23:53:41.650025 np0000006107 nova-scheduler[96644]: DEBUG cotyledon.oslo_config_glue [-] oslo_messaging_notifications.retry = -1 {{(pid=96644) log_opt_values /opt/stack/data/venv/lib/python3.12/site-packages/oslo_config/cfg.py:3253}}
Jul 29 23:53:41.650025 np0000006107 nova-scheduler[96644]: DEBUG cotyledon.oslo_config_glue [-] oslo_messaging_notifications.topics = ['notifications'] {{(pid=96644) log_opt_values /opt/stack/data/venv/lib/python3.12/site-packages/oslo_config/cfg.py:3253}}
Jul 29 23:53:41.650025 np0000006107 nova-scheduler[96644]: DEBUG cotyledon.oslo_config_glue [-] oslo_messaging_notifications.transport_url = **** {{(pid=96644) log_opt_values /opt/stack/data/venv/lib/python3.12/site-packages/oslo_config/cfg.py:3253}}
Jul 29 23:53:41.650025 np0000006107 nova-scheduler[96644]: DEBUG cotyledon.oslo_config_glue [-] oslo_limit.auth_section = None {{(pid=96644) log_opt_values /opt/stack/data/venv/lib/python3.12/site-packages/oslo_config/cfg.py:3253}}
Jul 29 23:53:41.650025 np0000006107 nova-scheduler[96644]: DEBUG cotyledon.oslo_config_glue [-] oslo_limit.auth_type = None {{(pid=96644) log_opt_values /opt/stack/data/venv/lib/python3.12/site-packages/oslo_config/cfg.py:3253}}
Jul 29 23:53:41.650025 np0000006107 nova-scheduler[96644]: DEBUG cotyledon.oslo_config_glue [-] oslo_limit.cafile = None {{(pid=96644) log_opt_values /opt/stack/data/venv/lib/python3.12/site-packages/oslo_config/cfg.py:3253}}
Jul 29 23:53:41.650025 np0000006107 nova-scheduler[96644]: DEBUG cotyledon.oslo_config_glue [-] oslo_limit.certfile = None {{(pid=96644) log_opt_values /opt/stack/data/venv/lib/python3.12/site-packages/oslo_config/cfg.py:3253}}
Jul 29 23:53:41.650025 np0000006107 nova-scheduler[96644]: DEBUG cotyledon.oslo_config_glue [-] oslo_limit.collect_timing = False {{(pid=96644) log_opt_values /opt/stack/data/venv/lib/python3.12/site-packages/oslo_config/cfg.py:3253}}
Jul 29 23:53:41.650250 np0000006107 nova-scheduler[96644]: DEBUG cotyledon.oslo_config_glue [-] oslo_limit.connect_retries = None {{(pid=96644) log_opt_values /opt/stack/data/venv/lib/python3.12/site-packages/oslo_config/cfg.py:3253}}
Jul 29 23:53:41.650250 np0000006107 nova-scheduler[96644]: DEBUG cotyledon.oslo_config_glue [-] oslo_limit.connect_retry_delay = None {{(pid=96644) log_opt_values /opt/stack/data/venv/lib/python3.12/site-packages/oslo_config/cfg.py:3253}}
Jul 29 23:53:41.650250 np0000006107 nova-scheduler[96644]: DEBUG cotyledon.oslo_config_glue [-] oslo_limit.endpoint_id = None {{(pid=96644) log_opt_values /opt/stack/data/venv/lib/python3.12/site-packages/oslo_config/cfg.py:3253}}
Jul 29 23:53:41.650250 np0000006107 nova-scheduler[96644]: DEBUG cotyledon.oslo_config_glue [-] oslo_limit.endpoint_interface = public {{(pid=96644) log_opt_values /opt/stack/data/venv/lib/python3.12/site-packages/oslo_config/cfg.py:3253}}
Jul 29 23:53:41.650250 np0000006107 nova-scheduler[96644]: DEBUG cotyledon.oslo_config_glue [-] oslo_limit.endpoint_override = None {{(pid=96644) log_opt_values /opt/stack/data/venv/lib/python3.12/site-packages/oslo_config/cfg.py:3253}}
Jul 29 23:53:41.650250 np0000006107 nova-scheduler[96644]: DEBUG cotyledon.oslo_config_glue [-] oslo_limit.endpoint_region_name = None {{(pid=96644) log_opt_values /opt/stack/data/venv/lib/python3.12/site-packages/oslo_config/cfg.py:3253}}
Jul 29 23:53:41.650250 np0000006107 nova-scheduler[96644]: DEBUG cotyledon.oslo_config_glue [-] oslo_limit.endpoint_service_name = None {{(pid=96644) log_opt_values /opt/stack/data/venv/lib/python3.12/site-packages/oslo_config/cfg.py:3253}}
Jul 29 23:53:41.650250 np0000006107 nova-scheduler[96644]: DEBUG cotyledon.oslo_config_glue [-] oslo_limit.endpoint_service_type = None {{(pid=96644) log_opt_values /opt/stack/data/venv/lib/python3.12/site-packages/oslo_config/cfg.py:3253}}
Jul 29 23:53:41.650250 np0000006107 nova-scheduler[96644]: DEBUG cotyledon.oslo_config_glue [-] oslo_limit.insecure = False {{(pid=96644) log_opt_values /opt/stack/data/venv/lib/python3.12/site-packages/oslo_config/cfg.py:3253}}
Jul 29 23:53:41.650451 np0000006107 nova-scheduler[96644]: DEBUG cotyledon.oslo_config_glue [-] oslo_limit.keyfile = None {{(pid=96644) log_opt_values /opt/stack/data/venv/lib/python3.12/site-packages/oslo_config/cfg.py:3253}}
Jul 29 23:53:41.650451 np0000006107 nova-scheduler[96644]: DEBUG cotyledon.oslo_config_glue [-] oslo_limit.max_version = None {{(pid=96644) log_opt_values /opt/stack/data/venv/lib/python3.12/site-packages/oslo_config/cfg.py:3253}}
Jul 29 23:53:41.650451 np0000006107 nova-scheduler[96644]: DEBUG cotyledon.oslo_config_glue [-] oslo_limit.min_version = None {{(pid=96644) log_opt_values /opt/stack/data/venv/lib/python3.12/site-packages/oslo_config/cfg.py:3253}}
Jul 29 23:53:41.650451 np0000006107 nova-scheduler[96644]: DEBUG cotyledon.oslo_config_glue [-] oslo_limit.region_name = None {{(pid=96644) log_opt_values /opt/stack/data/venv/lib/python3.12/site-packages/oslo_config/cfg.py:3253}}
Jul 29 23:53:41.650451 np0000006107 nova-scheduler[96644]: DEBUG cotyledon.oslo_config_glue [-] oslo_limit.retriable_status_codes = None {{(pid=96644) log_opt_values /opt/stack/data/venv/lib/python3.12/site-packages/oslo_config/cfg.py:3253}}
Jul 29 23:53:41.650451 np0000006107 nova-scheduler[96644]: DEBUG cotyledon.oslo_config_glue [-] oslo_limit.service_name = None {{(pid=96644) log_opt_values /opt/stack/data/venv/lib/python3.12/site-packages/oslo_config/cfg.py:3253}}
Jul 29 23:53:41.650451 np0000006107 nova-scheduler[96644]: DEBUG cotyledon.oslo_config_glue [-] oslo_limit.service_type = None {{(pid=96644) log_opt_values /opt/stack/data/venv/lib/python3.12/site-packages/oslo_config/cfg.py:3253}}
Jul 29 23:53:41.650451 np0000006107 nova-scheduler[96644]: DEBUG cotyledon.oslo_config_glue [-] oslo_limit.split_loggers = False {{(pid=96644) log_opt_values /opt/stack/data/venv/lib/python3.12/site-packages/oslo_config/cfg.py:3253}}
Jul 29 23:53:41.650451 np0000006107 nova-scheduler[96644]: DEBUG cotyledon.oslo_config_glue [-] oslo_limit.status_code_retries = None {{(pid=96644) log_opt_values /opt/stack/data/venv/lib/python3.12/site-packages/oslo_config/cfg.py:3253}}
Jul 29 23:53:41.650630 np0000006107 nova-scheduler[96644]: DEBUG cotyledon.oslo_config_glue [-] oslo_limit.status_code_retry_delay = None {{(pid=96644) log_opt_values /opt/stack/data/venv/lib/python3.12/site-packages/oslo_config/cfg.py:3253}}
Jul 29 23:53:41.650630 np0000006107 nova-scheduler[96644]: DEBUG cotyledon.oslo_config_glue [-] oslo_limit.timeout = None {{(pid=96644) log_opt_values /opt/stack/data/venv/lib/python3.12/site-packages/oslo_config/cfg.py:3253}}
Jul 29 23:53:41.650630 np0000006107 nova-scheduler[96644]: DEBUG cotyledon.oslo_config_glue [-] oslo_limit.valid_interfaces = None {{(pid=96644) log_opt_values /opt/stack/data/venv/lib/python3.12/site-packages/oslo_config/cfg.py:3253}}
Jul 29 23:53:41.650630 np0000006107 nova-scheduler[96644]: DEBUG cotyledon.oslo_config_glue [-] oslo_limit.version = None {{(pid=96644) log_opt_values /opt/stack/data/venv/lib/python3.12/site-packages/oslo_config/cfg.py:3253}}
Jul 29 23:53:41.650630 np0000006107 nova-scheduler[96644]: DEBUG cotyledon.oslo_config_glue [-] oslo_reports.file_event_handler = None {{(pid=96644) log_opt_values /opt/stack/data/venv/lib/python3.12/site-packages/oslo_config/cfg.py:3253}}
Jul 29 23:53:41.650630 np0000006107 nova-scheduler[96644]: DEBUG cotyledon.oslo_config_glue [-] oslo_reports.file_event_handler_interval = 1 {{(pid=96644) log_opt_values /opt/stack/data/venv/lib/python3.12/site-packages/oslo_config/cfg.py:3253}}
Jul 29 23:53:41.650630 np0000006107 nova-scheduler[96644]: DEBUG cotyledon.oslo_config_glue [-] oslo_reports.log_dir = None {{(pid=96644) log_opt_values /opt/stack/data/venv/lib/python3.12/site-packages/oslo_config/cfg.py:3253}}
Jul 29 23:53:41.650630 np0000006107 nova-scheduler[96644]: DEBUG cotyledon.oslo_config_glue [-] ******************************************************************************** {{(pid=96644) log_opt_values /opt/stack/data/venv/lib/python3.12/site-packages/oslo_config/cfg.py:3260}}
Jul 29 23:53:41.650630 np0000006107 nova-scheduler[96644]: DEBUG cotyledon._service_worker [-] Run service ServiceWrapper(3) [96644] {{(pid=96644) wait_forever /opt/stack/data/venv/lib/python3.12/site-packages/cotyledon/_service_worker.py:218}}
Jul 29 23:53:41.650827 np0000006107 nova-scheduler[96644]: INFO nova.service [-] Starting scheduler node (version 33.1.0)
Jul 29 23:53:41.650827 np0000006107 nova-scheduler[96644]: INFO dbcounter [None req-f24458f9-d401-4633-93be-c0f22c821f8f None None] Registered counter for database nova_cell0
Jul 29 23:53:41.654775 np0000006107 nova-scheduler[96596]: DEBUG oslo_db.sqlalchemy.engines [None req-e67e5292-7b27-4c3e-b74f-71ddafabbaab None None] MySQL server mode set to STRICT_TRANS_TABLES,STRICT_ALL_TABLES,NO_ZERO_IN_DATE,NO_ZERO_DATE,ERROR_FOR_DIVISION_BY_ZERO,TRADITIONAL,NO_ENGINE_SUBSTITUTION {{(pid=96596) _check_effective_sql_mode /opt/stack/data/venv/lib/python3.12/site-packages/oslo_db/sqlalchemy/engines.py:325}}
Jul 29 23:53:41.663529 np0000006107 nova-scheduler[96596]: DEBUG dbcounter [-] [96596] Writer thread running {{(pid=96596) stat_writer /opt/stack/data/venv/lib/python3.12/site-packages/dbcounter.py:102}}
Jul 29 23:53:41.671154 np0000006107 nova-scheduler[96598]: DEBUG oslo_db.sqlalchemy.engines [None req-b12dacf7-6d39-488b-9519-c4b0677f8157 None None] MySQL server mode set to STRICT_TRANS_TABLES,STRICT_ALL_TABLES,NO_ZERO_IN_DATE,NO_ZERO_DATE,ERROR_FOR_DIVISION_BY_ZERO,TRADITIONAL,NO_ENGINE_SUBSTITUTION {{(pid=96598) _check_effective_sql_mode /opt/stack/data/venv/lib/python3.12/site-packages/oslo_db/sqlalchemy/engines.py:325}}
Jul 29 23:53:41.676090 np0000006107 nova-scheduler[96624]: DEBUG oslo_db.sqlalchemy.engines [None req-b55bd88f-3119-41c1-8dc0-ca5eb052455c None None] MySQL server mode set to STRICT_TRANS_TABLES,STRICT_ALL_TABLES,NO_ZERO_IN_DATE,NO_ZERO_DATE,ERROR_FOR_DIVISION_BY_ZERO,TRADITIONAL,NO_ENGINE_SUBSTITUTION {{(pid=96624) _check_effective_sql_mode /opt/stack/data/venv/lib/python3.12/site-packages/oslo_db/sqlalchemy/engines.py:325}}
Jul 29 23:53:41.679872 np0000006107 nova-scheduler[96596]: DEBUG nova.service [None req-e67e5292-7b27-4c3e-b74f-71ddafabbaab None None] Creating RPC server for service: nova-scheduler on topic: scheduler {{(pid=96596) start /opt/stack/nova/nova/service.py:196}}
Jul 29 23:53:41.683340 np0000006107 nova-scheduler[96598]: DEBUG dbcounter [-] [96598] Writer thread running {{(pid=96598) stat_writer /opt/stack/data/venv/lib/python3.12/site-packages/dbcounter.py:102}}
Jul 29 23:53:41.684948 np0000006107 nova-scheduler[96624]: DEBUG dbcounter [-] [96624] Writer thread running {{(pid=96624) stat_writer /opt/stack/data/venv/lib/python3.12/site-packages/dbcounter.py:102}}
Jul 29 23:53:41.686795 np0000006107 nova-scheduler[96598]: DEBUG nova.service [None req-b12dacf7-6d39-488b-9519-c4b0677f8157 None None] Creating RPC server for service: nova-scheduler on topic: scheduler {{(pid=96598) start /opt/stack/nova/nova/service.py:196}}
Jul 29 23:53:41.688031 np0000006107 nova-scheduler[96644]: DEBUG oslo_db.sqlalchemy.engines [None req-f24458f9-d401-4633-93be-c0f22c821f8f None None] MySQL server mode set to STRICT_TRANS_TABLES,STRICT_ALL_TABLES,NO_ZERO_IN_DATE,NO_ZERO_DATE,ERROR_FOR_DIVISION_BY_ZERO,TRADITIONAL,NO_ENGINE_SUBSTITUTION {{(pid=96644) _check_effective_sql_mode /opt/stack/data/venv/lib/python3.12/site-packages/oslo_db/sqlalchemy/engines.py:325}}
Jul 29 23:53:41.688103 np0000006107 nova-scheduler[96624]: DEBUG nova.service [None req-b55bd88f-3119-41c1-8dc0-ca5eb052455c None None] Creating RPC server for service: nova-scheduler on topic: scheduler {{(pid=96624) start /opt/stack/nova/nova/service.py:196}}
Jul 29 23:53:41.697871 np0000006107 nova-scheduler[96644]: DEBUG dbcounter [-] [96644] Writer thread running {{(pid=96644) stat_writer /opt/stack/data/venv/lib/python3.12/site-packages/dbcounter.py:102}}
Jul 29 23:53:41.701830 np0000006107 nova-scheduler[96644]: DEBUG nova.service [None req-f24458f9-d401-4633-93be-c0f22c821f8f None None] Creating RPC server for service: nova-scheduler on topic: scheduler {{(pid=96644) start /opt/stack/nova/nova/service.py:196}}
Jul 29 23:53:41.707376 np0000006107 nova-scheduler[96596]: DEBUG nova.service [None req-e67e5292-7b27-4c3e-b74f-71ddafabbaab None None] Join ServiceGroup membership for this service scheduler {{(pid=96596) start /opt/stack/nova/nova/service.py:222}}
Jul 29 23:53:41.707486 np0000006107 nova-scheduler[96598]: DEBUG nova.service [None req-b12dacf7-6d39-488b-9519-c4b0677f8157 None None] Join ServiceGroup membership for this service scheduler {{(pid=96598) start /opt/stack/nova/nova/service.py:222}}
Jul 29 23:53:41.707585 np0000006107 nova-scheduler[96596]: DEBUG nova.servicegroup.drivers.db [None req-e67e5292-7b27-4c3e-b74f-71ddafabbaab None None] DB_Driver: join new ServiceGroup member np0000006107 to the scheduler group, service = {{(pid=96596) join /opt/stack/nova/nova/servicegroup/drivers/db.py:44}}
Jul 29 23:53:41.707662 np0000006107 nova-scheduler[96598]: DEBUG nova.servicegroup.drivers.db [None req-b12dacf7-6d39-488b-9519-c4b0677f8157 None None] DB_Driver: join new ServiceGroup member np0000006107 to the scheduler group, service = {{(pid=96598) join /opt/stack/nova/nova/servicegroup/drivers/db.py:44}}
Jul 29 23:53:41.708890 np0000006107 nova-scheduler[96624]: DEBUG nova.service [None req-b55bd88f-3119-41c1-8dc0-ca5eb052455c None None] Join ServiceGroup membership for this service scheduler {{(pid=96624) start /opt/stack/nova/nova/service.py:222}}
Jul 29 23:53:41.709160 np0000006107 nova-scheduler[96624]: DEBUG nova.servicegroup.drivers.db [None req-b55bd88f-3119-41c1-8dc0-ca5eb052455c None None] DB_Driver: join new ServiceGroup member np0000006107 to the scheduler group, service = {{(pid=96624) join /opt/stack/nova/nova/servicegroup/drivers/db.py:44}}
Jul 29 23:53:41.717736 np0000006107 nova-scheduler[96644]: DEBUG nova.service [None req-f24458f9-d401-4633-93be-c0f22c821f8f None None] Join ServiceGroup membership for this service scheduler {{(pid=96644) start /opt/stack/nova/nova/service.py:222}}
Jul 29 23:53:41.718096 np0000006107 nova-scheduler[96644]: DEBUG nova.servicegroup.drivers.db [None req-f24458f9-d401-4633-93be-c0f22c821f8f None None] DB_Driver: join new ServiceGroup member np0000006107 to the scheduler group, service = {{(pid=96644) join /opt/stack/nova/nova/servicegroup/drivers/db.py:44}}
Jul 29 23:53:46.724619 np0000006107 nova-scheduler[96596]: DEBUG oslo.service.backend._threading.loopingcall [-] Fixed interval looping call 'nova.servicegroup.drivers.db.DbDriver._report_state' sleeping for 119.98 seconds {{(pid=96596) _run_loop /opt/stack/data/venv/lib/python3.12/site-packages/oslo_service/backend/_threading/loopingcall.py:125}}
Jul 29 23:53:46.725364 np0000006107 nova-scheduler[96624]: DEBUG oslo.service.backend._threading.loopingcall [-] Fixed interval looping call 'nova.servicegroup.drivers.db.DbDriver._report_state' sleeping for 119.99 seconds {{(pid=96624) _run_loop /opt/stack/data/venv/lib/python3.12/site-packages/oslo_service/backend/_threading/loopingcall.py:125}}
Jul 29 23:53:46.725802 np0000006107 nova-scheduler[96598]: DEBUG oslo.service.backend._threading.loopingcall [-] Fixed interval looping call 'nova.servicegroup.drivers.db.DbDriver._report_state' sleeping for 119.98 seconds {{(pid=96598) _run_loop /opt/stack/data/venv/lib/python3.12/site-packages/oslo_service/backend/_threading/loopingcall.py:125}}
Jul 29 23:53:46.729184 np0000006107 nova-scheduler[96644]: DEBUG oslo.service.backend._threading.loopingcall [-] Fixed interval looping call 'nova.servicegroup.drivers.db.DbDriver._report_state' sleeping for 119.99 seconds {{(pid=96644) _run_loop /opt/stack/data/venv/lib/python3.12/site-packages/oslo_service/backend/_threading/loopingcall.py:125}}
Jul 29 23:53:50.271390 np0000006107 nova-scheduler[95399]: DEBUG dbcounter [-] [95399] Writing DB stats nova_api:SELECT=3 {{(pid=95399) stat_writer /opt/stack/data/venv/lib/python3.12/site-packages/dbcounter.py:115}}
Jul 29 23:53:50.411275 np0000006107 nova-scheduler[95399]: DEBUG dbcounter [-] [95399] Writing DB stats nova_cell1:SELECT=1 {{(pid=95399) stat_writer /opt/stack/data/venv/lib/python3.12/site-packages/dbcounter.py:115}}
Jul 29 23:53:50.422204 np0000006107 nova-scheduler[95399]: DEBUG dbcounter [-] [95399] Writing DB stats nova_cell0:SELECT=1 {{(pid=95399) stat_writer /opt/stack/data/venv/lib/python3.12/site-packages/dbcounter.py:115}}
Jul 29 23:53:51.713869 np0000006107 nova-scheduler[96624]: DEBUG oslo.service.backend._threading.loopingcall [None req-fccc5c00-1491-4a4e-90f5-1eb4e0a7b8d3 None None] Dynamic interval looping call 'nova.service.Service.periodic_tasks' sleeping for 60.00 seconds {{(pid=96624) _run_loop /opt/stack/data/venv/lib/python3.12/site-packages/oslo_service/backend/_threading/loopingcall.py:125}}
Jul 29 23:53:56.709958 np0000006107 nova-scheduler[96598]: DEBUG oslo.service.backend._threading.loopingcall [None req-0107d772-eafd-4208-8486-6c696e5b95be None None] Dynamic interval looping call 'nova.service.Service.periodic_tasks' sleeping for 60.00 seconds {{(pid=96598) _run_loop /opt/stack/data/venv/lib/python3.12/site-packages/oslo_service/backend/_threading/loopingcall.py:125}}
Jul 29 23:53:56.720466 np0000006107 nova-scheduler[96596]: DEBUG dbcounter [-] [96596] Writing DB stats nova_cell0:SELECT=4,nova_cell0:INSERT=1,nova_cell0:UPDATE=1 {{(pid=96596) stat_writer /opt/stack/data/venv/lib/python3.12/site-packages/dbcounter.py:115}}
Jul 29 23:53:56.721314 np0000006107 nova-scheduler[96624]: DEBUG dbcounter [-] [96624] Writing DB stats nova_cell0:SELECT=3,nova_cell0:UPDATE=1 {{(pid=96624) stat_writer /opt/stack/data/venv/lib/python3.12/site-packages/dbcounter.py:115}}
Jul 29 23:53:56.727304 np0000006107 nova-scheduler[96598]: DEBUG dbcounter [-] [96598] Writing DB stats nova_cell0:SELECT=3,nova_cell0:UPDATE=1 {{(pid=96598) stat_writer /opt/stack/data/venv/lib/python3.12/site-packages/dbcounter.py:115}}
Jul 29 23:53:56.727441 np0000006107 nova-scheduler[96644]: DEBUG dbcounter [-] [96644] Writing DB stats nova_cell0:SELECT=3 {{(pid=96644) stat_writer /opt/stack/data/venv/lib/python3.12/site-packages/dbcounter.py:115}}
Jul 29 23:54:11.719810 np0000006107 nova-scheduler[96644]: DEBUG oslo.service.backend._threading.loopingcall [None req-ec0a0a03-1f72-4ba0-98d6-0d7ae4861520 None None] Dynamic interval looping call 'nova.service.Service.periodic_tasks' sleeping for 60.00 seconds {{(pid=96644) _run_loop /opt/stack/data/venv/lib/python3.12/site-packages/oslo_service/backend/_threading/loopingcall.py:125}}
Jul 29 23:54:26.709630 np0000006107 nova-scheduler[96596]: DEBUG oslo.service.backend._threading.loopingcall [None req-830bca27-7940-4c4c-9aa8-1589d8024647 None None] Dynamic interval looping call 'nova.service.Service.periodic_tasks' sleeping for 60.00 seconds {{(pid=96596) _run_loop /opt/stack/data/venv/lib/python3.12/site-packages/oslo_service/backend/_threading/loopingcall.py:125}}
Jul 29 23:54:51.714487 np0000006107 nova-scheduler[96624]: DEBUG oslo.service.backend._threading.loopingcall [None req-fccc5c00-1491-4a4e-90f5-1eb4e0a7b8d3 None None] Dynamic interval looping call 'nova.service.Service.periodic_tasks' sleeping for 60.00 seconds {{(pid=96624) _run_loop /opt/stack/data/venv/lib/python3.12/site-packages/oslo_service/backend/_threading/loopingcall.py:125}}
Jul 29 23:54:56.710460 np0000006107 nova-scheduler[96598]: DEBUG oslo.service.backend._threading.loopingcall [None req-0107d772-eafd-4208-8486-6c696e5b95be None None] Dynamic interval looping call 'nova.service.Service.periodic_tasks' sleeping for 60.00 seconds {{(pid=96598) _run_loop /opt/stack/data/venv/lib/python3.12/site-packages/oslo_service/backend/_threading/loopingcall.py:125}}
Jul 29 23:55:11.720308 np0000006107 nova-scheduler[96644]: DEBUG oslo.service.backend._threading.loopingcall [None req-ec0a0a03-1f72-4ba0-98d6-0d7ae4861520 None None] Dynamic interval looping call 'nova.service.Service.periodic_tasks' sleeping for 60.00 seconds {{(pid=96644) _run_loop /opt/stack/data/venv/lib/python3.12/site-packages/oslo_service/backend/_threading/loopingcall.py:125}}
Jul 29 23:55:26.710187 np0000006107 nova-scheduler[96596]: DEBUG oslo.service.backend._threading.loopingcall [None req-830bca27-7940-4c4c-9aa8-1589d8024647 None None] Dynamic interval looping call 'nova.service.Service.periodic_tasks' sleeping for 60.00 seconds {{(pid=96596) _run_loop /opt/stack/data/venv/lib/python3.12/site-packages/oslo_service/backend/_threading/loopingcall.py:125}}
Jul 29 23:55:46.720729 np0000006107 nova-scheduler[96598]: DEBUG oslo.service.backend._threading.loopingcall [-] Fixed interval looping call 'nova.servicegroup.drivers.db.DbDriver._report_state' sleeping for 119.99 seconds {{(pid=96598) _run_loop /opt/stack/data/venv/lib/python3.12/site-packages/oslo_service/backend/_threading/loopingcall.py:125}}
Jul 29 23:55:46.721195 np0000006107 nova-scheduler[96624]: DEBUG oslo.service.backend._threading.loopingcall [-] Fixed interval looping call 'nova.servicegroup.drivers.db.DbDriver._report_state' sleeping for 119.99 seconds {{(pid=96624) _run_loop /opt/stack/data/venv/lib/python3.12/site-packages/oslo_service/backend/_threading/loopingcall.py:125}}
Jul 29 23:55:46.721507 np0000006107 nova-scheduler[96596]: DEBUG oslo.service.backend._threading.loopingcall [-] Fixed interval looping call 'nova.servicegroup.drivers.db.DbDriver._report_state' sleeping for 119.98 seconds {{(pid=96596) _run_loop /opt/stack/data/venv/lib/python3.12/site-packages/oslo_service/backend/_threading/loopingcall.py:125}}
Jul 29 23:55:46.723267 np0000006107 nova-scheduler[96644]: DEBUG oslo.service.backend._threading.loopingcall [-] Fixed interval looping call 'nova.servicegroup.drivers.db.DbDriver._report_state' sleeping for 120.00 seconds {{(pid=96644) _run_loop /opt/stack/data/venv/lib/python3.12/site-packages/oslo_service/backend/_threading/loopingcall.py:125}}
Jul 29 23:55:51.715027 np0000006107 nova-scheduler[96624]: DEBUG oslo.service.backend._threading.loopingcall [None req-fccc5c00-1491-4a4e-90f5-1eb4e0a7b8d3 None None] Dynamic interval looping call 'nova.service.Service.periodic_tasks' sleeping for 60.00 seconds {{(pid=96624) _run_loop /opt/stack/data/venv/lib/python3.12/site-packages/oslo_service/backend/_threading/loopingcall.py:125}}
Jul 29 23:55:52.568242 np0000006107 nova-scheduler[96598]: DEBUG nova.scheduler.manager [None req-91d4f640-b5bc-4e87-91ad-0408a1b85ab0 tempest-ServerBootFromVolumeStableRescueTest-1979571921 tempest-ServerBootFromVolumeStableRescueTest-1979571921-project-member] Starting to schedule for instances: ['90ca9e5b-35ca-41ae-97e4-0a9987a908cf'] {{(pid=96598) select_destinations /opt/stack/nova/nova/scheduler/manager.py:209}}
Jul 29 23:55:52.568834 np0000006107 nova-scheduler[96598]: DEBUG nova.scheduler.request_filter [None req-91d4f640-b5bc-4e87-91ad-0408a1b85ab0 tempest-ServerBootFromVolumeStableRescueTest-1979571921 tempest-ServerBootFromVolumeStableRescueTest-1979571921-project-member] compute_status_filter request filter added forbidden trait COMPUTE_STATUS_DISABLED {{(pid=96598) compute_status_filter /opt/stack/nova/nova/scheduler/request_filter.py:253}}
Jul 29 23:55:52.569203 np0000006107 nova-scheduler[96598]: DEBUG nova.scheduler.request_filter [None req-91d4f640-b5bc-4e87-91ad-0408a1b85ab0 tempest-ServerBootFromVolumeStableRescueTest-1979571921 tempest-ServerBootFromVolumeStableRescueTest-1979571921-project-member] Request filter 'compute_status_filter' took 0.0 seconds {{(pid=96598) wrapper /opt/stack/nova/nova/scheduler/request_filter.py:46}}
Jul 29 23:55:52.569501 np0000006107 nova-scheduler[96598]: DEBUG nova.scheduler.request_filter [None req-91d4f640-b5bc-4e87-91ad-0408a1b85ab0 tempest-ServerBootFromVolumeStableRescueTest-1979571921 tempest-ServerBootFromVolumeStableRescueTest-1979571921-project-member] Request filter 'accelerators_filter' took 0.0 seconds {{(pid=96598) wrapper /opt/stack/nova/nova/scheduler/request_filter.py:46}}
Jul 29 23:55:52.569722 np0000006107 nova-scheduler[96598]: DEBUG nova.scheduler.request_filter [None req-91d4f640-b5bc-4e87-91ad-0408a1b85ab0 tempest-ServerBootFromVolumeStableRescueTest-1979571921 tempest-ServerBootFromVolumeStableRescueTest-1979571921-project-member] Request filter 'packed_virtqueue_filter' took 0.0 seconds {{(pid=96598) wrapper /opt/stack/nova/nova/scheduler/request_filter.py:46}}
Jul 29 23:55:52.570035 np0000006107 nova-scheduler[96598]: DEBUG nova.scheduler.request_filter [None req-91d4f640-b5bc-4e87-91ad-0408a1b85ab0 tempest-ServerBootFromVolumeStableRescueTest-1979571921 tempest-ServerBootFromVolumeStableRescueTest-1979571921-project-member] Request filter 'remote_managed_ports_filter' took 0.0 seconds {{(pid=96598) wrapper /opt/stack/nova/nova/scheduler/request_filter.py:46}}
Jul 29 23:55:52.570213 np0000006107 nova-scheduler[96598]: DEBUG nova.scheduler.request_filter [None req-91d4f640-b5bc-4e87-91ad-0408a1b85ab0 tempest-ServerBootFromVolumeStableRescueTest-1979571921 tempest-ServerBootFromVolumeStableRescueTest-1979571921-project-member] ephemeral_encryption_filter skipped {{(pid=96598) ephemeral_encryption_filter /opt/stack/nova/nova/scheduler/request_filter.py:426}}
Jul 29 23:55:52.570414 np0000006107 nova-scheduler[96598]: DEBUG nova.scheduler.request_filter [None req-91d4f640-b5bc-4e87-91ad-0408a1b85ab0 tempest-ServerBootFromVolumeStableRescueTest-1979571921 tempest-ServerBootFromVolumeStableRescueTest-1979571921-project-member] virtio_sound_filter skipped {{(pid=96598) virtio_sound_filter /opt/stack/nova/nova/scheduler/request_filter.py:460}}
Jul 29 23:55:52.570859 np0000006107 nova-scheduler[96598]: DEBUG nova.scheduler.request_filter [None req-91d4f640-b5bc-4e87-91ad-0408a1b85ab0 tempest-ServerBootFromVolumeStableRescueTest-1979571921 tempest-ServerBootFromVolumeStableRescueTest-1979571921-project-member] tpm_secret_security_filter skipped {{(pid=96598) tpm_secret_security_filter /opt/stack/nova/nova/scheduler/request_filter.py:477}}
Jul 29 23:55:53.122111 np0000006107 nova-scheduler[96598]: INFO nova.utils [None req-91d4f640-b5bc-4e87-91ad-0408a1b85ab0 tempest-ServerBootFromVolumeStableRescueTest-1979571921 tempest-ServerBootFromVolumeStableRescueTest-1979571921-project-member] The cell worker thread pool ForkProcess-2.cell_worker is initialized
Jul 29 23:55:53.122802 np0000006107 nova-scheduler[96598]: DEBUG oslo_concurrency.lockutils [None req-91d4f640-b5bc-4e87-91ad-0408a1b85ab0 tempest-ServerBootFromVolumeStableRescueTest-1979571921 tempest-ServerBootFromVolumeStableRescueTest-1979571921-project-member] Acquiring lock "e54cc47c-2096-4a6b-80c5-f67cfcaa315b" by "nova.context.set_target_cell..get_or_set_cached_cell_and_set_connections" {{(pid=96598) inner /opt/stack/data/venv/lib/python3.12/site-packages/oslo_concurrency/lockutils.py:512}}
Jul 29 23:55:53.123067 np0000006107 nova-scheduler[96598]: DEBUG oslo_concurrency.lockutils [None req-91d4f640-b5bc-4e87-91ad-0408a1b85ab0 tempest-ServerBootFromVolumeStableRescueTest-1979571921 tempest-ServerBootFromVolumeStableRescueTest-1979571921-project-member] Lock "e54cc47c-2096-4a6b-80c5-f67cfcaa315b" acquired by "nova.context.set_target_cell..get_or_set_cached_cell_and_set_connections" :: waited 0.000s {{(pid=96598) inner /opt/stack/data/venv/lib/python3.12/site-packages/oslo_concurrency/lockutils.py:525}}
Jul 29 23:55:53.125087 np0000006107 nova-scheduler[96598]: DEBUG oslo_concurrency.lockutils [None req-91d4f640-b5bc-4e87-91ad-0408a1b85ab0 tempest-ServerBootFromVolumeStableRescueTest-1979571921 tempest-ServerBootFromVolumeStableRescueTest-1979571921-project-member] Lock "e54cc47c-2096-4a6b-80c5-f67cfcaa315b" "released" by "nova.context.set_target_cell..get_or_set_cached_cell_and_set_connections" :: held 0.002s {{(pid=96598) inner /opt/stack/data/venv/lib/python3.12/site-packages/oslo_concurrency/lockutils.py:544}}
Jul 29 23:55:53.126784 np0000006107 nova-scheduler[96598]: INFO dbcounter [None req-91d4f640-b5bc-4e87-91ad-0408a1b85ab0 tempest-ServerBootFromVolumeStableRescueTest-1979571921 tempest-ServerBootFromVolumeStableRescueTest-1979571921-project-member] Registered counter for database nova_cell1
Jul 29 23:55:53.175109 np0000006107 nova-scheduler[96598]: DEBUG oslo_db.sqlalchemy.engines [None req-91d4f640-b5bc-4e87-91ad-0408a1b85ab0 tempest-ServerBootFromVolumeStableRescueTest-1979571921 tempest-ServerBootFromVolumeStableRescueTest-1979571921-project-member] MySQL server mode set to STRICT_TRANS_TABLES,STRICT_ALL_TABLES,NO_ZERO_IN_DATE,NO_ZERO_DATE,ERROR_FOR_DIVISION_BY_ZERO,TRADITIONAL,NO_ENGINE_SUBSTITUTION {{(pid=96598) _check_effective_sql_mode /opt/stack/data/venv/lib/python3.12/site-packages/oslo_db/sqlalchemy/engines.py:325}}
Jul 29 23:55:53.185192 np0000006107 nova-scheduler[96598]: DEBUG dbcounter [-] [96598] Writer thread running {{(pid=96598) stat_writer /opt/stack/data/venv/lib/python3.12/site-packages/dbcounter.py:102}}
Jul 29 23:55:53.205177 np0000006107 nova-scheduler[96598]: DEBUG oslo_db.sqlalchemy.engines [None req-91d4f640-b5bc-4e87-91ad-0408a1b85ab0 tempest-ServerBootFromVolumeStableRescueTest-1979571921 tempest-ServerBootFromVolumeStableRescueTest-1979571921-project-member] Parent process 95399 forked (96598) with an open database connection, which is being discarded and recreated. {{(pid=96598) checkout /opt/stack/data/venv/lib/python3.12/site-packages/oslo_db/sqlalchemy/engines.py:402}}
Jul 29 23:55:53.259537 np0000006107 nova-scheduler[96598]: DEBUG dbcounter [-] [96598] Writer thread running {{(pid=96598) stat_writer /opt/stack/data/venv/lib/python3.12/site-packages/dbcounter.py:102}}
Jul 29 23:55:53.262567 np0000006107 nova-scheduler[96598]: DEBUG oslo_concurrency.lockutils [None req-91d4f640-b5bc-4e87-91ad-0408a1b85ab0 tempest-ServerBootFromVolumeStableRescueTest-1979571921 tempest-ServerBootFromVolumeStableRescueTest-1979571921-project-member] Acquiring lock "e54cc47c-2096-4a6b-80c5-f67cfcaa315b" by "nova.context.set_target_cell..get_or_set_cached_cell_and_set_connections" {{(pid=96598) inner /opt/stack/data/venv/lib/python3.12/site-packages/oslo_concurrency/lockutils.py:512}}
Jul 29 23:55:53.262751 np0000006107 nova-scheduler[96598]: DEBUG oslo_concurrency.lockutils [None req-91d4f640-b5bc-4e87-91ad-0408a1b85ab0 tempest-ServerBootFromVolumeStableRescueTest-1979571921 tempest-ServerBootFromVolumeStableRescueTest-1979571921-project-member] Lock "e54cc47c-2096-4a6b-80c5-f67cfcaa315b" acquired by "nova.context.set_target_cell..get_or_set_cached_cell_and_set_connections" :: waited 0.000s {{(pid=96598) inner /opt/stack/data/venv/lib/python3.12/site-packages/oslo_concurrency/lockutils.py:525}}
Jul 29 23:55:53.263096 np0000006107 nova-scheduler[96598]: DEBUG oslo_concurrency.lockutils [None req-91d4f640-b5bc-4e87-91ad-0408a1b85ab0 tempest-ServerBootFromVolumeStableRescueTest-1979571921 tempest-ServerBootFromVolumeStableRescueTest-1979571921-project-member] Lock "e54cc47c-2096-4a6b-80c5-f67cfcaa315b" "released" by "nova.context.set_target_cell..get_or_set_cached_cell_and_set_connections" :: held 0.000s {{(pid=96598) inner /opt/stack/data/venv/lib/python3.12/site-packages/oslo_concurrency/lockutils.py:544}}
