Jul 29 23:53:47.056488 np0000006107 nova-conductor[99101]: DEBUG cotyledon.oslo_config_glue [-] workarounds.disable_deep_image_inspection = False {{(pid=99101) log_opt_values /opt/stack/data/venv/lib/python3.12/site-packages/oslo_config/cfg.py:3253}}
Jul 29 23:53:47.056488 np0000006107 nova-conductor[99101]: DEBUG cotyledon.oslo_config_glue [-] workarounds.disable_fallback_pcpu_query = False {{(pid=99101) log_opt_values /opt/stack/data/venv/lib/python3.12/site-packages/oslo_config/cfg.py:3253}}
Jul 29 23:53:47.056488 np0000006107 nova-conductor[99101]: DEBUG cotyledon.oslo_config_glue [-] workarounds.disable_group_policy_check_upcall = False {{(pid=99101) log_opt_values /opt/stack/data/venv/lib/python3.12/site-packages/oslo_config/cfg.py:3253}}
Jul 29 23:53:47.056488 np0000006107 nova-conductor[99101]: DEBUG cotyledon.oslo_config_glue [-] workarounds.disable_libvirt_livesnapshot = False {{(pid=99101) log_opt_values /opt/stack/data/venv/lib/python3.12/site-packages/oslo_config/cfg.py:3253}}
Jul 29 23:53:47.056488 np0000006107 nova-conductor[99101]: DEBUG cotyledon.oslo_config_glue [-] workarounds.disable_rootwrap = False {{(pid=99101) log_opt_values /opt/stack/data/venv/lib/python3.12/site-packages/oslo_config/cfg.py:3253}}
Jul 29 23:53:47.056488 np0000006107 nova-conductor[99101]: DEBUG cotyledon.oslo_config_glue [-] workarounds.enable_numa_live_migration = False {{(pid=99101) log_opt_values /opt/stack/data/venv/lib/python3.12/site-packages/oslo_config/cfg.py:3253}}
Jul 29 23:53:47.056669 np0000006107 nova-conductor[99101]: DEBUG cotyledon.oslo_config_glue [-] workarounds.enable_qemu_monitor_announce_self = False {{(pid=99101) log_opt_values /opt/stack/data/venv/lib/python3.12/site-packages/oslo_config/cfg.py:3253}}
Jul 29 23:53:47.056669 np0000006107 nova-conductor[99101]: DEBUG cotyledon.oslo_config_glue [-] workarounds.ensure_libvirt_rbd_instance_dir_cleanup = False {{(pid=99101) log_opt_values /opt/stack/data/venv/lib/python3.12/site-packages/oslo_config/cfg.py:3253}}
Jul 29 23:53:47.056669 np0000006107 nova-conductor[99101]: DEBUG cotyledon.oslo_config_glue [-] workarounds.handle_virt_lifecycle_events = True {{(pid=99101) log_opt_values /opt/stack/data/venv/lib/python3.12/site-packages/oslo_config/cfg.py:3253}}
Jul 29 23:53:47.056669 np0000006107 nova-conductor[99101]: DEBUG cotyledon.oslo_config_glue [-] workarounds.libvirt_disable_apic = False {{(pid=99101) log_opt_values /opt/stack/data/venv/lib/python3.12/site-packages/oslo_config/cfg.py:3253}}
Jul 29 23:53:47.056669 np0000006107 nova-conductor[99101]: DEBUG cotyledon.oslo_config_glue [-] workarounds.never_download_image_if_on_rbd = False {{(pid=99101) log_opt_values /opt/stack/data/venv/lib/python3.12/site-packages/oslo_config/cfg.py:3253}}
Jul 29 23:53:47.056669 np0000006107 nova-conductor[99101]: DEBUG cotyledon.oslo_config_glue [-] workarounds.qemu_monitor_announce_self_count = 3 {{(pid=99101) log_opt_values /opt/stack/data/venv/lib/python3.12/site-packages/oslo_config/cfg.py:3253}}
Jul 29 23:53:47.056669 np0000006107 nova-conductor[99101]: DEBUG cotyledon.oslo_config_glue [-] workarounds.qemu_monitor_announce_self_interval = 1 {{(pid=99101) log_opt_values /opt/stack/data/venv/lib/python3.12/site-packages/oslo_config/cfg.py:3253}}
Jul 29 23:53:47.056669 np0000006107 nova-conductor[99101]: DEBUG cotyledon.oslo_config_glue [-] workarounds.reserve_disk_resource_for_image_cache = False {{(pid=99101) log_opt_values /opt/stack/data/venv/lib/python3.12/site-packages/oslo_config/cfg.py:3253}}
Jul 29 23:53:47.056669 np0000006107 nova-conductor[99101]: DEBUG cotyledon.oslo_config_glue [-] workarounds.skip_cpu_compare_at_startup = False {{(pid=99101) log_opt_values /opt/stack/data/venv/lib/python3.12/site-packages/oslo_config/cfg.py:3253}}
Jul 29 23:53:47.056904 np0000006107 nova-conductor[99101]: DEBUG cotyledon.oslo_config_glue [-] workarounds.skip_cpu_compare_on_dest = False {{(pid=99101) log_opt_values /opt/stack/data/venv/lib/python3.12/site-packages/oslo_config/cfg.py:3253}}
Jul 29 23:53:47.056904 np0000006107 nova-conductor[99101]: DEBUG cotyledon.oslo_config_glue [-] workarounds.skip_hypervisor_version_check_on_lm = False {{(pid=99101) log_opt_values /opt/stack/data/venv/lib/python3.12/site-packages/oslo_config/cfg.py:3253}}
Jul 29 23:53:47.056904 np0000006107 nova-conductor[99101]: DEBUG cotyledon.oslo_config_glue [-] workarounds.skip_reserve_in_use_ironic_nodes = False {{(pid=99101) log_opt_values /opt/stack/data/venv/lib/python3.12/site-packages/oslo_config/cfg.py:3253}}
Jul 29 23:53:47.056904 np0000006107 nova-conductor[99101]: DEBUG cotyledon.oslo_config_glue [-] workarounds.unified_limits_count_pcpu_as_vcpu = False {{(pid=99101) log_opt_values /opt/stack/data/venv/lib/python3.12/site-packages/oslo_config/cfg.py:3253}}
Jul 29 23:53:47.056904 np0000006107 nova-conductor[99101]: DEBUG cotyledon.oslo_config_glue [-] workarounds.wait_for_vif_plugged_event_during_hard_reboot = [] {{(pid=99101) log_opt_values /opt/stack/data/venv/lib/python3.12/site-packages/oslo_config/cfg.py:3253}}
Jul 29 23:53:47.056904 np0000006107 nova-conductor[99101]: DEBUG cotyledon.oslo_config_glue [-] wsgi.api_paste_config = /etc/nova/api-paste.ini {{(pid=99101) log_opt_values /opt/stack/data/venv/lib/python3.12/site-packages/oslo_config/cfg.py:3253}}
Jul 29 23:53:47.056904 np0000006107 nova-conductor[99101]: DEBUG cotyledon.oslo_config_glue [-] wsgi.secure_proxy_ssl_header = None {{(pid=99101) log_opt_values /opt/stack/data/venv/lib/python3.12/site-packages/oslo_config/cfg.py:3253}}
Jul 29 23:53:47.056904 np0000006107 nova-conductor[99101]: DEBUG cotyledon.oslo_config_glue [-] zvm.ca_file = None {{(pid=99101) log_opt_values /opt/stack/data/venv/lib/python3.12/site-packages/oslo_config/cfg.py:3253}}
Jul 29 23:53:47.056904 np0000006107 nova-conductor[99101]: DEBUG cotyledon.oslo_config_glue [-] zvm.cloud_connector_url = None {{(pid=99101) log_opt_values /opt/stack/data/venv/lib/python3.12/site-packages/oslo_config/cfg.py:3253}}
Jul 29 23:53:47.057086 np0000006107 nova-conductor[99101]: DEBUG cotyledon.oslo_config_glue [-] zvm.image_tmp_path = /opt/stack/data/nova/images {{(pid=99101) log_opt_values /opt/stack/data/venv/lib/python3.12/site-packages/oslo_config/cfg.py:3253}}
Jul 29 23:53:47.057086 np0000006107 nova-conductor[99101]: DEBUG cotyledon.oslo_config_glue [-] zvm.reachable_timeout = 300 {{(pid=99101) log_opt_values /opt/stack/data/venv/lib/python3.12/site-packages/oslo_config/cfg.py:3253}}
Jul 29 23:53:47.057127 np0000006107 nova-conductor[99097]: INFO dbcounter [None req-e2ac0512-512d-47fd-a75d-3e468fde6b2e None None] Registered counter for database nova_cell0
Jul 29 23:53:47.057161 np0000006107 nova-conductor[99101]: DEBUG cotyledon.oslo_config_glue [-] oslo_versionedobjects.fatal_exception_format_errors = False {{(pid=99101) log_opt_values /opt/stack/data/venv/lib/python3.12/site-packages/oslo_config/cfg.py:3253}}
Jul 29 23:53:47.057161 np0000006107 nova-conductor[99101]: DEBUG cotyledon.oslo_config_glue [-] oslo_middleware.http_basic_auth_user_file = /etc/htpasswd {{(pid=99101) log_opt_values /opt/stack/data/venv/lib/python3.12/site-packages/oslo_config/cfg.py:3253}}
Jul 29 23:53:47.057161 np0000006107 nova-conductor[99101]: DEBUG cotyledon.oslo_config_glue [-] profiler.connection_string = messaging:// {{(pid=99101) log_opt_values /opt/stack/data/venv/lib/python3.12/site-packages/oslo_config/cfg.py:3253}}
Jul 29 23:53:47.057161 np0000006107 nova-conductor[99101]: DEBUG cotyledon.oslo_config_glue [-] profiler.enabled = False {{(pid=99101) log_opt_values /opt/stack/data/venv/lib/python3.12/site-packages/oslo_config/cfg.py:3253}}
Jul 29 23:53:47.057161 np0000006107 nova-conductor[99101]: DEBUG cotyledon.oslo_config_glue [-] profiler.es_doc_type = notification {{(pid=99101) log_opt_values /opt/stack/data/venv/lib/python3.12/site-packages/oslo_config/cfg.py:3253}}
Jul 29 23:53:47.057161 np0000006107 nova-conductor[99101]: DEBUG cotyledon.oslo_config_glue [-] profiler.es_scroll_size = 10000 {{(pid=99101) log_opt_values /opt/stack/data/venv/lib/python3.12/site-packages/oslo_config/cfg.py:3253}}
Jul 29 23:53:47.057161 np0000006107 nova-conductor[99101]: DEBUG cotyledon.oslo_config_glue [-] profiler.es_scroll_time = 2m {{(pid=99101) log_opt_values /opt/stack/data/venv/lib/python3.12/site-packages/oslo_config/cfg.py:3253}}
Jul 29 23:53:47.057161 np0000006107 nova-conductor[99101]: DEBUG cotyledon.oslo_config_glue [-] profiler.filter_error_trace = False {{(pid=99101) log_opt_values /opt/stack/data/venv/lib/python3.12/site-packages/oslo_config/cfg.py:3253}}
Jul 29 23:53:47.057161 np0000006107 nova-conductor[99101]: DEBUG cotyledon.oslo_config_glue [-] profiler.hmac_keys = **** {{(pid=99101) log_opt_values /opt/stack/data/venv/lib/python3.12/site-packages/oslo_config/cfg.py:3253}}
Jul 29 23:53:47.057367 np0000006107 nova-conductor[99101]: DEBUG cotyledon.oslo_config_glue [-] profiler.sentinel_service_name = mymaster {{(pid=99101) log_opt_values /opt/stack/data/venv/lib/python3.12/site-packages/oslo_config/cfg.py:3253}}
Jul 29 23:53:47.057367 np0000006107 nova-conductor[99101]: DEBUG cotyledon.oslo_config_glue [-] profiler.socket_timeout = 0.1 {{(pid=99101) log_opt_values /opt/stack/data/venv/lib/python3.12/site-packages/oslo_config/cfg.py:3253}}
Jul 29 23:53:47.057367 np0000006107 nova-conductor[99101]: DEBUG cotyledon.oslo_config_glue [-] profiler.trace_requests = False {{(pid=99101) log_opt_values /opt/stack/data/venv/lib/python3.12/site-packages/oslo_config/cfg.py:3253}}
Jul 29 23:53:47.057367 np0000006107 nova-conductor[99101]: DEBUG cotyledon.oslo_config_glue [-] profiler.trace_sqlalchemy = False {{(pid=99101) log_opt_values /opt/stack/data/venv/lib/python3.12/site-packages/oslo_config/cfg.py:3253}}
Jul 29 23:53:47.057367 np0000006107 nova-conductor[99101]: DEBUG cotyledon.oslo_config_glue [-] profiler_jaeger.process_tags = {} {{(pid=99101) log_opt_values /opt/stack/data/venv/lib/python3.12/site-packages/oslo_config/cfg.py:3253}}
Jul 29 23:53:47.057367 np0000006107 nova-conductor[99101]: DEBUG cotyledon.oslo_config_glue [-] profiler_jaeger.service_name_prefix = None {{(pid=99101) log_opt_values /opt/stack/data/venv/lib/python3.12/site-packages/oslo_config/cfg.py:3253}}
Jul 29 23:53:47.057367 np0000006107 nova-conductor[99101]: DEBUG cotyledon.oslo_config_glue [-] profiler_otlp.service_name_prefix = None {{(pid=99101) log_opt_values /opt/stack/data/venv/lib/python3.12/site-packages/oslo_config/cfg.py:3253}}
Jul 29 23:53:47.057367 np0000006107 nova-conductor[99101]: DEBUG cotyledon.oslo_config_glue [-] oslo_messaging_rabbit.amqp_auto_delete = False {{(pid=99101) log_opt_values /opt/stack/data/venv/lib/python3.12/site-packages/oslo_config/cfg.py:3253}}
Jul 29 23:53:47.057367 np0000006107 nova-conductor[99101]: DEBUG cotyledon.oslo_config_glue [-] oslo_messaging_rabbit.amqp_durable_queues = False {{(pid=99101) log_opt_values /opt/stack/data/venv/lib/python3.12/site-packages/oslo_config/cfg.py:3253}}
Jul 29 23:53:47.057569 np0000006107 nova-conductor[99101]: DEBUG cotyledon.oslo_config_glue [-] oslo_messaging_rabbit.conn_pool_min_size = 2 {{(pid=99101) log_opt_values /opt/stack/data/venv/lib/python3.12/site-packages/oslo_config/cfg.py:3253}}
Jul 29 23:53:47.057569 np0000006107 nova-conductor[99101]: DEBUG cotyledon.oslo_config_glue [-] oslo_messaging_rabbit.conn_pool_ttl = 1200 {{(pid=99101) log_opt_values /opt/stack/data/venv/lib/python3.12/site-packages/oslo_config/cfg.py:3253}}
Jul 29 23:53:47.057569 np0000006107 nova-conductor[99101]: DEBUG cotyledon.oslo_config_glue [-] oslo_messaging_rabbit.direct_mandatory_flag = True {{(pid=99101) log_opt_values /opt/stack/data/venv/lib/python3.12/site-packages/oslo_config/cfg.py:3253}}
Jul 29 23:53:47.057569 np0000006107 nova-conductor[99101]: DEBUG cotyledon.oslo_config_glue [-] oslo_messaging_rabbit.enable_cancel_on_failover = False {{(pid=99101) log_opt_values /opt/stack/data/venv/lib/python3.12/site-packages/oslo_config/cfg.py:3253}}
Jul 29 23:53:47.057569 np0000006107 nova-conductor[99101]: DEBUG cotyledon.oslo_config_glue [-] oslo_messaging_rabbit.heartbeat_rate = 3 {{(pid=99101) log_opt_values /opt/stack/data/venv/lib/python3.12/site-packages/oslo_config/cfg.py:3253}}
Jul 29 23:53:47.057569 np0000006107 nova-conductor[99101]: DEBUG cotyledon.oslo_config_glue [-] oslo_messaging_rabbit.heartbeat_timeout_threshold = 60 {{(pid=99101) log_opt_values /opt/stack/data/venv/lib/python3.12/site-packages/oslo_config/cfg.py:3253}}
Jul 29 23:53:47.057569 np0000006107 nova-conductor[99101]: DEBUG cotyledon.oslo_config_glue [-] oslo_messaging_rabbit.hostname = np0000006107 {{(pid=99101) log_opt_values /opt/stack/data/venv/lib/python3.12/site-packages/oslo_config/cfg.py:3253}}
Jul 29 23:53:47.057569 np0000006107 nova-conductor[99101]: DEBUG cotyledon.oslo_config_glue [-] oslo_messaging_rabbit.kombu_compression = None {{(pid=99101) log_opt_values /opt/stack/data/venv/lib/python3.12/site-packages/oslo_config/cfg.py:3253}}
Jul 29 23:53:47.057569 np0000006107 nova-conductor[99101]: DEBUG cotyledon.oslo_config_glue [-] oslo_messaging_rabbit.kombu_failover_strategy = round-robin {{(pid=99101) log_opt_values /opt/stack/data/venv/lib/python3.12/site-packages/oslo_config/cfg.py:3253}}
Jul 29 23:53:47.057797 np0000006107 nova-conductor[99101]: DEBUG cotyledon.oslo_config_glue [-] oslo_messaging_rabbit.kombu_missing_consumer_retry_timeout = 60 {{(pid=99101) log_opt_values /opt/stack/data/venv/lib/python3.12/site-packages/oslo_config/cfg.py:3253}}
Jul 29 23:53:47.057797 np0000006107 nova-conductor[99101]: DEBUG cotyledon.oslo_config_glue [-] oslo_messaging_rabbit.kombu_reconnect_delay = 1.0 {{(pid=99101) log_opt_values /opt/stack/data/venv/lib/python3.12/site-packages/oslo_config/cfg.py:3253}}
Jul 29 23:53:47.057797 np0000006107 nova-conductor[99101]: DEBUG cotyledon.oslo_config_glue [-] oslo_messaging_rabbit.kombu_reconnect_splay = 0.0 {{(pid=99101) log_opt_values /opt/stack/data/venv/lib/python3.12/site-packages/oslo_config/cfg.py:3253}}
Jul 29 23:53:47.057797 np0000006107 nova-conductor[99101]: DEBUG cotyledon.oslo_config_glue [-] oslo_messaging_rabbit.processname = nova-conductor {{(pid=99101) log_opt_values /opt/stack/data/venv/lib/python3.12/site-packages/oslo_config/cfg.py:3253}}
Jul 29 23:53:47.057797 np0000006107 nova-conductor[99101]: DEBUG cotyledon.oslo_config_glue [-] oslo_messaging_rabbit.rabbit_ha_queues = False {{(pid=99101) log_opt_values /opt/stack/data/venv/lib/python3.12/site-packages/oslo_config/cfg.py:3253}}
Jul 29 23:53:47.057797 np0000006107 nova-conductor[99101]: DEBUG cotyledon.oslo_config_glue [-] oslo_messaging_rabbit.rabbit_interval_max = 30 {{(pid=99101) log_opt_values /opt/stack/data/venv/lib/python3.12/site-packages/oslo_config/cfg.py:3253}}
Jul 29 23:53:47.057797 np0000006107 nova-conductor[99101]: DEBUG cotyledon.oslo_config_glue [-] oslo_messaging_rabbit.rabbit_login_method = AMQPLAIN {{(pid=99101) log_opt_values /opt/stack/data/venv/lib/python3.12/site-packages/oslo_config/cfg.py:3253}}
Jul 29 23:53:47.057797 np0000006107 nova-conductor[99101]: DEBUG cotyledon.oslo_config_glue [-] oslo_messaging_rabbit.rabbit_qos_prefetch_count = 0 {{(pid=99101) log_opt_values /opt/stack/data/venv/lib/python3.12/site-packages/oslo_config/cfg.py:3253}}
Jul 29 23:53:47.057797 np0000006107 nova-conductor[99101]: DEBUG cotyledon.oslo_config_glue [-] oslo_messaging_rabbit.rabbit_quorum_delivery_limit = 0 {{(pid=99101) log_opt_values /opt/stack/data/venv/lib/python3.12/site-packages/oslo_config/cfg.py:3253}}
Jul 29 23:53:47.057974 np0000006107 nova-conductor[99101]: DEBUG cotyledon.oslo_config_glue [-] oslo_messaging_rabbit.rabbit_quorum_max_memory_bytes = 0 {{(pid=99101) log_opt_values /opt/stack/data/venv/lib/python3.12/site-packages/oslo_config/cfg.py:3253}}
Jul 29 23:53:47.057974 np0000006107 nova-conductor[99101]: DEBUG cotyledon.oslo_config_glue [-] oslo_messaging_rabbit.rabbit_quorum_max_memory_length = 0 {{(pid=99101) log_opt_values /opt/stack/data/venv/lib/python3.12/site-packages/oslo_config/cfg.py:3253}}
Jul 29 23:53:47.057974 np0000006107 nova-conductor[99101]: DEBUG cotyledon.oslo_config_glue [-] oslo_messaging_rabbit.rabbit_quorum_queue = False {{(pid=99101) log_opt_values /opt/stack/data/venv/lib/python3.12/site-packages/oslo_config/cfg.py:3253}}
Jul 29 23:53:47.057974 np0000006107 nova-conductor[99101]: DEBUG cotyledon.oslo_config_glue [-] oslo_messaging_rabbit.rabbit_retry_backoff = 2 {{(pid=99101) log_opt_values /opt/stack/data/venv/lib/python3.12/site-packages/oslo_config/cfg.py:3253}}
Jul 29 23:53:47.057974 np0000006107 nova-conductor[99101]: DEBUG cotyledon.oslo_config_glue [-] oslo_messaging_rabbit.rabbit_retry_interval = 1 {{(pid=99101) log_opt_values /opt/stack/data/venv/lib/python3.12/site-packages/oslo_config/cfg.py:3253}}
Jul 29 23:53:47.057974 np0000006107 nova-conductor[99101]: DEBUG cotyledon.oslo_config_glue [-] oslo_messaging_rabbit.rabbit_stream_fanout = False {{(pid=99101) log_opt_values /opt/stack/data/venv/lib/python3.12/site-packages/oslo_config/cfg.py:3253}}
Jul 29 23:53:47.057974 np0000006107 nova-conductor[99101]: DEBUG cotyledon.oslo_config_glue [-] oslo_messaging_rabbit.rabbit_transient_queues_ttl = 1800 {{(pid=99101) log_opt_values /opt/stack/data/venv/lib/python3.12/site-packages/oslo_config/cfg.py:3253}}
Jul 29 23:53:47.057974 np0000006107 nova-conductor[99101]: DEBUG cotyledon.oslo_config_glue [-] oslo_messaging_rabbit.rabbit_transient_quorum_queue = False {{(pid=99101) log_opt_values /opt/stack/data/venv/lib/python3.12/site-packages/oslo_config/cfg.py:3253}}
Jul 29 23:53:47.058153 np0000006107 nova-conductor[99101]: DEBUG cotyledon.oslo_config_glue [-] oslo_messaging_rabbit.rpc_conn_pool_size = 30 {{(pid=99101) log_opt_values /opt/stack/data/venv/lib/python3.12/site-packages/oslo_config/cfg.py:3253}}
Jul 29 23:53:47.058153 np0000006107 nova-conductor[99101]: DEBUG cotyledon.oslo_config_glue [-] oslo_messaging_rabbit.ssl = False {{(pid=99101) log_opt_values /opt/stack/data/venv/lib/python3.12/site-packages/oslo_config/cfg.py:3253}}
Jul 29 23:53:47.058153 np0000006107 nova-conductor[99101]: DEBUG cotyledon.oslo_config_glue [-] oslo_messaging_rabbit.ssl_ca_file = {{(pid=99101) log_opt_values /opt/stack/data/venv/lib/python3.12/site-packages/oslo_config/cfg.py:3253}}
Jul 29 23:53:47.058153 np0000006107 nova-conductor[99101]: DEBUG cotyledon.oslo_config_glue [-] oslo_messaging_rabbit.ssl_cert_file = {{(pid=99101) log_opt_values /opt/stack/data/venv/lib/python3.12/site-packages/oslo_config/cfg.py:3253}}
Jul 29 23:53:47.058153 np0000006107 nova-conductor[99101]: DEBUG cotyledon.oslo_config_glue [-] oslo_messaging_rabbit.ssl_enforce_fips_mode = False {{(pid=99101) log_opt_values /opt/stack/data/venv/lib/python3.12/site-packages/oslo_config/cfg.py:3253}}
Jul 29 23:53:47.058153 np0000006107 nova-conductor[99101]: DEBUG cotyledon.oslo_config_glue [-] oslo_messaging_rabbit.ssl_enforce_hostname_verification = True {{(pid=99101) log_opt_values /opt/stack/data/venv/lib/python3.12/site-packages/oslo_config/cfg.py:3253}}
Jul 29 23:53:47.058153 np0000006107 nova-conductor[99101]: DEBUG cotyledon.oslo_config_glue [-] oslo_messaging_rabbit.ssl_key_file = {{(pid=99101) log_opt_values /opt/stack/data/venv/lib/python3.12/site-packages/oslo_config/cfg.py:3253}}
Jul 29 23:53:47.058153 np0000006107 nova-conductor[99101]: DEBUG cotyledon.oslo_config_glue [-] oslo_messaging_rabbit.ssl_version = {{(pid=99101) log_opt_values /opt/stack/data/venv/lib/python3.12/site-packages/oslo_config/cfg.py:3253}}
Jul 29 23:53:47.058153 np0000006107 nova-conductor[99101]: DEBUG cotyledon.oslo_config_glue [-] oslo_messaging_rabbit.use_queue_manager = False {{(pid=99101) log_opt_values /opt/stack/data/venv/lib/python3.12/site-packages/oslo_config/cfg.py:3253}}
Jul 29 23:53:47.058373 np0000006107 nova-conductor[99101]: DEBUG cotyledon.oslo_config_glue [-] oslo_messaging_notifications.driver = ['messagingv2'] {{(pid=99101) log_opt_values /opt/stack/data/venv/lib/python3.12/site-packages/oslo_config/cfg.py:3253}}
Jul 29 23:53:47.058373 np0000006107 nova-conductor[99101]: DEBUG cotyledon.oslo_config_glue [-] oslo_messaging_notifications.retry = -1 {{(pid=99101) log_opt_values /opt/stack/data/venv/lib/python3.12/site-packages/oslo_config/cfg.py:3253}}
Jul 29 23:53:47.058373 np0000006107 nova-conductor[99101]: DEBUG cotyledon.oslo_config_glue [-] oslo_messaging_notifications.topics = ['notifications'] {{(pid=99101) log_opt_values /opt/stack/data/venv/lib/python3.12/site-packages/oslo_config/cfg.py:3253}}
Jul 29 23:53:47.058373 np0000006107 nova-conductor[99101]: DEBUG cotyledon.oslo_config_glue [-] oslo_messaging_notifications.transport_url = **** {{(pid=99101) log_opt_values /opt/stack/data/venv/lib/python3.12/site-packages/oslo_config/cfg.py:3253}}
Jul 29 23:53:47.058373 np0000006107 nova-conductor[99101]: DEBUG cotyledon.oslo_config_glue [-] oslo_limit.auth_section = None {{(pid=99101) log_opt_values /opt/stack/data/venv/lib/python3.12/site-packages/oslo_config/cfg.py:3253}}
Jul 29 23:53:47.058373 np0000006107 nova-conductor[99101]: DEBUG cotyledon.oslo_config_glue [-] oslo_limit.auth_type = None {{(pid=99101) log_opt_values /opt/stack/data/venv/lib/python3.12/site-packages/oslo_config/cfg.py:3253}}
Jul 29 23:53:47.058373 np0000006107 nova-conductor[99101]: DEBUG cotyledon.oslo_config_glue [-] oslo_limit.cafile = None {{(pid=99101) log_opt_values /opt/stack/data/venv/lib/python3.12/site-packages/oslo_config/cfg.py:3253}}
Jul 29 23:53:47.058373 np0000006107 nova-conductor[99101]: DEBUG cotyledon.oslo_config_glue [-] oslo_limit.certfile = None {{(pid=99101) log_opt_values /opt/stack/data/venv/lib/python3.12/site-packages/oslo_config/cfg.py:3253}}
Jul 29 23:53:47.058373 np0000006107 nova-conductor[99101]: DEBUG cotyledon.oslo_config_glue [-] oslo_limit.collect_timing = False {{(pid=99101) log_opt_values /opt/stack/data/venv/lib/python3.12/site-packages/oslo_config/cfg.py:3253}}
Jul 29 23:53:47.058553 np0000006107 nova-conductor[99101]: DEBUG cotyledon.oslo_config_glue [-] oslo_limit.connect_retries = None {{(pid=99101) log_opt_values /opt/stack/data/venv/lib/python3.12/site-packages/oslo_config/cfg.py:3253}}
Jul 29 23:53:47.058553 np0000006107 nova-conductor[99101]: DEBUG cotyledon.oslo_config_glue [-] oslo_limit.connect_retry_delay = None {{(pid=99101) log_opt_values /opt/stack/data/venv/lib/python3.12/site-packages/oslo_config/cfg.py:3253}}
Jul 29 23:53:47.058553 np0000006107 nova-conductor[99101]: DEBUG cotyledon.oslo_config_glue [-] oslo_limit.endpoint_id = None {{(pid=99101) log_opt_values /opt/stack/data/venv/lib/python3.12/site-packages/oslo_config/cfg.py:3253}}
Jul 29 23:53:47.058553 np0000006107 nova-conductor[99101]: DEBUG cotyledon.oslo_config_glue [-] oslo_limit.endpoint_interface = public {{(pid=99101) log_opt_values /opt/stack/data/venv/lib/python3.12/site-packages/oslo_config/cfg.py:3253}}
Jul 29 23:53:47.058553 np0000006107 nova-conductor[99101]: DEBUG cotyledon.oslo_config_glue [-] oslo_limit.endpoint_override = None {{(pid=99101) log_opt_values /opt/stack/data/venv/lib/python3.12/site-packages/oslo_config/cfg.py:3253}}
Jul 29 23:53:47.058553 np0000006107 nova-conductor[99101]: DEBUG cotyledon.oslo_config_glue [-] oslo_limit.endpoint_region_name = None {{(pid=99101) log_opt_values /opt/stack/data/venv/lib/python3.12/site-packages/oslo_config/cfg.py:3253}}
Jul 29 23:53:47.058553 np0000006107 nova-conductor[99101]: DEBUG cotyledon.oslo_config_glue [-] oslo_limit.endpoint_service_name = None {{(pid=99101) log_opt_values /opt/stack/data/venv/lib/python3.12/site-packages/oslo_config/cfg.py:3253}}
Jul 29 23:53:47.058553 np0000006107 nova-conductor[99101]: DEBUG cotyledon.oslo_config_glue [-] oslo_limit.endpoint_service_type = None {{(pid=99101) log_opt_values /opt/stack/data/venv/lib/python3.12/site-packages/oslo_config/cfg.py:3253}}
Jul 29 23:53:47.058553 np0000006107 nova-conductor[99101]: DEBUG cotyledon.oslo_config_glue [-] oslo_limit.insecure = False {{(pid=99101) log_opt_values /opt/stack/data/venv/lib/python3.12/site-packages/oslo_config/cfg.py:3253}}
Jul 29 23:53:47.058728 np0000006107 nova-conductor[99101]: DEBUG cotyledon.oslo_config_glue [-] oslo_limit.keyfile = None {{(pid=99101) log_opt_values /opt/stack/data/venv/lib/python3.12/site-packages/oslo_config/cfg.py:3253}}
Jul 29 23:53:47.058728 np0000006107 nova-conductor[99101]: DEBUG cotyledon.oslo_config_glue [-] oslo_limit.max_version = None {{(pid=99101) log_opt_values /opt/stack/data/venv/lib/python3.12/site-packages/oslo_config/cfg.py:3253}}
Jul 29 23:53:47.058728 np0000006107 nova-conductor[99101]: DEBUG cotyledon.oslo_config_glue [-] oslo_limit.min_version = None {{(pid=99101) log_opt_values /opt/stack/data/venv/lib/python3.12/site-packages/oslo_config/cfg.py:3253}}
Jul 29 23:53:47.058728 np0000006107 nova-conductor[99101]: DEBUG cotyledon.oslo_config_glue [-] oslo_limit.region_name = None {{(pid=99101) log_opt_values /opt/stack/data/venv/lib/python3.12/site-packages/oslo_config/cfg.py:3253}}
Jul 29 23:53:47.058728 np0000006107 nova-conductor[99101]: DEBUG cotyledon.oslo_config_glue [-] oslo_limit.retriable_status_codes = None {{(pid=99101) log_opt_values /opt/stack/data/venv/lib/python3.12/site-packages/oslo_config/cfg.py:3253}}
Jul 29 23:53:47.058728 np0000006107 nova-conductor[99101]: DEBUG cotyledon.oslo_config_glue [-] oslo_limit.service_name = None {{(pid=99101) log_opt_values /opt/stack/data/venv/lib/python3.12/site-packages/oslo_config/cfg.py:3253}}
Jul 29 23:53:47.058728 np0000006107 nova-conductor[99101]: DEBUG cotyledon.oslo_config_glue [-] oslo_limit.service_type = None {{(pid=99101) log_opt_values /opt/stack/data/venv/lib/python3.12/site-packages/oslo_config/cfg.py:3253}}
Jul 29 23:53:47.058728 np0000006107 nova-conductor[99101]: DEBUG cotyledon.oslo_config_glue [-] oslo_limit.split_loggers = False {{(pid=99101) log_opt_values /opt/stack/data/venv/lib/python3.12/site-packages/oslo_config/cfg.py:3253}}
Jul 29 23:53:47.058728 np0000006107 nova-conductor[99101]: DEBUG cotyledon.oslo_config_glue [-] oslo_limit.status_code_retries = None {{(pid=99101) log_opt_values /opt/stack/data/venv/lib/python3.12/site-packages/oslo_config/cfg.py:3253}}
Jul 29 23:53:47.058965 np0000006107 nova-conductor[99101]: DEBUG cotyledon.oslo_config_glue [-] oslo_limit.status_code_retry_delay = None {{(pid=99101) log_opt_values /opt/stack/data/venv/lib/python3.12/site-packages/oslo_config/cfg.py:3253}}
Jul 29 23:53:47.058965 np0000006107 nova-conductor[99101]: DEBUG cotyledon.oslo_config_glue [-] oslo_limit.timeout = None {{(pid=99101) log_opt_values /opt/stack/data/venv/lib/python3.12/site-packages/oslo_config/cfg.py:3253}}
Jul 29 23:53:47.058965 np0000006107 nova-conductor[99101]: DEBUG cotyledon.oslo_config_glue [-] oslo_limit.valid_interfaces = None {{(pid=99101) log_opt_values /opt/stack/data/venv/lib/python3.12/site-packages/oslo_config/cfg.py:3253}}
Jul 29 23:53:47.058965 np0000006107 nova-conductor[99101]: DEBUG cotyledon.oslo_config_glue [-] oslo_limit.version = None {{(pid=99101) log_opt_values /opt/stack/data/venv/lib/python3.12/site-packages/oslo_config/cfg.py:3253}}
Jul 29 23:53:47.058965 np0000006107 nova-conductor[99101]: DEBUG cotyledon.oslo_config_glue [-] oslo_reports.file_event_handler = None {{(pid=99101) log_opt_values /opt/stack/data/venv/lib/python3.12/site-packages/oslo_config/cfg.py:3253}}
Jul 29 23:53:47.058965 np0000006107 nova-conductor[99101]: DEBUG cotyledon.oslo_config_glue [-] oslo_reports.file_event_handler_interval = 1 {{(pid=99101) log_opt_values /opt/stack/data/venv/lib/python3.12/site-packages/oslo_config/cfg.py:3253}}
Jul 29 23:53:47.058965 np0000006107 nova-conductor[99101]: DEBUG cotyledon.oslo_config_glue [-] oslo_reports.log_dir = None {{(pid=99101) log_opt_values /opt/stack/data/venv/lib/python3.12/site-packages/oslo_config/cfg.py:3253}}
Jul 29 23:53:47.058965 np0000006107 nova-conductor[99101]: DEBUG cotyledon.oslo_config_glue [-] ******************************************************************************** {{(pid=99101) log_opt_values /opt/stack/data/venv/lib/python3.12/site-packages/oslo_config/cfg.py:3260}}
Jul 29 23:53:47.058965 np0000006107 nova-conductor[99101]: DEBUG cotyledon._service_worker [-] Run service ServiceWrapper(3) [99101] {{(pid=99101) wait_forever /opt/stack/data/venv/lib/python3.12/site-packages/cotyledon/_service_worker.py:218}}
Jul 29 23:53:47.059152 np0000006107 nova-conductor[99101]: INFO nova.service [-] Starting conductor node (version 33.1.0)
Jul 29 23:53:47.059152 np0000006107 nova-conductor[99101]: INFO dbcounter [None req-1c1e8a78-8ff0-468e-ba6d-b0a48b261a4e None None] Registered counter for database nova_cell0
Jul 29 23:53:47.059203 np0000006107 nova-conductor[99050]: DEBUG oslo_db.sqlalchemy.engines [None req-da678cce-871c-4799-bee5-e9d4323b3555 None None] MySQL server mode set to STRICT_TRANS_TABLES,STRICT_ALL_TABLES,NO_ZERO_IN_DATE,NO_ZERO_DATE,ERROR_FOR_DIVISION_BY_ZERO,TRADITIONAL,NO_ENGINE_SUBSTITUTION {{(pid=99050) _check_effective_sql_mode /opt/stack/data/venv/lib/python3.12/site-packages/oslo_db/sqlalchemy/engines.py:325}}
Jul 29 23:53:47.059233 np0000006107 nova-conductor[99085]: DEBUG oslo_db.sqlalchemy.engines [None req-188d20a5-bac0-485a-adfd-90dfeca8d3f7 None None] MySQL server mode set to STRICT_TRANS_TABLES,STRICT_ALL_TABLES,NO_ZERO_IN_DATE,NO_ZERO_DATE,ERROR_FOR_DIVISION_BY_ZERO,TRADITIONAL,NO_ENGINE_SUBSTITUTION {{(pid=99085) _check_effective_sql_mode /opt/stack/data/venv/lib/python3.12/site-packages/oslo_db/sqlalchemy/engines.py:325}}
Jul 29 23:53:47.064619 np0000006107 nova-conductor[99050]: DEBUG dbcounter [-] [99050] Writer thread running {{(pid=99050) stat_writer /opt/stack/data/venv/lib/python3.12/site-packages/dbcounter.py:102}}
Jul 29 23:53:47.069616 np0000006107 nova-conductor[99085]: DEBUG dbcounter [-] [99085] Writer thread running {{(pid=99085) stat_writer /opt/stack/data/venv/lib/python3.12/site-packages/dbcounter.py:102}}
Jul 29 23:53:47.078503 np0000006107 nova-conductor[99050]: DEBUG nova.service [None req-da678cce-871c-4799-bee5-e9d4323b3555 None None] Creating RPC server for service: nova-conductor on topic: conductor {{(pid=99050) start /opt/stack/nova/nova/service.py:196}}
Jul 29 23:53:47.078993 np0000006107 nova-conductor[99101]: DEBUG oslo_db.sqlalchemy.engines [None req-1c1e8a78-8ff0-468e-ba6d-b0a48b261a4e None None] MySQL server mode set to STRICT_TRANS_TABLES,STRICT_ALL_TABLES,NO_ZERO_IN_DATE,NO_ZERO_DATE,ERROR_FOR_DIVISION_BY_ZERO,TRADITIONAL,NO_ENGINE_SUBSTITUTION {{(pid=99101) _check_effective_sql_mode /opt/stack/data/venv/lib/python3.12/site-packages/oslo_db/sqlalchemy/engines.py:325}}
Jul 29 23:53:47.086011 np0000006107 nova-conductor[99085]: DEBUG nova.service [None req-188d20a5-bac0-485a-adfd-90dfeca8d3f7 None None] Creating RPC server for service: nova-conductor on topic: conductor {{(pid=99085) start /opt/stack/nova/nova/service.py:196}}
Jul 29 23:53:47.091332 np0000006107 nova-conductor[99097]: DEBUG oslo_db.sqlalchemy.engines [None req-e2ac0512-512d-47fd-a75d-3e468fde6b2e None None] MySQL server mode set to STRICT_TRANS_TABLES,STRICT_ALL_TABLES,NO_ZERO_IN_DATE,NO_ZERO_DATE,ERROR_FOR_DIVISION_BY_ZERO,TRADITIONAL,NO_ENGINE_SUBSTITUTION {{(pid=99097) _check_effective_sql_mode /opt/stack/data/venv/lib/python3.12/site-packages/oslo_db/sqlalchemy/engines.py:325}}
Jul 29 23:53:47.091699 np0000006107 nova-conductor[99101]: DEBUG dbcounter [-] [99101] Writer thread running {{(pid=99101) stat_writer /opt/stack/data/venv/lib/python3.12/site-packages/dbcounter.py:102}}
Jul 29 23:53:47.095014 np0000006107 nova-conductor[99101]: DEBUG nova.service [None req-1c1e8a78-8ff0-468e-ba6d-b0a48b261a4e None None] Creating RPC server for service: nova-conductor on topic: conductor {{(pid=99101) start /opt/stack/nova/nova/service.py:196}}
Jul 29 23:53:47.107687 np0000006107 nova-conductor[99085]: DEBUG nova.service [None req-188d20a5-bac0-485a-adfd-90dfeca8d3f7 None None] Join ServiceGroup membership for this service conductor {{(pid=99085) start /opt/stack/nova/nova/service.py:222}}
Jul 29 23:53:47.107837 np0000006107 nova-conductor[99097]: DEBUG dbcounter [-] [99097] Writer thread running {{(pid=99097) stat_writer /opt/stack/data/venv/lib/python3.12/site-packages/dbcounter.py:102}}
Jul 29 23:53:47.107995 np0000006107 nova-conductor[99085]: DEBUG nova.servicegroup.drivers.db [None req-188d20a5-bac0-485a-adfd-90dfeca8d3f7 None None] DB_Driver: join new ServiceGroup member np0000006107 to the conductor group, service = {{(pid=99085) join /opt/stack/nova/nova/servicegroup/drivers/db.py:44}}
Jul 29 23:53:47.109977 np0000006107 nova-conductor[99050]: DEBUG nova.service [None req-da678cce-871c-4799-bee5-e9d4323b3555 None None] Join ServiceGroup membership for this service conductor {{(pid=99050) start /opt/stack/nova/nova/service.py:222}}
Jul 29 23:53:47.110343 np0000006107 nova-conductor[99050]: DEBUG nova.servicegroup.drivers.db [None req-da678cce-871c-4799-bee5-e9d4323b3555 None None] DB_Driver: join new ServiceGroup member np0000006107 to the conductor group, service = {{(pid=99050) join /opt/stack/nova/nova/servicegroup/drivers/db.py:44}}
Jul 29 23:53:47.111387 np0000006107 nova-conductor[99097]: DEBUG nova.service [None req-e2ac0512-512d-47fd-a75d-3e468fde6b2e None None] Creating RPC server for service: nova-conductor on topic: conductor {{(pid=99097) start /opt/stack/nova/nova/service.py:196}}
Jul 29 23:53:47.113916 np0000006107 nova-conductor[99101]: DEBUG nova.service [None req-1c1e8a78-8ff0-468e-ba6d-b0a48b261a4e None None] Join ServiceGroup membership for this service conductor {{(pid=99101) start /opt/stack/nova/nova/service.py:222}}
Jul 29 23:53:47.114088 np0000006107 nova-conductor[99101]: DEBUG nova.servicegroup.drivers.db [None req-1c1e8a78-8ff0-468e-ba6d-b0a48b261a4e None None] DB_Driver: join new ServiceGroup member np0000006107 to the conductor group, service = {{(pid=99101) join /opt/stack/nova/nova/servicegroup/drivers/db.py:44}}
Jul 29 23:53:47.130994 np0000006107 nova-conductor[99097]: DEBUG nova.service [None req-e2ac0512-512d-47fd-a75d-3e468fde6b2e None None] Join ServiceGroup membership for this service conductor {{(pid=99097) start /opt/stack/nova/nova/service.py:222}}
Jul 29 23:53:47.131346 np0000006107 nova-conductor[99097]: DEBUG nova.servicegroup.drivers.db [None req-e2ac0512-512d-47fd-a75d-3e468fde6b2e None None] DB_Driver: join new ServiceGroup member np0000006107 to the conductor group, service = {{(pid=99097) join /opt/stack/nova/nova/servicegroup/drivers/db.py:44}}
Jul 29 23:53:52.129428 np0000006107 nova-conductor[99085]: DEBUG oslo.service.backend._threading.loopingcall [-] Fixed interval looping call 'nova.servicegroup.drivers.db.DbDriver._report_state' sleeping for 119.98 seconds {{(pid=99085) _run_loop /opt/stack/data/venv/lib/python3.12/site-packages/oslo_service/backend/_threading/loopingcall.py:125}}
Jul 29 23:53:52.131302 np0000006107 nova-conductor[99050]: DEBUG oslo.service.backend._threading.loopingcall [-] Fixed interval looping call 'nova.servicegroup.drivers.db.DbDriver._report_state' sleeping for 119.98 seconds {{(pid=99050) _run_loop /opt/stack/data/venv/lib/python3.12/site-packages/oslo_service/backend/_threading/loopingcall.py:125}}
Jul 29 23:53:52.131614 np0000006107 nova-conductor[99101]: DEBUG oslo.service.backend._threading.loopingcall [-] Fixed interval looping call 'nova.servicegroup.drivers.db.DbDriver._report_state' sleeping for 119.99 seconds {{(pid=99101) _run_loop /opt/stack/data/venv/lib/python3.12/site-packages/oslo_service/backend/_threading/loopingcall.py:125}}
Jul 29 23:53:52.142894 np0000006107 nova-conductor[99097]: DEBUG oslo.service.backend._threading.loopingcall [-] Fixed interval looping call 'nova.servicegroup.drivers.db.DbDriver._report_state' sleeping for 119.99 seconds {{(pid=99097) _run_loop /opt/stack/data/venv/lib/python3.12/site-packages/oslo_service/backend/_threading/loopingcall.py:125}}
Jul 29 23:53:55.654329 np0000006107 nova-conductor[97538]: DEBUG dbcounter [-] [97538] Writing DB stats nova_api:SELECT=1 {{(pid=97538) stat_writer /opt/stack/data/venv/lib/python3.12/site-packages/dbcounter.py:115}}
Jul 29 23:53:55.787703 np0000006107 nova-conductor[97538]: DEBUG dbcounter [-] [97538] Writing DB stats nova_cell0:SELECT=1 {{(pid=97538) stat_writer /opt/stack/data/venv/lib/python3.12/site-packages/dbcounter.py:115}}
Jul 29 23:53:55.795339 np0000006107 nova-conductor[97538]: DEBUG dbcounter [-] [97538] Writing DB stats nova_cell1:SELECT=1 {{(pid=97538) stat_writer /opt/stack/data/venv/lib/python3.12/site-packages/dbcounter.py:115}}
Jul 29 23:54:02.125031 np0000006107 nova-conductor[99085]: DEBUG dbcounter [-] [99085] Writing DB stats nova_cell0:SELECT=5,nova_cell0:INSERT=1,nova_cell0:UPDATE=1 {{(pid=99085) stat_writer /opt/stack/data/venv/lib/python3.12/site-packages/dbcounter.py:115}}
Jul 29 23:54:02.128166 np0000006107 nova-conductor[99101]: DEBUG dbcounter [-] [99101] Writing DB stats nova_cell0:SELECT=3 {{(pid=99101) stat_writer /opt/stack/data/venv/lib/python3.12/site-packages/dbcounter.py:115}}
Jul 29 23:54:02.128854 np0000006107 nova-conductor[99050]: DEBUG dbcounter [-] [99050] Writing DB stats nova_cell0:SELECT=4,nova_cell0:INSERT=1,nova_cell0:UPDATE=1 {{(pid=99050) stat_writer /opt/stack/data/venv/lib/python3.12/site-packages/dbcounter.py:115}}
Jul 29 23:54:02.140053 np0000006107 nova-conductor[99097]: DEBUG dbcounter [-] [99097] Writing DB stats nova_cell0:SELECT=3 {{(pid=99097) stat_writer /opt/stack/data/venv/lib/python3.12/site-packages/dbcounter.py:115}}
Jul 29 23:54:12.116079 np0000006107 nova-conductor[99101]: DEBUG oslo.service.backend._threading.loopingcall [None req-a9ea450f-d06c-4f03-805c-049d6bdf77e3 None None] Dynamic interval looping call 'nova.service.Service.periodic_tasks' sleeping for 60.00 seconds {{(pid=99101) _run_loop /opt/stack/data/venv/lib/python3.12/site-packages/oslo_service/backend/_threading/loopingcall.py:125}}
Jul 29 23:54:13.112609 np0000006107 nova-conductor[99050]: DEBUG oslo.service.backend._threading.loopingcall [None req-1b6c1e17-a551-4b21-b6e5-a49d6627139e None None] Dynamic interval looping call 'nova.service.Service.periodic_tasks' sleeping for 60.00 seconds {{(pid=99050) _run_loop /opt/stack/data/venv/lib/python3.12/site-packages/oslo_service/backend/_threading/loopingcall.py:125}}
Jul 29 23:54:40.110128 np0000006107 nova-conductor[99085]: DEBUG oslo.service.backend._threading.loopingcall [None req-83881d68-fc16-4997-a11d-d73e12625c86 None None] Dynamic interval looping call 'nova.service.Service.periodic_tasks' sleeping for 60.00 seconds {{(pid=99085) _run_loop /opt/stack/data/venv/lib/python3.12/site-packages/oslo_service/backend/_threading/loopingcall.py:125}}
Jul 29 23:54:42.133989 np0000006107 nova-conductor[99097]: DEBUG oslo.service.backend._threading.loopingcall [None req-03285c1b-8399-44ed-9bc7-c37faade453f None None] Dynamic interval looping call 'nova.service.Service.periodic_tasks' sleeping for 60.00 seconds {{(pid=99097) _run_loop /opt/stack/data/venv/lib/python3.12/site-packages/oslo_service/backend/_threading/loopingcall.py:125}}
Jul 29 23:55:12.116717 np0000006107 nova-conductor[99101]: DEBUG oslo.service.backend._threading.loopingcall [None req-a9ea450f-d06c-4f03-805c-049d6bdf77e3 None None] Dynamic interval looping call 'nova.service.Service.periodic_tasks' sleeping for 60.00 seconds {{(pid=99101) _run_loop /opt/stack/data/venv/lib/python3.12/site-packages/oslo_service/backend/_threading/loopingcall.py:125}}
Jul 29 23:55:13.113100 np0000006107 nova-conductor[99050]: DEBUG oslo.service.backend._threading.loopingcall [None req-1b6c1e17-a551-4b21-b6e5-a49d6627139e None None] Dynamic interval looping call 'nova.service.Service.periodic_tasks' sleeping for 60.00 seconds {{(pid=99050) _run_loop /opt/stack/data/venv/lib/python3.12/site-packages/oslo_service/backend/_threading/loopingcall.py:125}}
Jul 29 23:55:40.110674 np0000006107 nova-conductor[99085]: DEBUG oslo.service.backend._threading.loopingcall [None req-83881d68-fc16-4997-a11d-d73e12625c86 None None] Dynamic interval looping call 'nova.service.Service.periodic_tasks' sleeping for 60.00 seconds {{(pid=99085) _run_loop /opt/stack/data/venv/lib/python3.12/site-packages/oslo_service/backend/_threading/loopingcall.py:125}}
Jul 29 23:55:42.135298 np0000006107 nova-conductor[99097]: DEBUG oslo.service.backend._threading.loopingcall [None req-03285c1b-8399-44ed-9bc7-c37faade453f None None] Dynamic interval looping call 'nova.service.Service.periodic_tasks' sleeping for 60.00 seconds {{(pid=99097) _run_loop /opt/stack/data/venv/lib/python3.12/site-packages/oslo_service/backend/_threading/loopingcall.py:125}}
Jul 29 23:55:52.121663 np0000006107 nova-conductor[99050]: DEBUG oslo.service.backend._threading.loopingcall [-] Fixed interval looping call 'nova.servicegroup.drivers.db.DbDriver._report_state' sleeping for 119.99 seconds {{(pid=99050) _run_loop /opt/stack/data/venv/lib/python3.12/site-packages/oslo_service/backend/_threading/loopingcall.py:125}}
Jul 29 23:55:52.122108 np0000006107 nova-conductor[99085]: DEBUG oslo.service.backend._threading.loopingcall [-] Fixed interval looping call 'nova.servicegroup.drivers.db.DbDriver._report_state' sleeping for 119.99 seconds {{(pid=99085) _run_loop /opt/stack/data/venv/lib/python3.12/site-packages/oslo_service/backend/_threading/loopingcall.py:125}}
Jul 29 23:55:52.125804 np0000006107 nova-conductor[99101]: DEBUG oslo.service.backend._threading.loopingcall [-] Fixed interval looping call 'nova.servicegroup.drivers.db.DbDriver._report_state' sleeping for 120.00 seconds {{(pid=99101) _run_loop /opt/stack/data/venv/lib/python3.12/site-packages/oslo_service/backend/_threading/loopingcall.py:125}}
Jul 29 23:55:52.139106 np0000006107 nova-conductor[99097]: DEBUG oslo.service.backend._threading.loopingcall [-] Fixed interval looping call 'nova.servicegroup.drivers.db.DbDriver._report_state' sleeping for 120.00 seconds {{(pid=99097) _run_loop /opt/stack/data/venv/lib/python3.12/site-packages/oslo_service/backend/_threading/loopingcall.py:125}}
Jul 29 23:55:52.480089 np0000006107 nova-conductor[99085]: DEBUG oslo_db.sqlalchemy.engines [None req-91d4f640-b5bc-4e87-91ad-0408a1b85ab0 tempest-ServerBootFromVolumeStableRescueTest-1979571921 tempest-ServerBootFromVolumeStableRescueTest-1979571921-project-member] Parent process 97538 forked (99085) with an open database connection, which is being discarded and recreated. {{(pid=99085) checkout /opt/stack/data/venv/lib/python3.12/site-packages/oslo_db/sqlalchemy/engines.py:402}}
Jul 29 23:55:52.539183 np0000006107 nova-conductor[99085]: DEBUG dbcounter [-] [99085] Writer thread running {{(pid=99085) stat_writer /opt/stack/data/venv/lib/python3.12/site-packages/dbcounter.py:102}}
Jul 29 23:55:53.447905 np0000006107 nova-conductor[99085]: DEBUG nova.conductor.manager [None req-91d4f640-b5bc-4e87-91ad-0408a1b85ab0 tempest-ServerBootFromVolumeStableRescueTest-1979571921 tempest-ServerBootFromVolumeStableRescueTest-1979571921-project-member] Took 0.91 seconds to select destinations for 1 instance(s). {{(pid=99085) _schedule_instances /opt/stack/nova/nova/conductor/manager.py:968}}
Jul 29 23:55:53.482015 np0000006107 nova-conductor[99085]: DEBUG oslo_concurrency.lockutils [None req-91d4f640-b5bc-4e87-91ad-0408a1b85ab0 tempest-ServerBootFromVolumeStableRescueTest-1979571921 tempest-ServerBootFromVolumeStableRescueTest-1979571921-project-member] Acquiring lock "e54cc47c-2096-4a6b-80c5-f67cfcaa315b" by "nova.context.set_target_cell..get_or_set_cached_cell_and_set_connections" {{(pid=99085) inner /opt/stack/data/venv/lib/python3.12/site-packages/oslo_concurrency/lockutils.py:512}}
Jul 29 23:55:53.482248 np0000006107 nova-conductor[99085]: DEBUG oslo_concurrency.lockutils [None req-91d4f640-b5bc-4e87-91ad-0408a1b85ab0 tempest-ServerBootFromVolumeStableRescueTest-1979571921 tempest-ServerBootFromVolumeStableRescueTest-1979571921-project-member] Lock "e54cc47c-2096-4a6b-80c5-f67cfcaa315b" acquired by "nova.context.set_target_cell..get_or_set_cached_cell_and_set_connections" :: waited 0.000s {{(pid=99085) inner /opt/stack/data/venv/lib/python3.12/site-packages/oslo_concurrency/lockutils.py:525}}
Jul 29 23:55:53.484060 np0000006107 nova-conductor[99085]: DEBUG oslo_concurrency.lockutils [None req-91d4f640-b5bc-4e87-91ad-0408a1b85ab0 tempest-ServerBootFromVolumeStableRescueTest-1979571921 tempest-ServerBootFromVolumeStableRescueTest-1979571921-project-member] Lock "e54cc47c-2096-4a6b-80c5-f67cfcaa315b" "released" by "nova.context.set_target_cell..get_or_set_cached_cell_and_set_connections" :: held 0.002s {{(pid=99085) inner /opt/stack/data/venv/lib/python3.12/site-packages/oslo_concurrency/lockutils.py:544}}
Jul 29 23:55:53.487121 np0000006107 nova-conductor[99085]: INFO dbcounter [None req-91d4f640-b5bc-4e87-91ad-0408a1b85ab0 tempest-ServerBootFromVolumeStableRescueTest-1979571921 tempest-ServerBootFromVolumeStableRescueTest-1979571921-project-member] Registered counter for database nova_cell1
Jul 29 23:55:53.531415 np0000006107 nova-conductor[99085]: DEBUG oslo_db.sqlalchemy.engines [None req-91d4f640-b5bc-4e87-91ad-0408a1b85ab0 tempest-ServerBootFromVolumeStableRescueTest-1979571921 tempest-ServerBootFromVolumeStableRescueTest-1979571921-project-member] MySQL server mode set to STRICT_TRANS_TABLES,STRICT_ALL_TABLES,NO_ZERO_IN_DATE,NO_ZERO_DATE,ERROR_FOR_DIVISION_BY_ZERO,TRADITIONAL,NO_ENGINE_SUBSTITUTION {{(pid=99085) _check_effective_sql_mode /opt/stack/data/venv/lib/python3.12/site-packages/oslo_db/sqlalchemy/engines.py:325}}
Jul 29 23:55:53.538206 np0000006107 nova-conductor[99085]: DEBUG dbcounter [-] [99085] Writer thread running {{(pid=99085) stat_writer /opt/stack/data/venv/lib/python3.12/site-packages/dbcounter.py:102}}
Jul 29 23:55:53.588192 np0000006107 nova-conductor[99085]: INFO nova.utils [None req-91d4f640-b5bc-4e87-91ad-0408a1b85ab0 tempest-ServerBootFromVolumeStableRescueTest-1979571921 tempest-ServerBootFromVolumeStableRescueTest-1979571921-project-member] The cell worker thread pool ForkProcess-2.cell_worker is initialized
Jul 29 23:55:53.588488 np0000006107 nova-conductor[99085]: DEBUG oslo_concurrency.lockutils [None req-91d4f640-b5bc-4e87-91ad-0408a1b85ab0 tempest-ServerBootFromVolumeStableRescueTest-1979571921 tempest-ServerBootFromVolumeStableRescueTest-1979571921-project-member] Acquiring lock "00000000-0000-0000-0000-000000000000" by "nova.context.set_target_cell..get_or_set_cached_cell_and_set_connections" {{(pid=99085) inner /opt/stack/data/venv/lib/python3.12/site-packages/oslo_concurrency/lockutils.py:512}}
Jul 29 23:55:53.588654 np0000006107 nova-conductor[99085]: DEBUG oslo_concurrency.lockutils [None req-91d4f640-b5bc-4e87-91ad-0408a1b85ab0 tempest-ServerBootFromVolumeStableRescueTest-1979571921 tempest-ServerBootFromVolumeStableRescueTest-1979571921-project-member] Lock "00000000-0000-0000-0000-000000000000" acquired by "nova.context.set_target_cell..get_or_set_cached_cell_and_set_connections" :: waited 0.000s {{(pid=99085) inner /opt/stack/data/venv/lib/python3.12/site-packages/oslo_concurrency/lockutils.py:525}}
Jul 29 23:55:53.589081 np0000006107 nova-conductor[99085]: DEBUG oslo_concurrency.lockutils [None req-91d4f640-b5bc-4e87-91ad-0408a1b85ab0 tempest-ServerBootFromVolumeStableRescueTest-1979571921 tempest-ServerBootFromVolumeStableRescueTest-1979571921-project-member] Lock "00000000-0000-0000-0000-000000000000" "released" by "nova.context.set_target_cell..get_or_set_cached_cell_and_set_connections" :: held 0.000s {{(pid=99085) inner /opt/stack/data/venv/lib/python3.12/site-packages/oslo_concurrency/lockutils.py:544}}
Jul 29 23:55:53.589995 np0000006107 nova-conductor[99085]: DEBUG oslo_concurrency.lockutils [None req-91d4f640-b5bc-4e87-91ad-0408a1b85ab0 tempest-ServerBootFromVolumeStableRescueTest-1979571921 tempest-ServerBootFromVolumeStableRescueTest-1979571921-project-member] Acquiring lock "e54cc47c-2096-4a6b-80c5-f67cfcaa315b" by "nova.context.set_target_cell..get_or_set_cached_cell_and_set_connections" {{(pid=99085) inner /opt/stack/data/venv/lib/python3.12/site-packages/oslo_concurrency/lockutils.py:512}}
Jul 29 23:55:53.590150 np0000006107 nova-conductor[99085]: DEBUG oslo_concurrency.lockutils [None req-91d4f640-b5bc-4e87-91ad-0408a1b85ab0 tempest-ServerBootFromVolumeStableRescueTest-1979571921 tempest-ServerBootFromVolumeStableRescueTest-1979571921-project-member] Lock "e54cc47c-2096-4a6b-80c5-f67cfcaa315b" acquired by "nova.context.set_target_cell..get_or_set_cached_cell_and_set_connections" :: waited 0.000s {{(pid=99085) inner /opt/stack/data/venv/lib/python3.12/site-packages/oslo_concurrency/lockutils.py:525}}
Jul 29 23:55:53.590301 np0000006107 nova-conductor[99085]: DEBUG oslo_concurrency.lockutils [None req-91d4f640-b5bc-4e87-91ad-0408a1b85ab0 tempest-ServerBootFromVolumeStableRescueTest-1979571921 tempest-ServerBootFromVolumeStableRescueTest-1979571921-project-member] Lock "e54cc47c-2096-4a6b-80c5-f67cfcaa315b" "released" by "nova.context.set_target_cell..get_or_set_cached_cell_and_set_connections" :: held 0.000s {{(pid=99085) inner /opt/stack/data/venv/lib/python3.12/site-packages/oslo_concurrency/lockutils.py:544}}
Jul 29 23:55:53.591613 np0000006107 nova-conductor[99085]: INFO dbcounter [None req-91d4f640-b5bc-4e87-91ad-0408a1b85ab0 tempest-ServerBootFromVolumeStableRescueTest-1979571921 tempest-ServerBootFromVolumeStableRescueTest-1979571921-project-member] Registered counter for database nova_cell0
Jul 29 23:55:53.631493 np0000006107 nova-conductor[99085]: DEBUG oslo_db.sqlalchemy.engines [None req-91d4f640-b5bc-4e87-91ad-0408a1b85ab0 tempest-ServerBootFromVolumeStableRescueTest-1979571921 tempest-ServerBootFromVolumeStableRescueTest-1979571921-project-member] MySQL server mode set to STRICT_TRANS_TABLES,STRICT_ALL_TABLES,NO_ZERO_IN_DATE,NO_ZERO_DATE,ERROR_FOR_DIVISION_BY_ZERO,TRADITIONAL,NO_ENGINE_SUBSTITUTION {{(pid=99085) _check_effective_sql_mode /opt/stack/data/venv/lib/python3.12/site-packages/oslo_db/sqlalchemy/engines.py:325}}
