May 31 23:40:17.092801 np0000001832 devstack@g-api.service[102134]: [pid: 102134|app: 0|req: 43/123] 127.0.0.1 () {44 vars in 1115 bytes} [Sun May 31 23:40:17 2026] GET /v2/images/98bd9dd0-3ee4-4ffc-be03-7ad94770cb03 => generated 1358 bytes in 14 msecs (HTTP/1.1 200) 4 headers in 158 bytes (1 switches on core 0)
May 31 23:40:17.143688 np0000001832 devstack@g-api.service[102135]: DEBUG glance.api.middleware.version_negotiation [None req-689243a0-ba55-4142-be7a-e91b8defdcd2 tempest-ServerBootFromVolumeStableRescueTest-313465898 tempest-ServerBootFromVolumeStableRescueTest-313465898-project-member] Determining version of request: GET /v2/schemas/image Accept: */* {{(pid=102135) process_request /opt/stack/glance/glance/api/middleware/version_negotiation.py:44}}
May 31 23:40:17.144850 np0000001832 devstack@g-api.service[102135]: DEBUG glance.api.middleware.version_negotiation [None req-689243a0-ba55-4142-be7a-e91b8defdcd2 tempest-ServerBootFromVolumeStableRescueTest-313465898 tempest-ServerBootFromVolumeStableRescueTest-313465898-project-member] Using url versioning {{(pid=102135) process_request /opt/stack/glance/glance/api/middleware/version_negotiation.py:57}}
May 31 23:40:17.144850 np0000001832 devstack@g-api.service[102135]: DEBUG glance.api.middleware.version_negotiation [None req-689243a0-ba55-4142-be7a-e91b8defdcd2 tempest-ServerBootFromVolumeStableRescueTest-313465898 tempest-ServerBootFromVolumeStableRescueTest-313465898-project-member] Matched version: v2 {{(pid=102135) process_request /opt/stack/glance/glance/api/middleware/version_negotiation.py:69}}
May 31 23:40:17.144850 np0000001832 devstack@g-api.service[102135]: DEBUG glance.api.middleware.version_negotiation [None req-689243a0-ba55-4142-be7a-e91b8defdcd2 tempest-ServerBootFromVolumeStableRescueTest-313465898 tempest-ServerBootFromVolumeStableRescueTest-313465898-project-member] new path /v2/schemas/image {{(pid=102135) process_request /opt/stack/glance/glance/api/middleware/version_negotiation.py:70}}
May 31 23:40:17.150342 np0000001832 devstack@g-api.service[102135]: [pid: 102135|app: 0|req: 38/124] 127.0.0.1 () {44 vars in 1055 bytes} [Sun May 31 23:40:17 2026] GET /v2/schemas/image => generated 6083 bytes in 7 msecs (HTTP/1.1 200) 4 headers in 158 bytes (1 switches on core 0)
May 31 23:40:17.194846 np0000001832 devstack@g-api.service[102133]: DEBUG glance.api.middleware.version_negotiation [None req-7a28c347-83b9-4336-8c2a-51dd81974efd tempest-ServerBootFromVolumeStableRescueTest-313465898 tempest-ServerBootFromVolumeStableRescueTest-313465898-project-member] Determining version of request: GET /v2/schemas/image Accept: */* {{(pid=102133) process_request /opt/stack/glance/glance/api/middleware/version_negotiation.py:44}}
May 31 23:40:17.195127 np0000001832 devstack@g-api.service[102133]: DEBUG glance.api.middleware.version_negotiation [None req-7a28c347-83b9-4336-8c2a-51dd81974efd tempest-ServerBootFromVolumeStableRescueTest-313465898 tempest-ServerBootFromVolumeStableRescueTest-313465898-project-member] Using url versioning {{(pid=102133) process_request /opt/stack/glance/glance/api/middleware/version_negotiation.py:57}}
May 31 23:40:17.195306 np0000001832 devstack@g-api.service[102133]: DEBUG glance.api.middleware.version_negotiation [None req-7a28c347-83b9-4336-8c2a-51dd81974efd tempest-ServerBootFromVolumeStableRescueTest-313465898 tempest-ServerBootFromVolumeStableRescueTest-313465898-project-member] Matched version: v2 {{(pid=102133) process_request /opt/stack/glance/glance/api/middleware/version_negotiation.py:69}}
May 31 23:40:17.195409 np0000001832 devstack@g-api.service[102133]: DEBUG glance.api.middleware.version_negotiation [None req-7a28c347-83b9-4336-8c2a-51dd81974efd tempest-ServerBootFromVolumeStableRescueTest-313465898 tempest-ServerBootFromVolumeStableRescueTest-313465898-project-member] new path /v2/schemas/image {{(pid=102133) process_request /opt/stack/glance/glance/api/middleware/version_negotiation.py:70}}
May 31 23:40:17.198510 np0000001832 devstack@g-api.service[102133]: [pid: 102133|app: 0|req: 44/125] 127.0.0.1 () {44 vars in 1055 bytes} [Sun May 31 23:40:17 2026] GET /v2/schemas/image => generated 6083 bytes in 4 msecs (HTTP/1.1 200) 4 headers in 158 bytes (1 switches on core 0)
May 31 23:40:17.257774 np0000001832 devstack@g-api.service[102134]: DEBUG glance.api.middleware.version_negotiation [None req-93d7cf1f-a4dc-4d92-a25f-f3fc2006d806 tempest-ServerBootFromVolumeStableRescueTest-313465898 tempest-ServerBootFromVolumeStableRescueTest-313465898-project-member] Determining version of request: PATCH /v2/images/98bd9dd0-3ee4-4ffc-be03-7ad94770cb03 Accept: */* {{(pid=102134) process_request /opt/stack/glance/glance/api/middleware/version_negotiation.py:44}}
May 31 23:40:17.258047 np0000001832 devstack@g-api.service[102134]: DEBUG glance.api.middleware.version_negotiation [None req-93d7cf1f-a4dc-4d92-a25f-f3fc2006d806 tempest-ServerBootFromVolumeStableRescueTest-313465898 tempest-ServerBootFromVolumeStableRescueTest-313465898-project-member] Using url versioning {{(pid=102134) process_request /opt/stack/glance/glance/api/middleware/version_negotiation.py:57}}
May 31 23:40:17.258196 np0000001832 devstack@g-api.service[102134]: DEBUG glance.api.middleware.version_negotiation [None req-93d7cf1f-a4dc-4d92-a25f-f3fc2006d806 tempest-ServerBootFromVolumeStableRescueTest-313465898 tempest-ServerBootFromVolumeStableRescueTest-313465898-project-member] Matched version: v2 {{(pid=102134) process_request /opt/stack/glance/glance/api/middleware/version_negotiation.py:69}}
May 31 23:40:17.258295 np0000001832 devstack@g-api.service[102134]: DEBUG glance.api.middleware.version_negotiation [None req-93d7cf1f-a4dc-4d92-a25f-f3fc2006d806 tempest-ServerBootFromVolumeStableRescueTest-313465898 tempest-ServerBootFromVolumeStableRescueTest-313465898-project-member] new path /v2/images/98bd9dd0-3ee4-4ffc-be03-7ad94770cb03 {{(pid=102134) process_request /opt/stack/glance/glance/api/middleware/version_negotiation.py:70}}
May 31 23:40:17.490264 np0000001832 devstack@g-api.service[102134]: [pid: 102134|app: 0|req: 44/126] 127.0.0.1 () {46 vars in 1158 bytes} [Sun May 31 23:40:17 2026] PATCH /v2/images/98bd9dd0-3ee4-4ffc-be03-7ad94770cb03 => generated 1469 bytes in 233 msecs (HTTP/1.1 200) 4 headers in 158 bytes (1 switches on core 0)
May 31 23:40:17.530449 np0000001832 devstack@g-api.service[102135]: DEBUG glance.api.middleware.version_negotiation [None req-93d7cf1f-a4dc-4d92-a25f-f3fc2006d806 tempest-ServerBootFromVolumeStableRescueTest-313465898 tempest-ServerBootFromVolumeStableRescueTest-313465898-project-member] Determining version of request: GET /v2/images/98bd9dd0-3ee4-4ffc-be03-7ad94770cb03 Accept: */* {{(pid=102135) process_request /opt/stack/glance/glance/api/middleware/version_negotiation.py:44}}
May 31 23:40:17.530706 np0000001832 devstack@g-api.service[102135]: DEBUG glance.api.middleware.version_negotiation [None req-93d7cf1f-a4dc-4d92-a25f-f3fc2006d806 tempest-ServerBootFromVolumeStableRescueTest-313465898 tempest-ServerBootFromVolumeStableRescueTest-313465898-project-member] Using url versioning {{(pid=102135) process_request /opt/stack/glance/glance/api/middleware/version_negotiation.py:57}}
May 31 23:40:17.530842 np0000001832 devstack@g-api.service[102135]: DEBUG glance.api.middleware.version_negotiation [None req-93d7cf1f-a4dc-4d92-a25f-f3fc2006d806 tempest-ServerBootFromVolumeStableRescueTest-313465898 tempest-ServerBootFromVolumeStableRescueTest-313465898-project-member] Matched version: v2 {{(pid=102135) process_request /opt/stack/glance/glance/api/middleware/version_negotiation.py:69}}
May 31 23:40:17.530993 np0000001832 devstack@g-api.service[102135]: DEBUG glance.api.middleware.version_negotiation [None req-93d7cf1f-a4dc-4d92-a25f-f3fc2006d806 tempest-ServerBootFromVolumeStableRescueTest-313465898 tempest-ServerBootFromVolumeStableRescueTest-313465898-project-member] new path /v2/images/98bd9dd0-3ee4-4ffc-be03-7ad94770cb03 {{(pid=102135) process_request /opt/stack/glance/glance/api/middleware/version_negotiation.py:70}}
May 31 23:40:17.544689 np0000001832 devstack@g-api.service[102135]: [pid: 102135|app: 0|req: 39/127] 127.0.0.1 () {44 vars in 1115 bytes} [Sun May 31 23:40:17 2026] GET /v2/images/98bd9dd0-3ee4-4ffc-be03-7ad94770cb03 => generated 1469 bytes in 14 msecs (HTTP/1.1 200) 4 headers in 158 bytes (1 switches on core 0)
May 31 23:40:17.578583 np0000001832 devstack@g-api.service[102133]: DEBUG glance.api.middleware.version_negotiation [None req-93d7cf1f-a4dc-4d92-a25f-f3fc2006d806 tempest-ServerBootFromVolumeStableRescueTest-313465898 tempest-ServerBootFromVolumeStableRescueTest-313465898-project-member] Determining version of request: GET /v2/images/98bd9dd0-3ee4-4ffc-be03-7ad94770cb03 Accept: application/json {{(pid=102133) process_request /opt/stack/glance/glance/api/middleware/version_negotiation.py:44}}
May 31 23:40:17.578583 np0000001832 devstack@g-api.service[102133]: DEBUG glance.api.middleware.version_negotiation [None req-93d7cf1f-a4dc-4d92-a25f-f3fc2006d806 tempest-ServerBootFromVolumeStableRescueTest-313465898 tempest-ServerBootFromVolumeStableRescueTest-313465898-project-member] Using url versioning {{(pid=102133) process_request /opt/stack/glance/glance/api/middleware/version_negotiation.py:57}}
May 31 23:40:17.578583 np0000001832 devstack@g-api.service[102133]: DEBUG glance.api.middleware.version_negotiation [None req-93d7cf1f-a4dc-4d92-a25f-f3fc2006d806 tempest-ServerBootFromVolumeStableRescueTest-313465898 tempest-ServerBootFromVolumeStableRescueTest-313465898-project-member] Matched version: v2 {{(pid=102133) process_request /opt/stack/glance/glance/api/middleware/version_negotiation.py:69}}
May 31 23:40:17.578583 np0000001832 devstack@g-api.service[102133]: DEBUG glance.api.middleware.version_negotiation [None req-93d7cf1f-a4dc-4d92-a25f-f3fc2006d806 tempest-ServerBootFromVolumeStableRescueTest-313465898 tempest-ServerBootFromVolumeStableRescueTest-313465898-project-member] new path /v2/images/98bd9dd0-3ee4-4ffc-be03-7ad94770cb03 {{(pid=102133) process_request /opt/stack/glance/glance/api/middleware/version_negotiation.py:70}}
May 31 23:40:17.594766 np0000001832 devstack@g-api.service[102134]: DEBUG glance.api.middleware.version_negotiation [None req-93d7cf1f-a4dc-4d92-a25f-f3fc2006d806 tempest-ServerBootFromVolumeStableRescueTest-313465898 tempest-ServerBootFromVolumeStableRescueTest-313465898-project-member] Determining version of request: PUT /v2/images/98bd9dd0-3ee4-4ffc-be03-7ad94770cb03/file Accept: */* {{(pid=102134) process_request /opt/stack/glance/glance/api/middleware/version_negotiation.py:44}}
May 31 23:40:17.595036 np0000001832 devstack@g-api.service[102134]: DEBUG glance.api.middleware.version_negotiation [None req-93d7cf1f-a4dc-4d92-a25f-f3fc2006d806 tempest-ServerBootFromVolumeStableRescueTest-313465898 tempest-ServerBootFromVolumeStableRescueTest-313465898-project-member] Using url versioning {{(pid=102134) process_request /opt/stack/glance/glance/api/middleware/version_negotiation.py:57}}
May 31 23:40:17.595099 np0000001832 devstack@g-api.service[102134]: DEBUG glance.api.middleware.version_negotiation [None req-93d7cf1f-a4dc-4d92-a25f-f3fc2006d806 tempest-ServerBootFromVolumeStableRescueTest-313465898 tempest-ServerBootFromVolumeStableRescueTest-313465898-project-member] Matched version: v2 {{(pid=102134) process_request /opt/stack/glance/glance/api/middleware/version_negotiation.py:69}}
May 31 23:40:17.595282 np0000001832 devstack@g-api.service[102134]: DEBUG glance.api.middleware.version_negotiation [None req-93d7cf1f-a4dc-4d92-a25f-f3fc2006d806 tempest-ServerBootFromVolumeStableRescueTest-313465898 tempest-ServerBootFromVolumeStableRescueTest-313465898-project-member] new path /v2/images/98bd9dd0-3ee4-4ffc-be03-7ad94770cb03/file {{(pid=102134) process_request /opt/stack/glance/glance/api/middleware/version_negotiation.py:70}}
May 31 23:40:17.601021 np0000001832 devstack@g-api.service[102133]: [pid: 102133|app: 0|req: 45/128] 127.0.0.1 () {40 vars in 838 bytes} [Sun May 31 23:40:17 2026] GET /v2/images/98bd9dd0-3ee4-4ffc-be03-7ad94770cb03 => generated 1469 bytes in 23 msecs (HTTP/1.1 200) 4 headers in 158 bytes (1 switches on core 0)
May 31 23:40:18.331344 np0000001832 devstack@g-api.service[102134]: INFO glance.api.v2.image_data [None req-93d7cf1f-a4dc-4d92-a25f-f3fc2006d806 tempest-ServerBootFromVolumeStableRescueTest-313465898 tempest-ServerBootFromVolumeStableRescueTest-313465898-project-member] Unable to create trust: no such option collect_timing in group [keystone_authtoken] Use the existing user token.
May 31 23:40:18.614576 np0000001832 devstack@g-api.service[102135]: DEBUG glance.api.middleware.version_negotiation [None req-93d7cf1f-a4dc-4d92-a25f-f3fc2006d806 tempest-ServerBootFromVolumeStableRescueTest-313465898 tempest-ServerBootFromVolumeStableRescueTest-313465898-project-member] Determining version of request: GET /v2/images/98bd9dd0-3ee4-4ffc-be03-7ad94770cb03 Accept: application/json {{(pid=102135) process_request /opt/stack/glance/glance/api/middleware/version_negotiation.py:44}}
May 31 23:40:18.614576 np0000001832 devstack@g-api.service[102135]: DEBUG glance.api.middleware.version_negotiation [None req-93d7cf1f-a4dc-4d92-a25f-f3fc2006d806 tempest-ServerBootFromVolumeStableRescueTest-313465898 tempest-ServerBootFromVolumeStableRescueTest-313465898-project-member] Using url versioning {{(pid=102135) process_request /opt/stack/glance/glance/api/middleware/version_negotiation.py:57}}
May 31 23:40:18.614576 np0000001832 devstack@g-api.service[102135]: DEBUG glance.api.middleware.version_negotiation [None req-93d7cf1f-a4dc-4d92-a25f-f3fc2006d806 tempest-ServerBootFromVolumeStableRescueTest-313465898 tempest-ServerBootFromVolumeStableRescueTest-313465898-project-member] Matched version: v2 {{(pid=102135) process_request /opt/stack/glance/glance/api/middleware/version_negotiation.py:69}}
May 31 23:40:18.614576 np0000001832 devstack@g-api.service[102135]: DEBUG glance.api.middleware.version_negotiation [None req-93d7cf1f-a4dc-4d92-a25f-f3fc2006d806 tempest-ServerBootFromVolumeStableRescueTest-313465898 tempest-ServerBootFromVolumeStableRescueTest-313465898-project-member] new path /v2/images/98bd9dd0-3ee4-4ffc-be03-7ad94770cb03 {{(pid=102135) process_request /opt/stack/glance/glance/api/middleware/version_negotiation.py:70}}
May 31 23:40:18.635291 np0000001832 devstack@g-api.service[102135]: [pid: 102135|app: 0|req: 40/129] 127.0.0.1 () {40 vars in 838 bytes} [Sun May 31 23:40:18 2026] GET /v2/images/98bd9dd0-3ee4-4ffc-be03-7ad94770cb03 => generated 1469 bytes in 22 msecs (HTTP/1.1 200) 4 headers in 158 bytes (1 switches on core 0)
May 31 23:40:19.157311 np0000001832 devstack@g-api.service[102134]: DEBUG glance.location [None req-93d7cf1f-a4dc-4d92-a25f-f3fc2006d806 tempest-ServerBootFromVolumeStableRescueTest-313465898 tempest-ServerBootFromVolumeStableRescueTest-313465898-project-member] Enabling in-flight format inspection for qcow2 {{(pid=102134) set_data /opt/stack/glance/glance/location.py:616}}
May 31 23:40:19.157811 np0000001832 devstack@g-api.service[102134]: DEBUG glance_store.backend [None req-93d7cf1f-a4dc-4d92-a25f-f3fc2006d806 tempest-ServerBootFromVolumeStableRescueTest-313465898 tempest-ServerBootFromVolumeStableRescueTest-313465898-project-member] Attempting to import store swift {{(pid=102134) _load_store /opt/stack/data/venv/lib/python3.12/site-packages/glance_store/backend.py:215}}
May 31 23:40:19.159750 np0000001832 devstack@g-api.service[102134]: DEBUG glance_store.capabilities [None req-93d7cf1f-a4dc-4d92-a25f-f3fc2006d806 tempest-ServerBootFromVolumeStableRescueTest-313465898 tempest-ServerBootFromVolumeStableRescueTest-313465898-project-member] Store glance_store._drivers.swift.store.SingleTenantStore doesn't support updating dynamic storage capabilities. Please overwrite 'update_capabilities' method of the store to implement updating logics if needed. {{(pid=102134) update_capabilities /opt/stack/data/venv/lib/python3.12/site-packages/glance_store/capabilities.py:91}}
May 31 23:40:19.159888 np0000001832 devstack@g-api.service[102134]: DEBUG glance_store.driver [None req-93d7cf1f-a4dc-4d92-a25f-f3fc2006d806 tempest-ServerBootFromVolumeStableRescueTest-313465898 tempest-ServerBootFromVolumeStableRescueTest-313465898-project-member] Late loading location class glance_store._drivers.swift.store.StoreLocation {{(pid=102134) get_store_location_class /opt/stack/data/venv/lib/python3.12/site-packages/glance_store/driver.py:134}}
May 31 23:40:19.160036 np0000001832 devstack@g-api.service[102134]: DEBUG glance_store.location [None req-93d7cf1f-a4dc-4d92-a25f-f3fc2006d806 tempest-ServerBootFromVolumeStableRescueTest-313465898 tempest-ServerBootFromVolumeStableRescueTest-313465898-project-member] Registering scheme swift+https with {'store': , 'location_class': , 'store_entry': 'swift'} {{(pid=102134) register_scheme_map /opt/stack/data/venv/lib/python3.12/site-packages/glance_store/location.py:146}}
May 31 23:40:19.160036 np0000001832 devstack@g-api.service[102134]: DEBUG glance_store.location [None req-93d7cf1f-a4dc-4d92-a25f-f3fc2006d806 tempest-ServerBootFromVolumeStableRescueTest-313465898 tempest-ServerBootFromVolumeStableRescueTest-313465898-project-member] Registering scheme swift+https with {'store': , 'location_class': , 'store_entry': 'swift'} {{(pid=102134) register_scheme_map /opt/stack/data/venv/lib/python3.12/site-packages/glance_store/location.py:146}}
May 31 23:40:19.160206 np0000001832 devstack@g-api.service[102134]: DEBUG glance_store.location [None req-93d7cf1f-a4dc-4d92-a25f-f3fc2006d806 tempest-ServerBootFromVolumeStableRescueTest-313465898 tempest-ServerBootFromVolumeStableRescueTest-313465898-project-member] Registering scheme swift with {'store': , 'location_class': , 'store_entry': 'swift'} {{(pid=102134) register_scheme_map /opt/stack/data/venv/lib/python3.12/site-packages/glance_store/location.py:146}}
May 31 23:40:19.160206 np0000001832 devstack@g-api.service[102134]: DEBUG glance_store.location [None req-93d7cf1f-a4dc-4d92-a25f-f3fc2006d806 tempest-ServerBootFromVolumeStableRescueTest-313465898 tempest-ServerBootFromVolumeStableRescueTest-313465898-project-member] Registering scheme swift+https with {'store': , 'location_class': , 'store_entry': 'swift'} {{(pid=102134) register_scheme_map /opt/stack/data/venv/lib/python3.12/site-packages/glance_store/location.py:146}}
May 31 23:40:19.160206 np0000001832 devstack@g-api.service[102134]: DEBUG glance_store.location [None req-93d7cf1f-a4dc-4d92-a25f-f3fc2006d806 tempest-ServerBootFromVolumeStableRescueTest-313465898 tempest-ServerBootFromVolumeStableRescueTest-313465898-project-member] Registering scheme swift with {'store': , 'location_class': , 'store_entry': 'swift'} {{(pid=102134) register_scheme_map /opt/stack/data/venv/lib/python3.12/site-packages/glance_store/location.py:146}}
May 31 23:40:19.160323 np0000001832 devstack@g-api.service[102134]: DEBUG glance_store.location [None req-93d7cf1f-a4dc-4d92-a25f-f3fc2006d806 tempest-ServerBootFromVolumeStableRescueTest-313465898 tempest-ServerBootFromVolumeStableRescueTest-313465898-project-member] Registering scheme swift+http with {'store': , 'location_class': , 'store_entry': 'swift'} {{(pid=102134) register_scheme_map /opt/stack/data/venv/lib/python3.12/site-packages/glance_store/location.py:146}}
May 31 23:40:19.160417 np0000001832 devstack@g-api.service[102134]: DEBUG glance_store.location [None req-93d7cf1f-a4dc-4d92-a25f-f3fc2006d806 tempest-ServerBootFromVolumeStableRescueTest-313465898 tempest-ServerBootFromVolumeStableRescueTest-313465898-project-member] Registering scheme swift+https with {'store': , 'location_class': , 'store_entry': 'swift'} {{(pid=102134) register_scheme_map /opt/stack/data/venv/lib/python3.12/site-packages/glance_store/location.py:146}}
May 31 23:40:19.160514 np0000001832 devstack@g-api.service[102134]: DEBUG glance_store.location [None req-93d7cf1f-a4dc-4d92-a25f-f3fc2006d806 tempest-ServerBootFromVolumeStableRescueTest-313465898 tempest-ServerBootFromVolumeStableRescueTest-313465898-project-member] Registering scheme swift with {'store': , 'location_class': , 'store_entry': 'swift'} {{(pid=102134) register_scheme_map /opt/stack/data/venv/lib/python3.12/site-packages/glance_store/location.py:146}}
May 31 23:40:19.160598 np0000001832 devstack@g-api.service[102134]: DEBUG glance_store.location [None req-93d7cf1f-a4dc-4d92-a25f-f3fc2006d806 tempest-ServerBootFromVolumeStableRescueTest-313465898 tempest-ServerBootFromVolumeStableRescueTest-313465898-project-member] Registering scheme swift+http with {'store': , 'location_class': , 'store_entry': 'swift'} {{(pid=102134) register_scheme_map /opt/stack/data/venv/lib/python3.12/site-packages/glance_store/location.py:146}}
May 31 23:40:19.160696 np0000001832 devstack@g-api.service[102134]: DEBUG glance_store.location [None req-93d7cf1f-a4dc-4d92-a25f-f3fc2006d806 tempest-ServerBootFromVolumeStableRescueTest-313465898 tempest-ServerBootFromVolumeStableRescueTest-313465898-project-member] Registering scheme swift+config with {'store': , 'location_class': , 'store_entry': 'swift'} {{(pid=102134) register_scheme_map /opt/stack/data/venv/lib/python3.12/site-packages/glance_store/location.py:146}}
May 31 23:40:19.646666 np0000001832 devstack@g-api.service[102133]: DEBUG glance.api.middleware.version_negotiation [None req-a8a1baf0-6e9b-4fe1-9b8b-9648dad863f0 tempest-ServerBootFromVolumeStableRescueTest-313465898 tempest-ServerBootFromVolumeStableRescueTest-313465898-project-member] Determining version of request: GET /v2/images/98bd9dd0-3ee4-4ffc-be03-7ad94770cb03 Accept: application/json {{(pid=102133) process_request /opt/stack/glance/glance/api/middleware/version_negotiation.py:44}}
May 31 23:40:19.647406 np0000001832 devstack@g-api.service[102133]: DEBUG glance.api.middleware.version_negotiation [None req-a8a1baf0-6e9b-4fe1-9b8b-9648dad863f0 tempest-ServerBootFromVolumeStableRescueTest-313465898 tempest-ServerBootFromVolumeStableRescueTest-313465898-project-member] Using url versioning {{(pid=102133) process_request /opt/stack/glance/glance/api/middleware/version_negotiation.py:57}}
May 31 23:40:19.647406 np0000001832 devstack@g-api.service[102133]: DEBUG glance.api.middleware.version_negotiation [None req-a8a1baf0-6e9b-4fe1-9b8b-9648dad863f0 tempest-ServerBootFromVolumeStableRescueTest-313465898 tempest-ServerBootFromVolumeStableRescueTest-313465898-project-member] Matched version: v2 {{(pid=102133) process_request /opt/stack/glance/glance/api/middleware/version_negotiation.py:69}}
May 31 23:40:19.647406 np0000001832 devstack@g-api.service[102133]: DEBUG glance.api.middleware.version_negotiation [None req-a8a1baf0-6e9b-4fe1-9b8b-9648dad863f0 tempest-ServerBootFromVolumeStableRescueTest-313465898 tempest-ServerBootFromVolumeStableRescueTest-313465898-project-member] new path /v2/images/98bd9dd0-3ee4-4ffc-be03-7ad94770cb03 {{(pid=102133) process_request /opt/stack/glance/glance/api/middleware/version_negotiation.py:70}}
May 31 23:40:19.680264 np0000001832 devstack@g-api.service[102135]: DEBUG glance.api.middleware.version_negotiation [None req-183d8764-5109-4cd0-918d-cc42045fc477 tempest-ServerBootFromVolumeStableRescueTest-313465898 tempest-ServerBootFromVolumeStableRescueTest-313465898-project-member] Determining version of request: GET /v2/images/d5b45d66-7336-4824-a786-de7597b09f79 Accept: application/json {{(pid=102135) process_request /opt/stack/glance/glance/api/middleware/version_negotiation.py:44}}
May 31 23:40:19.681604 np0000001832 devstack@g-api.service[102133]: [pid: 102133|app: 0|req: 46/130] 127.0.0.1 () {40 vars in 838 bytes} [Sun May 31 23:40:19 2026] GET /v2/images/98bd9dd0-3ee4-4ffc-be03-7ad94770cb03 => generated 1469 bytes in 35 msecs (HTTP/1.1 200) 4 headers in 158 bytes (1 switches on core 0)
May 31 23:40:19.681754 np0000001832 devstack@g-api.service[102135]: DEBUG glance.api.middleware.version_negotiation [None req-183d8764-5109-4cd0-918d-cc42045fc477 tempest-ServerBootFromVolumeStableRescueTest-313465898 tempest-ServerBootFromVolumeStableRescueTest-313465898-project-member] Using url versioning {{(pid=102135) process_request /opt/stack/glance/glance/api/middleware/version_negotiation.py:57}}
May 31 23:40:19.681927 np0000001832 devstack@g-api.service[102135]: DEBUG glance.api.middleware.version_negotiation [None req-183d8764-5109-4cd0-918d-cc42045fc477 tempest-ServerBootFromVolumeStableRescueTest-313465898 tempest-ServerBootFromVolumeStableRescueTest-313465898-project-member] Matched version: v2 {{(pid=102135) process_request /opt/stack/glance/glance/api/middleware/version_negotiation.py:69}}
May 31 23:40:19.682039 np0000001832 devstack@g-api.service[102135]: DEBUG glance.api.middleware.version_negotiation [None req-183d8764-5109-4cd0-918d-cc42045fc477 tempest-ServerBootFromVolumeStableRescueTest-313465898 tempest-ServerBootFromVolumeStableRescueTest-313465898-project-member] new path /v2/images/d5b45d66-7336-4824-a786-de7597b09f79 {{(pid=102135) process_request /opt/stack/glance/glance/api/middleware/version_negotiation.py:70}}
May 31 23:40:19.742385 np0000001832 devstack@g-api.service[102134]: DEBUG swiftclient [None req-93d7cf1f-a4dc-4d92-a25f-f3fc2006d806 tempest-ServerBootFromVolumeStableRescueTest-313465898 tempest-ServerBootFromVolumeStableRescueTest-313465898-project-member] REQ: curl -i https://10.4.3.166:8080/v1/AUTH_abb44d2c2d284e2bbb3156a45d82c8a6/glance -I -H "X-Auth-Token: gAAAAABqHMbjb8Wa..." {{(pid=102134) http_log /opt/stack/data/venv/lib/python3.12/site-packages/swiftclient/client.py:160}}
May 31 23:40:19.744317 np0000001832 devstack@g-api.service[102134]: DEBUG swiftclient [None req-93d7cf1f-a4dc-4d92-a25f-f3fc2006d806 tempest-ServerBootFromVolumeStableRescueTest-313465898 tempest-ServerBootFromVolumeStableRescueTest-313465898-project-member] RESP STATUS: 204 No Content {{(pid=102134) http_log /opt/stack/data/venv/lib/python3.12/site-packages/swiftclient/client.py:161}}
May 31 23:40:19.744317 np0000001832 devstack@g-api.service[102134]: DEBUG swiftclient [None req-93d7cf1f-a4dc-4d92-a25f-f3fc2006d806 tempest-ServerBootFromVolumeStableRescueTest-313465898 tempest-ServerBootFromVolumeStableRescueTest-313465898-project-member] RESP HEADERS: {'Date': 'Sun, 31 May 2026 23:40:19 GMT', 'Server': 'Apache/2.4.58 (Ubuntu)', 'Content-Type': 'text/plain; charset=utf-8', 'X-Container-Object-Count': '5', 'X-Container-Bytes-Used': '87883776', 'X-Timestamp': '1780270574.00549', 'Last-Modified': 'Sun, 31 May 2026 23:36:14 GMT', 'Accept-Ranges': 'bytes', 'X-Storage-Policy': 'Policy-0', 'X-Container-Sharding': 'False', 'Vary': 'Accept', 'X-Trans-Id': 'txe6210d862eae4260b9fde-006a1cc6e3', 'X-Openstack-Request-Id': 'txe6210d862eae4260b9fde-006a1cc6e3', 'Connection': 'close'} {{(pid=102134) http_log /opt/stack/data/venv/lib/python3.12/site-packages/swiftclient/client.py:162}}
May 31 23:40:19.744317 np0000001832 devstack@g-api.service[102134]: DEBUG glance_store._drivers.swift.store [None req-93d7cf1f-a4dc-4d92-a25f-f3fc2006d806 tempest-ServerBootFromVolumeStableRescueTest-313465898 tempest-ServerBootFromVolumeStableRescueTest-313465898-project-member] Adding image object '98bd9dd0-3ee4-4ffc-be03-7ad94770cb03' to Swift {{(pid=102134) add /opt/stack/data/venv/lib/python3.12/site-packages/glance_store/_drivers/swift/store.py:970}}
May 31 23:40:19.744317 np0000001832 devstack@g-api.service[102134]: DEBUG glance_store._drivers.swift.store [None req-93d7cf1f-a4dc-4d92-a25f-f3fc2006d806 tempest-ServerBootFromVolumeStableRescueTest-313465898 tempest-ServerBootFromVolumeStableRescueTest-313465898-project-member] Cannot determine image size because it is either not provided in the request or chunked-transfer encoding is used. Adding image as a segmented object to Swift. {{(pid=102134) add /opt/stack/data/venv/lib/python3.12/site-packages/glance_store/_drivers/swift/store.py:994}}
May 31 23:40:19.751627 np0000001832 devstack@g-api.service[102134]: DEBUG oslo_utils.imageutils.format_inspector [None req-93d7cf1f-a4dc-4d92-a25f-f3fc2006d806 tempest-ServerBootFromVolumeStableRescueTest-313465898 tempest-ServerBootFromVolumeStableRescueTest-313465898-project-member] Format inspector for vmdk does not match, excluding from consideration (Signature KDMV not found: b'QFI\xfb') {{(pid=102134) _process_chunk /opt/stack/data/venv/lib/python3.12/site-packages/oslo_utils/imageutils/format_inspector.py:1758}}
May 31 23:40:19.756500 np0000001832 devstack@g-api.service[102134]: DEBUG oslo_utils.imageutils.format_inspector [None req-93d7cf1f-a4dc-4d92-a25f-f3fc2006d806 tempest-ServerBootFromVolumeStableRescueTest-313465898 tempest-ServerBootFromVolumeStableRescueTest-313465898-project-member] Format inspector for vhdx does not match, excluding from consideration (Region signature not found at 30000) {{(pid=102134) _process_chunk /opt/stack/data/venv/lib/python3.12/site-packages/oslo_utils/imageutils/format_inspector.py:1758}}
May 31 23:40:20.007889 np0000001832 devstack@g-api.service[102134]: DEBUG swiftclient [None req-93d7cf1f-a4dc-4d92-a25f-f3fc2006d806 tempest-ServerBootFromVolumeStableRescueTest-313465898 tempest-ServerBootFromVolumeStableRescueTest-313465898-project-member] REQ: curl -i https://10.4.3.166:8080/v1/AUTH_abb44d2c2d284e2bbb3156a45d82c8a6/glance/98bd9dd0-3ee4-4ffc-be03-7ad94770cb03-00001 -X PUT -H "X-Auth-Token: gAAAAABqHMbjb8Wa..." {{(pid=102134) http_log /opt/stack/data/venv/lib/python3.12/site-packages/swiftclient/client.py:160}}
May 31 23:40:20.008019 np0000001832 devstack@g-api.service[102134]: DEBUG swiftclient [None req-93d7cf1f-a4dc-4d92-a25f-f3fc2006d806 tempest-ServerBootFromVolumeStableRescueTest-313465898 tempest-ServerBootFromVolumeStableRescueTest-313465898-project-member] RESP STATUS: 201 Created {{(pid=102134) http_log /opt/stack/data/venv/lib/python3.12/site-packages/swiftclient/client.py:161}}
May 31 23:40:20.008171 np0000001832 devstack@g-api.service[102134]: DEBUG swiftclient [None req-93d7cf1f-a4dc-4d92-a25f-f3fc2006d806 tempest-ServerBootFromVolumeStableRescueTest-313465898 tempest-ServerBootFromVolumeStableRescueTest-313465898-project-member] RESP HEADERS: {'Date': 'Sun, 31 May 2026 23:40:20 GMT', 'Server': 'Apache/2.4.58 (Ubuntu)', 'Content-Type': 'text/html; charset=UTF-8', 'Content-Length': '0', 'Etag': '4fa343ee581d8d2e78533191fd1ac3e1', 'Last-Modified': 'Sun, 31 May 2026 23:40:20 GMT', 'X-Trans-Id': 'txbd3f410f2daa4a9e821a5-006a1cc6e3', 'X-Openstack-Request-Id': 'txbd3f410f2daa4a9e821a5-006a1cc6e3', 'Connection': 'close'} {{(pid=102134) http_log /opt/stack/data/venv/lib/python3.12/site-packages/swiftclient/client.py:162}}
May 31 23:40:20.008291 np0000001832 devstack@g-api.service[102134]: DEBUG glance_store._drivers.swift.store [None req-93d7cf1f-a4dc-4d92-a25f-f3fc2006d806 tempest-ServerBootFromVolumeStableRescueTest-313465898 tempest-ServerBootFromVolumeStableRescueTest-313465898-project-member] Wrote chunk 98bd9dd0-3ee4-4ffc-be03-7ad94770cb03-00001 (1/?) of length 23527424 to Swift returning MD5 of content: 4fa343ee581d8d2e78533191fd1ac3e1 {{(pid=102134) add /opt/stack/data/venv/lib/python3.12/site-packages/glance_store/_drivers/swift/store.py:1059}}
May 31 23:40:20.008586 np0000001832 devstack@g-api.service[102134]: DEBUG glance_store._drivers.swift.store [None req-93d7cf1f-a4dc-4d92-a25f-f3fc2006d806 tempest-ServerBootFromVolumeStableRescueTest-313465898 tempest-ServerBootFromVolumeStableRescueTest-313465898-project-member] Not writing zero-length chunk. {{(pid=102134) add /opt/stack/data/venv/lib/python3.12/site-packages/glance_store/_drivers/swift/store.py:1028}}
May 31 23:40:20.037209 np0000001832 devstack@g-api.service[102134]: DEBUG swiftclient [None req-93d7cf1f-a4dc-4d92-a25f-f3fc2006d806 tempest-ServerBootFromVolumeStableRescueTest-313465898 tempest-ServerBootFromVolumeStableRescueTest-313465898-project-member] REQ: curl -i https://10.4.3.166:8080/v1/AUTH_abb44d2c2d284e2bbb3156a45d82c8a6/glance/98bd9dd0-3ee4-4ffc-be03-7ad94770cb03 -X PUT -H "X-Object-Manifest: glance/98bd9dd0-3ee4-4ffc-be03-7ad94770cb03-" -H "X-Auth-Token: gAAAAABqHMbjb8Wa..." -H "Content-Length: 0" {{(pid=102134) http_log /opt/stack/data/venv/lib/python3.12/site-packages/swiftclient/client.py:160}}
May 31 23:40:20.037363 np0000001832 devstack@g-api.service[102134]: DEBUG swiftclient [None req-93d7cf1f-a4dc-4d92-a25f-f3fc2006d806 tempest-ServerBootFromVolumeStableRescueTest-313465898 tempest-ServerBootFromVolumeStableRescueTest-313465898-project-member] RESP STATUS: 201 Created {{(pid=102134) http_log /opt/stack/data/venv/lib/python3.12/site-packages/swiftclient/client.py:161}}
May 31 23:40:20.037488 np0000001832 devstack@g-api.service[102134]: DEBUG swiftclient [None req-93d7cf1f-a4dc-4d92-a25f-f3fc2006d806 tempest-ServerBootFromVolumeStableRescueTest-313465898 tempest-ServerBootFromVolumeStableRescueTest-313465898-project-member] RESP HEADERS: {'Date': 'Sun, 31 May 2026 23:40:20 GMT', 'Server': 'Apache/2.4.58 (Ubuntu)', 'Content-Type': 'text/html; charset=UTF-8', 'Content-Length': '0', 'Etag': 'd41d8cd98f00b204e9800998ecf8427e', 'Last-Modified': 'Sun, 31 May 2026 23:40:21 GMT', 'X-Trans-Id': 'txd228b28f8bfd4349a6687-006a1cc6e4', 'X-Openstack-Request-Id': 'txd228b28f8bfd4349a6687-006a1cc6e4', 'Connection': 'close'} {{(pid=102134) http_log /opt/stack/data/venv/lib/python3.12/site-packages/swiftclient/client.py:162}}
May 31 23:40:20.038230 np0000001832 devstack@g-api.service[102134]: INFO glance.location [None req-93d7cf1f-a4dc-4d92-a25f-f3fc2006d806 tempest-ServerBootFromVolumeStableRescueTest-313465898 tempest-ServerBootFromVolumeStableRescueTest-313465898-project-member] Image format matched and virtual size computed: 1073741824
May 31 23:40:20.050868 np0000001832 devstack@g-api.service[102135]: [pid: 102135|app: 0|req: 41/131] 127.0.0.1 () {40 vars in 838 bytes} [Sun May 31 23:40:19 2026] GET /v2/images/d5b45d66-7336-4824-a786-de7597b09f79 => generated 1044 bytes in 371 msecs (HTTP/1.1 200) 4 headers in 158 bytes (1 switches on core 0)
May 31 23:40:20.082894 np0000001832 devstack@g-api.service[102133]: DEBUG glance.api.middleware.version_negotiation [None req-102ab8a6-76f9-4e11-8777-173ec2aaf89a tempest-ServerBootFromVolumeStableRescueTest-313465898 tempest-ServerBootFromVolumeStableRescueTest-313465898-project-member] Determining version of request: GET /v2/images/d5b45d66-7336-4824-a786-de7597b09f79 Accept: */* {{(pid=102133) process_request /opt/stack/glance/glance/api/middleware/version_negotiation.py:44}}
May 31 23:40:20.082894 np0000001832 devstack@g-api.service[102133]: DEBUG glance.api.middleware.version_negotiation [None req-102ab8a6-76f9-4e11-8777-173ec2aaf89a tempest-ServerBootFromVolumeStableRescueTest-313465898 tempest-ServerBootFromVolumeStableRescueTest-313465898-project-member] Using url versioning {{(pid=102133) process_request /opt/stack/glance/glance/api/middleware/version_negotiation.py:57}}
May 31 23:40:20.082894 np0000001832 devstack@g-api.service[102133]: DEBUG glance.api.middleware.version_negotiation [None req-102ab8a6-76f9-4e11-8777-173ec2aaf89a tempest-ServerBootFromVolumeStableRescueTest-313465898 tempest-ServerBootFromVolumeStableRescueTest-313465898-project-member] Matched version: v2 {{(pid=102133) process_request /opt/stack/glance/glance/api/middleware/version_negotiation.py:69}}
May 31 23:40:20.082894 np0000001832 devstack@g-api.service[102133]: DEBUG glance.api.middleware.version_negotiation [None req-102ab8a6-76f9-4e11-8777-173ec2aaf89a tempest-ServerBootFromVolumeStableRescueTest-313465898 tempest-ServerBootFromVolumeStableRescueTest-313465898-project-member] new path /v2/images/d5b45d66-7336-4824-a786-de7597b09f79 {{(pid=102133) process_request /opt/stack/glance/glance/api/middleware/version_negotiation.py:70}}
May 31 23:40:20.084681 np0000001832 devstack@g-api.service[102134]: DEBUG glance_store.backend [None req-93d7cf1f-a4dc-4d92-a25f-f3fc2006d806 tempest-ServerBootFromVolumeStableRescueTest-313465898 tempest-ServerBootFromVolumeStableRescueTest-313465898-project-member] Attempting to import store swift {{(pid=102134) _load_store /opt/stack/data/venv/lib/python3.12/site-packages/glance_store/backend.py:215}}
May 31 23:40:20.086064 np0000001832 devstack@g-api.service[102134]: DEBUG glance_store.capabilities [None req-93d7cf1f-a4dc-4d92-a25f-f3fc2006d806 tempest-ServerBootFromVolumeStableRescueTest-313465898 tempest-ServerBootFromVolumeStableRescueTest-313465898-project-member] Store glance_store._drivers.swift.store.SingleTenantStore doesn't support updating dynamic storage capabilities. Please overwrite 'update_capabilities' method of the store to implement updating logics if needed. {{(pid=102134) update_capabilities /opt/stack/data/venv/lib/python3.12/site-packages/glance_store/capabilities.py:91}}
May 31 23:40:20.086228 np0000001832 devstack@g-api.service[102134]: DEBUG glance_store.driver [None req-93d7cf1f-a4dc-4d92-a25f-f3fc2006d806 tempest-ServerBootFromVolumeStableRescueTest-313465898 tempest-ServerBootFromVolumeStableRescueTest-313465898-project-member] Late loading location class glance_store._drivers.swift.store.StoreLocation {{(pid=102134) get_store_location_class /opt/stack/data/venv/lib/python3.12/site-packages/glance_store/driver.py:134}}
May 31 23:40:20.088636 np0000001832 devstack@g-api.service[102134]: DEBUG glance_store.location [None req-93d7cf1f-a4dc-4d92-a25f-f3fc2006d806 tempest-ServerBootFromVolumeStableRescueTest-313465898 tempest-ServerBootFromVolumeStableRescueTest-313465898-project-member] Registering scheme swift+https with {'store': , 'location_class': , 'store_entry': 'swift'} {{(pid=102134) register_scheme_map /opt/stack/data/venv/lib/python3.12/site-packages/glance_store/location.py:146}}
May 31 23:40:20.088636 np0000001832 devstack@g-api.service[102134]: DEBUG glance_store.location [None req-93d7cf1f-a4dc-4d92-a25f-f3fc2006d806 tempest-ServerBootFromVolumeStableRescueTest-313465898 tempest-ServerBootFromVolumeStableRescueTest-313465898-project-member] Registering scheme swift+https with {'store': , 'location_class': , 'store_entry': 'swift'} {{(pid=102134) register_scheme_map /opt/stack/data/venv/lib/python3.12/site-packages/glance_store/location.py:146}}
May 31 23:40:20.088636 np0000001832 devstack@g-api.service[102134]: DEBUG glance_store.location [None req-93d7cf1f-a4dc-4d92-a25f-f3fc2006d806 tempest-ServerBootFromVolumeStableRescueTest-313465898 tempest-ServerBootFromVolumeStableRescueTest-313465898-project-member] Registering scheme swift with {'store': , 'location_class': , 'store_entry': 'swift'} {{(pid=102134) register_scheme_map /opt/stack/data/venv/lib/python3.12/site-packages/glance_store/location.py:146}}
May 31 23:40:20.088636 np0000001832 devstack@g-api.service[102134]: DEBUG glance_store.location [None req-93d7cf1f-a4dc-4d92-a25f-f3fc2006d806 tempest-ServerBootFromVolumeStableRescueTest-313465898 tempest-ServerBootFromVolumeStableRescueTest-313465898-project-member] Registering scheme swift+https with {'store': , 'location_class': , 'store_entry': 'swift'} {{(pid=102134) register_scheme_map /opt/stack/data/venv/lib/python3.12/site-packages/glance_store/location.py:146}}
May 31 23:40:20.088636 np0000001832 devstack@g-api.service[102134]: DEBUG glance_store.location [None req-93d7cf1f-a4dc-4d92-a25f-f3fc2006d806 tempest-ServerBootFromVolumeStableRescueTest-313465898 tempest-ServerBootFromVolumeStableRescueTest-313465898-project-member] Registering scheme swift with {'store': , 'location_class': , 'store_entry': 'swift'} {{(pid=102134) register_scheme_map /opt/stack/data/venv/lib/python3.12/site-packages/glance_store/location.py:146}}
May 31 23:40:20.088636 np0000001832 devstack@g-api.service[102134]: DEBUG glance_store.location [None req-93d7cf1f-a4dc-4d92-a25f-f3fc2006d806 tempest-ServerBootFromVolumeStableRescueTest-313465898 tempest-ServerBootFromVolumeStableRescueTest-313465898-project-member] Registering scheme swift+http with {'store': , 'location_class': , 'store_entry': 'swift'} {{(pid=102134) register_scheme_map /opt/stack/data/venv/lib/python3.12/site-packages/glance_store/location.py:146}}
May 31 23:40:20.088636 np0000001832 devstack@g-api.service[102134]: DEBUG glance_store.location [None req-93d7cf1f-a4dc-4d92-a25f-f3fc2006d806 tempest-ServerBootFromVolumeStableRescueTest-313465898 tempest-ServerBootFromVolumeStableRescueTest-313465898-project-member] Registering scheme swift+https with {'store': , 'location_class': , 'store_entry': 'swift'} {{(pid=102134) register_scheme_map /opt/stack/data/venv/lib/python3.12/site-packages/glance_store/location.py:146}}
May 31 23:40:20.088636 np0000001832 devstack@g-api.service[102134]: DEBUG glance_store.location [None req-93d7cf1f-a4dc-4d92-a25f-f3fc2006d806 tempest-ServerBootFromVolumeStableRescueTest-313465898 tempest-ServerBootFromVolumeStableRescueTest-313465898-project-member] Registering scheme swift with {'store': , 'location_class': , 'store_entry': 'swift'} {{(pid=102134) register_scheme_map /opt/stack/data/venv/lib/python3.12/site-packages/glance_store/location.py:146}}
May 31 23:40:20.088636 np0000001832 devstack@g-api.service[102134]: DEBUG glance_store.location [None req-93d7cf1f-a4dc-4d92-a25f-f3fc2006d806 tempest-ServerBootFromVolumeStableRescueTest-313465898 tempest-ServerBootFromVolumeStableRescueTest-313465898-project-member] Registering scheme swift+http with {'store': , 'location_class': , 'store_entry': 'swift'} {{(pid=102134) register_scheme_map /opt/stack/data/venv/lib/python3.12/site-packages/glance_store/location.py:146}}
May 31 23:40:20.088636 np0000001832 devstack@g-api.service[102134]: DEBUG glance_store.location [None req-93d7cf1f-a4dc-4d92-a25f-f3fc2006d806 tempest-ServerBootFromVolumeStableRescueTest-313465898 tempest-ServerBootFromVolumeStableRescueTest-313465898-project-member] Registering scheme swift+config with {'store': , 'location_class': , 'store_entry': 'swift'} {{(pid=102134) register_scheme_map /opt/stack/data/venv/lib/python3.12/site-packages/glance_store/location.py:146}}
May 31 23:40:20.089254 np0000001832 devstack@g-api.service[102134]: DEBUG glance_store.backend [None req-93d7cf1f-a4dc-4d92-a25f-f3fc2006d806 tempest-ServerBootFromVolumeStableRescueTest-313465898 tempest-ServerBootFromVolumeStableRescueTest-313465898-project-member] Skipping store.set_acls... not implemented. {{(pid=102134) set_acls /opt/stack/data/venv/lib/python3.12/site-packages/glance_store/backend.py:507}}
May 31 23:40:20.090747 np0000001832 devstack@g-api.service[102134]: [pid: 102134|app: 0|req: 45/132] 127.0.0.1 () {46 vars in 1158 bytes} [Sun May 31 23:40:17 2026] PUT /v2/images/98bd9dd0-3ee4-4ffc-be03-7ad94770cb03/file => generated 0 bytes in 2496 msecs (HTTP/1.1 204) 4 headers in 171 bytes (1 switches on core 0)
May 31 23:40:20.099837 np0000001832 devstack@g-api.service[102133]: [pid: 102133|app: 0|req: 47/133] 127.0.0.1 () {44 vars in 1115 bytes} [Sun May 31 23:40:20 2026] GET /v2/images/d5b45d66-7336-4824-a786-de7597b09f79 => generated 1044 bytes in 18 msecs (HTTP/1.1 200) 4 headers in 158 bytes (1 switches on core 0)
May 31 23:40:20.110197 np0000001832 devstack@g-api.service[102135]: DEBUG glance.api.middleware.version_negotiation [None req-19a97f91-6734-4e81-9339-257bfe1eec94 tempest-VolumesImageMetadata-1411502869 tempest-VolumesImageMetadata-1411502869-project-member] Determining version of request: GET /v2/schemas/image Accept: */* {{(pid=102135) process_request /opt/stack/glance/glance/api/middleware/version_negotiation.py:44}}
May 31 23:40:20.110405 np0000001832 devstack@g-api.service[102135]: DEBUG glance.api.middleware.version_negotiation [None req-19a97f91-6734-4e81-9339-257bfe1eec94 tempest-VolumesImageMetadata-1411502869 tempest-VolumesImageMetadata-1411502869-project-member] Using url versioning {{(pid=102135) process_request /opt/stack/glance/glance/api/middleware/version_negotiation.py:57}}
May 31 23:40:20.110489 np0000001832 devstack@g-api.service[102135]: DEBUG glance.api.middleware.version_negotiation [None req-19a97f91-6734-4e81-9339-257bfe1eec94 tempest-VolumesImageMetadata-1411502869 tempest-VolumesImageMetadata-1411502869-project-member] Matched version: v2 {{(pid=102135) process_request /opt/stack/glance/glance/api/middleware/version_negotiation.py:69}}
May 31 23:40:20.110632 np0000001832 devstack@g-api.service[102135]: DEBUG glance.api.middleware.version_negotiation [None req-19a97f91-6734-4e81-9339-257bfe1eec94 tempest-VolumesImageMetadata-1411502869 tempest-VolumesImageMetadata-1411502869-project-member] new path /v2/schemas/image {{(pid=102135) process_request /opt/stack/glance/glance/api/middleware/version_negotiation.py:70}}
May 31 23:40:20.115038 np0000001832 devstack@g-api.service[102135]: [pid: 102135|app: 0|req: 42/134] 127.0.0.1 () {44 vars in 1055 bytes} [Sun May 31 23:40:20 2026] GET /v2/schemas/image => generated 6083 bytes in 5 msecs (HTTP/1.1 200) 4 headers in 158 bytes (1 switches on core 0)
May 31 23:40:20.130089 np0000001832 devstack@g-api.service[102134]: DEBUG glance.api.middleware.version_negotiation [None req-93d7cf1f-a4dc-4d92-a25f-f3fc2006d806 tempest-ServerBootFromVolumeStableRescueTest-313465898 tempest-ServerBootFromVolumeStableRescueTest-313465898-project-member] Determining version of request: GET /v2/schemas/image Accept: */* {{(pid=102134) process_request /opt/stack/glance/glance/api/middleware/version_negotiation.py:44}}
May 31 23:40:20.130281 np0000001832 devstack@g-api.service[102134]: DEBUG glance.api.middleware.version_negotiation [None req-93d7cf1f-a4dc-4d92-a25f-f3fc2006d806 tempest-ServerBootFromVolumeStableRescueTest-313465898 tempest-ServerBootFromVolumeStableRescueTest-313465898-project-member] Using url versioning {{(pid=102134) process_request /opt/stack/glance/glance/api/middleware/version_negotiation.py:57}}
May 31 23:40:20.130447 np0000001832 devstack@g-api.service[102134]: DEBUG glance.api.middleware.version_negotiation [None req-93d7cf1f-a4dc-4d92-a25f-f3fc2006d806 tempest-ServerBootFromVolumeStableRescueTest-313465898 tempest-ServerBootFromVolumeStableRescueTest-313465898-project-member] Matched version: v2 {{(pid=102134) process_request /opt/stack/glance/glance/api/middleware/version_negotiation.py:69}}
May 31 23:40:20.130566 np0000001832 devstack@g-api.service[102134]: DEBUG glance.api.middleware.version_negotiation [None req-93d7cf1f-a4dc-4d92-a25f-f3fc2006d806 tempest-ServerBootFromVolumeStableRescueTest-313465898 tempest-ServerBootFromVolumeStableRescueTest-313465898-project-member] new path /v2/schemas/image {{(pid=102134) process_request /opt/stack/glance/glance/api/middleware/version_negotiation.py:70}}
May 31 23:40:20.133168 np0000001832 devstack@g-api.service[102134]: [pid: 102134|app: 0|req: 46/135] 127.0.0.1 () {44 vars in 1055 bytes} [Sun May 31 23:40:20 2026] GET /v2/schemas/image => generated 6083 bytes in 3 msecs (HTTP/1.1 200) 4 headers in 158 bytes (1 switches on core 0)
May 31 23:40:20.142676 np0000001832 devstack@g-api.service[102133]: DEBUG glance.api.middleware.version_negotiation [None req-e40f0684-a955-48f6-9569-a3b9b9a1df82 tempest-VolumesImageMetadata-1411502869 tempest-VolumesImageMetadata-1411502869-project-member] Determining version of request: GET /v2/images/d5b45d66-7336-4824-a786-de7597b09f79 Accept: */* {{(pid=102133) process_request /opt/stack/glance/glance/api/middleware/version_negotiation.py:44}}
May 31 23:40:20.142676 np0000001832 devstack@g-api.service[102133]: DEBUG glance.api.middleware.version_negotiation [None req-e40f0684-a955-48f6-9569-a3b9b9a1df82 tempest-VolumesImageMetadata-1411502869 tempest-VolumesImageMetadata-1411502869-project-member] Using url versioning {{(pid=102133) process_request /opt/stack/glance/glance/api/middleware/version_negotiation.py:57}}
May 31 23:40:20.142676 np0000001832 devstack@g-api.service[102133]: DEBUG glance.api.middleware.version_negotiation [None req-e40f0684-a955-48f6-9569-a3b9b9a1df82 tempest-VolumesImageMetadata-1411502869 tempest-VolumesImageMetadata-1411502869-project-member] Matched version: v2 {{(pid=102133) process_request /opt/stack/glance/glance/api/middleware/version_negotiation.py:69}}
May 31 23:40:20.142676 np0000001832 devstack@g-api.service[102133]: DEBUG glance.api.middleware.version_negotiation [None req-e40f0684-a955-48f6-9569-a3b9b9a1df82 tempest-VolumesImageMetadata-1411502869 tempest-VolumesImageMetadata-1411502869-project-member] new path /v2/images/d5b45d66-7336-4824-a786-de7597b09f79 {{(pid=102133) process_request /opt/stack/glance/glance/api/middleware/version_negotiation.py:70}}
May 31 23:40:20.147397 np0000001832 devstack@g-api.service[102135]: DEBUG glance.api.middleware.version_negotiation [None req-e40f0684-a955-48f6-9569-a3b9b9a1df82 tempest-VolumesImageMetadata-1411502869 tempest-VolumesImageMetadata-1411502869-project-member] Determining version of request: GET /v2/images/98bd9dd0-3ee4-4ffc-be03-7ad94770cb03 Accept: */* {{(pid=102135) process_request /opt/stack/glance/glance/api/middleware/version_negotiation.py:44}}
May 31 23:40:20.147397 np0000001832 devstack@g-api.service[102135]: DEBUG glance.api.middleware.version_negotiation [None req-e40f0684-a955-48f6-9569-a3b9b9a1df82 tempest-VolumesImageMetadata-1411502869 tempest-VolumesImageMetadata-1411502869-project-member] Using url versioning {{(pid=102135) process_request /opt/stack/glance/glance/api/middleware/version_negotiation.py:57}}
May 31 23:40:20.147397 np0000001832 devstack@g-api.service[102135]: DEBUG glance.api.middleware.version_negotiation [None req-e40f0684-a955-48f6-9569-a3b9b9a1df82 tempest-VolumesImageMetadata-1411502869 tempest-VolumesImageMetadata-1411502869-project-member] Matched version: v2 {{(pid=102135) process_request /opt/stack/glance/glance/api/middleware/version_negotiation.py:69}}
