May 31 23:35:44.410237 np0000001832 nova-scheduler[95907]: DEBUG cotyledon.oslo_config_glue [-] oslo_limit.connect_retry_delay = None {{(pid=95907) log_opt_values /opt/stack/data/venv/lib/python3.12/site-packages/oslo_config/cfg.py:3256}}
May 31 23:35:44.410301 np0000001832 nova-scheduler[95907]: DEBUG cotyledon.oslo_config_glue [-] oslo_limit.endpoint_id = None {{(pid=95907) log_opt_values /opt/stack/data/venv/lib/python3.12/site-packages/oslo_config/cfg.py:3256}}
May 31 23:35:44.410368 np0000001832 nova-scheduler[95907]: DEBUG cotyledon.oslo_config_glue [-] oslo_limit.endpoint_interface = public {{(pid=95907) log_opt_values /opt/stack/data/venv/lib/python3.12/site-packages/oslo_config/cfg.py:3256}}
May 31 23:35:44.410420 np0000001832 nova-scheduler[95907]: DEBUG cotyledon.oslo_config_glue [-] oslo_limit.endpoint_override = None {{(pid=95907) log_opt_values /opt/stack/data/venv/lib/python3.12/site-packages/oslo_config/cfg.py:3256}}
May 31 23:35:44.410483 np0000001832 nova-scheduler[95907]: DEBUG cotyledon.oslo_config_glue [-] oslo_limit.endpoint_region_name = None {{(pid=95907) log_opt_values /opt/stack/data/venv/lib/python3.12/site-packages/oslo_config/cfg.py:3256}}
May 31 23:35:44.410563 np0000001832 nova-scheduler[95907]: DEBUG cotyledon.oslo_config_glue [-] oslo_limit.endpoint_service_name = None {{(pid=95907) log_opt_values /opt/stack/data/venv/lib/python3.12/site-packages/oslo_config/cfg.py:3256}}
May 31 23:35:44.410631 np0000001832 nova-scheduler[95907]: DEBUG cotyledon.oslo_config_glue [-] oslo_limit.endpoint_service_type = None {{(pid=95907) log_opt_values /opt/stack/data/venv/lib/python3.12/site-packages/oslo_config/cfg.py:3256}}
May 31 23:35:44.410678 np0000001832 nova-scheduler[95907]: DEBUG cotyledon.oslo_config_glue [-] oslo_limit.insecure = False {{(pid=95907) log_opt_values /opt/stack/data/venv/lib/python3.12/site-packages/oslo_config/cfg.py:3256}}
May 31 23:35:44.410720 np0000001832 nova-scheduler[95907]: DEBUG cotyledon.oslo_config_glue [-] oslo_limit.keyfile = None {{(pid=95907) log_opt_values /opt/stack/data/venv/lib/python3.12/site-packages/oslo_config/cfg.py:3256}}
May 31 23:35:44.410773 np0000001832 nova-scheduler[95907]: DEBUG cotyledon.oslo_config_glue [-] oslo_limit.max_version = None {{(pid=95907) log_opt_values /opt/stack/data/venv/lib/python3.12/site-packages/oslo_config/cfg.py:3256}}
May 31 23:35:44.410847 np0000001832 nova-scheduler[95907]: DEBUG cotyledon.oslo_config_glue [-] oslo_limit.min_version = None {{(pid=95907) log_opt_values /opt/stack/data/venv/lib/python3.12/site-packages/oslo_config/cfg.py:3256}}
May 31 23:35:44.410905 np0000001832 nova-scheduler[95907]: DEBUG cotyledon.oslo_config_glue [-] oslo_limit.region_name = None {{(pid=95907) log_opt_values /opt/stack/data/venv/lib/python3.12/site-packages/oslo_config/cfg.py:3256}}
May 31 23:35:44.410957 np0000001832 nova-scheduler[95907]: DEBUG cotyledon.oslo_config_glue [-] oslo_limit.retriable_status_codes = None {{(pid=95907) log_opt_values /opt/stack/data/venv/lib/python3.12/site-packages/oslo_config/cfg.py:3256}}
May 31 23:35:44.411021 np0000001832 nova-scheduler[95907]: DEBUG cotyledon.oslo_config_glue [-] oslo_limit.service_name = None {{(pid=95907) log_opt_values /opt/stack/data/venv/lib/python3.12/site-packages/oslo_config/cfg.py:3256}}
May 31 23:35:44.411095 np0000001832 nova-scheduler[95907]: DEBUG cotyledon.oslo_config_glue [-] oslo_limit.service_type = None {{(pid=95907) log_opt_values /opt/stack/data/venv/lib/python3.12/site-packages/oslo_config/cfg.py:3256}}
May 31 23:35:44.411144 np0000001832 nova-scheduler[95907]: DEBUG cotyledon.oslo_config_glue [-] oslo_limit.split_loggers = False {{(pid=95907) log_opt_values /opt/stack/data/venv/lib/python3.12/site-packages/oslo_config/cfg.py:3256}}
May 31 23:35:44.411205 np0000001832 nova-scheduler[95907]: DEBUG cotyledon.oslo_config_glue [-] oslo_limit.status_code_retries = None {{(pid=95907) log_opt_values /opt/stack/data/venv/lib/python3.12/site-packages/oslo_config/cfg.py:3256}}
May 31 23:35:44.411268 np0000001832 nova-scheduler[95907]: DEBUG cotyledon.oslo_config_glue [-] oslo_limit.status_code_retry_delay = None {{(pid=95907) log_opt_values /opt/stack/data/venv/lib/python3.12/site-packages/oslo_config/cfg.py:3256}}
May 31 23:35:44.411320 np0000001832 nova-scheduler[95907]: DEBUG cotyledon.oslo_config_glue [-] oslo_limit.timeout = None {{(pid=95907) log_opt_values /opt/stack/data/venv/lib/python3.12/site-packages/oslo_config/cfg.py:3256}}
May 31 23:35:44.411382 np0000001832 nova-scheduler[95907]: DEBUG cotyledon.oslo_config_glue [-] oslo_limit.valid_interfaces = None {{(pid=95907) log_opt_values /opt/stack/data/venv/lib/python3.12/site-packages/oslo_config/cfg.py:3256}}
May 31 23:35:44.411441 np0000001832 nova-scheduler[95907]: DEBUG cotyledon.oslo_config_glue [-] oslo_limit.version = None {{(pid=95907) log_opt_values /opt/stack/data/venv/lib/python3.12/site-packages/oslo_config/cfg.py:3256}}
May 31 23:35:44.411520 np0000001832 nova-scheduler[95907]: DEBUG cotyledon.oslo_config_glue [-] oslo_reports.file_event_handler = None {{(pid=95907) log_opt_values /opt/stack/data/venv/lib/python3.12/site-packages/oslo_config/cfg.py:3256}}
May 31 23:35:44.411594 np0000001832 nova-scheduler[95907]: DEBUG cotyledon.oslo_config_glue [-] oslo_reports.file_event_handler_interval = 1 {{(pid=95907) log_opt_values /opt/stack/data/venv/lib/python3.12/site-packages/oslo_config/cfg.py:3256}}
May 31 23:35:44.411664 np0000001832 nova-scheduler[95907]: DEBUG cotyledon.oslo_config_glue [-] oslo_reports.log_dir = None {{(pid=95907) log_opt_values /opt/stack/data/venv/lib/python3.12/site-packages/oslo_config/cfg.py:3256}}
May 31 23:35:44.411724 np0000001832 nova-scheduler[95907]: DEBUG cotyledon.oslo_config_glue [-] ******************************************************************************** {{(pid=95907) log_opt_values /opt/stack/data/venv/lib/python3.12/site-packages/oslo_config/cfg.py:3263}}
May 31 23:35:44.411915 np0000001832 nova-scheduler[95907]: DEBUG cotyledon._service_worker [-] Run service ServiceWrapper(2) [95907] {{(pid=95907) wait_forever /opt/stack/data/venv/lib/python3.12/site-packages/cotyledon/_service_worker.py:218}}
May 31 23:35:44.412995 np0000001832 nova-scheduler[95907]: INFO nova.service [-] Starting scheduler node (version 33.1.0)
May 31 23:35:44.416774 np0000001832 nova-scheduler[95907]: INFO dbcounter [None req-352dbb1b-f323-4a12-b736-97d86bdaed81 None None] Registered counter for database nova_cell0
May 31 23:35:44.431291 np0000001832 nova-scheduler[95903]: DEBUG oslo_db.sqlalchemy.engines [None req-90ce8b11-d736-43d5-83a9-755524d84455 None None] MySQL server mode set to STRICT_TRANS_TABLES,STRICT_ALL_TABLES,NO_ZERO_IN_DATE,NO_ZERO_DATE,ERROR_FOR_DIVISION_BY_ZERO,TRADITIONAL,NO_ENGINE_SUBSTITUTION {{(pid=95903) _check_effective_sql_mode /opt/stack/data/venv/lib/python3.12/site-packages/oslo_db/sqlalchemy/engines.py:325}}
May 31 23:35:44.439876 np0000001832 nova-scheduler[95903]: DEBUG dbcounter [-] [95903] Writer thread running {{(pid=95903) stat_writer /opt/stack/data/venv/lib/python3.12/site-packages/dbcounter.py:102}}
May 31 23:35:44.456176 np0000001832 nova-scheduler[95903]: DEBUG nova.service [None req-90ce8b11-d736-43d5-83a9-755524d84455 None None] Creating RPC server for service: nova-scheduler on topic: scheduler {{(pid=95903) start /opt/stack/nova/nova/service.py:195}}
May 31 23:35:44.460008 np0000001832 nova-scheduler[95905]: DEBUG oslo_db.sqlalchemy.engines [None req-063730b2-3d0e-4040-bd2d-7c8b5ada8065 None None] MySQL server mode set to STRICT_TRANS_TABLES,STRICT_ALL_TABLES,NO_ZERO_IN_DATE,NO_ZERO_DATE,ERROR_FOR_DIVISION_BY_ZERO,TRADITIONAL,NO_ENGINE_SUBSTITUTION {{(pid=95905) _check_effective_sql_mode /opt/stack/data/venv/lib/python3.12/site-packages/oslo_db/sqlalchemy/engines.py:325}}
May 31 23:35:44.461478 np0000001832 nova-scheduler[95907]: DEBUG oslo_db.sqlalchemy.engines [None req-352dbb1b-f323-4a12-b736-97d86bdaed81 None None] MySQL server mode set to STRICT_TRANS_TABLES,STRICT_ALL_TABLES,NO_ZERO_IN_DATE,NO_ZERO_DATE,ERROR_FOR_DIVISION_BY_ZERO,TRADITIONAL,NO_ENGINE_SUBSTITUTION {{(pid=95907) _check_effective_sql_mode /opt/stack/data/venv/lib/python3.12/site-packages/oslo_db/sqlalchemy/engines.py:325}}
May 31 23:35:44.470759 np0000001832 nova-scheduler[95905]: DEBUG dbcounter [-] [95905] Writer thread running {{(pid=95905) stat_writer /opt/stack/data/venv/lib/python3.12/site-packages/dbcounter.py:102}}
May 31 23:35:44.470882 np0000001832 nova-scheduler[95907]: DEBUG dbcounter [-] [95907] Writer thread running {{(pid=95907) stat_writer /opt/stack/data/venv/lib/python3.12/site-packages/dbcounter.py:102}}
May 31 23:35:44.473826 np0000001832 nova-scheduler[95907]: DEBUG nova.service [None req-352dbb1b-f323-4a12-b736-97d86bdaed81 None None] Creating RPC server for service: nova-scheduler on topic: scheduler {{(pid=95907) start /opt/stack/nova/nova/service.py:195}}
May 31 23:35:44.474746 np0000001832 nova-scheduler[95905]: DEBUG nova.service [None req-063730b2-3d0e-4040-bd2d-7c8b5ada8065 None None] Creating RPC server for service: nova-scheduler on topic: scheduler {{(pid=95905) start /opt/stack/nova/nova/service.py:195}}
May 31 23:35:44.481626 np0000001832 nova-scheduler[95903]: DEBUG nova.service [None req-90ce8b11-d736-43d5-83a9-755524d84455 None None] Join ServiceGroup membership for this service scheduler {{(pid=95903) start /opt/stack/nova/nova/service.py:221}}
May 31 23:35:44.482005 np0000001832 nova-scheduler[95903]: DEBUG nova.servicegroup.drivers.db [None req-90ce8b11-d736-43d5-83a9-755524d84455 None None] DB_Driver: join new ServiceGroup member np0000001832 to the scheduler group, service = {{(pid=95903) join /opt/stack/nova/nova/servicegroup/drivers/db.py:44}}
May 31 23:35:44.506397 np0000001832 nova-scheduler[95905]: DEBUG nova.service [None req-063730b2-3d0e-4040-bd2d-7c8b5ada8065 None None] Join ServiceGroup membership for this service scheduler {{(pid=95905) start /opt/stack/nova/nova/service.py:221}}
May 31 23:35:44.506397 np0000001832 nova-scheduler[95905]: DEBUG nova.servicegroup.drivers.db [None req-063730b2-3d0e-4040-bd2d-7c8b5ada8065 None None] DB_Driver: join new ServiceGroup member np0000001832 to the scheduler group, service = {{(pid=95905) join /opt/stack/nova/nova/servicegroup/drivers/db.py:44}}
May 31 23:35:44.507781 np0000001832 nova-scheduler[95907]: DEBUG nova.service [None req-352dbb1b-f323-4a12-b736-97d86bdaed81 None None] Join ServiceGroup membership for this service scheduler {{(pid=95907) start /opt/stack/nova/nova/service.py:221}}
May 31 23:35:44.508065 np0000001832 nova-scheduler[95907]: DEBUG nova.servicegroup.drivers.db [None req-352dbb1b-f323-4a12-b736-97d86bdaed81 None None] DB_Driver: join new ServiceGroup member np0000001832 to the scheduler group, service = {{(pid=95907) join /opt/stack/nova/nova/servicegroup/drivers/db.py:44}}
May 31 23:35:49.502080 np0000001832 nova-scheduler[95903]: DEBUG oslo.service.backend._threading.loopingcall [-] Fixed interval looping call 'nova.servicegroup.drivers.db.DbDriver._report_state' sleeping for 119.98 seconds {{(pid=95903) _run_loop /opt/stack/data/venv/lib/python3.12/site-packages/oslo_service/backend/_threading/loopingcall.py:125}}
May 31 23:35:49.526132 np0000001832 nova-scheduler[95907]: DEBUG oslo.service.backend._threading.loopingcall [-] Fixed interval looping call 'nova.servicegroup.drivers.db.DbDriver._report_state' sleeping for 119.98 seconds {{(pid=95907) _run_loop /opt/stack/data/venv/lib/python3.12/site-packages/oslo_service/backend/_threading/loopingcall.py:125}}
May 31 23:35:49.527349 np0000001832 nova-scheduler[95905]: DEBUG oslo.service.backend._threading.loopingcall [-] Fixed interval looping call 'nova.servicegroup.drivers.db.DbDriver._report_state' sleeping for 119.98 seconds {{(pid=95905) _run_loop /opt/stack/data/venv/lib/python3.12/site-packages/oslo_service/backend/_threading/loopingcall.py:125}}
May 31 23:35:53.067477 np0000001832 nova-scheduler[94575]: DEBUG dbcounter [-] [94575] Writing DB stats nova_api:SELECT=3 {{(pid=94575) stat_writer /opt/stack/data/venv/lib/python3.12/site-packages/dbcounter.py:115}}
May 31 23:35:53.188238 np0000001832 nova-scheduler[94575]: DEBUG dbcounter [-] [94575] Writing DB stats nova_cell1:SELECT=1 {{(pid=94575) stat_writer /opt/stack/data/venv/lib/python3.12/site-packages/dbcounter.py:115}}
May 31 23:35:53.193692 np0000001832 nova-scheduler[94575]: DEBUG dbcounter [-] [94575] Writing DB stats nova_cell0:SELECT=1 {{(pid=94575) stat_writer /opt/stack/data/venv/lib/python3.12/site-packages/dbcounter.py:115}}
May 31 23:35:59.484685 np0000001832 nova-scheduler[95903]: DEBUG oslo.service.backend._threading.loopingcall [None req-a707b828-c7b6-45a7-b55d-ec6385449e64 None None] Dynamic interval looping call 'nova.service.Service.periodic_tasks' sleeping for 60.00 seconds {{(pid=95903) _run_loop /opt/stack/data/venv/lib/python3.12/site-packages/oslo_service/backend/_threading/loopingcall.py:125}}
May 31 23:35:59.495570 np0000001832 nova-scheduler[95903]: DEBUG dbcounter [-] [95903] Writing DB stats nova_cell0:SELECT=4,nova_cell0:INSERT=1,nova_cell0:UPDATE=1 {{(pid=95903) stat_writer /opt/stack/data/venv/lib/python3.12/site-packages/dbcounter.py:115}}
May 31 23:35:59.522138 np0000001832 nova-scheduler[95907]: DEBUG dbcounter [-] [95907] Writing DB stats nova_cell0:SELECT=3 {{(pid=95907) stat_writer /opt/stack/data/venv/lib/python3.12/site-packages/dbcounter.py:115}}
May 31 23:35:59.525562 np0000001832 nova-scheduler[95905]: DEBUG dbcounter [-] [95905] Writing DB stats nova_cell0:SELECT=3 {{(pid=95905) stat_writer /opt/stack/data/venv/lib/python3.12/site-packages/dbcounter.py:115}}
May 31 23:36:36.508557 np0000001832 nova-scheduler[95905]: DEBUG oslo.service.backend._threading.loopingcall [None req-a53bea8a-ae79-403d-b135-94be4c2a5b93 None None] Dynamic interval looping call 'nova.service.Service.periodic_tasks' sleeping for 60.00 seconds {{(pid=95905) _run_loop /opt/stack/data/venv/lib/python3.12/site-packages/oslo_service/backend/_threading/loopingcall.py:125}}
May 31 23:36:42.510798 np0000001832 nova-scheduler[95907]: DEBUG oslo.service.backend._threading.loopingcall [None req-adb1d4a9-dea6-44ae-aab4-31177b146e56 None None] Dynamic interval looping call 'nova.service.Service.periodic_tasks' sleeping for 60.00 seconds {{(pid=95907) _run_loop /opt/stack/data/venv/lib/python3.12/site-packages/oslo_service/backend/_threading/loopingcall.py:125}}
May 31 23:36:59.485248 np0000001832 nova-scheduler[95903]: DEBUG oslo.service.backend._threading.loopingcall [None req-a707b828-c7b6-45a7-b55d-ec6385449e64 None None] Dynamic interval looping call 'nova.service.Service.periodic_tasks' sleeping for 60.00 seconds {{(pid=95903) _run_loop /opt/stack/data/venv/lib/python3.12/site-packages/oslo_service/backend/_threading/loopingcall.py:125}}
May 31 23:37:36.509321 np0000001832 nova-scheduler[95905]: DEBUG oslo.service.backend._threading.loopingcall [None req-a53bea8a-ae79-403d-b135-94be4c2a5b93 None None] Dynamic interval looping call 'nova.service.Service.periodic_tasks' sleeping for 60.00 seconds {{(pid=95905) _run_loop /opt/stack/data/venv/lib/python3.12/site-packages/oslo_service/backend/_threading/loopingcall.py:125}}
May 31 23:37:42.511307 np0000001832 nova-scheduler[95907]: DEBUG oslo.service.backend._threading.loopingcall [None req-adb1d4a9-dea6-44ae-aab4-31177b146e56 None None] Dynamic interval looping call 'nova.service.Service.periodic_tasks' sleeping for 60.00 seconds {{(pid=95907) _run_loop /opt/stack/data/venv/lib/python3.12/site-packages/oslo_service/backend/_threading/loopingcall.py:125}}
May 31 23:37:49.488502 np0000001832 nova-scheduler[95903]: DEBUG oslo.service.backend._threading.loopingcall [-] Fixed interval looping call 'nova.servicegroup.drivers.db.DbDriver._report_state' sleeping for 119.99 seconds {{(pid=95903) _run_loop /opt/stack/data/venv/lib/python3.12/site-packages/oslo_service/backend/_threading/loopingcall.py:125}}
May 31 23:37:49.509855 np0000001832 nova-scheduler[95907]: DEBUG oslo.service.backend._threading.loopingcall [-] Fixed interval looping call 'nova.servicegroup.drivers.db.DbDriver._report_state' sleeping for 120.00 seconds {{(pid=95907) _run_loop /opt/stack/data/venv/lib/python3.12/site-packages/oslo_service/backend/_threading/loopingcall.py:125}}
May 31 23:37:49.511044 np0000001832 nova-scheduler[95905]: DEBUG oslo.service.backend._threading.loopingcall [-] Fixed interval looping call 'nova.servicegroup.drivers.db.DbDriver._report_state' sleeping for 120.00 seconds {{(pid=95905) _run_loop /opt/stack/data/venv/lib/python3.12/site-packages/oslo_service/backend/_threading/loopingcall.py:125}}
May 31 23:37:59.484924 np0000001832 nova-scheduler[95903]: DEBUG dbcounter [-] [95903] Writing DB stats nova_cell0:SELECT=1,nova_cell0:UPDATE=1 {{(pid=95903) stat_writer /opt/stack/data/venv/lib/python3.12/site-packages/dbcounter.py:115}}
May 31 23:37:59.485693 np0000001832 nova-scheduler[95903]: DEBUG oslo.service.backend._threading.loopingcall [None req-a707b828-c7b6-45a7-b55d-ec6385449e64 None None] Dynamic interval looping call 'nova.service.Service.periodic_tasks' sleeping for 60.00 seconds {{(pid=95903) _run_loop /opt/stack/data/venv/lib/python3.12/site-packages/oslo_service/backend/_threading/loopingcall.py:125}}
May 31 23:37:59.508193 np0000001832 nova-scheduler[95907]: DEBUG dbcounter [-] [95907] Writing DB stats nova_cell0:SELECT=1 {{(pid=95907) stat_writer /opt/stack/data/venv/lib/python3.12/site-packages/dbcounter.py:115}}
May 31 23:37:59.509103 np0000001832 nova-scheduler[95905]: DEBUG dbcounter [-] [95905] Writing DB stats nova_cell0:SELECT=1 {{(pid=95905) stat_writer /opt/stack/data/venv/lib/python3.12/site-packages/dbcounter.py:115}}
May 31 23:38:23.331762 np0000001832 nova-scheduler[95903]: DEBUG nova.scheduler.manager [None req-effbd272-069a-4dc8-a535-a2695518387d tempest-ServerBootFromVolumeStableRescueTest-313465898 tempest-ServerBootFromVolumeStableRescueTest-313465898-project-member] Starting to schedule for instances: ['ebee1b6e-f495-45b0-ac66-75bfa190ff01'] {{(pid=95903) select_destinations /opt/stack/nova/nova/scheduler/manager.py:210}}
May 31 23:38:23.333100 np0000001832 nova-scheduler[95903]: DEBUG nova.scheduler.request_filter [None req-effbd272-069a-4dc8-a535-a2695518387d tempest-ServerBootFromVolumeStableRescueTest-313465898 tempest-ServerBootFromVolumeStableRescueTest-313465898-project-member] compute_status_filter request filter added forbidden trait COMPUTE_STATUS_DISABLED {{(pid=95903) compute_status_filter /opt/stack/nova/nova/scheduler/request_filter.py:253}}
May 31 23:38:23.333281 np0000001832 nova-scheduler[95903]: DEBUG nova.scheduler.request_filter [None req-effbd272-069a-4dc8-a535-a2695518387d tempest-ServerBootFromVolumeStableRescueTest-313465898 tempest-ServerBootFromVolumeStableRescueTest-313465898-project-member] Request filter 'compute_status_filter' took 0.0 seconds {{(pid=95903) wrapper /opt/stack/nova/nova/scheduler/request_filter.py:46}}
May 31 23:38:23.333600 np0000001832 nova-scheduler[95903]: DEBUG nova.scheduler.request_filter [None req-effbd272-069a-4dc8-a535-a2695518387d tempest-ServerBootFromVolumeStableRescueTest-313465898 tempest-ServerBootFromVolumeStableRescueTest-313465898-project-member] Request filter 'accelerators_filter' took 0.0 seconds {{(pid=95903) wrapper /opt/stack/nova/nova/scheduler/request_filter.py:46}}
May 31 23:38:23.333922 np0000001832 nova-scheduler[95903]: DEBUG nova.scheduler.request_filter [None req-effbd272-069a-4dc8-a535-a2695518387d tempest-ServerBootFromVolumeStableRescueTest-313465898 tempest-ServerBootFromVolumeStableRescueTest-313465898-project-member] Request filter 'packed_virtqueue_filter' took 0.0 seconds {{(pid=95903) wrapper /opt/stack/nova/nova/scheduler/request_filter.py:46}}
May 31 23:38:23.334257 np0000001832 nova-scheduler[95903]: DEBUG nova.scheduler.request_filter [None req-effbd272-069a-4dc8-a535-a2695518387d tempest-ServerBootFromVolumeStableRescueTest-313465898 tempest-ServerBootFromVolumeStableRescueTest-313465898-project-member] Request filter 'remote_managed_ports_filter' took 0.0 seconds {{(pid=95903) wrapper /opt/stack/nova/nova/scheduler/request_filter.py:46}}
May 31 23:38:23.334474 np0000001832 nova-scheduler[95903]: DEBUG nova.scheduler.request_filter [None req-effbd272-069a-4dc8-a535-a2695518387d tempest-ServerBootFromVolumeStableRescueTest-313465898 tempest-ServerBootFromVolumeStableRescueTest-313465898-project-member] ephemeral_encryption_filter skipped {{(pid=95903) ephemeral_encryption_filter /opt/stack/nova/nova/scheduler/request_filter.py:426}}
May 31 23:38:23.334738 np0000001832 nova-scheduler[95903]: DEBUG nova.scheduler.request_filter [None req-effbd272-069a-4dc8-a535-a2695518387d tempest-ServerBootFromVolumeStableRescueTest-313465898 tempest-ServerBootFromVolumeStableRescueTest-313465898-project-member] virtio_sound_filter skipped {{(pid=95903) virtio_sound_filter /opt/stack/nova/nova/scheduler/request_filter.py:460}}
May 31 23:38:23.335197 np0000001832 nova-scheduler[95903]: DEBUG nova.scheduler.request_filter [None req-effbd272-069a-4dc8-a535-a2695518387d tempest-ServerBootFromVolumeStableRescueTest-313465898 tempest-ServerBootFromVolumeStableRescueTest-313465898-project-member] tpm_secret_security_filter skipped {{(pid=95903) tpm_secret_security_filter /opt/stack/nova/nova/scheduler/request_filter.py:477}}
May 31 23:38:23.820500 np0000001832 nova-scheduler[95903]: INFO nova.utils [None req-effbd272-069a-4dc8-a535-a2695518387d tempest-ServerBootFromVolumeStableRescueTest-313465898 tempest-ServerBootFromVolumeStableRescueTest-313465898-project-member] The cell worker thread pool ForkProcess-1.cell_worker is initialized
May 31 23:38:23.820832 np0000001832 nova-scheduler[95903]: DEBUG oslo_concurrency.lockutils [None req-effbd272-069a-4dc8-a535-a2695518387d tempest-ServerBootFromVolumeStableRescueTest-313465898 tempest-ServerBootFromVolumeStableRescueTest-313465898-project-member] Acquiring lock "a5921a68-1f30-4e5b-83c8-44c73497358c" by "nova.context.set_target_cell..get_or_set_cached_cell_and_set_connections" {{(pid=95903) inner /opt/stack/data/venv/lib/python3.12/site-packages/oslo_concurrency/lockutils.py:511}}
May 31 23:38:23.821074 np0000001832 nova-scheduler[95903]: DEBUG oslo_concurrency.lockutils [None req-effbd272-069a-4dc8-a535-a2695518387d tempest-ServerBootFromVolumeStableRescueTest-313465898 tempest-ServerBootFromVolumeStableRescueTest-313465898-project-member] Lock "a5921a68-1f30-4e5b-83c8-44c73497358c" acquired by "nova.context.set_target_cell..get_or_set_cached_cell_and_set_connections" :: waited 0.000s {{(pid=95903) inner /opt/stack/data/venv/lib/python3.12/site-packages/oslo_concurrency/lockutils.py:524}}
May 31 23:38:23.822393 np0000001832 nova-scheduler[95903]: DEBUG oslo_concurrency.lockutils [None req-effbd272-069a-4dc8-a535-a2695518387d tempest-ServerBootFromVolumeStableRescueTest-313465898 tempest-ServerBootFromVolumeStableRescueTest-313465898-project-member] Lock "a5921a68-1f30-4e5b-83c8-44c73497358c" "released" by "nova.context.set_target_cell..get_or_set_cached_cell_and_set_connections" :: held 0.001s {{(pid=95903) inner /opt/stack/data/venv/lib/python3.12/site-packages/oslo_concurrency/lockutils.py:543}}
May 31 23:38:23.824036 np0000001832 nova-scheduler[95903]: INFO dbcounter [None req-effbd272-069a-4dc8-a535-a2695518387d tempest-ServerBootFromVolumeStableRescueTest-313465898 tempest-ServerBootFromVolumeStableRescueTest-313465898-project-member] Registered counter for database nova_cell1
May 31 23:38:23.863867 np0000001832 nova-scheduler[95903]: DEBUG oslo_db.sqlalchemy.engines [None req-effbd272-069a-4dc8-a535-a2695518387d tempest-ServerBootFromVolumeStableRescueTest-313465898 tempest-ServerBootFromVolumeStableRescueTest-313465898-project-member] MySQL server mode set to STRICT_TRANS_TABLES,STRICT_ALL_TABLES,NO_ZERO_IN_DATE,NO_ZERO_DATE,ERROR_FOR_DIVISION_BY_ZERO,TRADITIONAL,NO_ENGINE_SUBSTITUTION {{(pid=95903) _check_effective_sql_mode /opt/stack/data/venv/lib/python3.12/site-packages/oslo_db/sqlalchemy/engines.py:325}}
May 31 23:38:23.871109 np0000001832 nova-scheduler[95903]: DEBUG dbcounter [-] [95903] Writer thread running {{(pid=95903) stat_writer /opt/stack/data/venv/lib/python3.12/site-packages/dbcounter.py:102}}
May 31 23:38:23.883642 np0000001832 nova-scheduler[95903]: DEBUG oslo_db.sqlalchemy.engines [None req-effbd272-069a-4dc8-a535-a2695518387d tempest-ServerBootFromVolumeStableRescueTest-313465898 tempest-ServerBootFromVolumeStableRescueTest-313465898-project-member] Parent process 94575 forked (95903) with an open database connection, which is being discarded and recreated. {{(pid=95903) checkout /opt/stack/data/venv/lib/python3.12/site-packages/oslo_db/sqlalchemy/engines.py:402}}
May 31 23:38:23.932382 np0000001832 nova-scheduler[95903]: DEBUG dbcounter [-] [95903] Writer thread running {{(pid=95903) stat_writer /opt/stack/data/venv/lib/python3.12/site-packages/dbcounter.py:102}}
May 31 23:38:23.936314 np0000001832 nova-scheduler[95903]: DEBUG oslo_concurrency.lockutils [None req-effbd272-069a-4dc8-a535-a2695518387d tempest-ServerBootFromVolumeStableRescueTest-313465898 tempest-ServerBootFromVolumeStableRescueTest-313465898-project-member] Acquiring lock "a5921a68-1f30-4e5b-83c8-44c73497358c" by "nova.context.set_target_cell..get_or_set_cached_cell_and_set_connections" {{(pid=95903) inner /opt/stack/data/venv/lib/python3.12/site-packages/oslo_concurrency/lockutils.py:511}}
May 31 23:38:23.936759 np0000001832 nova-scheduler[95903]: DEBUG oslo_concurrency.lockutils [None req-effbd272-069a-4dc8-a535-a2695518387d tempest-ServerBootFromVolumeStableRescueTest-313465898 tempest-ServerBootFromVolumeStableRescueTest-313465898-project-member] Lock "a5921a68-1f30-4e5b-83c8-44c73497358c" acquired by "nova.context.set_target_cell..get_or_set_cached_cell_and_set_connections" :: waited 0.000s {{(pid=95903) inner /opt/stack/data/venv/lib/python3.12/site-packages/oslo_concurrency/lockutils.py:524}}
May 31 23:38:23.936888 np0000001832 nova-scheduler[95903]: DEBUG oslo_concurrency.lockutils [None req-effbd272-069a-4dc8-a535-a2695518387d tempest-ServerBootFromVolumeStableRescueTest-313465898 tempest-ServerBootFromVolumeStableRescueTest-313465898-project-member] Lock "a5921a68-1f30-4e5b-83c8-44c73497358c" "released" by "nova.context.set_target_cell..get_or_set_cached_cell_and_set_connections" :: held 0.000s {{(pid=95903) inner /opt/stack/data/venv/lib/python3.12/site-packages/oslo_concurrency/lockutils.py:543}}
May 31 23:38:23.940966 np0000001832 nova-scheduler[95903]: DEBUG oslo_concurrency.lockutils [None req-effbd272-069a-4dc8-a535-a2695518387d tempest-ServerBootFromVolumeStableRescueTest-313465898 tempest-ServerBootFromVolumeStableRescueTest-313465898-project-member] Acquiring lock "('np0000001832', 'np0000001832')" by "nova.scheduler.host_manager.HostState.update.._locked_update" {{(pid=95903) inner /opt/stack/data/venv/lib/python3.12/site-packages/oslo_concurrency/lockutils.py:511}}
May 31 23:38:23.941159 np0000001832 nova-scheduler[95903]: DEBUG oslo_concurrency.lockutils [None req-effbd272-069a-4dc8-a535-a2695518387d tempest-ServerBootFromVolumeStableRescueTest-313465898 tempest-ServerBootFromVolumeStableRescueTest-313465898-project-member] Lock "('np0000001832', 'np0000001832')" acquired by "nova.scheduler.host_manager.HostState.update.._locked_update" :: waited 0.000s {{(pid=95903) inner /opt/stack/data/venv/lib/python3.12/site-packages/oslo_concurrency/lockutils.py:524}}
May 31 23:38:23.943324 np0000001832 nova-scheduler[95903]: DEBUG nova.scheduler.host_manager [None req-effbd272-069a-4dc8-a535-a2695518387d tempest-ServerBootFromVolumeStableRescueTest-313465898 tempest-ServerBootFromVolumeStableRescueTest-313465898-project-member] Update host state from compute node: ComputeNode(cpu_allocation_ratio=4.0,cpu_info='{"arch": "x86_64", "model": "EPYC-Milan", "vendor": "AMD", "topology": {"cells": 1, "sockets": 12, "cores": 1, "threads": 1}, "maxphysaddr": {"mode": "emulate", "bits": 40}, "features": ["mmxext", "rdpid", "lbrv", "arch-capabilities", "apic", "pse", "lm", "amd-ssbd", "xsave", "ibrs", "vme", "vgif", "fma", "avx2", "mtrr", "stibp-always-on", "popcnt", "pschange-mc-no", "abm", "xgetbv1", "pcid", "rdtscp", "pat", "cr8legacy", "amd-stibp", "nrip-save", "mmx", "sse2", "amd-psfd", "de", "xsavec", "svm", "npt", "sse4.2", "tsc_adjust", "fsrm", "sse4a", "mce", "erms", "sse4.1", "sha-ni", "pni", "aes", "nx", "tsc-deadline", "tsc-scale", "vmcb-clean", "f16c", "bmi2", "gds-no", "lahf_lm", "ssse3", "cx8", "ibpb", "vpclmulqdq", "fpu", "movbe", "pause-filter", "smep", "arat", "xsaveerptr", "clzero", "clflushopt", "fxsr", "umip", "no-nested-data-bp", "clwb", "sse", "cmp_legacy", "syscall", "wbnoinvd", "lfence-always-serializing", "virt-ssbd", "clflush", "rdseed", "3dnowprefetch", "rdrand", "perfctr_core", "stibp", "pfthreshold", "xsaves", "pae", "invpcid", "mca", "svme-addr-chk", "pclmuldq", "tsc", "vaes", "pdpe1gb", "topoext", "spec-ctrl", "cmov", "rdctl-no", "v-vmsave-vmload", "smap", "skip-l1dfl-vmentry", "avx", "pku", "hypervisor", "pse36", "xsaveopt", "cx16", "sep", "x2apic", "ssbd", "bmi1", "pge", "flushbyasid", "msr", "null-sel-clr-base", "fsgsbase", "misalignsse", "osvw", "fxsr_opt", "mds-no", "adx"]}',created_at=2026-05-31T23:36:09Z,current_workload=0,deleted=False,deleted_at=None,disk_allocation_ratio=1.0,disk_available_least=74,free_disk_gb=95,free_ram_mb=23518,host='np0000001832',host_ip=10.4.3.166,hypervisor_hostname='np0000001832',hypervisor_type='QEMU',hypervisor_version=8002002,id=1,local_gb=95,local_gb_used=0,mapped=1,memory_mb=24030,memory_mb_used=512,metrics='[]',numa_topology='{"nova_object.name": "NUMATopology", "nova_object.namespace": "nova", "nova_object.version": "1.2", "nova_object.data": {"cells": [{"nova_object.name": "NUMACell", "nova_object.namespace": "nova", "nova_object.version": "1.5", "nova_object.data": {"id": 0, "cpuset": [0, 1, 2, 3, 4, 5, 6, 7, 8, 9, 10, 11], "pcpuset": [0, 1, 2, 3, 4, 5, 6, 7, 8, 9, 10, 11], "memory": 24030, "cpu_usage": 0, "memory_usage": 0, "pinned_cpus": [], "siblings": [[6], [2], [5], [11], [8], [4], [1], [7], [10], [0], [3], [9]], "mempages": [{"nova_object.name": "NUMAPagesTopology", "nova_object.namespace": "nova", "nova_object.version": "1.1", "nova_object.data": {"size_kb": 4, "total": 6151799, "used": 0, "reserved": 0}, "nova_object.changes": ["total", "used", "size_kb", "reserved"]}, {"nova_object.name": "NUMAPagesTopology", "nova_object.namespace": "nova", "nova_object.version": "1.1", "nova_object.data": {"size_kb": 2048, "total": 0, "used": 0, "reserved": 0}, "nova_object.changes": ["total", "used", "size_kb", "reserved"]}, {"nova_object.name": "NUMAPagesTopology", "nova_object.namespace": "nova", "nova_object.version": "1.1", "nova_object.data": {"size_kb": 1048576, "total": 0, "used": 0, "reserved": 0}, "nova_object.changes": ["total", "used", "size_kb", "reserved"]}], "network_metadata": {"nova_object.name": "NetworkMetadata", "nova_object.namespace": "nova", "nova_object.version": "1.0", "nova_object.data": {"physnets": [], "tunneled": false}, "nova_object.changes": ["physnets", "tunneled"]}, "socket": null}, "nova_object.changes": ["network_metadata", "socket", "mempages", "memory_usage", "pinned_cpus", "memory", "id", "pcpuset", "cpu_usage", "cpuset", "siblings"]}]}, "nova_object.changes": ["cells"]}',pci_device_pools=PciDevicePoolList,ram_allocation_ratio=1.0,running_vms=0,service_id=2,stats={failed_builds='0',uptime=' 23:37:55 up 27 min, 2 users, load average: 1.49, 1.54, 0.87
May 31 23:38:23.943324 np0000001832 nova-scheduler[95903]: '},supported_hv_specs=[HVSpec,HVSpec,HVSpec,HVSpec,HVSpec,HVSpec,HVSpec,HVSpec,HVSpec,HVSpec,HVSpec,HVSpec,HVSpec,HVSpec,HVSpec,HVSpec,HVSpec,HVSpec,HVSpec,HVSpec,HVSpec,HVSpec,HVSpec,HVSpec,HVSpec],updated_at=2026-05-31T23:37:57Z,uuid=dc884bcb-0c13-46d2-9ef0-6e92679747b6,vcpus=12,vcpus_used=0) {{(pid=95903) _locked_update /opt/stack/nova/nova/scheduler/host_manager.py:168}}
May 31 23:38:23.943324 np0000001832 nova-scheduler[95903]: DEBUG nova.scheduler.host_manager [None req-effbd272-069a-4dc8-a535-a2695518387d tempest-ServerBootFromVolumeStableRescueTest-313465898 tempest-ServerBootFromVolumeStableRescueTest-313465898-project-member] Update host state with aggregates: [] {{(pid=95903) _locked_update /opt/stack/nova/nova/scheduler/host_manager.py:171}}
May 31 23:38:23.943324 np0000001832 nova-scheduler[95903]: DEBUG nova.scheduler.host_manager [None req-effbd272-069a-4dc8-a535-a2695518387d tempest-ServerBootFromVolumeStableRescueTest-313465898 tempest-ServerBootFromVolumeStableRescueTest-313465898-project-member] Update host state with service dict: {'id': 2, 'uuid': '5688e270-dd4d-411c-9f50-6bdb7c6c4663', 'host': 'np0000001832', 'binary': 'nova-compute', 'topic': 'compute', 'report_count': 2, 'disabled': False, 'disabled_reason': None, 'last_seen_up': datetime.datetime(2026, 5, 31, 23, 38, 18, tzinfo=datetime.timezone.utc), 'forced_down': False, 'version': 72, 'created_at': datetime.datetime(2026, 5, 31, 23, 36, 8, tzinfo=datetime.timezone.utc), 'updated_at': datetime.datetime(2026, 5, 31, 23, 38, 18, tzinfo=datetime.timezone.utc), 'deleted_at': None, 'deleted': False} {{(pid=95903) _locked_update /opt/stack/nova/nova/scheduler/host_manager.py:174}}
May 31 23:38:23.943324 np0000001832 nova-scheduler[95903]: DEBUG nova.scheduler.host_manager [None req-effbd272-069a-4dc8-a535-a2695518387d tempest-ServerBootFromVolumeStableRescueTest-313465898 tempest-ServerBootFromVolumeStableRescueTest-313465898-project-member] Update host state with instances: [] {{(pid=95903) _locked_update /opt/stack/nova/nova/scheduler/host_manager.py:177}}
May 31 23:38:23.943701 np0000001832 nova-scheduler[95903]: DEBUG oslo_concurrency.lockutils [None req-effbd272-069a-4dc8-a535-a2695518387d tempest-ServerBootFromVolumeStableRescueTest-313465898 tempest-ServerBootFromVolumeStableRescueTest-313465898-project-member] Lock "('np0000001832', 'np0000001832')" "released" by "nova.scheduler.host_manager.HostState.update.._locked_update" :: held 0.002s {{(pid=95903) inner /opt/stack/data/venv/lib/python3.12/site-packages/oslo_concurrency/lockutils.py:543}}
May 31 23:38:23.943813 np0000001832 nova-scheduler[95903]: DEBUG nova.filters [None req-effbd272-069a-4dc8-a535-a2695518387d tempest-ServerBootFromVolumeStableRescueTest-313465898 tempest-ServerBootFromVolumeStableRescueTest-313465898-project-member] Starting with 1 host(s) {{(pid=95903) get_filtered_objects /opt/stack/nova/nova/filters.py:70}}
May 31 23:38:23.944211 np0000001832 nova-scheduler[95903]: DEBUG nova.filters [None req-effbd272-069a-4dc8-a535-a2695518387d tempest-ServerBootFromVolumeStableRescueTest-313465898 tempest-ServerBootFromVolumeStableRescueTest-313465898-project-member] Filter ComputeFilter returned 1 host(s) {{(pid=95903) get_filtered_objects /opt/stack/nova/nova/filters.py:102}}
May 31 23:38:23.944211 np0000001832 nova-scheduler[95903]: DEBUG nova.filters [None req-effbd272-069a-4dc8-a535-a2695518387d tempest-ServerBootFromVolumeStableRescueTest-313465898 tempest-ServerBootFromVolumeStableRescueTest-313465898-project-member] Filter ComputeCapabilitiesFilter returned 1 host(s) {{(pid=95903) get_filtered_objects /opt/stack/nova/nova/filters.py:102}}
May 31 23:38:23.944494 np0000001832 nova-scheduler[95903]: DEBUG nova.filters [None req-effbd272-069a-4dc8-a535-a2695518387d tempest-ServerBootFromVolumeStableRescueTest-313465898 tempest-ServerBootFromVolumeStableRescueTest-313465898-project-member] Filter ImagePropertiesFilter returned 1 host(s) {{(pid=95903) get_filtered_objects /opt/stack/nova/nova/filters.py:102}}
May 31 23:38:23.944576 np0000001832 nova-scheduler[95903]: DEBUG nova.filters [None req-effbd272-069a-4dc8-a535-a2695518387d tempest-ServerBootFromVolumeStableRescueTest-313465898 tempest-ServerBootFromVolumeStableRescueTest-313465898-project-member] Filter ServerGroupAntiAffinityFilter returned 1 host(s) {{(pid=95903) get_filtered_objects /opt/stack/nova/nova/filters.py:102}}
May 31 23:38:23.944787 np0000001832 nova-scheduler[95903]: DEBUG nova.filters [None req-effbd272-069a-4dc8-a535-a2695518387d tempest-ServerBootFromVolumeStableRescueTest-313465898 tempest-ServerBootFromVolumeStableRescueTest-313465898-project-member] Filter ServerGroupAffinityFilter returned 1 host(s) {{(pid=95903) get_filtered_objects /opt/stack/nova/nova/filters.py:102}}
May 31 23:38:23.945223 np0000001832 nova-scheduler[95903]: DEBUG nova.filters [None req-effbd272-069a-4dc8-a535-a2695518387d tempest-ServerBootFromVolumeStableRescueTest-313465898 tempest-ServerBootFromVolumeStableRescueTest-313465898-project-member] Filter SameHostFilter returned 1 host(s) {{(pid=95903) get_filtered_objects /opt/stack/nova/nova/filters.py:102}}
May 31 23:38:23.945223 np0000001832 nova-scheduler[95903]: DEBUG nova.filters [None req-effbd272-069a-4dc8-a535-a2695518387d tempest-ServerBootFromVolumeStableRescueTest-313465898 tempest-ServerBootFromVolumeStableRescueTest-313465898-project-member] Filter DifferentHostFilter returned 1 host(s) {{(pid=95903) get_filtered_objects /opt/stack/nova/nova/filters.py:102}}
May 31 23:38:23.945223 np0000001832 nova-scheduler[95903]: DEBUG nova.scheduler.manager [None req-effbd272-069a-4dc8-a535-a2695518387d tempest-ServerBootFromVolumeStableRescueTest-313465898 tempest-ServerBootFromVolumeStableRescueTest-313465898-project-member] Filtered [(np0000001832, np0000001832) ram: 23518MB disk: 75776MB io_ops: 0 instances: 0, allocation_candidates: 1] {{(pid=95903) _get_sorted_hosts /opt/stack/nova/nova/scheduler/manager.py:743}}
May 31 23:38:23.946586 np0000001832 nova-scheduler[95903]: DEBUG nova.scheduler.manager [None req-effbd272-069a-4dc8-a535-a2695518387d tempest-ServerBootFromVolumeStableRescueTest-313465898 tempest-ServerBootFromVolumeStableRescueTest-313465898-project-member] Weighed [WeighedHost [host: (np0000001832, np0000001832) ram: 23518MB disk: 75776MB io_ops: 0 instances: 0, allocation_candidates: 1, weight: 0.0]] {{(pid=95903) _get_sorted_hosts /opt/stack/nova/nova/scheduler/manager.py:765}}
May 31 23:38:23.946586 np0000001832 nova-scheduler[95903]: DEBUG nova.scheduler.utils [None req-effbd272-069a-4dc8-a535-a2695518387d tempest-ServerBootFromVolumeStableRescueTest-313465898 tempest-ServerBootFromVolumeStableRescueTest-313465898-project-member] Attempting to claim resources in the placement API for instance ebee1b6e-f495-45b0-ac66-75bfa190ff01 {{(pid=95903) claim_resources /opt/stack/nova/nova/scheduler/utils.py:1304}}
May 31 23:38:24.089370 np0000001832 nova-scheduler[95903]: DEBUG nova.scheduler.manager [None req-effbd272-069a-4dc8-a535-a2695518387d tempest-ServerBootFromVolumeStableRescueTest-313465898 tempest-ServerBootFromVolumeStableRescueTest-313465898-project-member] [instance: ebee1b6e-f495-45b0-ac66-75bfa190ff01] Selected host: (np0000001832, np0000001832) ram: 23518MB disk: 75776MB io_ops: 0 instances: 0, allocation_candidates: 1 {{(pid=95903) _consume_selected_host /opt/stack/nova/nova/scheduler/manager.py:625}}
May 31 23:38:24.089664 np0000001832 nova-scheduler[95903]: DEBUG oslo_concurrency.lockutils [None req-effbd272-069a-4dc8-a535-a2695518387d tempest-ServerBootFromVolumeStableRescueTest-313465898 tempest-ServerBootFromVolumeStableRescueTest-313465898-project-member] Acquiring lock "('np0000001832', 'np0000001832')" by "nova.scheduler.host_manager.HostState.consume_from_request.._locked" {{(pid=95903) inner /opt/stack/data/venv/lib/python3.12/site-packages/oslo_concurrency/lockutils.py:511}}
May 31 23:38:24.089885 np0000001832 nova-scheduler[95903]: DEBUG oslo_concurrency.lockutils [None req-effbd272-069a-4dc8-a535-a2695518387d tempest-ServerBootFromVolumeStableRescueTest-313465898 tempest-ServerBootFromVolumeStableRescueTest-313465898-project-member] Lock "('np0000001832', 'np0000001832')" acquired by "nova.scheduler.host_manager.HostState.consume_from_request.._locked" :: waited 0.000s {{(pid=95903) inner /opt/stack/data/venv/lib/python3.12/site-packages/oslo_concurrency/lockutils.py:524}}
May 31 23:38:24.090113 np0000001832 nova-scheduler[95903]: DEBUG oslo_concurrency.lockutils [None req-effbd272-069a-4dc8-a535-a2695518387d tempest-ServerBootFromVolumeStableRescueTest-313465898 tempest-ServerBootFromVolumeStableRescueTest-313465898-project-member] Lock "('np0000001832', 'np0000001832')" "released" by "nova.scheduler.host_manager.HostState.consume_from_request.._locked" :: held 0.000s {{(pid=95903) inner /opt/stack/data/venv/lib/python3.12/site-packages/oslo_concurrency/lockutils.py:543}}
May 31 23:38:33.939709 np0000001832 nova-scheduler[95903]: DEBUG dbcounter [-] [95903] Writing DB stats nova_cell1:SELECT=3 {{(pid=95903) stat_writer /opt/stack/data/venv/lib/python3.12/site-packages/dbcounter.py:115}}
May 31 23:38:36.509883 np0000001832 nova-scheduler[95905]: DEBUG oslo.service.backend._threading.loopingcall [None req-a53bea8a-ae79-403d-b135-94be4c2a5b93 None None] Dynamic interval looping call 'nova.service.Service.periodic_tasks' sleeping for 60.00 seconds {{(pid=95905) _run_loop /opt/stack/data/venv/lib/python3.12/site-packages/oslo_service/backend/_threading/loopingcall.py:125}}
May 31 23:38:36.861598 np0000001832 nova-scheduler[95905]: DEBUG nova.scheduler.manager [None req-c87c70e6-53ba-4f61-88d9-d5e32b226ede tempest-TaggedAttachmentsTest-574742023 tempest-TaggedAttachmentsTest-574742023-project-member] Starting to schedule for instances: ['d4cf74e1-5648-4b32-948c-547a7b265794'] {{(pid=95905) select_destinations /opt/stack/nova/nova/scheduler/manager.py:210}}
May 31 23:38:36.862379 np0000001832 nova-scheduler[95905]: DEBUG nova.scheduler.request_filter [None req-c87c70e6-53ba-4f61-88d9-d5e32b226ede tempest-TaggedAttachmentsTest-574742023 tempest-TaggedAttachmentsTest-574742023-project-member] compute_status_filter request filter added forbidden trait COMPUTE_STATUS_DISABLED {{(pid=95905) compute_status_filter /opt/stack/nova/nova/scheduler/request_filter.py:253}}
May 31 23:38:36.862559 np0000001832 nova-scheduler[95905]: DEBUG nova.scheduler.request_filter [None req-c87c70e6-53ba-4f61-88d9-d5e32b226ede tempest-TaggedAttachmentsTest-574742023 tempest-TaggedAttachmentsTest-574742023-project-member] Request filter 'compute_status_filter' took 0.0 seconds {{(pid=95905) wrapper /opt/stack/nova/nova/scheduler/request_filter.py:46}}
May 31 23:38:36.862859 np0000001832 nova-scheduler[95905]: DEBUG nova.scheduler.request_filter [None req-c87c70e6-53ba-4f61-88d9-d5e32b226ede tempest-TaggedAttachmentsTest-574742023 tempest-TaggedAttachmentsTest-574742023-project-member] Request filter 'accelerators_filter' took 0.0 seconds {{(pid=95905) wrapper /opt/stack/nova/nova/scheduler/request_filter.py:46}}
May 31 23:38:36.863117 np0000001832 nova-scheduler[95905]: DEBUG nova.scheduler.request_filter [None req-c87c70e6-53ba-4f61-88d9-d5e32b226ede tempest-TaggedAttachmentsTest-574742023 tempest-TaggedAttachmentsTest-574742023-project-member] Request filter 'packed_virtqueue_filter' took 0.0 seconds {{(pid=95905) wrapper /opt/stack/nova/nova/scheduler/request_filter.py:46}}
May 31 23:38:36.863466 np0000001832 nova-scheduler[95905]: DEBUG nova.scheduler.request_filter [None req-c87c70e6-53ba-4f61-88d9-d5e32b226ede tempest-TaggedAttachmentsTest-574742023 tempest-TaggedAttachmentsTest-574742023-project-member] Request filter 'remote_managed_ports_filter' took 0.0 seconds {{(pid=95905) wrapper /opt/stack/nova/nova/scheduler/request_filter.py:46}}
May 31 23:38:36.863690 np0000001832 nova-scheduler[95905]: DEBUG nova.scheduler.request_filter [None req-c87c70e6-53ba-4f61-88d9-d5e32b226ede tempest-TaggedAttachmentsTest-574742023 tempest-TaggedAttachmentsTest-574742023-project-member] ephemeral_encryption_filter skipped {{(pid=95905) ephemeral_encryption_filter /opt/stack/nova/nova/scheduler/request_filter.py:426}}
May 31 23:38:36.863900 np0000001832 nova-scheduler[95905]: DEBUG nova.scheduler.request_filter [None req-c87c70e6-53ba-4f61-88d9-d5e32b226ede tempest-TaggedAttachmentsTest-574742023 tempest-TaggedAttachmentsTest-574742023-project-member] virtio_sound_filter skipped {{(pid=95905) virtio_sound_filter /opt/stack/nova/nova/scheduler/request_filter.py:460}}
May 31 23:38:36.864098 np0000001832 nova-scheduler[95905]: DEBUG nova.scheduler.request_filter [None req-c87c70e6-53ba-4f61-88d9-d5e32b226ede tempest-TaggedAttachmentsTest-574742023 tempest-TaggedAttachmentsTest-574742023-project-member] tpm_secret_security_filter skipped {{(pid=95905) tpm_secret_security_filter /opt/stack/nova/nova/scheduler/request_filter.py:477}}
May 31 23:38:36.997151 np0000001832 nova-scheduler[95905]: INFO nova.utils [None req-c87c70e6-53ba-4f61-88d9-d5e32b226ede tempest-TaggedAttachmentsTest-574742023 tempest-TaggedAttachmentsTest-574742023-project-member] The cell worker thread pool ForkProcess-2.cell_worker is initialized
May 31 23:38:36.997568 np0000001832 nova-scheduler[95905]: DEBUG oslo_concurrency.lockutils [None req-c87c70e6-53ba-4f61-88d9-d5e32b226ede tempest-TaggedAttachmentsTest-574742023 tempest-TaggedAttachmentsTest-574742023-project-member] Acquiring lock "a5921a68-1f30-4e5b-83c8-44c73497358c" by "nova.context.set_target_cell..get_or_set_cached_cell_and_set_connections" {{(pid=95905) inner /opt/stack/data/venv/lib/python3.12/site-packages/oslo_concurrency/lockutils.py:511}}
May 31 23:38:36.998210 np0000001832 nova-scheduler[95905]: DEBUG oslo_concurrency.lockutils [None req-c87c70e6-53ba-4f61-88d9-d5e32b226ede tempest-TaggedAttachmentsTest-574742023 tempest-TaggedAttachmentsTest-574742023-project-member] Lock "a5921a68-1f30-4e5b-83c8-44c73497358c" acquired by "nova.context.set_target_cell..get_or_set_cached_cell_and_set_connections" :: waited 0.001s {{(pid=95905) inner /opt/stack/data/venv/lib/python3.12/site-packages/oslo_concurrency/lockutils.py:524}}
May 31 23:38:37.000112 np0000001832 nova-scheduler[95905]: DEBUG oslo_concurrency.lockutils [None req-c87c70e6-53ba-4f61-88d9-d5e32b226ede tempest-TaggedAttachmentsTest-574742023 tempest-TaggedAttachmentsTest-574742023-project-member] Lock "a5921a68-1f30-4e5b-83c8-44c73497358c" "released" by "nova.context.set_target_cell..get_or_set_cached_cell_and_set_connections" :: held 0.002s {{(pid=95905) inner /opt/stack/data/venv/lib/python3.12/site-packages/oslo_concurrency/lockutils.py:543}}
May 31 23:38:37.001635 np0000001832 nova-scheduler[95905]: INFO dbcounter [None req-c87c70e6-53ba-4f61-88d9-d5e32b226ede tempest-TaggedAttachmentsTest-574742023 tempest-TaggedAttachmentsTest-574742023-project-member] Registered counter for database nova_cell1
May 31 23:38:37.042007 np0000001832 nova-scheduler[95905]: DEBUG oslo_db.sqlalchemy.engines [None req-c87c70e6-53ba-4f61-88d9-d5e32b226ede tempest-TaggedAttachmentsTest-574742023 tempest-TaggedAttachmentsTest-574742023-project-member] MySQL server mode set to STRICT_TRANS_TABLES,STRICT_ALL_TABLES,NO_ZERO_IN_DATE,NO_ZERO_DATE,ERROR_FOR_DIVISION_BY_ZERO,TRADITIONAL,NO_ENGINE_SUBSTITUTION {{(pid=95905) _check_effective_sql_mode /opt/stack/data/venv/lib/python3.12/site-packages/oslo_db/sqlalchemy/engines.py:325}}
May 31 23:38:37.047471 np0000001832 nova-scheduler[95905]: DEBUG dbcounter [-] [95905] Writer thread running {{(pid=95905) stat_writer /opt/stack/data/venv/lib/python3.12/site-packages/dbcounter.py:102}}
May 31 23:38:37.100114 np0000001832 nova-scheduler[95905]: DEBUG dbcounter [-] [95905] Writer thread running {{(pid=95905) stat_writer /opt/stack/data/venv/lib/python3.12/site-packages/dbcounter.py:102}}
May 31 23:38:37.103042 np0000001832 nova-scheduler[95905]: DEBUG oslo_concurrency.lockutils [None req-c87c70e6-53ba-4f61-88d9-d5e32b226ede tempest-TaggedAttachmentsTest-574742023 tempest-TaggedAttachmentsTest-574742023-project-member] Acquiring lock "a5921a68-1f30-4e5b-83c8-44c73497358c" by "nova.context.set_target_cell..get_or_set_cached_cell_and_set_connections" {{(pid=95905) inner /opt/stack/data/venv/lib/python3.12/site-packages/oslo_concurrency/lockutils.py:511}}
May 31 23:38:37.103203 np0000001832 nova-scheduler[95905]: DEBUG oslo_concurrency.lockutils [None req-c87c70e6-53ba-4f61-88d9-d5e32b226ede tempest-TaggedAttachmentsTest-574742023 tempest-TaggedAttachmentsTest-574742023-project-member] Lock "a5921a68-1f30-4e5b-83c8-44c73497358c" acquired by "nova.context.set_target_cell..get_or_set_cached_cell_and_set_connections" :: waited 0.000s {{(pid=95905) inner /opt/stack/data/venv/lib/python3.12/site-packages/oslo_concurrency/lockutils.py:524}}
May 31 23:38:37.103337 np0000001832 nova-scheduler[95905]: DEBUG oslo_concurrency.lockutils [None req-c87c70e6-53ba-4f61-88d9-d5e32b226ede tempest-TaggedAttachmentsTest-574742023 tempest-TaggedAttachmentsTest-574742023-project-member] Lock "a5921a68-1f30-4e5b-83c8-44c73497358c" "released" by "nova.context.set_target_cell..get_or_set_cached_cell_and_set_connections" :: held 0.000s {{(pid=95905) inner /opt/stack/data/venv/lib/python3.12/site-packages/oslo_concurrency/lockutils.py:543}}
May 31 23:38:37.109629 np0000001832 nova-scheduler[95905]: DEBUG oslo_concurrency.lockutils [None req-c87c70e6-53ba-4f61-88d9-d5e32b226ede tempest-TaggedAttachmentsTest-574742023 tempest-TaggedAttachmentsTest-574742023-project-member] Acquiring lock "('np0000001832', 'np0000001832')" by "nova.scheduler.host_manager.HostState.update.._locked_update" {{(pid=95905) inner /opt/stack/data/venv/lib/python3.12/site-packages/oslo_concurrency/lockutils.py:511}}
May 31 23:38:37.109855 np0000001832 nova-scheduler[95905]: DEBUG oslo_concurrency.lockutils [None req-c87c70e6-53ba-4f61-88d9-d5e32b226ede tempest-TaggedAttachmentsTest-574742023 tempest-TaggedAttachmentsTest-574742023-project-member] Lock "('np0000001832', 'np0000001832')" acquired by "nova.scheduler.host_manager.HostState.update.._locked_update" :: waited 0.000s {{(pid=95905) inner /opt/stack/data/venv/lib/python3.12/site-packages/oslo_concurrency/lockutils.py:524}}
