Jun 17 13:52:55.543183 np0000003056 devstack@g-api.service[102086]: DEBUG glance_store._drivers.swift.store [None req-3c82253c-a339-49bd-a194-f67c3e6b12ce tempest-VolumesActionsTest-407160460 tempest-VolumesActionsTest-407160460-project-member] Wrote chunk 253d8440-63f5-4de6-a854-5a2f0910bb6a-00002 (2/?) of length 204800000 to Swift returning MD5 of content: eda9a9889837ac4bc81d6387d92c1bec {{(pid=102086) add /opt/stack/data/venv/lib/python3.12/site-packages/glance_store/_drivers/swift/store.py:1059}}
Jun 17 13:52:56.194606 np0000003056 devstack@g-api.service[102085]: DEBUG glance.api.middleware.version_negotiation [None req-bde7027d-3c15-42ff-b305-86956076d0ae tempest-VolumesActionsTest-407160460 tempest-VolumesActionsTest-407160460-project-member] Determining version of request: GET /v2/images/253d8440-63f5-4de6-a854-5a2f0910bb6a Accept: application/json {{(pid=102085) process_request /opt/stack/glance/glance/api/middleware/version_negotiation.py:44}}
Jun 17 13:52:56.195040 np0000003056 devstack@g-api.service[102085]: DEBUG glance.api.middleware.version_negotiation [None req-bde7027d-3c15-42ff-b305-86956076d0ae tempest-VolumesActionsTest-407160460 tempest-VolumesActionsTest-407160460-project-member] Using url versioning {{(pid=102085) process_request /opt/stack/glance/glance/api/middleware/version_negotiation.py:57}}
Jun 17 13:52:56.195040 np0000003056 devstack@g-api.service[102085]: DEBUG glance.api.middleware.version_negotiation [None req-bde7027d-3c15-42ff-b305-86956076d0ae tempest-VolumesActionsTest-407160460 tempest-VolumesActionsTest-407160460-project-member] Matched version: v2 {{(pid=102085) process_request /opt/stack/glance/glance/api/middleware/version_negotiation.py:69}}
Jun 17 13:52:56.195248 np0000003056 devstack@g-api.service[102085]: DEBUG glance.api.middleware.version_negotiation [None req-bde7027d-3c15-42ff-b305-86956076d0ae tempest-VolumesActionsTest-407160460 tempest-VolumesActionsTest-407160460-project-member] new path /v2/images/253d8440-63f5-4de6-a854-5a2f0910bb6a {{(pid=102085) process_request /opt/stack/glance/glance/api/middleware/version_negotiation.py:70}}
Jun 17 13:52:56.209350 np0000003056 devstack@g-api.service[102085]: [pid: 102085|app: 0|req: 111/324] 127.0.0.1 () {40 vars in 838 bytes} [Wed Jun 17 13:52:56 2026] GET /v2/images/253d8440-63f5-4de6-a854-5a2f0910bb6a => generated 650 bytes in 15 msecs (HTTP/1.1 200) 4 headers in 157 bytes (1 switches on core 0)
Jun 17 13:52:57.223677 np0000003056 devstack@g-api.service[102084]: DEBUG glance.api.middleware.version_negotiation [None req-6b0554a3-342a-4950-a3e6-55a529bf044a tempest-VolumesActionsTest-407160460 tempest-VolumesActionsTest-407160460-project-member] Determining version of request: GET /v2/images/253d8440-63f5-4de6-a854-5a2f0910bb6a Accept: application/json {{(pid=102084) process_request /opt/stack/glance/glance/api/middleware/version_negotiation.py:44}}
Jun 17 13:52:57.224203 np0000003056 devstack@g-api.service[102084]: DEBUG glance.api.middleware.version_negotiation [None req-6b0554a3-342a-4950-a3e6-55a529bf044a tempest-VolumesActionsTest-407160460 tempest-VolumesActionsTest-407160460-project-member] Using url versioning {{(pid=102084) process_request /opt/stack/glance/glance/api/middleware/version_negotiation.py:57}}
Jun 17 13:52:57.224203 np0000003056 devstack@g-api.service[102084]: DEBUG glance.api.middleware.version_negotiation [None req-6b0554a3-342a-4950-a3e6-55a529bf044a tempest-VolumesActionsTest-407160460 tempest-VolumesActionsTest-407160460-project-member] Matched version: v2 {{(pid=102084) process_request /opt/stack/glance/glance/api/middleware/version_negotiation.py:69}}
Jun 17 13:52:57.224203 np0000003056 devstack@g-api.service[102084]: DEBUG glance.api.middleware.version_negotiation [None req-6b0554a3-342a-4950-a3e6-55a529bf044a tempest-VolumesActionsTest-407160460 tempest-VolumesActionsTest-407160460-project-member] new path /v2/images/253d8440-63f5-4de6-a854-5a2f0910bb6a {{(pid=102084) process_request /opt/stack/glance/glance/api/middleware/version_negotiation.py:70}}
Jun 17 13:52:57.251720 np0000003056 devstack@g-api.service[102084]: [pid: 102084|app: 0|req: 112/325] 127.0.0.1 () {40 vars in 838 bytes} [Wed Jun 17 13:52:57 2026] GET /v2/images/253d8440-63f5-4de6-a854-5a2f0910bb6a => generated 650 bytes in 25 msecs (HTTP/1.1 200) 4 headers in 157 bytes (1 switches on core 0)
Jun 17 13:52:57.795547 np0000003056 devstack@g-api.service[102086]: DEBUG swiftclient [None req-3c82253c-a339-49bd-a194-f67c3e6b12ce tempest-VolumesActionsTest-407160460 tempest-VolumesActionsTest-407160460-project-member] REQ: curl -i https://10.4.3.136:8080/v1/AUTH_64c9f84421504209afc9d1d8598918af/glance/253d8440-63f5-4de6-a854-5a2f0910bb6a-00003 -X PUT -H "X-Auth-Token: gAAAAABqMqaxr6ev..." {{(pid=102086) http_log /opt/stack/data/venv/lib/python3.12/site-packages/swiftclient/client.py:160}}
Jun 17 13:52:57.796239 np0000003056 devstack@g-api.service[102086]: DEBUG swiftclient [None req-3c82253c-a339-49bd-a194-f67c3e6b12ce tempest-VolumesActionsTest-407160460 tempest-VolumesActionsTest-407160460-project-member] RESP STATUS: 201 Created {{(pid=102086) http_log /opt/stack/data/venv/lib/python3.12/site-packages/swiftclient/client.py:161}}
Jun 17 13:52:57.797294 np0000003056 devstack@g-api.service[102086]: DEBUG swiftclient [None req-3c82253c-a339-49bd-a194-f67c3e6b12ce tempest-VolumesActionsTest-407160460 tempest-VolumesActionsTest-407160460-project-member] RESP HEADERS: {'Date': 'Wed, 17 Jun 2026 13:52:57 GMT', 'Server': 'Apache/2.4.58 (Ubuntu)', 'Content-Type': 'text/html; charset=UTF-8', 'Content-Length': '0', 'Etag': 'eda9a9889837ac4bc81d6387d92c1bec', 'Last-Modified': 'Wed, 17 Jun 2026 13:52:56 GMT', 'X-Trans-Id': 'tx31e4afa11b434c6184123-006a32a6b7', 'X-Openstack-Request-Id': 'tx31e4afa11b434c6184123-006a32a6b7', 'Connection': 'close'} {{(pid=102086) http_log /opt/stack/data/venv/lib/python3.12/site-packages/swiftclient/client.py:162}}
Jun 17 13:52:57.797523 np0000003056 devstack@g-api.service[102086]: DEBUG glance_store._drivers.swift.store [None req-3c82253c-a339-49bd-a194-f67c3e6b12ce tempest-VolumesActionsTest-407160460 tempest-VolumesActionsTest-407160460-project-member] Wrote chunk 253d8440-63f5-4de6-a854-5a2f0910bb6a-00003 (3/?) of length 204800000 to Swift returning MD5 of content: eda9a9889837ac4bc81d6387d92c1bec {{(pid=102086) add /opt/stack/data/venv/lib/python3.12/site-packages/glance_store/_drivers/swift/store.py:1059}}
Jun 17 13:52:58.260748 np0000003056 devstack@g-api.service[102085]: DEBUG glance.api.middleware.version_negotiation [None req-0103cae5-6b45-44ee-9055-9cc0f4fcec3e tempest-VolumesActionsTest-407160460 tempest-VolumesActionsTest-407160460-project-member] Determining version of request: GET /v2/images/253d8440-63f5-4de6-a854-5a2f0910bb6a Accept: application/json {{(pid=102085) process_request /opt/stack/glance/glance/api/middleware/version_negotiation.py:44}}
Jun 17 13:52:58.260748 np0000003056 devstack@g-api.service[102085]: DEBUG glance.api.middleware.version_negotiation [None req-0103cae5-6b45-44ee-9055-9cc0f4fcec3e tempest-VolumesActionsTest-407160460 tempest-VolumesActionsTest-407160460-project-member] Using url versioning {{(pid=102085) process_request /opt/stack/glance/glance/api/middleware/version_negotiation.py:57}}
Jun 17 13:52:58.261298 np0000003056 devstack@g-api.service[102085]: DEBUG glance.api.middleware.version_negotiation [None req-0103cae5-6b45-44ee-9055-9cc0f4fcec3e tempest-VolumesActionsTest-407160460 tempest-VolumesActionsTest-407160460-project-member] Matched version: v2 {{(pid=102085) process_request /opt/stack/glance/glance/api/middleware/version_negotiation.py:69}}
Jun 17 13:52:58.261298 np0000003056 devstack@g-api.service[102085]: DEBUG glance.api.middleware.version_negotiation [None req-0103cae5-6b45-44ee-9055-9cc0f4fcec3e tempest-VolumesActionsTest-407160460 tempest-VolumesActionsTest-407160460-project-member] new path /v2/images/253d8440-63f5-4de6-a854-5a2f0910bb6a {{(pid=102085) process_request /opt/stack/glance/glance/api/middleware/version_negotiation.py:70}}
Jun 17 13:52:58.287505 np0000003056 devstack@g-api.service[102085]: [pid: 102085|app: 0|req: 112/326] 127.0.0.1 () {40 vars in 838 bytes} [Wed Jun 17 13:52:58 2026] GET /v2/images/253d8440-63f5-4de6-a854-5a2f0910bb6a => generated 650 bytes in 26 msecs (HTTP/1.1 200) 4 headers in 157 bytes (1 switches on core 0)
Jun 17 13:52:59.303675 np0000003056 devstack@g-api.service[102084]: DEBUG glance.api.middleware.version_negotiation [None req-193362bb-f034-488b-bf3c-d5b20e8ee84b tempest-VolumesActionsTest-407160460 tempest-VolumesActionsTest-407160460-project-member] Determining version of request: GET /v2/images/253d8440-63f5-4de6-a854-5a2f0910bb6a Accept: application/json {{(pid=102084) process_request /opt/stack/glance/glance/api/middleware/version_negotiation.py:44}}
Jun 17 13:52:59.303675 np0000003056 devstack@g-api.service[102084]: DEBUG glance.api.middleware.version_negotiation [None req-193362bb-f034-488b-bf3c-d5b20e8ee84b tempest-VolumesActionsTest-407160460 tempest-VolumesActionsTest-407160460-project-member] Using url versioning {{(pid=102084) process_request /opt/stack/glance/glance/api/middleware/version_negotiation.py:57}}
Jun 17 13:52:59.303675 np0000003056 devstack@g-api.service[102084]: DEBUG glance.api.middleware.version_negotiation [None req-193362bb-f034-488b-bf3c-d5b20e8ee84b tempest-VolumesActionsTest-407160460 tempest-VolumesActionsTest-407160460-project-member] Matched version: v2 {{(pid=102084) process_request /opt/stack/glance/glance/api/middleware/version_negotiation.py:69}}
Jun 17 13:52:59.303675 np0000003056 devstack@g-api.service[102084]: DEBUG glance.api.middleware.version_negotiation [None req-193362bb-f034-488b-bf3c-d5b20e8ee84b tempest-VolumesActionsTest-407160460 tempest-VolumesActionsTest-407160460-project-member] new path /v2/images/253d8440-63f5-4de6-a854-5a2f0910bb6a {{(pid=102084) process_request /opt/stack/glance/glance/api/middleware/version_negotiation.py:70}}
Jun 17 13:52:59.341590 np0000003056 devstack@g-api.service[102084]: [pid: 102084|app: 0|req: 113/327] 127.0.0.1 () {40 vars in 838 bytes} [Wed Jun 17 13:52:59 2026] GET /v2/images/253d8440-63f5-4de6-a854-5a2f0910bb6a => generated 650 bytes in 37 msecs (HTTP/1.1 200) 4 headers in 157 bytes (1 switches on core 0)
Jun 17 13:52:59.754394 np0000003056 devstack@g-api.service[102086]: DEBUG dbcounter [-] [102086] Writing DB stats glance:SELECT=18,glance:INSERT=1,glance:UPDATE=1 {{(pid=102086) stat_writer /opt/stack/data/venv/lib/python3.12/site-packages/dbcounter.py:115}}
Jun 17 13:53:00.353169 np0000003056 devstack@g-api.service[102085]: DEBUG glance.api.middleware.version_negotiation [None req-a5afc079-3e5e-42b9-96a0-687af53b5057 tempest-VolumesActionsTest-407160460 tempest-VolumesActionsTest-407160460-project-member] Determining version of request: GET /v2/images/253d8440-63f5-4de6-a854-5a2f0910bb6a Accept: application/json {{(pid=102085) process_request /opt/stack/glance/glance/api/middleware/version_negotiation.py:44}}
Jun 17 13:53:00.353637 np0000003056 devstack@g-api.service[102085]: DEBUG glance.api.middleware.version_negotiation [None req-a5afc079-3e5e-42b9-96a0-687af53b5057 tempest-VolumesActionsTest-407160460 tempest-VolumesActionsTest-407160460-project-member] Using url versioning {{(pid=102085) process_request /opt/stack/glance/glance/api/middleware/version_negotiation.py:57}}
Jun 17 13:53:00.353637 np0000003056 devstack@g-api.service[102085]: DEBUG glance.api.middleware.version_negotiation [None req-a5afc079-3e5e-42b9-96a0-687af53b5057 tempest-VolumesActionsTest-407160460 tempest-VolumesActionsTest-407160460-project-member] Matched version: v2 {{(pid=102085) process_request /opt/stack/glance/glance/api/middleware/version_negotiation.py:69}}
Jun 17 13:53:00.353637 np0000003056 devstack@g-api.service[102085]: DEBUG glance.api.middleware.version_negotiation [None req-a5afc079-3e5e-42b9-96a0-687af53b5057 tempest-VolumesActionsTest-407160460 tempest-VolumesActionsTest-407160460-project-member] new path /v2/images/253d8440-63f5-4de6-a854-5a2f0910bb6a {{(pid=102085) process_request /opt/stack/glance/glance/api/middleware/version_negotiation.py:70}}
Jun 17 13:53:00.368747 np0000003056 devstack@g-api.service[102086]: DEBUG swiftclient [None req-3c82253c-a339-49bd-a194-f67c3e6b12ce tempest-VolumesActionsTest-407160460 tempest-VolumesActionsTest-407160460-project-member] REQ: curl -i https://10.4.3.136:8080/v1/AUTH_64c9f84421504209afc9d1d8598918af/glance/253d8440-63f5-4de6-a854-5a2f0910bb6a-00004 -X PUT -H "X-Auth-Token: gAAAAABqMqaxr6ev..." {{(pid=102086) http_log /opt/stack/data/venv/lib/python3.12/site-packages/swiftclient/client.py:160}}
Jun 17 13:53:00.368747 np0000003056 devstack@g-api.service[102086]: DEBUG swiftclient [None req-3c82253c-a339-49bd-a194-f67c3e6b12ce tempest-VolumesActionsTest-407160460 tempest-VolumesActionsTest-407160460-project-member] RESP STATUS: 201 Created {{(pid=102086) http_log /opt/stack/data/venv/lib/python3.12/site-packages/swiftclient/client.py:161}}
Jun 17 13:53:00.368747 np0000003056 devstack@g-api.service[102086]: DEBUG swiftclient [None req-3c82253c-a339-49bd-a194-f67c3e6b12ce tempest-VolumesActionsTest-407160460 tempest-VolumesActionsTest-407160460-project-member] RESP HEADERS: {'Date': 'Wed, 17 Jun 2026 13:53:00 GMT', 'Server': 'Apache/2.4.58 (Ubuntu)', 'Content-Type': 'text/html; charset=UTF-8', 'Content-Length': '0', 'Etag': 'eda9a9889837ac4bc81d6387d92c1bec', 'Last-Modified': 'Wed, 17 Jun 2026 13:52:58 GMT', 'X-Trans-Id': 'tx5530353dce47489597e6d-006a32a6b9', 'X-Openstack-Request-Id': 'tx5530353dce47489597e6d-006a32a6b9', 'Connection': 'close'} {{(pid=102086) http_log /opt/stack/data/venv/lib/python3.12/site-packages/swiftclient/client.py:162}}
Jun 17 13:53:00.368747 np0000003056 devstack@g-api.service[102086]: DEBUG glance_store._drivers.swift.store [None req-3c82253c-a339-49bd-a194-f67c3e6b12ce tempest-VolumesActionsTest-407160460 tempest-VolumesActionsTest-407160460-project-member] Wrote chunk 253d8440-63f5-4de6-a854-5a2f0910bb6a-00004 (4/?) of length 204800000 to Swift returning MD5 of content: eda9a9889837ac4bc81d6387d92c1bec {{(pid=102086) add /opt/stack/data/venv/lib/python3.12/site-packages/glance_store/_drivers/swift/store.py:1059}}
Jun 17 13:53:00.375502 np0000003056 devstack@g-api.service[102085]: [pid: 102085|app: 0|req: 113/328] 127.0.0.1 () {40 vars in 838 bytes} [Wed Jun 17 13:53:00 2026] GET /v2/images/253d8440-63f5-4de6-a854-5a2f0910bb6a => generated 650 bytes in 22 msecs (HTTP/1.1 200) 4 headers in 157 bytes (1 switches on core 0)
Jun 17 13:53:01.389040 np0000003056 devstack@g-api.service[102084]: DEBUG glance.api.middleware.version_negotiation [None req-83a0e467-b428-41bc-8a2c-32de820e9f5e tempest-VolumesActionsTest-407160460 tempest-VolumesActionsTest-407160460-project-member] Determining version of request: GET /v2/images/253d8440-63f5-4de6-a854-5a2f0910bb6a Accept: application/json {{(pid=102084) process_request /opt/stack/glance/glance/api/middleware/version_negotiation.py:44}}
Jun 17 13:53:01.389040 np0000003056 devstack@g-api.service[102084]: DEBUG glance.api.middleware.version_negotiation [None req-83a0e467-b428-41bc-8a2c-32de820e9f5e tempest-VolumesActionsTest-407160460 tempest-VolumesActionsTest-407160460-project-member] Using url versioning {{(pid=102084) process_request /opt/stack/glance/glance/api/middleware/version_negotiation.py:57}}
Jun 17 13:53:01.389040 np0000003056 devstack@g-api.service[102084]: DEBUG glance.api.middleware.version_negotiation [None req-83a0e467-b428-41bc-8a2c-32de820e9f5e tempest-VolumesActionsTest-407160460 tempest-VolumesActionsTest-407160460-project-member] Matched version: v2 {{(pid=102084) process_request /opt/stack/glance/glance/api/middleware/version_negotiation.py:69}}
Jun 17 13:53:01.389040 np0000003056 devstack@g-api.service[102084]: DEBUG glance.api.middleware.version_negotiation [None req-83a0e467-b428-41bc-8a2c-32de820e9f5e tempest-VolumesActionsTest-407160460 tempest-VolumesActionsTest-407160460-project-member] new path /v2/images/253d8440-63f5-4de6-a854-5a2f0910bb6a {{(pid=102084) process_request /opt/stack/glance/glance/api/middleware/version_negotiation.py:70}}
Jun 17 13:53:01.420265 np0000003056 devstack@g-api.service[102084]: [pid: 102084|app: 0|req: 114/329] 127.0.0.1 () {40 vars in 838 bytes} [Wed Jun 17 13:53:01 2026] GET /v2/images/253d8440-63f5-4de6-a854-5a2f0910bb6a => generated 650 bytes in 32 msecs (HTTP/1.1 200) 4 headers in 157 bytes (1 switches on core 0)
Jun 17 13:53:02.436124 np0000003056 devstack@g-api.service[102085]: DEBUG glance.api.middleware.version_negotiation [None req-5169a2ff-66d8-49d9-ab67-a59ae1461da1 tempest-VolumesActionsTest-407160460 tempest-VolumesActionsTest-407160460-project-member] Determining version of request: GET /v2/images/253d8440-63f5-4de6-a854-5a2f0910bb6a Accept: application/json {{(pid=102085) process_request /opt/stack/glance/glance/api/middleware/version_negotiation.py:44}}
Jun 17 13:53:02.436959 np0000003056 devstack@g-api.service[102085]: DEBUG glance.api.middleware.version_negotiation [None req-5169a2ff-66d8-49d9-ab67-a59ae1461da1 tempest-VolumesActionsTest-407160460 tempest-VolumesActionsTest-407160460-project-member] Using url versioning {{(pid=102085) process_request /opt/stack/glance/glance/api/middleware/version_negotiation.py:57}}
Jun 17 13:53:02.436959 np0000003056 devstack@g-api.service[102085]: DEBUG glance.api.middleware.version_negotiation [None req-5169a2ff-66d8-49d9-ab67-a59ae1461da1 tempest-VolumesActionsTest-407160460 tempest-VolumesActionsTest-407160460-project-member] Matched version: v2 {{(pid=102085) process_request /opt/stack/glance/glance/api/middleware/version_negotiation.py:69}}
Jun 17 13:53:02.437976 np0000003056 devstack@g-api.service[102085]: DEBUG glance.api.middleware.version_negotiation [None req-5169a2ff-66d8-49d9-ab67-a59ae1461da1 tempest-VolumesActionsTest-407160460 tempest-VolumesActionsTest-407160460-project-member] new path /v2/images/253d8440-63f5-4de6-a854-5a2f0910bb6a {{(pid=102085) process_request /opt/stack/glance/glance/api/middleware/version_negotiation.py:70}}
Jun 17 13:53:02.472178 np0000003056 devstack@g-api.service[102085]: [pid: 102085|app: 0|req: 114/330] 127.0.0.1 () {40 vars in 838 bytes} [Wed Jun 17 13:53:02 2026] GET /v2/images/253d8440-63f5-4de6-a854-5a2f0910bb6a => generated 650 bytes in 36 msecs (HTTP/1.1 200) 4 headers in 157 bytes (1 switches on core 0)
Jun 17 13:53:02.898161 np0000003056 devstack@g-api.service[102086]: DEBUG swiftclient [None req-3c82253c-a339-49bd-a194-f67c3e6b12ce tempest-VolumesActionsTest-407160460 tempest-VolumesActionsTest-407160460-project-member] REQ: curl -i https://10.4.3.136:8080/v1/AUTH_64c9f84421504209afc9d1d8598918af/glance/253d8440-63f5-4de6-a854-5a2f0910bb6a-00005 -X PUT -H "X-Auth-Token: gAAAAABqMqaxr6ev..." {{(pid=102086) http_log /opt/stack/data/venv/lib/python3.12/site-packages/swiftclient/client.py:160}}
Jun 17 13:53:02.898161 np0000003056 devstack@g-api.service[102086]: DEBUG swiftclient [None req-3c82253c-a339-49bd-a194-f67c3e6b12ce tempest-VolumesActionsTest-407160460 tempest-VolumesActionsTest-407160460-project-member] RESP STATUS: 201 Created {{(pid=102086) http_log /opt/stack/data/venv/lib/python3.12/site-packages/swiftclient/client.py:161}}
Jun 17 13:53:02.898676 np0000003056 devstack@g-api.service[102086]: DEBUG swiftclient [None req-3c82253c-a339-49bd-a194-f67c3e6b12ce tempest-VolumesActionsTest-407160460 tempest-VolumesActionsTest-407160460-project-member] RESP HEADERS: {'Date': 'Wed, 17 Jun 2026 13:53:02 GMT', 'Server': 'Apache/2.4.58 (Ubuntu)', 'Content-Type': 'text/html; charset=UTF-8', 'Content-Length': '0', 'Etag': 'eda9a9889837ac4bc81d6387d92c1bec', 'Last-Modified': 'Wed, 17 Jun 2026 13:53:01 GMT', 'X-Trans-Id': 'tx5fdf70433c434e248ebc9-006a32a6bc', 'X-Openstack-Request-Id': 'tx5fdf70433c434e248ebc9-006a32a6bc', 'Connection': 'close'} {{(pid=102086) http_log /opt/stack/data/venv/lib/python3.12/site-packages/swiftclient/client.py:162}}
Jun 17 13:53:02.898676 np0000003056 devstack@g-api.service[102086]: DEBUG glance_store._drivers.swift.store [None req-3c82253c-a339-49bd-a194-f67c3e6b12ce tempest-VolumesActionsTest-407160460 tempest-VolumesActionsTest-407160460-project-member] Wrote chunk 253d8440-63f5-4de6-a854-5a2f0910bb6a-00005 (5/?) of length 204800000 to Swift returning MD5 of content: eda9a9889837ac4bc81d6387d92c1bec {{(pid=102086) add /opt/stack/data/venv/lib/python3.12/site-packages/glance_store/_drivers/swift/store.py:1059}}
Jun 17 13:53:03.419808 np0000003056 devstack@g-api.service[102086]: DEBUG swiftclient [None req-3c82253c-a339-49bd-a194-f67c3e6b12ce tempest-VolumesActionsTest-407160460 tempest-VolumesActionsTest-407160460-project-member] REQ: curl -i https://10.4.3.136:8080/v1/AUTH_64c9f84421504209afc9d1d8598918af/glance/253d8440-63f5-4de6-a854-5a2f0910bb6a-00006 -X PUT -H "X-Auth-Token: gAAAAABqMqaxr6ev..." {{(pid=102086) http_log /opt/stack/data/venv/lib/python3.12/site-packages/swiftclient/client.py:160}}
Jun 17 13:53:03.419903 np0000003056 devstack@g-api.service[102086]: DEBUG swiftclient [None req-3c82253c-a339-49bd-a194-f67c3e6b12ce tempest-VolumesActionsTest-407160460 tempest-VolumesActionsTest-407160460-project-member] RESP STATUS: 201 Created {{(pid=102086) http_log /opt/stack/data/venv/lib/python3.12/site-packages/swiftclient/client.py:161}}
Jun 17 13:53:03.419984 np0000003056 devstack@g-api.service[102086]: DEBUG swiftclient [None req-3c82253c-a339-49bd-a194-f67c3e6b12ce tempest-VolumesActionsTest-407160460 tempest-VolumesActionsTest-407160460-project-member] RESP HEADERS: {'Date': 'Wed, 17 Jun 2026 13:53:03 GMT', 'Server': 'Apache/2.4.58 (Ubuntu)', 'Content-Type': 'text/html; charset=UTF-8', 'Content-Length': '0', 'Etag': '708761f3b8777ec77058e63da08eeeb6', 'Last-Modified': 'Wed, 17 Jun 2026 13:53:03 GMT', 'X-Trans-Id': 'tx9c51ffa62b324565a0084-006a32a6be', 'X-Openstack-Request-Id': 'tx9c51ffa62b324565a0084-006a32a6be', 'Connection': 'close'} {{(pid=102086) http_log /opt/stack/data/venv/lib/python3.12/site-packages/swiftclient/client.py:162}}
Jun 17 13:53:03.420091 np0000003056 devstack@g-api.service[102086]: DEBUG glance_store._drivers.swift.store [None req-3c82253c-a339-49bd-a194-f67c3e6b12ce tempest-VolumesActionsTest-407160460 tempest-VolumesActionsTest-407160460-project-member] Wrote chunk 253d8440-63f5-4de6-a854-5a2f0910bb6a-00006 (6/?) of length 49741824 to Swift returning MD5 of content: 708761f3b8777ec77058e63da08eeeb6 {{(pid=102086) add /opt/stack/data/venv/lib/python3.12/site-packages/glance_store/_drivers/swift/store.py:1059}}
Jun 17 13:53:03.420347 np0000003056 devstack@g-api.service[102086]: DEBUG glance_store._drivers.swift.store [None req-3c82253c-a339-49bd-a194-f67c3e6b12ce tempest-VolumesActionsTest-407160460 tempest-VolumesActionsTest-407160460-project-member] Not writing zero-length chunk. {{(pid=102086) add /opt/stack/data/venv/lib/python3.12/site-packages/glance_store/_drivers/swift/store.py:1028}}
Jun 17 13:53:03.457305 np0000003056 devstack@g-api.service[102086]: DEBUG swiftclient [None req-3c82253c-a339-49bd-a194-f67c3e6b12ce tempest-VolumesActionsTest-407160460 tempest-VolumesActionsTest-407160460-project-member] REQ: curl -i https://10.4.3.136:8080/v1/AUTH_64c9f84421504209afc9d1d8598918af/glance/253d8440-63f5-4de6-a854-5a2f0910bb6a -X PUT -H "X-Object-Manifest: glance/253d8440-63f5-4de6-a854-5a2f0910bb6a-" -H "X-Auth-Token: gAAAAABqMqaxr6ev..." -H "Content-Length: 0" {{(pid=102086) http_log /opt/stack/data/venv/lib/python3.12/site-packages/swiftclient/client.py:160}}
Jun 17 13:53:03.457447 np0000003056 devstack@g-api.service[102086]: DEBUG swiftclient [None req-3c82253c-a339-49bd-a194-f67c3e6b12ce tempest-VolumesActionsTest-407160460 tempest-VolumesActionsTest-407160460-project-member] RESP STATUS: 201 Created {{(pid=102086) http_log /opt/stack/data/venv/lib/python3.12/site-packages/swiftclient/client.py:161}}
Jun 17 13:53:03.457671 np0000003056 devstack@g-api.service[102086]: DEBUG swiftclient [None req-3c82253c-a339-49bd-a194-f67c3e6b12ce tempest-VolumesActionsTest-407160460 tempest-VolumesActionsTest-407160460-project-member] RESP HEADERS: {'Date': 'Wed, 17 Jun 2026 13:53:03 GMT', 'Server': 'Apache/2.4.58 (Ubuntu)', 'Content-Type': 'text/html; charset=UTF-8', 'Content-Length': '0', 'Etag': 'd41d8cd98f00b204e9800998ecf8427e', 'Last-Modified': 'Wed, 17 Jun 2026 13:53:04 GMT', 'X-Trans-Id': 'tx4bfed97ec476466fa057d-006a32a6bf', 'X-Openstack-Request-Id': 'tx4bfed97ec476466fa057d-006a32a6bf', 'Connection': 'close'} {{(pid=102086) http_log /opt/stack/data/venv/lib/python3.12/site-packages/swiftclient/client.py:162}}
Jun 17 13:53:03.458420 np0000003056 devstack@g-api.service[102086]: INFO glance.location [None req-3c82253c-a339-49bd-a194-f67c3e6b12ce tempest-VolumesActionsTest-407160460 tempest-VolumesActionsTest-407160460-project-member] Image format matched and virtual size computed: 1073741824
Jun 17 13:53:03.479133 np0000003056 devstack@g-api.service[102084]: DEBUG glance.api.middleware.version_negotiation [None req-58fb5bb0-b7a6-4faf-8df2-829ae2ee0f00 tempest-VolumesActionsTest-407160460 tempest-VolumesActionsTest-407160460-project-member] Determining version of request: GET /v2/images/253d8440-63f5-4de6-a854-5a2f0910bb6a Accept: application/json {{(pid=102084) process_request /opt/stack/glance/glance/api/middleware/version_negotiation.py:44}}
Jun 17 13:53:03.479700 np0000003056 devstack@g-api.service[102084]: DEBUG glance.api.middleware.version_negotiation [None req-58fb5bb0-b7a6-4faf-8df2-829ae2ee0f00 tempest-VolumesActionsTest-407160460 tempest-VolumesActionsTest-407160460-project-member] Using url versioning {{(pid=102084) process_request /opt/stack/glance/glance/api/middleware/version_negotiation.py:57}}
Jun 17 13:53:03.479920 np0000003056 devstack@g-api.service[102084]: DEBUG glance.api.middleware.version_negotiation [None req-58fb5bb0-b7a6-4faf-8df2-829ae2ee0f00 tempest-VolumesActionsTest-407160460 tempest-VolumesActionsTest-407160460-project-member] Matched version: v2 {{(pid=102084) process_request /opt/stack/glance/glance/api/middleware/version_negotiation.py:69}}
Jun 17 13:53:03.480164 np0000003056 devstack@g-api.service[102084]: DEBUG glance.api.middleware.version_negotiation [None req-58fb5bb0-b7a6-4faf-8df2-829ae2ee0f00 tempest-VolumesActionsTest-407160460 tempest-VolumesActionsTest-407160460-project-member] new path /v2/images/253d8440-63f5-4de6-a854-5a2f0910bb6a {{(pid=102084) process_request /opt/stack/glance/glance/api/middleware/version_negotiation.py:70}}
Jun 17 13:53:03.492767 np0000003056 devstack@g-api.service[102084]: [pid: 102084|app: 0|req: 115/331] 127.0.0.1 () {40 vars in 838 bytes} [Wed Jun 17 13:53:03 2026] GET /v2/images/253d8440-63f5-4de6-a854-5a2f0910bb6a => generated 650 bytes in 14 msecs (HTTP/1.1 200) 4 headers in 157 bytes (1 switches on core 0)
Jun 17 13:53:03.497688 np0000003056 devstack@g-api.service[102086]: DEBUG glance_store.backend [None req-3c82253c-a339-49bd-a194-f67c3e6b12ce tempest-VolumesActionsTest-407160460 tempest-VolumesActionsTest-407160460-project-member] Attempting to import store swift {{(pid=102086) _load_store /opt/stack/data/venv/lib/python3.12/site-packages/glance_store/backend.py:215}}
Jun 17 13:53:03.499266 np0000003056 devstack@g-api.service[102086]: DEBUG glance_store.capabilities [None req-3c82253c-a339-49bd-a194-f67c3e6b12ce tempest-VolumesActionsTest-407160460 tempest-VolumesActionsTest-407160460-project-member] Store glance_store._drivers.swift.store.SingleTenantStore doesn't support updating dynamic storage capabilities. Please overwrite 'update_capabilities' method of the store to implement updating logics if needed. {{(pid=102086) update_capabilities /opt/stack/data/venv/lib/python3.12/site-packages/glance_store/capabilities.py:91}}
Jun 17 13:53:03.500155 np0000003056 devstack@g-api.service[102086]: DEBUG glance_store.driver [None req-3c82253c-a339-49bd-a194-f67c3e6b12ce tempest-VolumesActionsTest-407160460 tempest-VolumesActionsTest-407160460-project-member] Late loading location class glance_store._drivers.swift.store.StoreLocation {{(pid=102086) get_store_location_class /opt/stack/data/venv/lib/python3.12/site-packages/glance_store/driver.py:134}}
Jun 17 13:53:03.500155 np0000003056 devstack@g-api.service[102086]: DEBUG glance_store.location [None req-3c82253c-a339-49bd-a194-f67c3e6b12ce tempest-VolumesActionsTest-407160460 tempest-VolumesActionsTest-407160460-project-member] Registering scheme swift+https with {'store': , 'location_class': , 'store_entry': 'swift'} {{(pid=102086) register_scheme_map /opt/stack/data/venv/lib/python3.12/site-packages/glance_store/location.py:146}}
Jun 17 13:53:03.500155 np0000003056 devstack@g-api.service[102086]: DEBUG glance_store.location [None req-3c82253c-a339-49bd-a194-f67c3e6b12ce tempest-VolumesActionsTest-407160460 tempest-VolumesActionsTest-407160460-project-member] Registering scheme swift+https with {'store': , 'location_class': , 'store_entry': 'swift'} {{(pid=102086) register_scheme_map /opt/stack/data/venv/lib/python3.12/site-packages/glance_store/location.py:146}}
Jun 17 13:53:03.500155 np0000003056 devstack@g-api.service[102086]: DEBUG glance_store.location [None req-3c82253c-a339-49bd-a194-f67c3e6b12ce tempest-VolumesActionsTest-407160460 tempest-VolumesActionsTest-407160460-project-member] Registering scheme swift with {'store': , 'location_class': , 'store_entry': 'swift'} {{(pid=102086) register_scheme_map /opt/stack/data/venv/lib/python3.12/site-packages/glance_store/location.py:146}}
Jun 17 13:53:03.500155 np0000003056 devstack@g-api.service[102086]: DEBUG glance_store.location [None req-3c82253c-a339-49bd-a194-f67c3e6b12ce tempest-VolumesActionsTest-407160460 tempest-VolumesActionsTest-407160460-project-member] Registering scheme swift+https with {'store': , 'location_class': , 'store_entry': 'swift'} {{(pid=102086) register_scheme_map /opt/stack/data/venv/lib/python3.12/site-packages/glance_store/location.py:146}}
Jun 17 13:53:03.500155 np0000003056 devstack@g-api.service[102086]: DEBUG glance_store.location [None req-3c82253c-a339-49bd-a194-f67c3e6b12ce tempest-VolumesActionsTest-407160460 tempest-VolumesActionsTest-407160460-project-member] Registering scheme swift with {'store': , 'location_class': , 'store_entry': 'swift'} {{(pid=102086) register_scheme_map /opt/stack/data/venv/lib/python3.12/site-packages/glance_store/location.py:146}}
Jun 17 13:53:03.500155 np0000003056 devstack@g-api.service[102086]: DEBUG glance_store.location [None req-3c82253c-a339-49bd-a194-f67c3e6b12ce tempest-VolumesActionsTest-407160460 tempest-VolumesActionsTest-407160460-project-member] Registering scheme swift+http with {'store': , 'location_class': , 'store_entry': 'swift'} {{(pid=102086) register_scheme_map /opt/stack/data/venv/lib/python3.12/site-packages/glance_store/location.py:146}}
Jun 17 13:53:03.500155 np0000003056 devstack@g-api.service[102086]: DEBUG glance_store.location [None req-3c82253c-a339-49bd-a194-f67c3e6b12ce tempest-VolumesActionsTest-407160460 tempest-VolumesActionsTest-407160460-project-member] Registering scheme swift+https with {'store': , 'location_class': , 'store_entry': 'swift'} {{(pid=102086) register_scheme_map /opt/stack/data/venv/lib/python3.12/site-packages/glance_store/location.py:146}}
Jun 17 13:53:03.500155 np0000003056 devstack@g-api.service[102086]: DEBUG glance_store.location [None req-3c82253c-a339-49bd-a194-f67c3e6b12ce tempest-VolumesActionsTest-407160460 tempest-VolumesActionsTest-407160460-project-member] Registering scheme swift with {'store': , 'location_class': , 'store_entry': 'swift'} {{(pid=102086) register_scheme_map /opt/stack/data/venv/lib/python3.12/site-packages/glance_store/location.py:146}}
Jun 17 13:53:03.500155 np0000003056 devstack@g-api.service[102086]: DEBUG glance_store.location [None req-3c82253c-a339-49bd-a194-f67c3e6b12ce tempest-VolumesActionsTest-407160460 tempest-VolumesActionsTest-407160460-project-member] Registering scheme swift+http with {'store': , 'location_class': , 'store_entry': 'swift'} {{(pid=102086) register_scheme_map /opt/stack/data/venv/lib/python3.12/site-packages/glance_store/location.py:146}}
Jun 17 13:53:03.500647 np0000003056 devstack@g-api.service[102086]: DEBUG glance_store.location [None req-3c82253c-a339-49bd-a194-f67c3e6b12ce tempest-VolumesActionsTest-407160460 tempest-VolumesActionsTest-407160460-project-member] Registering scheme swift+config with {'store': , 'location_class': , 'store_entry': 'swift'} {{(pid=102086) register_scheme_map /opt/stack/data/venv/lib/python3.12/site-packages/glance_store/location.py:146}}
Jun 17 13:53:03.500647 np0000003056 devstack@g-api.service[102086]: DEBUG glance_store.backend [None req-3c82253c-a339-49bd-a194-f67c3e6b12ce tempest-VolumesActionsTest-407160460 tempest-VolumesActionsTest-407160460-project-member] Skipping store.set_acls... not implemented. {{(pid=102086) set_acls /opt/stack/data/venv/lib/python3.12/site-packages/glance_store/backend.py:507}}
Jun 17 13:53:03.502145 np0000003056 devstack@g-api.service[102086]: [pid: 102086|app: 0|req: 103/332] 127.0.0.1 () {46 vars in 1158 bytes} [Wed Jun 17 13:52:48 2026] PUT /v2/images/253d8440-63f5-4de6-a854-5a2f0910bb6a/file => generated 0 bytes in 14961 msecs (HTTP/1.1 204) 4 headers in 171 bytes (1 switches on core 0)
Jun 17 13:53:03.509092 np0000003056 devstack@g-api.service[102085]: DEBUG glance.api.middleware.version_negotiation [None req-4f9571c7-e133-4afa-abe8-6ae9ddf68df0 tempest-VolumesActionsTest-407160460 tempest-VolumesActionsTest-407160460-project-member] Determining version of request: GET /v2/images/253d8440-63f5-4de6-a854-5a2f0910bb6a Accept: */* {{(pid=102085) process_request /opt/stack/glance/glance/api/middleware/version_negotiation.py:44}}
Jun 17 13:53:03.509409 np0000003056 devstack@g-api.service[102085]: DEBUG glance.api.middleware.version_negotiation [None req-4f9571c7-e133-4afa-abe8-6ae9ddf68df0 tempest-VolumesActionsTest-407160460 tempest-VolumesActionsTest-407160460-project-member] Using url versioning {{(pid=102085) process_request /opt/stack/glance/glance/api/middleware/version_negotiation.py:57}}
Jun 17 13:53:03.509409 np0000003056 devstack@g-api.service[102085]: DEBUG glance.api.middleware.version_negotiation [None req-4f9571c7-e133-4afa-abe8-6ae9ddf68df0 tempest-VolumesActionsTest-407160460 tempest-VolumesActionsTest-407160460-project-member] Matched version: v2 {{(pid=102085) process_request /opt/stack/glance/glance/api/middleware/version_negotiation.py:69}}
Jun 17 13:53:03.509723 np0000003056 devstack@g-api.service[102085]: DEBUG glance.api.middleware.version_negotiation [None req-4f9571c7-e133-4afa-abe8-6ae9ddf68df0 tempest-VolumesActionsTest-407160460 tempest-VolumesActionsTest-407160460-project-member] new path /v2/images/253d8440-63f5-4de6-a854-5a2f0910bb6a {{(pid=102085) process_request /opt/stack/glance/glance/api/middleware/version_negotiation.py:70}}
Jun 17 13:53:03.521271 np0000003056 devstack@g-api.service[102085]: [pid: 102085|app: 0|req: 115/333] 127.0.0.1 () {44 vars in 1115 bytes} [Wed Jun 17 13:53:03 2026] GET /v2/images/253d8440-63f5-4de6-a854-5a2f0910bb6a => generated 822 bytes in 12 msecs (HTTP/1.1 200) 4 headers in 157 bytes (1 switches on core 0)
Jun 17 13:53:03.529005 np0000003056 devstack@g-api.service[102084]: DEBUG glance.api.middleware.version_negotiation [None req-4c25ac67-b5d7-44e3-b70c-ccf27a9317a0 tempest-VolumesActionsTest-407160460 tempest-VolumesActionsTest-407160460-project-member] Determining version of request: GET /v2/schemas/image Accept: */* {{(pid=102084) process_request /opt/stack/glance/glance/api/middleware/version_negotiation.py:44}}
Jun 17 13:53:03.529202 np0000003056 devstack@g-api.service[102084]: DEBUG glance.api.middleware.version_negotiation [None req-4c25ac67-b5d7-44e3-b70c-ccf27a9317a0 tempest-VolumesActionsTest-407160460 tempest-VolumesActionsTest-407160460-project-member] Using url versioning {{(pid=102084) process_request /opt/stack/glance/glance/api/middleware/version_negotiation.py:57}}
Jun 17 13:53:03.529328 np0000003056 devstack@g-api.service[102084]: DEBUG glance.api.middleware.version_negotiation [None req-4c25ac67-b5d7-44e3-b70c-ccf27a9317a0 tempest-VolumesActionsTest-407160460 tempest-VolumesActionsTest-407160460-project-member] Matched version: v2 {{(pid=102084) process_request /opt/stack/glance/glance/api/middleware/version_negotiation.py:69}}
Jun 17 13:53:03.529416 np0000003056 devstack@g-api.service[102084]: DEBUG glance.api.middleware.version_negotiation [None req-4c25ac67-b5d7-44e3-b70c-ccf27a9317a0 tempest-VolumesActionsTest-407160460 tempest-VolumesActionsTest-407160460-project-member] new path /v2/schemas/image {{(pid=102084) process_request /opt/stack/glance/glance/api/middleware/version_negotiation.py:70}}
Jun 17 13:53:03.531967 np0000003056 devstack@g-api.service[102084]: [pid: 102084|app: 0|req: 116/334] 127.0.0.1 () {44 vars in 1055 bytes} [Wed Jun 17 13:53:03 2026] GET /v2/schemas/image => generated 6083 bytes in 3 msecs (HTTP/1.1 200) 4 headers in 158 bytes (1 switches on core 0)
Jun 17 13:53:03.540788 np0000003056 devstack@g-api.service[102086]: DEBUG glance.api.middleware.version_negotiation [None req-3c82253c-a339-49bd-a194-f67c3e6b12ce tempest-VolumesActionsTest-407160460 tempest-VolumesActionsTest-407160460-project-member] Determining version of request: GET /v2/schemas/image Accept: */* {{(pid=102086) process_request /opt/stack/glance/glance/api/middleware/version_negotiation.py:44}}
Jun 17 13:53:03.540935 np0000003056 devstack@g-api.service[102086]: DEBUG glance.api.middleware.version_negotiation [None req-3c82253c-a339-49bd-a194-f67c3e6b12ce tempest-VolumesActionsTest-407160460 tempest-VolumesActionsTest-407160460-project-member] Using url versioning {{(pid=102086) process_request /opt/stack/glance/glance/api/middleware/version_negotiation.py:57}}
Jun 17 13:53:03.541092 np0000003056 devstack@g-api.service[102086]: DEBUG glance.api.middleware.version_negotiation [None req-3c82253c-a339-49bd-a194-f67c3e6b12ce tempest-VolumesActionsTest-407160460 tempest-VolumesActionsTest-407160460-project-member] Matched version: v2 {{(pid=102086) process_request /opt/stack/glance/glance/api/middleware/version_negotiation.py:69}}
Jun 17 13:53:03.541194 np0000003056 devstack@g-api.service[102086]: DEBUG glance.api.middleware.version_negotiation [None req-3c82253c-a339-49bd-a194-f67c3e6b12ce tempest-VolumesActionsTest-407160460 tempest-VolumesActionsTest-407160460-project-member] new path /v2/schemas/image {{(pid=102086) process_request /opt/stack/glance/glance/api/middleware/version_negotiation.py:70}}
Jun 17 13:53:03.544620 np0000003056 devstack@g-api.service[102086]: [pid: 102086|app: 0|req: 104/335] 127.0.0.1 () {44 vars in 1055 bytes} [Wed Jun 17 13:53:03 2026] GET /v2/schemas/image => generated 6083 bytes in 4 msecs (HTTP/1.1 200) 4 headers in 158 bytes (1 switches on core 0)
Jun 17 13:53:04.504107 np0000003056 devstack@g-api.service[102085]: DEBUG glance.api.middleware.version_negotiation [None req-3c82253c-a339-49bd-a194-f67c3e6b12ce tempest-VolumesActionsTest-407160460 tempest-VolumesActionsTest-407160460-project-member] Determining version of request: GET /v2/images/253d8440-63f5-4de6-a854-5a2f0910bb6a Accept: application/json {{(pid=102085) process_request /opt/stack/glance/glance/api/middleware/version_negotiation.py:44}}
Jun 17 13:53:04.504107 np0000003056 devstack@g-api.service[102085]: DEBUG glance.api.middleware.version_negotiation [None req-3c82253c-a339-49bd-a194-f67c3e6b12ce tempest-VolumesActionsTest-407160460 tempest-VolumesActionsTest-407160460-project-member] Using url versioning {{(pid=102085) process_request /opt/stack/glance/glance/api/middleware/version_negotiation.py:57}}
Jun 17 13:53:04.504107 np0000003056 devstack@g-api.service[102085]: DEBUG glance.api.middleware.version_negotiation [None req-3c82253c-a339-49bd-a194-f67c3e6b12ce tempest-VolumesActionsTest-407160460 tempest-VolumesActionsTest-407160460-project-member] Matched version: v2 {{(pid=102085) process_request /opt/stack/glance/glance/api/middleware/version_negotiation.py:69}}
Jun 17 13:53:04.504107 np0000003056 devstack@g-api.service[102085]: DEBUG glance.api.middleware.version_negotiation [None req-3c82253c-a339-49bd-a194-f67c3e6b12ce tempest-VolumesActionsTest-407160460 tempest-VolumesActionsTest-407160460-project-member] new path /v2/images/253d8440-63f5-4de6-a854-5a2f0910bb6a {{(pid=102085) process_request /opt/stack/glance/glance/api/middleware/version_negotiation.py:70}}
Jun 17 13:53:04.519646 np0000003056 devstack@g-api.service[102085]: [pid: 102085|app: 0|req: 116/336] 127.0.0.1 () {40 vars in 838 bytes} [Wed Jun 17 13:53:04 2026] GET /v2/images/253d8440-63f5-4de6-a854-5a2f0910bb6a => generated 822 bytes in 17 msecs (HTTP/1.1 200) 4 headers in 157 bytes (1 switches on core 0)
Jun 17 13:53:04.593497 np0000003056 devstack@g-api.service[102084]: DEBUG glance.api.middleware.version_negotiation [None req-3c82253c-a339-49bd-a194-f67c3e6b12ce tempest-VolumesActionsTest-407160460 tempest-VolumesActionsTest-407160460-project-member] Determining version of request: GET /v2/images/253d8440-63f5-4de6-a854-5a2f0910bb6a Accept: application/json {{(pid=102084) process_request /opt/stack/glance/glance/api/middleware/version_negotiation.py:44}}
Jun 17 13:53:04.593874 np0000003056 devstack@g-api.service[102084]: DEBUG glance.api.middleware.version_negotiation [None req-3c82253c-a339-49bd-a194-f67c3e6b12ce tempest-VolumesActionsTest-407160460 tempest-VolumesActionsTest-407160460-project-member] Using url versioning {{(pid=102084) process_request /opt/stack/glance/glance/api/middleware/version_negotiation.py:57}}
Jun 17 13:53:04.593874 np0000003056 devstack@g-api.service[102084]: DEBUG glance.api.middleware.version_negotiation [None req-3c82253c-a339-49bd-a194-f67c3e6b12ce tempest-VolumesActionsTest-407160460 tempest-VolumesActionsTest-407160460-project-member] Matched version: v2 {{(pid=102084) process_request /opt/stack/glance/glance/api/middleware/version_negotiation.py:69}}
Jun 17 13:53:04.593934 np0000003056 devstack@g-api.service[102084]: DEBUG glance.api.middleware.version_negotiation [None req-3c82253c-a339-49bd-a194-f67c3e6b12ce tempest-VolumesActionsTest-407160460 tempest-VolumesActionsTest-407160460-project-member] new path /v2/images/253d8440-63f5-4de6-a854-5a2f0910bb6a {{(pid=102084) process_request /opt/stack/glance/glance/api/middleware/version_negotiation.py:70}}
Jun 17 13:53:04.602115 np0000003056 devstack@g-api.service[102084]: [pid: 102084|app: 0|req: 117/337] 127.0.0.1 () {40 vars in 838 bytes} [Wed Jun 17 13:53:04 2026] GET /v2/images/253d8440-63f5-4de6-a854-5a2f0910bb6a => generated 822 bytes in 9 msecs (HTTP/1.1 200) 4 headers in 157 bytes (1 switches on core 0)
Jun 17 13:53:04.604954 np0000003056 devstack@g-api.service[102086]: DEBUG glance.api.middleware.version_negotiation [None req-3c82253c-a339-49bd-a194-f67c3e6b12ce tempest-VolumesActionsTest-407160460 tempest-VolumesActionsTest-407160460-project-member] Determining version of request: GET /v2/images/68a87ecd-1aee-4e47-a3be-fc067db26690 Accept: */* {{(pid=102086) process_request /opt/stack/glance/glance/api/middleware/version_negotiation.py:44}}
Jun 17 13:53:04.605398 np0000003056 devstack@g-api.service[102086]: DEBUG glance.api.middleware.version_negotiation [None req-3c82253c-a339-49bd-a194-f67c3e6b12ce tempest-VolumesActionsTest-407160460 tempest-VolumesActionsTest-407160460-project-member] Using url versioning {{(pid=102086) process_request /opt/stack/glance/glance/api/middleware/version_negotiation.py:57}}
Jun 17 13:53:04.605398 np0000003056 devstack@g-api.service[102086]: DEBUG glance.api.middleware.version_negotiation [None req-3c82253c-a339-49bd-a194-f67c3e6b12ce tempest-VolumesActionsTest-407160460 tempest-VolumesActionsTest-407160460-project-member] Matched version: v2 {{(pid=102086) process_request /opt/stack/glance/glance/api/middleware/version_negotiation.py:69}}
Jun 17 13:53:04.605549 np0000003056 devstack@g-api.service[102086]: DEBUG glance.api.middleware.version_negotiation [None req-3c82253c-a339-49bd-a194-f67c3e6b12ce tempest-VolumesActionsTest-407160460 tempest-VolumesActionsTest-407160460-project-member] new path /v2/images/68a87ecd-1aee-4e47-a3be-fc067db26690 {{(pid=102086) process_request /opt/stack/glance/glance/api/middleware/version_negotiation.py:70}}
Jun 17 13:53:04.622523 np0000003056 devstack@g-api.service[102086]: [pid: 102086|app: 0|req: 105/338] 127.0.0.1 () {44 vars in 1115 bytes} [Wed Jun 17 13:53:04 2026] GET /v2/images/68a87ecd-1aee-4e47-a3be-fc067db26690 => generated 1044 bytes in 18 msecs (HTTP/1.1 200) 4 headers in 158 bytes (1 switches on core 0)
Jun 17 13:53:04.659400 np0000003056 devstack@g-api.service[102085]: DEBUG glance.api.middleware.version_negotiation [None req-4f65cfaf-8a22-4ba7-8a5a-a993bd9635be tempest-VolumesActionsTest-407160460 tempest-VolumesActionsTest-407160460-project-member] Determining version of request: GET /v2/schemas/image Accept: */* {{(pid=102085) process_request /opt/stack/glance/glance/api/middleware/version_negotiation.py:44}}
Jun 17 13:53:04.659491 np0000003056 devstack@g-api.service[102085]: DEBUG glance.api.middleware.version_negotiation [None req-4f65cfaf-8a22-4ba7-8a5a-a993bd9635be tempest-VolumesActionsTest-407160460 tempest-VolumesActionsTest-407160460-project-member] Using url versioning {{(pid=102085) process_request /opt/stack/glance/glance/api/middleware/version_negotiation.py:57}}
Jun 17 13:53:04.659720 np0000003056 devstack@g-api.service[102085]: DEBUG glance.api.middleware.version_negotiation [None req-4f65cfaf-8a22-4ba7-8a5a-a993bd9635be tempest-VolumesActionsTest-407160460 tempest-VolumesActionsTest-407160460-project-member] Matched version: v2 {{(pid=102085) process_request /opt/stack/glance/glance/api/middleware/version_negotiation.py:69}}
Jun 17 13:53:04.659770 np0000003056 devstack@g-api.service[102085]: DEBUG glance.api.middleware.version_negotiation [None req-4f65cfaf-8a22-4ba7-8a5a-a993bd9635be tempest-VolumesActionsTest-407160460 tempest-VolumesActionsTest-407160460-project-member] new path /v2/schemas/image {{(pid=102085) process_request /opt/stack/glance/glance/api/middleware/version_negotiation.py:70}}
Jun 17 13:53:04.661930 np0000003056 devstack@g-api.service[102085]: [pid: 102085|app: 0|req: 117/339] 127.0.0.1 () {44 vars in 1055 bytes} [Wed Jun 17 13:53:04 2026] GET /v2/schemas/image => generated 6083 bytes in 3 msecs (HTTP/1.1 200) 4 headers in 158 bytes (1 switches on core 0)
Jun 17 13:53:04.676388 np0000003056 devstack@g-api.service[102084]: DEBUG glance.api.middleware.version_negotiation [None req-45eb1841-b8b6-4ff2-a476-82dfb5e368d7 tempest-VolumesActionsTest-407160460 tempest-VolumesActionsTest-407160460-project-member] Determining version of request: POST /v2/images Accept: */* {{(pid=102084) process_request /opt/stack/glance/glance/api/middleware/version_negotiation.py:44}}
Jun 17 13:53:04.676573 np0000003056 devstack@g-api.service[102084]: DEBUG glance.api.middleware.version_negotiation [None req-45eb1841-b8b6-4ff2-a476-82dfb5e368d7 tempest-VolumesActionsTest-407160460 tempest-VolumesActionsTest-407160460-project-member] Using url versioning {{(pid=102084) process_request /opt/stack/glance/glance/api/middleware/version_negotiation.py:57}}
Jun 17 13:53:04.676733 np0000003056 devstack@g-api.service[102084]: DEBUG glance.api.middleware.version_negotiation [None req-45eb1841-b8b6-4ff2-a476-82dfb5e368d7 tempest-VolumesActionsTest-407160460 tempest-VolumesActionsTest-407160460-project-member] Matched version: v2 {{(pid=102084) process_request /opt/stack/glance/glance/api/middleware/version_negotiation.py:69}}
Jun 17 13:53:04.676854 np0000003056 devstack@g-api.service[102084]: DEBUG glance.api.middleware.version_negotiation [None req-45eb1841-b8b6-4ff2-a476-82dfb5e368d7 tempest-VolumesActionsTest-407160460 tempest-VolumesActionsTest-407160460-project-member] new path /v2/images {{(pid=102084) process_request /opt/stack/glance/glance/api/middleware/version_negotiation.py:70}}
Jun 17 13:53:04.679677 np0000003056 devstack@g-api.service[102086]: DEBUG glance.api.middleware.version_negotiation [None req-0b02297e-b7fb-46c5-bb7f-20d791d4db67 tempest-ServerActionsV293TestJSON-948938837 tempest-ServerActionsV293TestJSON-948938837-project-member] Determining version of request: GET /v2/schemas/image Accept: */* {{(pid=102086) process_request /opt/stack/glance/glance/api/middleware/version_negotiation.py:44}}
Jun 17 13:53:04.679887 np0000003056 devstack@g-api.service[102086]: DEBUG glance.api.middleware.version_negotiation [None req-0b02297e-b7fb-46c5-bb7f-20d791d4db67 tempest-ServerActionsV293TestJSON-948938837 tempest-ServerActionsV293TestJSON-948938837-project-member] Using url versioning {{(pid=102086) process_request /opt/stack/glance/glance/api/middleware/version_negotiation.py:57}}
Jun 17 13:53:04.680042 np0000003056 devstack@g-api.service[102086]: DEBUG glance.api.middleware.version_negotiation [None req-0b02297e-b7fb-46c5-bb7f-20d791d4db67 tempest-ServerActionsV293TestJSON-948938837 tempest-ServerActionsV293TestJSON-948938837-project-member] Matched version: v2 {{(pid=102086) process_request /opt/stack/glance/glance/api/middleware/version_negotiation.py:69}}
Jun 17 13:53:04.680187 np0000003056 devstack@g-api.service[102086]: DEBUG glance.api.middleware.version_negotiation [None req-0b02297e-b7fb-46c5-bb7f-20d791d4db67 tempest-ServerActionsV293TestJSON-948938837 tempest-ServerActionsV293TestJSON-948938837-project-member] new path /v2/schemas/image {{(pid=102086) process_request /opt/stack/glance/glance/api/middleware/version_negotiation.py:70}}
Jun 17 13:53:04.683771 np0000003056 devstack@g-api.service[102086]: [pid: 102086|app: 0|req: 106/340] 127.0.0.1 () {44 vars in 1055 bytes} [Wed Jun 17 13:53:04 2026] GET /v2/schemas/image => generated 6083 bytes in 4 msecs (HTTP/1.1 200) 4 headers in 158 bytes (1 switches on core 0)
