Jul 31 19:35:59.495176 np0000006263 nova-scheduler[93417]: DEBUG cotyledon.oslo_config_glue [-] oslo_messaging_rabbit.rabbit_quorum_max_memory_bytes = 0 {{(pid=93417) log_opt_values /opt/stack/data/venv/lib/python3.12/site-packages/oslo_config/cfg.py:3253}}
Jul 31 19:35:59.495176 np0000006263 nova-scheduler[93417]: DEBUG cotyledon.oslo_config_glue [-] oslo_messaging_rabbit.rabbit_quorum_max_memory_length = 0 {{(pid=93417) log_opt_values /opt/stack/data/venv/lib/python3.12/site-packages/oslo_config/cfg.py:3253}}
Jul 31 19:35:59.495176 np0000006263 nova-scheduler[93417]: DEBUG cotyledon.oslo_config_glue [-] oslo_messaging_rabbit.rabbit_quorum_queue = False {{(pid=93417) log_opt_values /opt/stack/data/venv/lib/python3.12/site-packages/oslo_config/cfg.py:3253}}
Jul 31 19:35:59.495176 np0000006263 nova-scheduler[93417]: DEBUG cotyledon.oslo_config_glue [-] oslo_messaging_rabbit.rabbit_retry_backoff = 2 {{(pid=93417) log_opt_values /opt/stack/data/venv/lib/python3.12/site-packages/oslo_config/cfg.py:3253}}
Jul 31 19:35:59.495176 np0000006263 nova-scheduler[93417]: DEBUG cotyledon.oslo_config_glue [-] oslo_messaging_rabbit.rabbit_retry_interval = 1 {{(pid=93417) log_opt_values /opt/stack/data/venv/lib/python3.12/site-packages/oslo_config/cfg.py:3253}}
Jul 31 19:35:59.495176 np0000006263 nova-scheduler[93417]: DEBUG cotyledon.oslo_config_glue [-] oslo_messaging_rabbit.rabbit_stream_fanout = False {{(pid=93417) log_opt_values /opt/stack/data/venv/lib/python3.12/site-packages/oslo_config/cfg.py:3253}}
Jul 31 19:35:59.495410 np0000006263 nova-scheduler[93417]: DEBUG cotyledon.oslo_config_glue [-] oslo_messaging_rabbit.rabbit_transient_queues_ttl = 1800 {{(pid=93417) log_opt_values /opt/stack/data/venv/lib/python3.12/site-packages/oslo_config/cfg.py:3253}}
Jul 31 19:35:59.495410 np0000006263 nova-scheduler[93417]: DEBUG cotyledon.oslo_config_glue [-] oslo_messaging_rabbit.rabbit_transient_quorum_queue = False {{(pid=93417) log_opt_values /opt/stack/data/venv/lib/python3.12/site-packages/oslo_config/cfg.py:3253}}
Jul 31 19:35:59.495410 np0000006263 nova-scheduler[93417]: DEBUG cotyledon.oslo_config_glue [-] oslo_messaging_rabbit.rpc_conn_pool_size = 30 {{(pid=93417) log_opt_values /opt/stack/data/venv/lib/python3.12/site-packages/oslo_config/cfg.py:3253}}
Jul 31 19:35:59.495410 np0000006263 nova-scheduler[93417]: DEBUG cotyledon.oslo_config_glue [-] oslo_messaging_rabbit.ssl = False {{(pid=93417) log_opt_values /opt/stack/data/venv/lib/python3.12/site-packages/oslo_config/cfg.py:3253}}
Jul 31 19:35:59.495410 np0000006263 nova-scheduler[93417]: DEBUG cotyledon.oslo_config_glue [-] oslo_messaging_rabbit.ssl_ca_file = {{(pid=93417) log_opt_values /opt/stack/data/venv/lib/python3.12/site-packages/oslo_config/cfg.py:3253}}
Jul 31 19:35:59.495410 np0000006263 nova-scheduler[93417]: DEBUG cotyledon.oslo_config_glue [-] oslo_messaging_rabbit.ssl_cert_file = {{(pid=93417) log_opt_values /opt/stack/data/venv/lib/python3.12/site-packages/oslo_config/cfg.py:3253}}
Jul 31 19:35:59.495410 np0000006263 nova-scheduler[93417]: DEBUG cotyledon.oslo_config_glue [-] oslo_messaging_rabbit.ssl_enforce_fips_mode = False {{(pid=93417) log_opt_values /opt/stack/data/venv/lib/python3.12/site-packages/oslo_config/cfg.py:3253}}
Jul 31 19:35:59.495410 np0000006263 nova-scheduler[93417]: DEBUG cotyledon.oslo_config_glue [-] oslo_messaging_rabbit.ssl_enforce_hostname_verification = True {{(pid=93417) log_opt_values /opt/stack/data/venv/lib/python3.12/site-packages/oslo_config/cfg.py:3253}}
Jul 31 19:35:59.495410 np0000006263 nova-scheduler[93417]: DEBUG cotyledon.oslo_config_glue [-] oslo_messaging_rabbit.ssl_key_file = {{(pid=93417) log_opt_values /opt/stack/data/venv/lib/python3.12/site-packages/oslo_config/cfg.py:3253}}
Jul 31 19:35:59.495658 np0000006263 nova-scheduler[93417]: DEBUG cotyledon.oslo_config_glue [-] oslo_messaging_rabbit.ssl_version = {{(pid=93417) log_opt_values /opt/stack/data/venv/lib/python3.12/site-packages/oslo_config/cfg.py:3253}}
Jul 31 19:35:59.495658 np0000006263 nova-scheduler[93417]: DEBUG cotyledon.oslo_config_glue [-] oslo_messaging_rabbit.use_queue_manager = False {{(pid=93417) log_opt_values /opt/stack/data/venv/lib/python3.12/site-packages/oslo_config/cfg.py:3253}}
Jul 31 19:35:59.495658 np0000006263 nova-scheduler[93417]: DEBUG cotyledon.oslo_config_glue [-] oslo_messaging_notifications.driver = ['messagingv2'] {{(pid=93417) log_opt_values /opt/stack/data/venv/lib/python3.12/site-packages/oslo_config/cfg.py:3253}}
Jul 31 19:35:59.495658 np0000006263 nova-scheduler[93417]: DEBUG cotyledon.oslo_config_glue [-] oslo_messaging_notifications.retry = -1 {{(pid=93417) log_opt_values /opt/stack/data/venv/lib/python3.12/site-packages/oslo_config/cfg.py:3253}}
Jul 31 19:35:59.495658 np0000006263 nova-scheduler[93417]: DEBUG cotyledon.oslo_config_glue [-] oslo_messaging_notifications.topics = ['notifications'] {{(pid=93417) log_opt_values /opt/stack/data/venv/lib/python3.12/site-packages/oslo_config/cfg.py:3253}}
Jul 31 19:35:59.495658 np0000006263 nova-scheduler[93417]: DEBUG cotyledon.oslo_config_glue [-] oslo_messaging_notifications.transport_url = **** {{(pid=93417) log_opt_values /opt/stack/data/venv/lib/python3.12/site-packages/oslo_config/cfg.py:3253}}
Jul 31 19:35:59.495658 np0000006263 nova-scheduler[93417]: DEBUG cotyledon.oslo_config_glue [-] oslo_limit.auth_section = None {{(pid=93417) log_opt_values /opt/stack/data/venv/lib/python3.12/site-packages/oslo_config/cfg.py:3253}}
Jul 31 19:35:59.495658 np0000006263 nova-scheduler[93417]: DEBUG cotyledon.oslo_config_glue [-] oslo_limit.auth_type = None {{(pid=93417) log_opt_values /opt/stack/data/venv/lib/python3.12/site-packages/oslo_config/cfg.py:3253}}
Jul 31 19:35:59.495658 np0000006263 nova-scheduler[93417]: DEBUG cotyledon.oslo_config_glue [-] oslo_limit.cafile = None {{(pid=93417) log_opt_values /opt/stack/data/venv/lib/python3.12/site-packages/oslo_config/cfg.py:3253}}
Jul 31 19:35:59.495910 np0000006263 nova-scheduler[93417]: DEBUG cotyledon.oslo_config_glue [-] oslo_limit.certfile = None {{(pid=93417) log_opt_values /opt/stack/data/venv/lib/python3.12/site-packages/oslo_config/cfg.py:3253}}
Jul 31 19:35:59.495910 np0000006263 nova-scheduler[93417]: DEBUG cotyledon.oslo_config_glue [-] oslo_limit.collect_timing = False {{(pid=93417) log_opt_values /opt/stack/data/venv/lib/python3.12/site-packages/oslo_config/cfg.py:3253}}
Jul 31 19:35:59.495910 np0000006263 nova-scheduler[93417]: DEBUG cotyledon.oslo_config_glue [-] oslo_limit.connect_retries = None {{(pid=93417) log_opt_values /opt/stack/data/venv/lib/python3.12/site-packages/oslo_config/cfg.py:3253}}
Jul 31 19:35:59.495910 np0000006263 nova-scheduler[93417]: DEBUG cotyledon.oslo_config_glue [-] oslo_limit.connect_retry_delay = None {{(pid=93417) log_opt_values /opt/stack/data/venv/lib/python3.12/site-packages/oslo_config/cfg.py:3253}}
Jul 31 19:35:59.495910 np0000006263 nova-scheduler[93417]: DEBUG cotyledon.oslo_config_glue [-] oslo_limit.endpoint_id = None {{(pid=93417) log_opt_values /opt/stack/data/venv/lib/python3.12/site-packages/oslo_config/cfg.py:3253}}
Jul 31 19:35:59.495910 np0000006263 nova-scheduler[93417]: DEBUG cotyledon.oslo_config_glue [-] oslo_limit.endpoint_interface = public {{(pid=93417) log_opt_values /opt/stack/data/venv/lib/python3.12/site-packages/oslo_config/cfg.py:3253}}
Jul 31 19:35:59.495910 np0000006263 nova-scheduler[93417]: DEBUG cotyledon.oslo_config_glue [-] oslo_limit.endpoint_override = None {{(pid=93417) log_opt_values /opt/stack/data/venv/lib/python3.12/site-packages/oslo_config/cfg.py:3253}}
Jul 31 19:35:59.495910 np0000006263 nova-scheduler[93417]: DEBUG cotyledon.oslo_config_glue [-] oslo_limit.endpoint_region_name = None {{(pid=93417) log_opt_values /opt/stack/data/venv/lib/python3.12/site-packages/oslo_config/cfg.py:3253}}
Jul 31 19:35:59.495910 np0000006263 nova-scheduler[93417]: DEBUG cotyledon.oslo_config_glue [-] oslo_limit.endpoint_service_name = None {{(pid=93417) log_opt_values /opt/stack/data/venv/lib/python3.12/site-packages/oslo_config/cfg.py:3253}}
Jul 31 19:35:59.496264 np0000006263 nova-scheduler[93417]: DEBUG cotyledon.oslo_config_glue [-] oslo_limit.endpoint_service_type = None {{(pid=93417) log_opt_values /opt/stack/data/venv/lib/python3.12/site-packages/oslo_config/cfg.py:3253}}
Jul 31 19:35:59.496264 np0000006263 nova-scheduler[93417]: DEBUG cotyledon.oslo_config_glue [-] oslo_limit.insecure = False {{(pid=93417) log_opt_values /opt/stack/data/venv/lib/python3.12/site-packages/oslo_config/cfg.py:3253}}
Jul 31 19:35:59.496264 np0000006263 nova-scheduler[93417]: DEBUG cotyledon.oslo_config_glue [-] oslo_limit.keyfile = None {{(pid=93417) log_opt_values /opt/stack/data/venv/lib/python3.12/site-packages/oslo_config/cfg.py:3253}}
Jul 31 19:35:59.496264 np0000006263 nova-scheduler[93417]: DEBUG cotyledon.oslo_config_glue [-] oslo_limit.max_version = None {{(pid=93417) log_opt_values /opt/stack/data/venv/lib/python3.12/site-packages/oslo_config/cfg.py:3253}}
Jul 31 19:35:59.496264 np0000006263 nova-scheduler[93417]: DEBUG cotyledon.oslo_config_glue [-] oslo_limit.min_version = None {{(pid=93417) log_opt_values /opt/stack/data/venv/lib/python3.12/site-packages/oslo_config/cfg.py:3253}}
Jul 31 19:35:59.496264 np0000006263 nova-scheduler[93417]: DEBUG cotyledon.oslo_config_glue [-] oslo_limit.region_name = None {{(pid=93417) log_opt_values /opt/stack/data/venv/lib/python3.12/site-packages/oslo_config/cfg.py:3253}}
Jul 31 19:35:59.496264 np0000006263 nova-scheduler[93417]: DEBUG cotyledon.oslo_config_glue [-] oslo_limit.retriable_status_codes = None {{(pid=93417) log_opt_values /opt/stack/data/venv/lib/python3.12/site-packages/oslo_config/cfg.py:3253}}
Jul 31 19:35:59.496264 np0000006263 nova-scheduler[93417]: DEBUG cotyledon.oslo_config_glue [-] oslo_limit.service_name = None {{(pid=93417) log_opt_values /opt/stack/data/venv/lib/python3.12/site-packages/oslo_config/cfg.py:3253}}
Jul 31 19:35:59.496264 np0000006263 nova-scheduler[93417]: DEBUG cotyledon.oslo_config_glue [-] oslo_limit.service_type = None {{(pid=93417) log_opt_values /opt/stack/data/venv/lib/python3.12/site-packages/oslo_config/cfg.py:3253}}
Jul 31 19:35:59.496563 np0000006263 nova-scheduler[93417]: DEBUG cotyledon.oslo_config_glue [-] oslo_limit.split_loggers = False {{(pid=93417) log_opt_values /opt/stack/data/venv/lib/python3.12/site-packages/oslo_config/cfg.py:3253}}
Jul 31 19:35:59.496563 np0000006263 nova-scheduler[93417]: DEBUG cotyledon.oslo_config_glue [-] oslo_limit.status_code_retries = None {{(pid=93417) log_opt_values /opt/stack/data/venv/lib/python3.12/site-packages/oslo_config/cfg.py:3253}}
Jul 31 19:35:59.496563 np0000006263 nova-scheduler[93417]: DEBUG cotyledon.oslo_config_glue [-] oslo_limit.status_code_retry_delay = None {{(pid=93417) log_opt_values /opt/stack/data/venv/lib/python3.12/site-packages/oslo_config/cfg.py:3253}}
Jul 31 19:35:59.496563 np0000006263 nova-scheduler[93417]: DEBUG cotyledon.oslo_config_glue [-] oslo_limit.timeout = None {{(pid=93417) log_opt_values /opt/stack/data/venv/lib/python3.12/site-packages/oslo_config/cfg.py:3253}}
Jul 31 19:35:59.496563 np0000006263 nova-scheduler[93417]: DEBUG cotyledon.oslo_config_glue [-] oslo_limit.valid_interfaces = None {{(pid=93417) log_opt_values /opt/stack/data/venv/lib/python3.12/site-packages/oslo_config/cfg.py:3253}}
Jul 31 19:35:59.496563 np0000006263 nova-scheduler[93417]: DEBUG cotyledon.oslo_config_glue [-] oslo_limit.version = None {{(pid=93417) log_opt_values /opt/stack/data/venv/lib/python3.12/site-packages/oslo_config/cfg.py:3253}}
Jul 31 19:35:59.496563 np0000006263 nova-scheduler[93417]: DEBUG cotyledon.oslo_config_glue [-] oslo_reports.file_event_handler = None {{(pid=93417) log_opt_values /opt/stack/data/venv/lib/python3.12/site-packages/oslo_config/cfg.py:3253}}
Jul 31 19:35:59.496563 np0000006263 nova-scheduler[93417]: DEBUG cotyledon.oslo_config_glue [-] oslo_reports.file_event_handler_interval = 1 {{(pid=93417) log_opt_values /opt/stack/data/venv/lib/python3.12/site-packages/oslo_config/cfg.py:3253}}
Jul 31 19:35:59.496563 np0000006263 nova-scheduler[93417]: DEBUG cotyledon.oslo_config_glue [-] oslo_reports.log_dir = None {{(pid=93417) log_opt_values /opt/stack/data/venv/lib/python3.12/site-packages/oslo_config/cfg.py:3253}}
Jul 31 19:35:59.496860 np0000006263 nova-scheduler[93417]: DEBUG cotyledon.oslo_config_glue [-] ******************************************************************************** {{(pid=93417) log_opt_values /opt/stack/data/venv/lib/python3.12/site-packages/oslo_config/cfg.py:3260}}
Jul 31 19:35:59.496860 np0000006263 nova-scheduler[93417]: DEBUG cotyledon._service_worker [-] Run service ServiceWrapper(1) [93417] {{(pid=93417) wait_forever /opt/stack/data/venv/lib/python3.12/site-packages/cotyledon/_service_worker.py:218}}
Jul 31 19:35:59.496860 np0000006263 nova-scheduler[93417]: INFO nova.service [-] Starting scheduler node (version 33.1.0)
Jul 31 19:35:59.496860 np0000006263 nova-scheduler[93417]: INFO dbcounter [None req-f06ec743-6e1c-4b61-baa4-19d0c18b1fbd None None] Registered counter for database nova_cell0
Jul 31 19:35:59.497031 np0000006263 nova-scheduler[93415]: DEBUG oslo_db.sqlalchemy.engines [None req-3075a20a-6b8b-41e5-96ba-07f7148ebe8f None None] MySQL server mode set to STRICT_TRANS_TABLES,STRICT_ALL_TABLES,NO_ZERO_IN_DATE,NO_ZERO_DATE,ERROR_FOR_DIVISION_BY_ZERO,TRADITIONAL,NO_ENGINE_SUBSTITUTION {{(pid=93415) _check_effective_sql_mode /opt/stack/data/venv/lib/python3.12/site-packages/oslo_db/sqlalchemy/engines.py:325}}
Jul 31 19:35:59.497031 np0000006263 nova-scheduler[93415]: DEBUG dbcounter [-] [93415] Writer thread running {{(pid=93415) stat_writer /opt/stack/data/venv/lib/python3.12/site-packages/dbcounter.py:102}}
Jul 31 19:35:59.497210 np0000006263 nova-scheduler[93419]: DEBUG oslo_db.sqlalchemy.engines [None req-98979f28-c7a4-4f23-97aa-8c9ab2744d00 None None] MySQL server mode set to STRICT_TRANS_TABLES,STRICT_ALL_TABLES,NO_ZERO_IN_DATE,NO_ZERO_DATE,ERROR_FOR_DIVISION_BY_ZERO,TRADITIONAL,NO_ENGINE_SUBSTITUTION {{(pid=93419) _check_effective_sql_mode /opt/stack/data/venv/lib/python3.12/site-packages/oslo_db/sqlalchemy/engines.py:325}}
Jul 31 19:35:59.497267 np0000006263 nova-scheduler[93415]: DEBUG nova.service [None req-3075a20a-6b8b-41e5-96ba-07f7148ebe8f None None] Creating RPC server for service: nova-scheduler on topic: scheduler {{(pid=93415) start /opt/stack/nova/nova/service.py:196}}
Jul 31 19:35:59.497313 np0000006263 nova-scheduler[93419]: DEBUG dbcounter [-] [93419] Writer thread running {{(pid=93419) stat_writer /opt/stack/data/venv/lib/python3.12/site-packages/dbcounter.py:102}}
Jul 31 19:35:59.497355 np0000006263 nova-scheduler[93417]: DEBUG oslo_db.sqlalchemy.engines [None req-f06ec743-6e1c-4b61-baa4-19d0c18b1fbd None None] MySQL server mode set to STRICT_TRANS_TABLES,STRICT_ALL_TABLES,NO_ZERO_IN_DATE,NO_ZERO_DATE,ERROR_FOR_DIVISION_BY_ZERO,TRADITIONAL,NO_ENGINE_SUBSTITUTION {{(pid=93417) _check_effective_sql_mode /opt/stack/data/venv/lib/python3.12/site-packages/oslo_db/sqlalchemy/engines.py:325}}
Jul 31 19:35:59.498815 np0000006263 nova-scheduler[93419]: DEBUG nova.service [None req-98979f28-c7a4-4f23-97aa-8c9ab2744d00 None None] Creating RPC server for service: nova-scheduler on topic: scheduler {{(pid=93419) start /opt/stack/nova/nova/service.py:196}}
Jul 31 19:35:59.511596 np0000006263 nova-scheduler[93417]: DEBUG dbcounter [-] [93417] Writer thread running {{(pid=93417) stat_writer /opt/stack/data/venv/lib/python3.12/site-packages/dbcounter.py:102}}
Jul 31 19:35:59.521575 np0000006263 nova-scheduler[93417]: DEBUG nova.service [None req-f06ec743-6e1c-4b61-baa4-19d0c18b1fbd None None] Creating RPC server for service: nova-scheduler on topic: scheduler {{(pid=93417) start /opt/stack/nova/nova/service.py:196}}
Jul 31 19:35:59.525318 np0000006263 nova-scheduler[93419]: DEBUG nova.service [None req-98979f28-c7a4-4f23-97aa-8c9ab2744d00 None None] Join ServiceGroup membership for this service scheduler {{(pid=93419) start /opt/stack/nova/nova/service.py:222}}
Jul 31 19:35:59.525533 np0000006263 nova-scheduler[93419]: DEBUG nova.servicegroup.drivers.db [None req-98979f28-c7a4-4f23-97aa-8c9ab2744d00 None None] DB_Driver: join new ServiceGroup member np0000006263 to the scheduler group, service = {{(pid=93419) join /opt/stack/nova/nova/servicegroup/drivers/db.py:44}}
Jul 31 19:35:59.525757 np0000006263 nova-scheduler[93415]: DEBUG nova.service [None req-3075a20a-6b8b-41e5-96ba-07f7148ebe8f None None] Join ServiceGroup membership for this service scheduler {{(pid=93415) start /opt/stack/nova/nova/service.py:222}}
Jul 31 19:35:59.525978 np0000006263 nova-scheduler[93415]: DEBUG nova.servicegroup.drivers.db [None req-3075a20a-6b8b-41e5-96ba-07f7148ebe8f None None] DB_Driver: join new ServiceGroup member np0000006263 to the scheduler group, service = {{(pid=93415) join /opt/stack/nova/nova/servicegroup/drivers/db.py:44}}
Jul 31 19:35:59.536514 np0000006263 nova-scheduler[93417]: DEBUG nova.service [None req-f06ec743-6e1c-4b61-baa4-19d0c18b1fbd None None] Join ServiceGroup membership for this service scheduler {{(pid=93417) start /opt/stack/nova/nova/service.py:222}}
Jul 31 19:35:59.536735 np0000006263 nova-scheduler[93417]: DEBUG nova.servicegroup.drivers.db [None req-f06ec743-6e1c-4b61-baa4-19d0c18b1fbd None None] DB_Driver: join new ServiceGroup member np0000006263 to the scheduler group, service = {{(pid=93417) join /opt/stack/nova/nova/servicegroup/drivers/db.py:44}}
Jul 31 19:36:04.541799 np0000006263 nova-scheduler[93415]: DEBUG oslo.service.backend._threading.loopingcall [-] Fixed interval looping call 'nova.servicegroup.drivers.db.DbDriver._report_state' sleeping for 119.99 seconds {{(pid=93415) _run_loop /opt/stack/data/venv/lib/python3.12/site-packages/oslo_service/backend/_threading/loopingcall.py:125}}
Jul 31 19:36:04.542887 np0000006263 nova-scheduler[93419]: DEBUG oslo.service.backend._threading.loopingcall [-] Fixed interval looping call 'nova.servicegroup.drivers.db.DbDriver._report_state' sleeping for 119.98 seconds {{(pid=93419) _run_loop /opt/stack/data/venv/lib/python3.12/site-packages/oslo_service/backend/_threading/loopingcall.py:125}}
Jul 31 19:36:04.548909 np0000006263 nova-scheduler[93417]: DEBUG oslo.service.backend._threading.loopingcall [-] Fixed interval looping call 'nova.servicegroup.drivers.db.DbDriver._report_state' sleeping for 119.99 seconds {{(pid=93417) _run_loop /opt/stack/data/venv/lib/python3.12/site-packages/oslo_service/backend/_threading/loopingcall.py:125}}
Jul 31 19:36:06.527534 np0000006263 nova-scheduler[93419]: DEBUG oslo.service.backend._threading.loopingcall [None req-cc0741fc-ebcb-434c-81d2-b92cc1e59f00 None None] Dynamic interval looping call 'nova.service.Service.periodic_tasks' sleeping for 60.00 seconds {{(pid=93419) _run_loop /opt/stack/data/venv/lib/python3.12/site-packages/oslo_service/backend/_threading/loopingcall.py:125}}
Jul 31 19:36:08.107245 np0000006263 nova-scheduler[92199]: DEBUG dbcounter [-] [92199] Writing DB stats nova_api:SELECT=3 {{(pid=92199) stat_writer /opt/stack/data/venv/lib/python3.12/site-packages/dbcounter.py:115}}
Jul 31 19:36:08.240149 np0000006263 nova-scheduler[92199]: DEBUG dbcounter [-] [92199] Writing DB stats nova_cell0:SELECT=1 {{(pid=92199) stat_writer /opt/stack/data/venv/lib/python3.12/site-packages/dbcounter.py:115}}
Jul 31 19:36:08.244208 np0000006263 nova-scheduler[92199]: DEBUG dbcounter [-] [92199] Writing DB stats nova_cell1:SELECT=1 {{(pid=92199) stat_writer /opt/stack/data/venv/lib/python3.12/site-packages/dbcounter.py:115}}
Jul 31 19:36:14.535032 np0000006263 nova-scheduler[93415]: DEBUG dbcounter [-] [93415] Writing DB stats nova_cell0:SELECT=4,nova_cell0:INSERT=1,nova_cell0:UPDATE=1 {{(pid=93415) stat_writer /opt/stack/data/venv/lib/python3.12/site-packages/dbcounter.py:115}}
Jul 31 19:36:14.538305 np0000006263 nova-scheduler[93419]: DEBUG dbcounter [-] [93419] Writing DB stats nova_cell0:SELECT=3,nova_cell0:UPDATE=1 {{(pid=93419) stat_writer /opt/stack/data/venv/lib/python3.12/site-packages/dbcounter.py:115}}
Jul 31 19:36:14.545988 np0000006263 nova-scheduler[93417]: DEBUG dbcounter [-] [93417] Writing DB stats nova_cell0:SELECT=3 {{(pid=93417) stat_writer /opt/stack/data/venv/lib/python3.12/site-packages/dbcounter.py:115}}
Jul 31 19:36:33.538556 np0000006263 nova-scheduler[93417]: DEBUG oslo.service.backend._threading.loopingcall [None req-6be52097-8df0-4dbf-9b8c-dbc70ed43931 None None] Dynamic interval looping call 'nova.service.Service.periodic_tasks' sleeping for 60.00 seconds {{(pid=93417) _run_loop /opt/stack/data/venv/lib/python3.12/site-packages/oslo_service/backend/_threading/loopingcall.py:125}}
Jul 31 19:36:53.527988 np0000006263 nova-scheduler[93415]: DEBUG oslo.service.backend._threading.loopingcall [None req-541367a2-7278-42a4-94f7-de85ad208d72 None None] Dynamic interval looping call 'nova.service.Service.periodic_tasks' sleeping for 60.00 seconds {{(pid=93415) _run_loop /opt/stack/data/venv/lib/python3.12/site-packages/oslo_service/backend/_threading/loopingcall.py:125}}
Jul 31 19:37:06.528016 np0000006263 nova-scheduler[93419]: DEBUG oslo.service.backend._threading.loopingcall [None req-cc0741fc-ebcb-434c-81d2-b92cc1e59f00 None None] Dynamic interval looping call 'nova.service.Service.periodic_tasks' sleeping for 60.00 seconds {{(pid=93419) _run_loop /opt/stack/data/venv/lib/python3.12/site-packages/oslo_service/backend/_threading/loopingcall.py:125}}
Jul 31 19:37:33.539047 np0000006263 nova-scheduler[93417]: DEBUG oslo.service.backend._threading.loopingcall [None req-6be52097-8df0-4dbf-9b8c-dbc70ed43931 None None] Dynamic interval looping call 'nova.service.Service.periodic_tasks' sleeping for 60.00 seconds {{(pid=93417) _run_loop /opt/stack/data/venv/lib/python3.12/site-packages/oslo_service/backend/_threading/loopingcall.py:125}}
Jul 31 19:37:53.528671 np0000006263 nova-scheduler[93415]: DEBUG oslo.service.backend._threading.loopingcall [None req-541367a2-7278-42a4-94f7-de85ad208d72 None None] Dynamic interval looping call 'nova.service.Service.periodic_tasks' sleeping for 60.00 seconds {{(pid=93415) _run_loop /opt/stack/data/venv/lib/python3.12/site-packages/oslo_service/backend/_threading/loopingcall.py:125}}
Jul 31 19:38:04.529387 np0000006263 nova-scheduler[93419]: DEBUG oslo.service.backend._threading.loopingcall [-] Fixed interval looping call 'nova.servicegroup.drivers.db.DbDriver._report_state' sleeping for 119.99 seconds {{(pid=93419) _run_loop /opt/stack/data/venv/lib/python3.12/site-packages/oslo_service/backend/_threading/loopingcall.py:125}}
Jul 31 19:38:04.535430 np0000006263 nova-scheduler[93415]: DEBUG oslo.service.backend._threading.loopingcall [-] Fixed interval looping call 'nova.servicegroup.drivers.db.DbDriver._report_state' sleeping for 120.00 seconds {{(pid=93415) _run_loop /opt/stack/data/venv/lib/python3.12/site-packages/oslo_service/backend/_threading/loopingcall.py:125}}
Jul 31 19:38:04.544565 np0000006263 nova-scheduler[93417]: DEBUG oslo.service.backend._threading.loopingcall [-] Fixed interval looping call 'nova.servicegroup.drivers.db.DbDriver._report_state' sleeping for 119.99 seconds {{(pid=93417) _run_loop /opt/stack/data/venv/lib/python3.12/site-packages/oslo_service/backend/_threading/loopingcall.py:125}}
Jul 31 19:38:06.528440 np0000006263 nova-scheduler[93419]: DEBUG oslo.service.backend._threading.loopingcall [None req-cc0741fc-ebcb-434c-81d2-b92cc1e59f00 None None] Dynamic interval looping call 'nova.service.Service.periodic_tasks' sleeping for 60.00 seconds {{(pid=93419) _run_loop /opt/stack/data/venv/lib/python3.12/site-packages/oslo_service/backend/_threading/loopingcall.py:125}}
Jul 31 19:38:14.527728 np0000006263 nova-scheduler[93419]: DEBUG dbcounter [-] [93419] Writing DB stats nova_cell0:SELECT=1,nova_cell0:UPDATE=1 {{(pid=93419) stat_writer /opt/stack/data/venv/lib/python3.12/site-packages/dbcounter.py:115}}
Jul 31 19:38:14.533624 np0000006263 nova-scheduler[93415]: DEBUG dbcounter [-] [93415] Writing DB stats nova_cell0:SELECT=1 {{(pid=93415) stat_writer /opt/stack/data/venv/lib/python3.12/site-packages/dbcounter.py:115}}
Jul 31 19:38:14.541687 np0000006263 nova-scheduler[93417]: DEBUG dbcounter [-] [93417] Writing DB stats nova_cell0:SELECT=1 {{(pid=93417) stat_writer /opt/stack/data/venv/lib/python3.12/site-packages/dbcounter.py:115}}
Jul 31 19:38:17.602513 np0000006263 nova-scheduler[93419]: DEBUG nova.scheduler.manager [None req-b68e9aef-f15f-45ec-a4f9-c151c813d619 tempest-DeleteServersTestJSON-287202947 tempest-DeleteServersTestJSON-287202947-project-member] Starting to schedule for instances: ['2d5e25e2-8f3d-40e9-bc8c-3fa4c655c11e'] {{(pid=93419) select_destinations /opt/stack/nova/nova/scheduler/manager.py:209}}
Jul 31 19:38:17.604042 np0000006263 nova-scheduler[93419]: DEBUG nova.scheduler.request_filter [None req-b68e9aef-f15f-45ec-a4f9-c151c813d619 tempest-DeleteServersTestJSON-287202947 tempest-DeleteServersTestJSON-287202947-project-member] compute_status_filter request filter added forbidden trait COMPUTE_STATUS_DISABLED {{(pid=93419) compute_status_filter /opt/stack/nova/nova/scheduler/request_filter.py:253}}
Jul 31 19:38:17.604042 np0000006263 nova-scheduler[93419]: DEBUG nova.scheduler.request_filter [None req-b68e9aef-f15f-45ec-a4f9-c151c813d619 tempest-DeleteServersTestJSON-287202947 tempest-DeleteServersTestJSON-287202947-project-member] Request filter 'compute_status_filter' took 0.0 seconds {{(pid=93419) wrapper /opt/stack/nova/nova/scheduler/request_filter.py:46}}
Jul 31 19:38:17.604042 np0000006263 nova-scheduler[93419]: DEBUG nova.scheduler.request_filter [None req-b68e9aef-f15f-45ec-a4f9-c151c813d619 tempest-DeleteServersTestJSON-287202947 tempest-DeleteServersTestJSON-287202947-project-member] Request filter 'accelerators_filter' took 0.0 seconds {{(pid=93419) wrapper /opt/stack/nova/nova/scheduler/request_filter.py:46}}
Jul 31 19:38:17.604042 np0000006263 nova-scheduler[93419]: DEBUG nova.scheduler.request_filter [None req-b68e9aef-f15f-45ec-a4f9-c151c813d619 tempest-DeleteServersTestJSON-287202947 tempest-DeleteServersTestJSON-287202947-project-member] Request filter 'packed_virtqueue_filter' took 0.0 seconds {{(pid=93419) wrapper /opt/stack/nova/nova/scheduler/request_filter.py:46}}
Jul 31 19:38:17.604042 np0000006263 nova-scheduler[93419]: DEBUG nova.scheduler.request_filter [None req-b68e9aef-f15f-45ec-a4f9-c151c813d619 tempest-DeleteServersTestJSON-287202947 tempest-DeleteServersTestJSON-287202947-project-member] Request filter 'remote_managed_ports_filter' took 0.0 seconds {{(pid=93419) wrapper /opt/stack/nova/nova/scheduler/request_filter.py:46}}
Jul 31 19:38:17.604670 np0000006263 nova-scheduler[93419]: DEBUG nova.scheduler.request_filter [None req-b68e9aef-f15f-45ec-a4f9-c151c813d619 tempest-DeleteServersTestJSON-287202947 tempest-DeleteServersTestJSON-287202947-project-member] ephemeral_encryption_filter skipped {{(pid=93419) ephemeral_encryption_filter /opt/stack/nova/nova/scheduler/request_filter.py:426}}
Jul 31 19:38:17.604670 np0000006263 nova-scheduler[93419]: DEBUG nova.scheduler.request_filter [None req-b68e9aef-f15f-45ec-a4f9-c151c813d619 tempest-DeleteServersTestJSON-287202947 tempest-DeleteServersTestJSON-287202947-project-member] virtio_sound_filter skipped {{(pid=93419) virtio_sound_filter /opt/stack/nova/nova/scheduler/request_filter.py:460}}
Jul 31 19:38:17.604670 np0000006263 nova-scheduler[93419]: DEBUG nova.scheduler.request_filter [None req-b68e9aef-f15f-45ec-a4f9-c151c813d619 tempest-DeleteServersTestJSON-287202947 tempest-DeleteServersTestJSON-287202947-project-member] tpm_secret_security_filter skipped {{(pid=93419) tpm_secret_security_filter /opt/stack/nova/nova/scheduler/request_filter.py:477}}
Jul 31 19:38:18.091885 np0000006263 nova-scheduler[93419]: INFO nova.utils [None req-b68e9aef-f15f-45ec-a4f9-c151c813d619 tempest-DeleteServersTestJSON-287202947 tempest-DeleteServersTestJSON-287202947-project-member] The cell worker thread pool ForkProcess-3.cell_worker is initialized
Jul 31 19:38:18.092254 np0000006263 nova-scheduler[93419]: DEBUG oslo_concurrency.lockutils [None req-b68e9aef-f15f-45ec-a4f9-c151c813d619 tempest-DeleteServersTestJSON-287202947 tempest-DeleteServersTestJSON-287202947-project-member] Acquiring lock "c07b14d7-344e-43c1-8748-7852f010b963" by "nova.context.set_target_cell..get_or_set_cached_cell_and_set_connections" {{(pid=93419) inner /opt/stack/data/venv/lib/python3.12/site-packages/oslo_concurrency/lockutils.py:512}}
Jul 31 19:38:18.092425 np0000006263 nova-scheduler[93419]: DEBUG oslo_concurrency.lockutils [None req-b68e9aef-f15f-45ec-a4f9-c151c813d619 tempest-DeleteServersTestJSON-287202947 tempest-DeleteServersTestJSON-287202947-project-member] Lock "c07b14d7-344e-43c1-8748-7852f010b963" acquired by "nova.context.set_target_cell..get_or_set_cached_cell_and_set_connections" :: waited 0.000s {{(pid=93419) inner /opt/stack/data/venv/lib/python3.12/site-packages/oslo_concurrency/lockutils.py:525}}
Jul 31 19:38:18.093900 np0000006263 nova-scheduler[93419]: DEBUG oslo_concurrency.lockutils [None req-b68e9aef-f15f-45ec-a4f9-c151c813d619 tempest-DeleteServersTestJSON-287202947 tempest-DeleteServersTestJSON-287202947-project-member] Lock "c07b14d7-344e-43c1-8748-7852f010b963" "released" by "nova.context.set_target_cell..get_or_set_cached_cell_and_set_connections" :: held 0.001s {{(pid=93419) inner /opt/stack/data/venv/lib/python3.12/site-packages/oslo_concurrency/lockutils.py:544}}
Jul 31 19:38:18.095571 np0000006263 nova-scheduler[93419]: INFO dbcounter [None req-b68e9aef-f15f-45ec-a4f9-c151c813d619 tempest-DeleteServersTestJSON-287202947 tempest-DeleteServersTestJSON-287202947-project-member] Registered counter for database nova_cell1
Jul 31 19:38:18.125831 np0000006263 nova-scheduler[93419]: DEBUG oslo_db.sqlalchemy.engines [None req-b68e9aef-f15f-45ec-a4f9-c151c813d619 tempest-DeleteServersTestJSON-287202947 tempest-DeleteServersTestJSON-287202947-project-member] MySQL server mode set to STRICT_TRANS_TABLES,STRICT_ALL_TABLES,NO_ZERO_IN_DATE,NO_ZERO_DATE,ERROR_FOR_DIVISION_BY_ZERO,TRADITIONAL,NO_ENGINE_SUBSTITUTION {{(pid=93419) _check_effective_sql_mode /opt/stack/data/venv/lib/python3.12/site-packages/oslo_db/sqlalchemy/engines.py:325}}
Jul 31 19:38:18.131800 np0000006263 nova-scheduler[93419]: DEBUG dbcounter [-] [93419] Writer thread running {{(pid=93419) stat_writer /opt/stack/data/venv/lib/python3.12/site-packages/dbcounter.py:102}}
Jul 31 19:38:18.144734 np0000006263 nova-scheduler[93419]: DEBUG oslo_db.sqlalchemy.engines [None req-b68e9aef-f15f-45ec-a4f9-c151c813d619 tempest-DeleteServersTestJSON-287202947 tempest-DeleteServersTestJSON-287202947-project-member] Parent process 92199 forked (93419) with an open database connection, which is being discarded and recreated. {{(pid=93419) checkout /opt/stack/data/venv/lib/python3.12/site-packages/oslo_db/sqlalchemy/engines.py:402}}
Jul 31 19:38:18.190565 np0000006263 nova-scheduler[93419]: DEBUG dbcounter [-] [93419] Writer thread running {{(pid=93419) stat_writer /opt/stack/data/venv/lib/python3.12/site-packages/dbcounter.py:102}}
Jul 31 19:38:18.194069 np0000006263 nova-scheduler[93419]: DEBUG oslo_concurrency.lockutils [None req-b68e9aef-f15f-45ec-a4f9-c151c813d619 tempest-DeleteServersTestJSON-287202947 tempest-DeleteServersTestJSON-287202947-project-member] Acquiring lock "c07b14d7-344e-43c1-8748-7852f010b963" by "nova.context.set_target_cell..get_or_set_cached_cell_and_set_connections" {{(pid=93419) inner /opt/stack/data/venv/lib/python3.12/site-packages/oslo_concurrency/lockutils.py:512}}
Jul 31 19:38:18.194202 np0000006263 nova-scheduler[93419]: DEBUG oslo_concurrency.lockutils [None req-b68e9aef-f15f-45ec-a4f9-c151c813d619 tempest-DeleteServersTestJSON-287202947 tempest-DeleteServersTestJSON-287202947-project-member] Lock "c07b14d7-344e-43c1-8748-7852f010b963" acquired by "nova.context.set_target_cell..get_or_set_cached_cell_and_set_connections" :: waited 0.000s {{(pid=93419) inner /opt/stack/data/venv/lib/python3.12/site-packages/oslo_concurrency/lockutils.py:525}}
Jul 31 19:38:18.194300 np0000006263 nova-scheduler[93419]: DEBUG oslo_concurrency.lockutils [None req-b68e9aef-f15f-45ec-a4f9-c151c813d619 tempest-DeleteServersTestJSON-287202947 tempest-DeleteServersTestJSON-287202947-project-member] Lock "c07b14d7-344e-43c1-8748-7852f010b963" "released" by "nova.context.set_target_cell..get_or_set_cached_cell_and_set_connections" :: held 0.000s {{(pid=93419) inner /opt/stack/data/venv/lib/python3.12/site-packages/oslo_concurrency/lockutils.py:544}}
Jul 31 19:38:18.198486 np0000006263 nova-scheduler[93419]: DEBUG oslo_concurrency.lockutils [None req-b68e9aef-f15f-45ec-a4f9-c151c813d619 tempest-DeleteServersTestJSON-287202947 tempest-DeleteServersTestJSON-287202947-project-member] Acquiring lock "np0000006263-np0000006263" by "nova.scheduler.host_manager.HostState.update.._locked_update" {{(pid=93419) inner /opt/stack/data/venv/lib/python3.12/site-packages/oslo_concurrency/lockutils.py:512}}
Jul 31 19:38:18.198634 np0000006263 nova-scheduler[93419]: DEBUG oslo_concurrency.lockutils [None req-b68e9aef-f15f-45ec-a4f9-c151c813d619 tempest-DeleteServersTestJSON-287202947 tempest-DeleteServersTestJSON-287202947-project-member] Lock "np0000006263-np0000006263" acquired by "nova.scheduler.host_manager.HostState.update.._locked_update" :: waited 0.000s {{(pid=93419) inner /opt/stack/data/venv/lib/python3.12/site-packages/oslo_concurrency/lockutils.py:525}}
Jul 31 19:38:18.199449 np0000006263 nova-scheduler[93419]: DEBUG nova.scheduler.host_manager [None req-b68e9aef-f15f-45ec-a4f9-c151c813d619 tempest-DeleteServersTestJSON-287202947 tempest-DeleteServersTestJSON-287202947-project-member] Update host state from compute node: ComputeNode(cpu_allocation_ratio=4.0,cpu_info='{"arch": "x86_64", "model": "EPYC-Milan", "vendor": "AMD", "topology": {"cells": 1, "sockets": 16, "cores": 1, "threads": 1}, "maxphysaddr": {"mode": "emulate", "bits": 40}, "features": ["ssbd", "amd-ssbd", "pat", "syscall", "avx2", "mce", "sep", "cr8legacy", "bmi1", "apic", "pni", "vpclmulqdq", "null-sel-clr-base", "pae", "arch-capabilities", "pge", "popcnt", "misalignsse", "cmov", "nx", "cmp_legacy", "cx8", "xsaveopt", "avx", "flushbyasid", "lbrv", "tsc-scale", "pcid", "pclmuldq", "pse36", "adx", "stibp", "nrip-save", "topoext", "fpu", "tsc_adjust", "fsgsbase", "mtrr", "skip-l1dfl-vmentry", "tsc-deadline", "erms", "lm", "pschange-mc-no", "rdtscp", "vaes", "spec-ctrl", "pse", "xsaveerptr", "v-vmsave-vmload", "pku", "clwb", "msr", "tsc", "amd-psfd", "osvw", "sse", "xsaves", "rdrand", "fsrm", "mmxext", "xgetbv1", "vmcb-clean", "wbnoinvd", "f16c", "rdpid", "smap", "ssse3", "lahf_lm", "invpcid", "pause-filter", "lfence-always-serializing", "mca", "sse4.1", "arat", "pfthreshold", "fxsr", "sse2", "svm", "xsave", "amd-stibp", "aes", "bmi2", "clflush", "de", "rdseed", "abm", "clflushopt", "x2apic", "stibp-always-on", "clzero", "rdctl-no", "vme", "movbe", "fxsr_opt", "xsavec", "mds-no", "sse4a", "pdpe1gb", "cx16", "npt", "virt-ssbd", "hypervisor", "umip", "3dnowprefetch", "no-nested-data-bp", "ibpb", "mmx", "gds-no", "sha-ni", "sse4.2", "vgif", "smep", "perfctr_core", "ibrs", "fma", "svme-addr-chk"]}',created_at=2026-07-31T19:36:20Z,current_workload=0,deleted=False,deleted_at=None,disk_allocation_ratio=1.0,disk_available_least=73,free_disk_gb=95,free_ram_mb=62765,host='np0000006263',host_ip=10.4.3.215,hypervisor_hostname='np0000006263',hypervisor_type='QEMU',hypervisor_version=8002002,id=1,local_gb=95,local_gb_used=0,mapped=1,memory_mb=63277,memory_mb_used=512,metrics='[]',numa_topology='{"nova_object.name": "NUMATopology", "nova_object.namespace": "nova", "nova_object.version": "1.2", "nova_object.data": {"cells": [{"nova_object.name": "NUMACell", "nova_object.namespace": "nova", "nova_object.version": "1.5", "nova_object.data": {"id": 0, "cpuset": [0, 1, 2, 3, 4, 5, 6, 7, 8, 9, 10, 11, 12, 13, 14, 15], "pcpuset": [0, 1, 2, 3, 4, 5, 6, 7, 8, 9, 10, 11, 12, 13, 14, 15], "memory": 63277, "cpu_usage": 0, "memory_usage": 0, "pinned_cpus": [], "siblings": [[6], [12], [2], [15], [5], [11], [8], [14], [4], [1], [7], [10], [0], [13], [3], [9]], "mempages": [{"nova_object.name": "NUMAPagesTopology", "nova_object.namespace": "nova", "nova_object.version": "1.1", "nova_object.data": {"size_kb": 4, "total": 16177930, "used": 0, "reserved": 0}, "nova_object.changes": ["size_kb", "reserved", "used", "total"]}, {"nova_object.name": "NUMAPagesTopology", "nova_object.namespace": "nova", "nova_object.version": "1.1", "nova_object.data": {"size_kb": 2048, "total": 41, "used": 0, "reserved": 0}, "nova_object.changes": ["size_kb", "reserved", "used", "total"]}, {"nova_object.name": "NUMAPagesTopology", "nova_object.namespace": "nova", "nova_object.version": "1.1", "nova_object.data": {"size_kb": 1048576, "total": 0, "used": 0, "reserved": 0}, "nova_object.changes": ["size_kb", "reserved", "used", "total"]}], "network_metadata": {"nova_object.name": "NetworkMetadata", "nova_object.namespace": "nova", "nova_object.version": "1.0", "nova_object.data": {"physnets": [], "tunneled": false}, "nova_object.changes": ["tunneled", "physnets"]}, "socket": null}, "nova_object.changes": ["socket", "pinned_cpus", "id", "mempages", "cpuset", "network_metadata", "memory_usage", "pcpuset", "siblings", "cpu_usage", "memory"]}]}, "nova_object.changes": ["cells"]}',pci_device_pools=PciDevicePoolList,ram_allocation_ratio=1.0,running_vms=0,service_id=2,stats={failed_builds='0',uptime=' 19:38:08 up 13 min, 2 users, load average: 2.01, 1.56, 0.84
Jul 31 19:38:18.199449 np0000006263 nova-scheduler[93419]: '},supported_hv_specs=[HVSpec,HVSpec,HVSpec,HVSpec,HVSpec,HVSpec,HVSpec,HVSpec,HVSpec,HVSpec,HVSpec,HVSpec,HVSpec,HVSpec,HVSpec,HVSpec,HVSpec,HVSpec,HVSpec,HVSpec,HVSpec,HVSpec,HVSpec,HVSpec,HVSpec],updated_at=2026-07-31T19:38:08Z,uuid=ddfca15a-57b4-4a0e-b59b-b893dddfe0da,vcpus=16,vcpus_used=0) {{(pid=93419) _locked_update /opt/stack/nova/nova/scheduler/host_manager.py:168}}
Jul 31 19:38:18.200171 np0000006263 nova-scheduler[93419]: DEBUG nova.scheduler.host_manager [None req-b68e9aef-f15f-45ec-a4f9-c151c813d619 tempest-DeleteServersTestJSON-287202947 tempest-DeleteServersTestJSON-287202947-project-member] Update host state with aggregates: [] {{(pid=93419) _locked_update /opt/stack/nova/nova/scheduler/host_manager.py:171}}
Jul 31 19:38:18.200311 np0000006263 nova-scheduler[93419]: DEBUG nova.scheduler.host_manager [None req-b68e9aef-f15f-45ec-a4f9-c151c813d619 tempest-DeleteServersTestJSON-287202947 tempest-DeleteServersTestJSON-287202947-project-member] Update host state with service dict: {'id': 2, 'uuid': 'e75b5831-b7cb-43de-8ee2-d2e2830a7f00', 'host': 'np0000006263', 'binary': 'nova-compute', 'topic': 'compute', 'report_count': 1, 'disabled': False, 'disabled_reason': None, 'last_seen_up': datetime.datetime(2026, 7, 31, 19, 36, 26, tzinfo=datetime.timezone.utc), 'forced_down': False, 'version': 72, 'created_at': datetime.datetime(2026, 7, 31, 19, 36, 20, tzinfo=datetime.timezone.utc), 'updated_at': datetime.datetime(2026, 7, 31, 19, 36, 26, tzinfo=datetime.timezone.utc), 'deleted_at': None, 'deleted': False} {{(pid=93419) _locked_update /opt/stack/nova/nova/scheduler/host_manager.py:174}}
Jul 31 19:38:18.200366 np0000006263 nova-scheduler[93419]: DEBUG nova.scheduler.host_manager [None req-b68e9aef-f15f-45ec-a4f9-c151c813d619 tempest-DeleteServersTestJSON-287202947 tempest-DeleteServersTestJSON-287202947-project-member] Update host state with instances: [] {{(pid=93419) _locked_update /opt/stack/nova/nova/scheduler/host_manager.py:177}}
Jul 31 19:38:18.200464 np0000006263 nova-scheduler[93419]: DEBUG oslo_concurrency.lockutils [None req-b68e9aef-f15f-45ec-a4f9-c151c813d619 tempest-DeleteServersTestJSON-287202947 tempest-DeleteServersTestJSON-287202947-project-member] Lock "np0000006263-np0000006263" "released" by "nova.scheduler.host_manager.HostState.update.._locked_update" :: held 0.002s {{(pid=93419) inner /opt/stack/data/venv/lib/python3.12/site-packages/oslo_concurrency/lockutils.py:544}}
Jul 31 19:38:18.200901 np0000006263 nova-scheduler[93419]: DEBUG nova.filters [None req-b68e9aef-f15f-45ec-a4f9-c151c813d619 tempest-DeleteServersTestJSON-287202947 tempest-DeleteServersTestJSON-287202947-project-member] Starting with 1 host(s) {{(pid=93419) get_filtered_objects /opt/stack/nova/nova/filters.py:70}}
Jul 31 19:38:18.201116 np0000006263 nova-scheduler[93419]: DEBUG nova.filters [None req-b68e9aef-f15f-45ec-a4f9-c151c813d619 tempest-DeleteServersTestJSON-287202947 tempest-DeleteServersTestJSON-287202947-project-member] Filter ComputeFilter returned 1 host(s) {{(pid=93419) get_filtered_objects /opt/stack/nova/nova/filters.py:102}}
Jul 31 19:38:18.201281 np0000006263 nova-scheduler[93419]: DEBUG nova.filters [None req-b68e9aef-f15f-45ec-a4f9-c151c813d619 tempest-DeleteServersTestJSON-287202947 tempest-DeleteServersTestJSON-287202947-project-member] Filter ComputeCapabilitiesFilter returned 1 host(s) {{(pid=93419) get_filtered_objects /opt/stack/nova/nova/filters.py:102}}
Jul 31 19:38:18.201486 np0000006263 nova-scheduler[93419]: DEBUG nova.filters [None req-b68e9aef-f15f-45ec-a4f9-c151c813d619 tempest-DeleteServersTestJSON-287202947 tempest-DeleteServersTestJSON-287202947-project-member] Filter ImagePropertiesFilter returned 1 host(s) {{(pid=93419) get_filtered_objects /opt/stack/nova/nova/filters.py:102}}
Jul 31 19:38:18.201695 np0000006263 nova-scheduler[93419]: DEBUG nova.filters [None req-b68e9aef-f15f-45ec-a4f9-c151c813d619 tempest-DeleteServersTestJSON-287202947 tempest-DeleteServersTestJSON-287202947-project-member] Filter ServerGroupAntiAffinityFilter returned 1 host(s) {{(pid=93419) get_filtered_objects /opt/stack/nova/nova/filters.py:102}}
Jul 31 19:38:18.201812 np0000006263 nova-scheduler[93419]: DEBUG nova.filters [None req-b68e9aef-f15f-45ec-a4f9-c151c813d619 tempest-DeleteServersTestJSON-287202947 tempest-DeleteServersTestJSON-287202947-project-member] Filter ServerGroupAffinityFilter returned 1 host(s) {{(pid=93419) get_filtered_objects /opt/stack/nova/nova/filters.py:102}}
Jul 31 19:38:18.201925 np0000006263 nova-scheduler[93419]: DEBUG nova.filters [None req-b68e9aef-f15f-45ec-a4f9-c151c813d619 tempest-DeleteServersTestJSON-287202947 tempest-DeleteServersTestJSON-287202947-project-member] Filter SameHostFilter returned 1 host(s) {{(pid=93419) get_filtered_objects /opt/stack/nova/nova/filters.py:102}}
Jul 31 19:38:18.202069 np0000006263 nova-scheduler[93419]: DEBUG nova.filters [None req-b68e9aef-f15f-45ec-a4f9-c151c813d619 tempest-DeleteServersTestJSON-287202947 tempest-DeleteServersTestJSON-287202947-project-member] Filter DifferentHostFilter returned 1 host(s) {{(pid=93419) get_filtered_objects /opt/stack/nova/nova/filters.py:102}}
Jul 31 19:38:18.203519 np0000006263 nova-scheduler[93419]: DEBUG nova.scheduler.manager [None req-b68e9aef-f15f-45ec-a4f9-c151c813d619 tempest-DeleteServersTestJSON-287202947 tempest-DeleteServersTestJSON-287202947-project-member] Filtered [(np0000006263, np0000006263) ram: 62765MB disk: 74752MB io_ops: 0 instances: 0, allocation_candidates: 1] {{(pid=93419) _get_sorted_hosts /opt/stack/nova/nova/scheduler/manager.py:742}}
Jul 31 19:38:18.203743 np0000006263 nova-scheduler[93419]: DEBUG nova.scheduler.manager [None req-b68e9aef-f15f-45ec-a4f9-c151c813d619 tempest-DeleteServersTestJSON-287202947 tempest-DeleteServersTestJSON-287202947-project-member] Weighed [WeighedHost [host: (np0000006263, np0000006263) ram: 62765MB disk: 74752MB io_ops: 0 instances: 0, allocation_candidates: 1, weight: 0.0]] {{(pid=93419) _get_sorted_hosts /opt/stack/nova/nova/scheduler/manager.py:764}}
Jul 31 19:38:18.203913 np0000006263 nova-scheduler[93419]: DEBUG nova.scheduler.utils [None req-b68e9aef-f15f-45ec-a4f9-c151c813d619 tempest-DeleteServersTestJSON-287202947 tempest-DeleteServersTestJSON-287202947-project-member] Attempting to claim resources in the placement API for instance 2d5e25e2-8f3d-40e9-bc8c-3fa4c655c11e {{(pid=93419) claim_resources /opt/stack/nova/nova/scheduler/utils.py:1345}}
Jul 31 19:38:18.381319 np0000006263 nova-scheduler[93419]: DEBUG nova.scheduler.manager [None req-b68e9aef-f15f-45ec-a4f9-c151c813d619 tempest-DeleteServersTestJSON-287202947 tempest-DeleteServersTestJSON-287202947-project-member] [instance: 2d5e25e2-8f3d-40e9-bc8c-3fa4c655c11e] Selected host: (np0000006263, np0000006263) ram: 62765MB disk: 74752MB io_ops: 0 instances: 0, allocation_candidates: 1 {{(pid=93419) _consume_selected_host /opt/stack/nova/nova/scheduler/manager.py:624}}
Jul 31 19:38:18.381674 np0000006263 nova-scheduler[93419]: DEBUG oslo_concurrency.lockutils [None req-b68e9aef-f15f-45ec-a4f9-c151c813d619 tempest-DeleteServersTestJSON-287202947 tempest-DeleteServersTestJSON-287202947-project-member] Acquiring lock "np0000006263-np0000006263" by "nova.scheduler.host_manager.HostState.consume_from_request.._locked" {{(pid=93419) inner /opt/stack/data/venv/lib/python3.12/site-packages/oslo_concurrency/lockutils.py:512}}
Jul 31 19:38:18.381895 np0000006263 nova-scheduler[93419]: DEBUG oslo_concurrency.lockutils [None req-b68e9aef-f15f-45ec-a4f9-c151c813d619 tempest-DeleteServersTestJSON-287202947 tempest-DeleteServersTestJSON-287202947-project-member] Lock "np0000006263-np0000006263" acquired by "nova.scheduler.host_manager.HostState.consume_from_request.._locked" :: waited 0.000s {{(pid=93419) inner /opt/stack/data/venv/lib/python3.12/site-packages/oslo_concurrency/lockutils.py:525}}
Jul 31 19:38:18.382158 np0000006263 nova-scheduler[93419]: DEBUG oslo_concurrency.lockutils [None req-b68e9aef-f15f-45ec-a4f9-c151c813d619 tempest-DeleteServersTestJSON-287202947 tempest-DeleteServersTestJSON-287202947-project-member] Lock "np0000006263-np0000006263" "released" by "nova.scheduler.host_manager.HostState.consume_from_request.._locked" :: held 0.000s {{(pid=93419) inner /opt/stack/data/venv/lib/python3.12/site-packages/oslo_concurrency/lockutils.py:544}}
Jul 31 19:38:18.856797 np0000006263 nova-scheduler[93415]: DEBUG nova.scheduler.manager [None req-3c92b351-29f4-4dc6-aaa3-cc213a498558 tempest-ServerActionsTestOtherB-1590572560 tempest-ServerActionsTestOtherB-1590572560-project-member] Starting to schedule for instances: ['2e85c600-c526-4d56-99de-962e4845acbf'] {{(pid=93415) select_destinations /opt/stack/nova/nova/scheduler/manager.py:209}}
Jul 31 19:38:18.860304 np0000006263 nova-scheduler[93415]: DEBUG nova.scheduler.request_filter [None req-3c92b351-29f4-4dc6-aaa3-cc213a498558 tempest-ServerActionsTestOtherB-1590572560 tempest-ServerActionsTestOtherB-1590572560-project-member] compute_status_filter request filter added forbidden trait COMPUTE_STATUS_DISABLED {{(pid=93415) compute_status_filter /opt/stack/nova/nova/scheduler/request_filter.py:253}}
Jul 31 19:38:18.860304 np0000006263 nova-scheduler[93415]: DEBUG nova.scheduler.request_filter [None req-3c92b351-29f4-4dc6-aaa3-cc213a498558 tempest-ServerActionsTestOtherB-1590572560 tempest-ServerActionsTestOtherB-1590572560-project-member] Request filter 'compute_status_filter' took 0.0 seconds {{(pid=93415) wrapper /opt/stack/nova/nova/scheduler/request_filter.py:46}}
Jul 31 19:38:18.860771 np0000006263 nova-scheduler[93415]: DEBUG nova.scheduler.request_filter [None req-3c92b351-29f4-4dc6-aaa3-cc213a498558 tempest-ServerActionsTestOtherB-1590572560 tempest-ServerActionsTestOtherB-1590572560-project-member] Request filter 'accelerators_filter' took 0.0 seconds {{(pid=93415) wrapper /opt/stack/nova/nova/scheduler/request_filter.py:46}}
Jul 31 19:38:18.861069 np0000006263 nova-scheduler[93415]: DEBUG nova.scheduler.request_filter [None req-3c92b351-29f4-4dc6-aaa3-cc213a498558 tempest-ServerActionsTestOtherB-1590572560 tempest-ServerActionsTestOtherB-1590572560-project-member] Request filter 'packed_virtqueue_filter' took 0.0 seconds {{(pid=93415) wrapper /opt/stack/nova/nova/scheduler/request_filter.py:46}}
Jul 31 19:38:18.861717 np0000006263 nova-scheduler[93415]: DEBUG nova.scheduler.request_filter [None req-3c92b351-29f4-4dc6-aaa3-cc213a498558 tempest-ServerActionsTestOtherB-1590572560 tempest-ServerActionsTestOtherB-1590572560-project-member] Request filter 'remote_managed_ports_filter' took 0.0 seconds {{(pid=93415) wrapper /opt/stack/nova/nova/scheduler/request_filter.py:46}}
Jul 31 19:38:18.861717 np0000006263 nova-scheduler[93415]: DEBUG nova.scheduler.request_filter [None req-3c92b351-29f4-4dc6-aaa3-cc213a498558 tempest-ServerActionsTestOtherB-1590572560 tempest-ServerActionsTestOtherB-1590572560-project-member] ephemeral_encryption_filter skipped {{(pid=93415) ephemeral_encryption_filter /opt/stack/nova/nova/scheduler/request_filter.py:426}}
Jul 31 19:38:18.861850 np0000006263 nova-scheduler[93415]: DEBUG nova.scheduler.request_filter [None req-3c92b351-29f4-4dc6-aaa3-cc213a498558 tempest-ServerActionsTestOtherB-1590572560 tempest-ServerActionsTestOtherB-1590572560-project-member] virtio_sound_filter skipped {{(pid=93415) virtio_sound_filter /opt/stack/nova/nova/scheduler/request_filter.py:460}}
Jul 31 19:38:18.862057 np0000006263 nova-scheduler[93415]: DEBUG nova.scheduler.request_filter [None req-3c92b351-29f4-4dc6-aaa3-cc213a498558 tempest-ServerActionsTestOtherB-1590572560 tempest-ServerActionsTestOtherB-1590572560-project-member] tpm_secret_security_filter skipped {{(pid=93415) tpm_secret_security_filter /opt/stack/nova/nova/scheduler/request_filter.py:477}}
Jul 31 19:38:19.038678 np0000006263 nova-scheduler[93415]: INFO nova.utils [None req-3c92b351-29f4-4dc6-aaa3-cc213a498558 tempest-ServerActionsTestOtherB-1590572560 tempest-ServerActionsTestOtherB-1590572560-project-member] The cell worker thread pool ForkProcess-1.cell_worker is initialized
