Jul 02 16:46:15.106744 np0000004304 nova-conductor[98724]: DEBUG cotyledon.oslo_config_glue [-] profiler.es_doc_type = notification {{(pid=98724) log_opt_values /opt/stack/data/venv/lib/python3.12/site-packages/oslo_config/cfg.py:3253}}
Jul 02 16:46:15.106744 np0000004304 nova-conductor[98724]: DEBUG cotyledon.oslo_config_glue [-] profiler.es_scroll_size = 10000 {{(pid=98724) log_opt_values /opt/stack/data/venv/lib/python3.12/site-packages/oslo_config/cfg.py:3253}}
Jul 02 16:46:15.106744 np0000004304 nova-conductor[98724]: DEBUG cotyledon.oslo_config_glue [-] profiler.es_scroll_time = 2m {{(pid=98724) log_opt_values /opt/stack/data/venv/lib/python3.12/site-packages/oslo_config/cfg.py:3253}}
Jul 02 16:46:15.106744 np0000004304 nova-conductor[98724]: DEBUG cotyledon.oslo_config_glue [-] profiler.filter_error_trace = False {{(pid=98724) log_opt_values /opt/stack/data/venv/lib/python3.12/site-packages/oslo_config/cfg.py:3253}}
Jul 02 16:46:15.106744 np0000004304 nova-conductor[98724]: DEBUG cotyledon.oslo_config_glue [-] profiler.hmac_keys = **** {{(pid=98724) log_opt_values /opt/stack/data/venv/lib/python3.12/site-packages/oslo_config/cfg.py:3253}}
Jul 02 16:46:15.106744 np0000004304 nova-conductor[98724]: DEBUG cotyledon.oslo_config_glue [-] profiler.sentinel_service_name = mymaster {{(pid=98724) log_opt_values /opt/stack/data/venv/lib/python3.12/site-packages/oslo_config/cfg.py:3253}}
Jul 02 16:46:15.106744 np0000004304 nova-conductor[98724]: DEBUG cotyledon.oslo_config_glue [-] profiler.socket_timeout = 0.1 {{(pid=98724) log_opt_values /opt/stack/data/venv/lib/python3.12/site-packages/oslo_config/cfg.py:3253}}
Jul 02 16:46:15.106744 np0000004304 nova-conductor[98724]: DEBUG cotyledon.oslo_config_glue [-] profiler.trace_requests = False {{(pid=98724) log_opt_values /opt/stack/data/venv/lib/python3.12/site-packages/oslo_config/cfg.py:3253}}
Jul 02 16:46:15.106744 np0000004304 nova-conductor[98724]: DEBUG cotyledon.oslo_config_glue [-] profiler.trace_sqlalchemy = False {{(pid=98724) log_opt_values /opt/stack/data/venv/lib/python3.12/site-packages/oslo_config/cfg.py:3253}}
Jul 02 16:46:15.107052 np0000004304 nova-conductor[98724]: DEBUG cotyledon.oslo_config_glue [-] profiler_jaeger.process_tags = {} {{(pid=98724) log_opt_values /opt/stack/data/venv/lib/python3.12/site-packages/oslo_config/cfg.py:3253}}
Jul 02 16:46:15.107052 np0000004304 nova-conductor[98724]: DEBUG cotyledon.oslo_config_glue [-] profiler_jaeger.service_name_prefix = None {{(pid=98724) log_opt_values /opt/stack/data/venv/lib/python3.12/site-packages/oslo_config/cfg.py:3253}}
Jul 02 16:46:15.107052 np0000004304 nova-conductor[98724]: DEBUG cotyledon.oslo_config_glue [-] profiler_otlp.service_name_prefix = None {{(pid=98724) log_opt_values /opt/stack/data/venv/lib/python3.12/site-packages/oslo_config/cfg.py:3253}}
Jul 02 16:46:15.107052 np0000004304 nova-conductor[98724]: DEBUG cotyledon.oslo_config_glue [-] oslo_messaging_rabbit.amqp_auto_delete = False {{(pid=98724) log_opt_values /opt/stack/data/venv/lib/python3.12/site-packages/oslo_config/cfg.py:3253}}
Jul 02 16:46:15.107052 np0000004304 nova-conductor[98724]: DEBUG cotyledon.oslo_config_glue [-] oslo_messaging_rabbit.amqp_durable_queues = False {{(pid=98724) log_opt_values /opt/stack/data/venv/lib/python3.12/site-packages/oslo_config/cfg.py:3253}}
Jul 02 16:46:15.107052 np0000004304 nova-conductor[98724]: DEBUG cotyledon.oslo_config_glue [-] oslo_messaging_rabbit.conn_pool_min_size = 2 {{(pid=98724) log_opt_values /opt/stack/data/venv/lib/python3.12/site-packages/oslo_config/cfg.py:3253}}
Jul 02 16:46:15.107052 np0000004304 nova-conductor[98724]: DEBUG cotyledon.oslo_config_glue [-] oslo_messaging_rabbit.conn_pool_ttl = 1200 {{(pid=98724) log_opt_values /opt/stack/data/venv/lib/python3.12/site-packages/oslo_config/cfg.py:3253}}
Jul 02 16:46:15.107052 np0000004304 nova-conductor[98724]: DEBUG cotyledon.oslo_config_glue [-] oslo_messaging_rabbit.direct_mandatory_flag = True {{(pid=98724) log_opt_values /opt/stack/data/venv/lib/python3.12/site-packages/oslo_config/cfg.py:3253}}
Jul 02 16:46:15.107052 np0000004304 nova-conductor[98724]: DEBUG cotyledon.oslo_config_glue [-] oslo_messaging_rabbit.enable_cancel_on_failover = False {{(pid=98724) log_opt_values /opt/stack/data/venv/lib/python3.12/site-packages/oslo_config/cfg.py:3253}}
Jul 02 16:46:15.107331 np0000004304 nova-conductor[98724]: DEBUG cotyledon.oslo_config_glue [-] oslo_messaging_rabbit.heartbeat_rate = 3 {{(pid=98724) log_opt_values /opt/stack/data/venv/lib/python3.12/site-packages/oslo_config/cfg.py:3253}}
Jul 02 16:46:15.107331 np0000004304 nova-conductor[98724]: DEBUG cotyledon.oslo_config_glue [-] oslo_messaging_rabbit.heartbeat_timeout_threshold = 60 {{(pid=98724) log_opt_values /opt/stack/data/venv/lib/python3.12/site-packages/oslo_config/cfg.py:3253}}
Jul 02 16:46:15.107331 np0000004304 nova-conductor[98724]: DEBUG cotyledon.oslo_config_glue [-] oslo_messaging_rabbit.hostname = np0000004304 {{(pid=98724) log_opt_values /opt/stack/data/venv/lib/python3.12/site-packages/oslo_config/cfg.py:3253}}
Jul 02 16:46:15.107331 np0000004304 nova-conductor[98724]: DEBUG cotyledon.oslo_config_glue [-] oslo_messaging_rabbit.kombu_compression = None {{(pid=98724) log_opt_values /opt/stack/data/venv/lib/python3.12/site-packages/oslo_config/cfg.py:3253}}
Jul 02 16:46:15.107331 np0000004304 nova-conductor[98724]: DEBUG cotyledon.oslo_config_glue [-] oslo_messaging_rabbit.kombu_failover_strategy = round-robin {{(pid=98724) log_opt_values /opt/stack/data/venv/lib/python3.12/site-packages/oslo_config/cfg.py:3253}}
Jul 02 16:46:15.107331 np0000004304 nova-conductor[98724]: DEBUG cotyledon.oslo_config_glue [-] oslo_messaging_rabbit.kombu_missing_consumer_retry_timeout = 60 {{(pid=98724) log_opt_values /opt/stack/data/venv/lib/python3.12/site-packages/oslo_config/cfg.py:3253}}
Jul 02 16:46:15.107331 np0000004304 nova-conductor[98724]: DEBUG cotyledon.oslo_config_glue [-] oslo_messaging_rabbit.kombu_reconnect_delay = 1.0 {{(pid=98724) log_opt_values /opt/stack/data/venv/lib/python3.12/site-packages/oslo_config/cfg.py:3253}}
Jul 02 16:46:15.107331 np0000004304 nova-conductor[98724]: DEBUG cotyledon.oslo_config_glue [-] oslo_messaging_rabbit.kombu_reconnect_splay = 0.0 {{(pid=98724) log_opt_values /opt/stack/data/venv/lib/python3.12/site-packages/oslo_config/cfg.py:3253}}
Jul 02 16:46:15.107331 np0000004304 nova-conductor[98724]: DEBUG cotyledon.oslo_config_glue [-] oslo_messaging_rabbit.processname = nova-conductor {{(pid=98724) log_opt_values /opt/stack/data/venv/lib/python3.12/site-packages/oslo_config/cfg.py:3253}}
Jul 02 16:46:15.107627 np0000004304 nova-conductor[98724]: DEBUG cotyledon.oslo_config_glue [-] oslo_messaging_rabbit.rabbit_ha_queues = False {{(pid=98724) log_opt_values /opt/stack/data/venv/lib/python3.12/site-packages/oslo_config/cfg.py:3253}}
Jul 02 16:46:15.107627 np0000004304 nova-conductor[98724]: DEBUG cotyledon.oslo_config_glue [-] oslo_messaging_rabbit.rabbit_interval_max = 30 {{(pid=98724) log_opt_values /opt/stack/data/venv/lib/python3.12/site-packages/oslo_config/cfg.py:3253}}
Jul 02 16:46:15.107627 np0000004304 nova-conductor[98724]: DEBUG cotyledon.oslo_config_glue [-] oslo_messaging_rabbit.rabbit_login_method = AMQPLAIN {{(pid=98724) log_opt_values /opt/stack/data/venv/lib/python3.12/site-packages/oslo_config/cfg.py:3253}}
Jul 02 16:46:15.107627 np0000004304 nova-conductor[98724]: DEBUG cotyledon.oslo_config_glue [-] oslo_messaging_rabbit.rabbit_qos_prefetch_count = 0 {{(pid=98724) log_opt_values /opt/stack/data/venv/lib/python3.12/site-packages/oslo_config/cfg.py:3253}}
Jul 02 16:46:15.107627 np0000004304 nova-conductor[98724]: DEBUG cotyledon.oslo_config_glue [-] oslo_messaging_rabbit.rabbit_quorum_delivery_limit = 0 {{(pid=98724) log_opt_values /opt/stack/data/venv/lib/python3.12/site-packages/oslo_config/cfg.py:3253}}
Jul 02 16:46:15.107627 np0000004304 nova-conductor[98724]: DEBUG cotyledon.oslo_config_glue [-] oslo_messaging_rabbit.rabbit_quorum_max_memory_bytes = 0 {{(pid=98724) log_opt_values /opt/stack/data/venv/lib/python3.12/site-packages/oslo_config/cfg.py:3253}}
Jul 02 16:46:15.107627 np0000004304 nova-conductor[98724]: DEBUG cotyledon.oslo_config_glue [-] oslo_messaging_rabbit.rabbit_quorum_max_memory_length = 0 {{(pid=98724) log_opt_values /opt/stack/data/venv/lib/python3.12/site-packages/oslo_config/cfg.py:3253}}
Jul 02 16:46:15.107627 np0000004304 nova-conductor[98724]: DEBUG cotyledon.oslo_config_glue [-] oslo_messaging_rabbit.rabbit_quorum_queue = False {{(pid=98724) log_opt_values /opt/stack/data/venv/lib/python3.12/site-packages/oslo_config/cfg.py:3253}}
Jul 02 16:46:15.107627 np0000004304 nova-conductor[98724]: DEBUG cotyledon.oslo_config_glue [-] oslo_messaging_rabbit.rabbit_retry_backoff = 2 {{(pid=98724) log_opt_values /opt/stack/data/venv/lib/python3.12/site-packages/oslo_config/cfg.py:3253}}
Jul 02 16:46:15.107915 np0000004304 nova-conductor[98724]: DEBUG cotyledon.oslo_config_glue [-] oslo_messaging_rabbit.rabbit_retry_interval = 1 {{(pid=98724) log_opt_values /opt/stack/data/venv/lib/python3.12/site-packages/oslo_config/cfg.py:3253}}
Jul 02 16:46:15.107915 np0000004304 nova-conductor[98724]: DEBUG cotyledon.oslo_config_glue [-] oslo_messaging_rabbit.rabbit_stream_fanout = False {{(pid=98724) log_opt_values /opt/stack/data/venv/lib/python3.12/site-packages/oslo_config/cfg.py:3253}}
Jul 02 16:46:15.107915 np0000004304 nova-conductor[98724]: DEBUG cotyledon.oslo_config_glue [-] oslo_messaging_rabbit.rabbit_transient_queues_ttl = 1800 {{(pid=98724) log_opt_values /opt/stack/data/venv/lib/python3.12/site-packages/oslo_config/cfg.py:3253}}
Jul 02 16:46:15.107915 np0000004304 nova-conductor[98724]: DEBUG cotyledon.oslo_config_glue [-] oslo_messaging_rabbit.rabbit_transient_quorum_queue = False {{(pid=98724) log_opt_values /opt/stack/data/venv/lib/python3.12/site-packages/oslo_config/cfg.py:3253}}
Jul 02 16:46:15.107915 np0000004304 nova-conductor[98724]: DEBUG cotyledon.oslo_config_glue [-] oslo_messaging_rabbit.rpc_conn_pool_size = 30 {{(pid=98724) log_opt_values /opt/stack/data/venv/lib/python3.12/site-packages/oslo_config/cfg.py:3253}}
Jul 02 16:46:15.107915 np0000004304 nova-conductor[98724]: DEBUG cotyledon.oslo_config_glue [-] oslo_messaging_rabbit.ssl = False {{(pid=98724) log_opt_values /opt/stack/data/venv/lib/python3.12/site-packages/oslo_config/cfg.py:3253}}
Jul 02 16:46:15.107915 np0000004304 nova-conductor[98724]: DEBUG cotyledon.oslo_config_glue [-] oslo_messaging_rabbit.ssl_ca_file = {{(pid=98724) log_opt_values /opt/stack/data/venv/lib/python3.12/site-packages/oslo_config/cfg.py:3253}}
Jul 02 16:46:15.107915 np0000004304 nova-conductor[98724]: DEBUG cotyledon.oslo_config_glue [-] oslo_messaging_rabbit.ssl_cert_file = {{(pid=98724) log_opt_values /opt/stack/data/venv/lib/python3.12/site-packages/oslo_config/cfg.py:3253}}
Jul 02 16:46:15.107915 np0000004304 nova-conductor[98724]: DEBUG cotyledon.oslo_config_glue [-] oslo_messaging_rabbit.ssl_enforce_fips_mode = False {{(pid=98724) log_opt_values /opt/stack/data/venv/lib/python3.12/site-packages/oslo_config/cfg.py:3253}}
Jul 02 16:46:15.108211 np0000004304 nova-conductor[98724]: DEBUG cotyledon.oslo_config_glue [-] oslo_messaging_rabbit.ssl_enforce_hostname_verification = True {{(pid=98724) log_opt_values /opt/stack/data/venv/lib/python3.12/site-packages/oslo_config/cfg.py:3253}}
Jul 02 16:46:15.108211 np0000004304 nova-conductor[98724]: DEBUG cotyledon.oslo_config_glue [-] oslo_messaging_rabbit.ssl_key_file = {{(pid=98724) log_opt_values /opt/stack/data/venv/lib/python3.12/site-packages/oslo_config/cfg.py:3253}}
Jul 02 16:46:15.108211 np0000004304 nova-conductor[98724]: DEBUG cotyledon.oslo_config_glue [-] oslo_messaging_rabbit.ssl_version = {{(pid=98724) log_opt_values /opt/stack/data/venv/lib/python3.12/site-packages/oslo_config/cfg.py:3253}}
Jul 02 16:46:15.108211 np0000004304 nova-conductor[98724]: DEBUG cotyledon.oslo_config_glue [-] oslo_messaging_rabbit.use_queue_manager = False {{(pid=98724) log_opt_values /opt/stack/data/venv/lib/python3.12/site-packages/oslo_config/cfg.py:3253}}
Jul 02 16:46:15.108211 np0000004304 nova-conductor[98724]: DEBUG cotyledon.oslo_config_glue [-] oslo_messaging_notifications.driver = ['messagingv2'] {{(pid=98724) log_opt_values /opt/stack/data/venv/lib/python3.12/site-packages/oslo_config/cfg.py:3253}}
Jul 02 16:46:15.108211 np0000004304 nova-conductor[98724]: DEBUG cotyledon.oslo_config_glue [-] oslo_messaging_notifications.retry = -1 {{(pid=98724) log_opt_values /opt/stack/data/venv/lib/python3.12/site-packages/oslo_config/cfg.py:3253}}
Jul 02 16:46:15.108211 np0000004304 nova-conductor[98724]: DEBUG cotyledon.oslo_config_glue [-] oslo_messaging_notifications.topics = ['notifications'] {{(pid=98724) log_opt_values /opt/stack/data/venv/lib/python3.12/site-packages/oslo_config/cfg.py:3253}}
Jul 02 16:46:15.108211 np0000004304 nova-conductor[98724]: DEBUG cotyledon.oslo_config_glue [-] oslo_messaging_notifications.transport_url = **** {{(pid=98724) log_opt_values /opt/stack/data/venv/lib/python3.12/site-packages/oslo_config/cfg.py:3253}}
Jul 02 16:46:15.108211 np0000004304 nova-conductor[98724]: DEBUG cotyledon.oslo_config_glue [-] oslo_limit.auth_section = None {{(pid=98724) log_opt_values /opt/stack/data/venv/lib/python3.12/site-packages/oslo_config/cfg.py:3253}}
Jul 02 16:46:15.108495 np0000004304 nova-conductor[98724]: DEBUG cotyledon.oslo_config_glue [-] oslo_limit.auth_type = None {{(pid=98724) log_opt_values /opt/stack/data/venv/lib/python3.12/site-packages/oslo_config/cfg.py:3253}}
Jul 02 16:46:15.108495 np0000004304 nova-conductor[98724]: DEBUG cotyledon.oslo_config_glue [-] oslo_limit.cafile = None {{(pid=98724) log_opt_values /opt/stack/data/venv/lib/python3.12/site-packages/oslo_config/cfg.py:3253}}
Jul 02 16:46:15.108495 np0000004304 nova-conductor[98724]: DEBUG cotyledon.oslo_config_glue [-] oslo_limit.certfile = None {{(pid=98724) log_opt_values /opt/stack/data/venv/lib/python3.12/site-packages/oslo_config/cfg.py:3253}}
Jul 02 16:46:15.108495 np0000004304 nova-conductor[98724]: DEBUG cotyledon.oslo_config_glue [-] oslo_limit.collect_timing = False {{(pid=98724) log_opt_values /opt/stack/data/venv/lib/python3.12/site-packages/oslo_config/cfg.py:3253}}
Jul 02 16:46:15.108495 np0000004304 nova-conductor[98724]: DEBUG cotyledon.oslo_config_glue [-] oslo_limit.connect_retries = None {{(pid=98724) log_opt_values /opt/stack/data/venv/lib/python3.12/site-packages/oslo_config/cfg.py:3253}}
Jul 02 16:46:15.108495 np0000004304 nova-conductor[98724]: DEBUG cotyledon.oslo_config_glue [-] oslo_limit.connect_retry_delay = None {{(pid=98724) log_opt_values /opt/stack/data/venv/lib/python3.12/site-packages/oslo_config/cfg.py:3253}}
Jul 02 16:46:15.108495 np0000004304 nova-conductor[98724]: DEBUG cotyledon.oslo_config_glue [-] oslo_limit.endpoint_id = None {{(pid=98724) log_opt_values /opt/stack/data/venv/lib/python3.12/site-packages/oslo_config/cfg.py:3253}}
Jul 02 16:46:15.108495 np0000004304 nova-conductor[98724]: DEBUG cotyledon.oslo_config_glue [-] oslo_limit.endpoint_interface = public {{(pid=98724) log_opt_values /opt/stack/data/venv/lib/python3.12/site-packages/oslo_config/cfg.py:3253}}
Jul 02 16:46:15.108495 np0000004304 nova-conductor[98724]: DEBUG cotyledon.oslo_config_glue [-] oslo_limit.endpoint_override = None {{(pid=98724) log_opt_values /opt/stack/data/venv/lib/python3.12/site-packages/oslo_config/cfg.py:3253}}
Jul 02 16:46:15.108790 np0000004304 nova-conductor[98724]: DEBUG cotyledon.oslo_config_glue [-] oslo_limit.endpoint_region_name = None {{(pid=98724) log_opt_values /opt/stack/data/venv/lib/python3.12/site-packages/oslo_config/cfg.py:3253}}
Jul 02 16:46:15.108790 np0000004304 nova-conductor[98724]: DEBUG cotyledon.oslo_config_glue [-] oslo_limit.endpoint_service_name = None {{(pid=98724) log_opt_values /opt/stack/data/venv/lib/python3.12/site-packages/oslo_config/cfg.py:3253}}
Jul 02 16:46:15.108790 np0000004304 nova-conductor[98724]: DEBUG cotyledon.oslo_config_glue [-] oslo_limit.endpoint_service_type = None {{(pid=98724) log_opt_values /opt/stack/data/venv/lib/python3.12/site-packages/oslo_config/cfg.py:3253}}
Jul 02 16:46:15.108790 np0000004304 nova-conductor[98724]: DEBUG cotyledon.oslo_config_glue [-] oslo_limit.insecure = False {{(pid=98724) log_opt_values /opt/stack/data/venv/lib/python3.12/site-packages/oslo_config/cfg.py:3253}}
Jul 02 16:46:15.108790 np0000004304 nova-conductor[98724]: DEBUG cotyledon.oslo_config_glue [-] oslo_limit.keyfile = None {{(pid=98724) log_opt_values /opt/stack/data/venv/lib/python3.12/site-packages/oslo_config/cfg.py:3253}}
Jul 02 16:46:15.108790 np0000004304 nova-conductor[98724]: DEBUG cotyledon.oslo_config_glue [-] oslo_limit.max_version = None {{(pid=98724) log_opt_values /opt/stack/data/venv/lib/python3.12/site-packages/oslo_config/cfg.py:3253}}
Jul 02 16:46:15.108790 np0000004304 nova-conductor[98724]: DEBUG cotyledon.oslo_config_glue [-] oslo_limit.min_version = None {{(pid=98724) log_opt_values /opt/stack/data/venv/lib/python3.12/site-packages/oslo_config/cfg.py:3253}}
Jul 02 16:46:15.108790 np0000004304 nova-conductor[98724]: DEBUG cotyledon.oslo_config_glue [-] oslo_limit.region_name = None {{(pid=98724) log_opt_values /opt/stack/data/venv/lib/python3.12/site-packages/oslo_config/cfg.py:3253}}
Jul 02 16:46:15.108790 np0000004304 nova-conductor[98724]: DEBUG cotyledon.oslo_config_glue [-] oslo_limit.retriable_status_codes = None {{(pid=98724) log_opt_values /opt/stack/data/venv/lib/python3.12/site-packages/oslo_config/cfg.py:3253}}
Jul 02 16:46:15.109092 np0000004304 nova-conductor[98724]: DEBUG cotyledon.oslo_config_glue [-] oslo_limit.service_name = None {{(pid=98724) log_opt_values /opt/stack/data/venv/lib/python3.12/site-packages/oslo_config/cfg.py:3253}}
Jul 02 16:46:15.109092 np0000004304 nova-conductor[98724]: DEBUG cotyledon.oslo_config_glue [-] oslo_limit.service_type = None {{(pid=98724) log_opt_values /opt/stack/data/venv/lib/python3.12/site-packages/oslo_config/cfg.py:3253}}
Jul 02 16:46:15.109092 np0000004304 nova-conductor[98724]: DEBUG cotyledon.oslo_config_glue [-] oslo_limit.split_loggers = False {{(pid=98724) log_opt_values /opt/stack/data/venv/lib/python3.12/site-packages/oslo_config/cfg.py:3253}}
Jul 02 16:46:15.109092 np0000004304 nova-conductor[98724]: DEBUG cotyledon.oslo_config_glue [-] oslo_limit.status_code_retries = None {{(pid=98724) log_opt_values /opt/stack/data/venv/lib/python3.12/site-packages/oslo_config/cfg.py:3253}}
Jul 02 16:46:15.109092 np0000004304 nova-conductor[98724]: DEBUG cotyledon.oslo_config_glue [-] oslo_limit.status_code_retry_delay = None {{(pid=98724) log_opt_values /opt/stack/data/venv/lib/python3.12/site-packages/oslo_config/cfg.py:3253}}
Jul 02 16:46:15.109092 np0000004304 nova-conductor[98724]: DEBUG cotyledon.oslo_config_glue [-] oslo_limit.timeout = None {{(pid=98724) log_opt_values /opt/stack/data/venv/lib/python3.12/site-packages/oslo_config/cfg.py:3253}}
Jul 02 16:46:15.109092 np0000004304 nova-conductor[98724]: DEBUG cotyledon.oslo_config_glue [-] oslo_limit.valid_interfaces = None {{(pid=98724) log_opt_values /opt/stack/data/venv/lib/python3.12/site-packages/oslo_config/cfg.py:3253}}
Jul 02 16:46:15.109092 np0000004304 nova-conductor[98724]: DEBUG cotyledon.oslo_config_glue [-] oslo_limit.version = None {{(pid=98724) log_opt_values /opt/stack/data/venv/lib/python3.12/site-packages/oslo_config/cfg.py:3253}}
Jul 02 16:46:15.109092 np0000004304 nova-conductor[98724]: DEBUG cotyledon.oslo_config_glue [-] oslo_reports.file_event_handler = None {{(pid=98724) log_opt_values /opt/stack/data/venv/lib/python3.12/site-packages/oslo_config/cfg.py:3253}}
Jul 02 16:46:15.109393 np0000004304 nova-conductor[98724]: DEBUG cotyledon.oslo_config_glue [-] oslo_reports.file_event_handler_interval = 1 {{(pid=98724) log_opt_values /opt/stack/data/venv/lib/python3.12/site-packages/oslo_config/cfg.py:3253}}
Jul 02 16:46:15.109393 np0000004304 nova-conductor[98724]: DEBUG cotyledon.oslo_config_glue [-] oslo_reports.log_dir = None {{(pid=98724) log_opt_values /opt/stack/data/venv/lib/python3.12/site-packages/oslo_config/cfg.py:3253}}
Jul 02 16:46:15.109393 np0000004304 nova-conductor[98724]: DEBUG cotyledon.oslo_config_glue [-] ******************************************************************************** {{(pid=98724) log_opt_values /opt/stack/data/venv/lib/python3.12/site-packages/oslo_config/cfg.py:3260}}
Jul 02 16:46:15.109393 np0000004304 nova-conductor[98724]: DEBUG cotyledon._service_worker [-] Run service ServiceWrapper(3) [98724] {{(pid=98724) wait_forever /opt/stack/data/venv/lib/python3.12/site-packages/cotyledon/_service_worker.py:218}}
Jul 02 16:46:15.109393 np0000004304 nova-conductor[98724]: INFO nova.service [-] Starting conductor node (version 33.1.0)
Jul 02 16:46:15.109572 np0000004304 nova-conductor[98707]: DEBUG oslo_db.sqlalchemy.engines [None req-9c349513-cf5c-407a-a9d2-b8621ef477e7 None None] MySQL server mode set to STRICT_TRANS_TABLES,STRICT_ALL_TABLES,NO_ZERO_IN_DATE,NO_ZERO_DATE,ERROR_FOR_DIVISION_BY_ZERO,TRADITIONAL,NO_ENGINE_SUBSTITUTION {{(pid=98707) _check_effective_sql_mode /opt/stack/data/venv/lib/python3.12/site-packages/oslo_db/sqlalchemy/engines.py:325}}
Jul 02 16:46:15.109618 np0000004304 nova-conductor[98724]: INFO dbcounter [None req-12206e21-6d86-4ed0-93d7-18976463aa61 None None] Registered counter for database nova_cell0
Jul 02 16:46:15.109656 np0000004304 nova-conductor[98707]: DEBUG dbcounter [-] [98707] Writer thread running {{(pid=98707) stat_writer /opt/stack/data/venv/lib/python3.12/site-packages/dbcounter.py:102}}
Jul 02 16:46:15.129335 np0000004304 nova-conductor[98707]: DEBUG nova.service [None req-9c349513-cf5c-407a-a9d2-b8621ef477e7 None None] Creating RPC server for service: nova-conductor on topic: conductor {{(pid=98707) start /opt/stack/nova/nova/service.py:196}}
Jul 02 16:46:15.133250 np0000004304 nova-conductor[98718]: DEBUG oslo_db.sqlalchemy.engines [None req-c9275b01-628e-402b-8702-6f4e08070ca8 None None] MySQL server mode set to STRICT_TRANS_TABLES,STRICT_ALL_TABLES,NO_ZERO_IN_DATE,NO_ZERO_DATE,ERROR_FOR_DIVISION_BY_ZERO,TRADITIONAL,NO_ENGINE_SUBSTITUTION {{(pid=98718) _check_effective_sql_mode /opt/stack/data/venv/lib/python3.12/site-packages/oslo_db/sqlalchemy/engines.py:325}}
Jul 02 16:46:15.140996 np0000004304 nova-conductor[98714]: DEBUG oslo_db.sqlalchemy.engines [None req-65a63d93-ed78-482f-a02c-5d6efe4eceb8 None None] MySQL server mode set to STRICT_TRANS_TABLES,STRICT_ALL_TABLES,NO_ZERO_IN_DATE,NO_ZERO_DATE,ERROR_FOR_DIVISION_BY_ZERO,TRADITIONAL,NO_ENGINE_SUBSTITUTION {{(pid=98714) _check_effective_sql_mode /opt/stack/data/venv/lib/python3.12/site-packages/oslo_db/sqlalchemy/engines.py:325}}
Jul 02 16:46:15.143806 np0000004304 nova-conductor[98718]: DEBUG dbcounter [-] [98718] Writer thread running {{(pid=98718) stat_writer /opt/stack/data/venv/lib/python3.12/site-packages/dbcounter.py:102}}
Jul 02 16:46:15.146680 np0000004304 nova-conductor[98718]: DEBUG nova.service [None req-c9275b01-628e-402b-8702-6f4e08070ca8 None None] Creating RPC server for service: nova-conductor on topic: conductor {{(pid=98718) start /opt/stack/nova/nova/service.py:196}}
Jul 02 16:46:15.146890 np0000004304 nova-conductor[98724]: DEBUG oslo_db.sqlalchemy.engines [None req-12206e21-6d86-4ed0-93d7-18976463aa61 None None] MySQL server mode set to STRICT_TRANS_TABLES,STRICT_ALL_TABLES,NO_ZERO_IN_DATE,NO_ZERO_DATE,ERROR_FOR_DIVISION_BY_ZERO,TRADITIONAL,NO_ENGINE_SUBSTITUTION {{(pid=98724) _check_effective_sql_mode /opt/stack/data/venv/lib/python3.12/site-packages/oslo_db/sqlalchemy/engines.py:325}}
Jul 02 16:46:15.152275 np0000004304 nova-conductor[98714]: DEBUG dbcounter [-] [98714] Writer thread running {{(pid=98714) stat_writer /opt/stack/data/venv/lib/python3.12/site-packages/dbcounter.py:102}}
Jul 02 16:46:15.153426 np0000004304 nova-conductor[98707]: DEBUG nova.service [None req-9c349513-cf5c-407a-a9d2-b8621ef477e7 None None] Join ServiceGroup membership for this service conductor {{(pid=98707) start /opt/stack/nova/nova/service.py:222}}
Jul 02 16:46:15.153752 np0000004304 nova-conductor[98707]: DEBUG nova.servicegroup.drivers.db [None req-9c349513-cf5c-407a-a9d2-b8621ef477e7 None None] DB_Driver: join new ServiceGroup member np0000004304 to the conductor group, service = {{(pid=98707) join /opt/stack/nova/nova/servicegroup/drivers/db.py:44}}
Jul 02 16:46:15.155226 np0000004304 nova-conductor[98724]: DEBUG dbcounter [-] [98724] Writer thread running {{(pid=98724) stat_writer /opt/stack/data/venv/lib/python3.12/site-packages/dbcounter.py:102}}
Jul 02 16:46:15.155533 np0000004304 nova-conductor[98714]: DEBUG nova.service [None req-65a63d93-ed78-482f-a02c-5d6efe4eceb8 None None] Creating RPC server for service: nova-conductor on topic: conductor {{(pid=98714) start /opt/stack/nova/nova/service.py:196}}
Jul 02 16:46:15.157940 np0000004304 nova-conductor[98724]: DEBUG nova.service [None req-12206e21-6d86-4ed0-93d7-18976463aa61 None None] Creating RPC server for service: nova-conductor on topic: conductor {{(pid=98724) start /opt/stack/nova/nova/service.py:196}}
Jul 02 16:46:15.165273 np0000004304 nova-conductor[98718]: DEBUG nova.service [None req-c9275b01-628e-402b-8702-6f4e08070ca8 None None] Join ServiceGroup membership for this service conductor {{(pid=98718) start /opt/stack/nova/nova/service.py:222}}
Jul 02 16:46:15.165491 np0000004304 nova-conductor[98718]: DEBUG nova.servicegroup.drivers.db [None req-c9275b01-628e-402b-8702-6f4e08070ca8 None None] DB_Driver: join new ServiceGroup member np0000004304 to the conductor group, service = {{(pid=98718) join /opt/stack/nova/nova/servicegroup/drivers/db.py:44}}
Jul 02 16:46:15.174713 np0000004304 nova-conductor[98714]: DEBUG nova.service [None req-65a63d93-ed78-482f-a02c-5d6efe4eceb8 None None] Join ServiceGroup membership for this service conductor {{(pid=98714) start /opt/stack/nova/nova/service.py:222}}
Jul 02 16:46:15.174797 np0000004304 nova-conductor[98724]: DEBUG nova.service [None req-12206e21-6d86-4ed0-93d7-18976463aa61 None None] Join ServiceGroup membership for this service conductor {{(pid=98724) start /opt/stack/nova/nova/service.py:222}}
Jul 02 16:46:15.174939 np0000004304 nova-conductor[98714]: DEBUG nova.servicegroup.drivers.db [None req-65a63d93-ed78-482f-a02c-5d6efe4eceb8 None None] DB_Driver: join new ServiceGroup member np0000004304 to the conductor group, service = {{(pid=98714) join /opt/stack/nova/nova/servicegroup/drivers/db.py:44}}
Jul 02 16:46:15.175006 np0000004304 nova-conductor[98724]: DEBUG nova.servicegroup.drivers.db [None req-12206e21-6d86-4ed0-93d7-18976463aa61 None None] DB_Driver: join new ServiceGroup member np0000004304 to the conductor group, service = {{(pid=98724) join /opt/stack/nova/nova/servicegroup/drivers/db.py:44}}
Jul 02 16:46:16.167492 np0000004304 nova-conductor[98718]: DEBUG oslo.service.backend._threading.loopingcall [None req-1a75c50a-9b25-43b0-88df-c687bce891b2 None None] Dynamic interval looping call 'nova.service.Service.periodic_tasks' sleeping for 60.00 seconds {{(pid=98718) _run_loop /opt/stack/data/venv/lib/python3.12/site-packages/oslo_service/backend/_threading/loopingcall.py:125}}
Jul 02 16:46:20.173105 np0000004304 nova-conductor[98707]: DEBUG oslo.service.backend._threading.loopingcall [-] Fixed interval looping call 'nova.servicegroup.drivers.db.DbDriver._report_state' sleeping for 119.98 seconds {{(pid=98707) _run_loop /opt/stack/data/venv/lib/python3.12/site-packages/oslo_service/backend/_threading/loopingcall.py:125}}
Jul 02 16:46:20.177983 np0000004304 nova-conductor[98718]: DEBUG oslo.service.backend._threading.loopingcall [-] Fixed interval looping call 'nova.servicegroup.drivers.db.DbDriver._report_state' sleeping for 119.99 seconds {{(pid=98718) _run_loop /opt/stack/data/venv/lib/python3.12/site-packages/oslo_service/backend/_threading/loopingcall.py:125}}
Jul 02 16:46:20.187983 np0000004304 nova-conductor[98714]: DEBUG oslo.service.backend._threading.loopingcall [-] Fixed interval looping call 'nova.servicegroup.drivers.db.DbDriver._report_state' sleeping for 119.99 seconds {{(pid=98714) _run_loop /opt/stack/data/venv/lib/python3.12/site-packages/oslo_service/backend/_threading/loopingcall.py:125}}
Jul 02 16:46:20.198520 np0000004304 nova-conductor[98724]: DEBUG oslo.service.backend._threading.loopingcall [-] Fixed interval looping call 'nova.servicegroup.drivers.db.DbDriver._report_state' sleeping for 119.98 seconds {{(pid=98724) _run_loop /opt/stack/data/venv/lib/python3.12/site-packages/oslo_service/backend/_threading/loopingcall.py:125}}
Jul 02 16:46:23.729520 np0000004304 nova-conductor[97197]: DEBUG dbcounter [-] [97197] Writing DB stats nova_api:SELECT=1 {{(pid=97197) stat_writer /opt/stack/data/venv/lib/python3.12/site-packages/dbcounter.py:115}}
Jul 02 16:46:23.862748 np0000004304 nova-conductor[97197]: DEBUG dbcounter [-] [97197] Writing DB stats nova_cell0:SELECT=1 {{(pid=97197) stat_writer /opt/stack/data/venv/lib/python3.12/site-packages/dbcounter.py:115}}
Jul 02 16:46:23.867235 np0000004304 nova-conductor[97197]: DEBUG dbcounter [-] [97197] Writing DB stats nova_cell1:SELECT=1 {{(pid=97197) stat_writer /opt/stack/data/venv/lib/python3.12/site-packages/dbcounter.py:115}}
Jul 02 16:46:30.162034 np0000004304 nova-conductor[98707]: DEBUG dbcounter [-] [98707] Writing DB stats nova_cell0:SELECT=4,nova_cell0:INSERT=1,nova_cell0:UPDATE=1 {{(pid=98707) stat_writer /opt/stack/data/venv/lib/python3.12/site-packages/dbcounter.py:115}}
Jul 02 16:46:30.176210 np0000004304 nova-conductor[98718]: DEBUG dbcounter [-] [98718] Writing DB stats nova_cell0:SELECT=3 {{(pid=98718) stat_writer /opt/stack/data/venv/lib/python3.12/site-packages/dbcounter.py:115}}
Jul 02 16:46:30.183352 np0000004304 nova-conductor[98714]: DEBUG dbcounter [-] [98714] Writing DB stats nova_cell0:SELECT=3 {{(pid=98714) stat_writer /opt/stack/data/venv/lib/python3.12/site-packages/dbcounter.py:115}}
Jul 02 16:46:30.192716 np0000004304 nova-conductor[98724]: DEBUG dbcounter [-] [98724] Writing DB stats nova_cell0:SELECT=3 {{(pid=98724) stat_writer /opt/stack/data/venv/lib/python3.12/site-packages/dbcounter.py:115}}
Jul 02 16:46:53.177148 np0000004304 nova-conductor[98714]: DEBUG oslo.service.backend._threading.loopingcall [None req-c49716a8-6610-4d0b-84f0-e686707a4d7f None None] Dynamic interval looping call 'nova.service.Service.periodic_tasks' sleeping for 60.00 seconds {{(pid=98714) _run_loop /opt/stack/data/venv/lib/python3.12/site-packages/oslo_service/backend/_threading/loopingcall.py:125}}
Jul 02 16:47:02.177104 np0000004304 nova-conductor[98724]: DEBUG oslo.service.backend._threading.loopingcall [None req-7b60eb98-355d-4681-bea6-de2e28400d3e None None] Dynamic interval looping call 'nova.service.Service.periodic_tasks' sleeping for 60.00 seconds {{(pid=98724) _run_loop /opt/stack/data/venv/lib/python3.12/site-packages/oslo_service/backend/_threading/loopingcall.py:125}}
Jul 02 16:47:14.155755 np0000004304 nova-conductor[98707]: DEBUG oslo.service.backend._threading.loopingcall [None req-7d497cf6-5e97-4991-afd3-45366fc45268 None None] Dynamic interval looping call 'nova.service.Service.periodic_tasks' sleeping for 60.00 seconds {{(pid=98707) _run_loop /opt/stack/data/venv/lib/python3.12/site-packages/oslo_service/backend/_threading/loopingcall.py:125}}
Jul 02 16:47:16.168083 np0000004304 nova-conductor[98718]: DEBUG oslo.service.backend._threading.loopingcall [None req-1a75c50a-9b25-43b0-88df-c687bce891b2 None None] Dynamic interval looping call 'nova.service.Service.periodic_tasks' sleeping for 60.00 seconds {{(pid=98718) _run_loop /opt/stack/data/venv/lib/python3.12/site-packages/oslo_service/backend/_threading/loopingcall.py:125}}
Jul 02 16:47:53.177729 np0000004304 nova-conductor[98714]: DEBUG oslo.service.backend._threading.loopingcall [None req-c49716a8-6610-4d0b-84f0-e686707a4d7f None None] Dynamic interval looping call 'nova.service.Service.periodic_tasks' sleeping for 60.00 seconds {{(pid=98714) _run_loop /opt/stack/data/venv/lib/python3.12/site-packages/oslo_service/backend/_threading/loopingcall.py:125}}
Jul 02 16:48:02.177702 np0000004304 nova-conductor[98724]: DEBUG oslo.service.backend._threading.loopingcall [None req-7b60eb98-355d-4681-bea6-de2e28400d3e None None] Dynamic interval looping call 'nova.service.Service.periodic_tasks' sleeping for 60.00 seconds {{(pid=98724) _run_loop /opt/stack/data/venv/lib/python3.12/site-packages/oslo_service/backend/_threading/loopingcall.py:125}}
Jul 02 16:48:14.156395 np0000004304 nova-conductor[98707]: DEBUG oslo.service.backend._threading.loopingcall [None req-7d497cf6-5e97-4991-afd3-45366fc45268 None None] Dynamic interval looping call 'nova.service.Service.periodic_tasks' sleeping for 60.00 seconds {{(pid=98707) _run_loop /opt/stack/data/venv/lib/python3.12/site-packages/oslo_service/backend/_threading/loopingcall.py:125}}
Jul 02 16:48:16.168612 np0000004304 nova-conductor[98718]: DEBUG oslo.service.backend._threading.loopingcall [None req-1a75c50a-9b25-43b0-88df-c687bce891b2 None None] Dynamic interval looping call 'nova.service.Service.periodic_tasks' sleeping for 60.00 seconds {{(pid=98718) _run_loop /opt/stack/data/venv/lib/python3.12/site-packages/oslo_service/backend/_threading/loopingcall.py:125}}
Jul 02 16:48:20.171197 np0000004304 nova-conductor[98707]: DEBUG oslo.service.backend._threading.loopingcall [-] Fixed interval looping call 'nova.servicegroup.drivers.db.DbDriver._report_state' sleeping for 119.98 seconds {{(pid=98707) _run_loop /opt/stack/data/venv/lib/python3.12/site-packages/oslo_service/backend/_threading/loopingcall.py:125}}
Jul 02 16:48:20.174180 np0000004304 nova-conductor[98718]: DEBUG oslo.service.backend._threading.loopingcall [-] Fixed interval looping call 'nova.servicegroup.drivers.db.DbDriver._report_state' sleeping for 119.99 seconds {{(pid=98718) _run_loop /opt/stack/data/venv/lib/python3.12/site-packages/oslo_service/backend/_threading/loopingcall.py:125}}
Jul 02 16:48:20.181568 np0000004304 nova-conductor[98714]: DEBUG oslo.service.backend._threading.loopingcall [-] Fixed interval looping call 'nova.servicegroup.drivers.db.DbDriver._report_state' sleeping for 120.00 seconds {{(pid=98714) _run_loop /opt/stack/data/venv/lib/python3.12/site-packages/oslo_service/backend/_threading/loopingcall.py:125}}
Jul 02 16:48:20.182540 np0000004304 nova-conductor[98724]: DEBUG oslo.service.backend._threading.loopingcall [-] Fixed interval looping call 'nova.servicegroup.drivers.db.DbDriver._report_state' sleeping for 120.00 seconds {{(pid=98724) _run_loop /opt/stack/data/venv/lib/python3.12/site-packages/oslo_service/backend/_threading/loopingcall.py:125}}
Jul 02 16:48:28.210739 np0000004304 nova-conductor[98707]: DEBUG oslo_db.sqlalchemy.engines [None req-69068e54-7df2-478f-b0e9-025d16e4cbbb tempest-ServerRescueNegativeTestJSON-1030238245 tempest-ServerRescueNegativeTestJSON-1030238245-project-member] Parent process 97197 forked (98707) with an open database connection, which is being discarded and recreated. {{(pid=98707) checkout /opt/stack/data/venv/lib/python3.12/site-packages/oslo_db/sqlalchemy/engines.py:402}}
Jul 02 16:48:28.266253 np0000004304 nova-conductor[98707]: DEBUG dbcounter [-] [98707] Writer thread running {{(pid=98707) stat_writer /opt/stack/data/venv/lib/python3.12/site-packages/dbcounter.py:102}}
Jul 02 16:48:29.793738 np0000004304 nova-conductor[98707]: DEBUG nova.conductor.manager [None req-69068e54-7df2-478f-b0e9-025d16e4cbbb tempest-ServerRescueNegativeTestJSON-1030238245 tempest-ServerRescueNegativeTestJSON-1030238245-project-member] Took 1.52 seconds to select destinations for 1 instance(s). {{(pid=98707) _schedule_instances /opt/stack/nova/nova/conductor/manager.py:968}}
Jul 02 16:48:29.832458 np0000004304 nova-conductor[98707]: DEBUG oslo_concurrency.lockutils [None req-69068e54-7df2-478f-b0e9-025d16e4cbbb tempest-ServerRescueNegativeTestJSON-1030238245 tempest-ServerRescueNegativeTestJSON-1030238245-project-member] Acquiring lock "920ad5fd-3c5d-4bc9-a0c2-78e166f9889d" by "nova.context.set_target_cell..get_or_set_cached_cell_and_set_connections" {{(pid=98707) inner /opt/stack/data/venv/lib/python3.12/site-packages/oslo_concurrency/lockutils.py:511}}
Jul 02 16:48:29.832607 np0000004304 nova-conductor[98707]: DEBUG oslo_concurrency.lockutils [None req-69068e54-7df2-478f-b0e9-025d16e4cbbb tempest-ServerRescueNegativeTestJSON-1030238245 tempest-ServerRescueNegativeTestJSON-1030238245-project-member] Lock "920ad5fd-3c5d-4bc9-a0c2-78e166f9889d" acquired by "nova.context.set_target_cell..get_or_set_cached_cell_and_set_connections" :: waited 0.000s {{(pid=98707) inner /opt/stack/data/venv/lib/python3.12/site-packages/oslo_concurrency/lockutils.py:524}}
Jul 02 16:48:29.834377 np0000004304 nova-conductor[98707]: DEBUG oslo_concurrency.lockutils [None req-69068e54-7df2-478f-b0e9-025d16e4cbbb tempest-ServerRescueNegativeTestJSON-1030238245 tempest-ServerRescueNegativeTestJSON-1030238245-project-member] Lock "920ad5fd-3c5d-4bc9-a0c2-78e166f9889d" "released" by "nova.context.set_target_cell..get_or_set_cached_cell_and_set_connections" :: held 0.002s {{(pid=98707) inner /opt/stack/data/venv/lib/python3.12/site-packages/oslo_concurrency/lockutils.py:543}}
Jul 02 16:48:29.837923 np0000004304 nova-conductor[98707]: INFO dbcounter [None req-69068e54-7df2-478f-b0e9-025d16e4cbbb tempest-ServerRescueNegativeTestJSON-1030238245 tempest-ServerRescueNegativeTestJSON-1030238245-project-member] Registered counter for database nova_cell1
Jul 02 16:48:29.888341 np0000004304 nova-conductor[98707]: DEBUG oslo_db.sqlalchemy.engines [None req-69068e54-7df2-478f-b0e9-025d16e4cbbb tempest-ServerRescueNegativeTestJSON-1030238245 tempest-ServerRescueNegativeTestJSON-1030238245-project-member] MySQL server mode set to STRICT_TRANS_TABLES,STRICT_ALL_TABLES,NO_ZERO_IN_DATE,NO_ZERO_DATE,ERROR_FOR_DIVISION_BY_ZERO,TRADITIONAL,NO_ENGINE_SUBSTITUTION {{(pid=98707) _check_effective_sql_mode /opt/stack/data/venv/lib/python3.12/site-packages/oslo_db/sqlalchemy/engines.py:325}}
Jul 02 16:48:29.894570 np0000004304 nova-conductor[98707]: DEBUG dbcounter [-] [98707] Writer thread running {{(pid=98707) stat_writer /opt/stack/data/venv/lib/python3.12/site-packages/dbcounter.py:102}}
Jul 02 16:48:29.960032 np0000004304 nova-conductor[98707]: INFO nova.utils [None req-69068e54-7df2-478f-b0e9-025d16e4cbbb tempest-ServerRescueNegativeTestJSON-1030238245 tempest-ServerRescueNegativeTestJSON-1030238245-project-member] The cell worker thread pool ForkProcess-1.cell_worker is initialized
Jul 02 16:48:29.960290 np0000004304 nova-conductor[98707]: DEBUG oslo_concurrency.lockutils [None req-69068e54-7df2-478f-b0e9-025d16e4cbbb tempest-ServerRescueNegativeTestJSON-1030238245 tempest-ServerRescueNegativeTestJSON-1030238245-project-member] Acquiring lock "00000000-0000-0000-0000-000000000000" by "nova.context.set_target_cell..get_or_set_cached_cell_and_set_connections" {{(pid=98707) inner /opt/stack/data/venv/lib/python3.12/site-packages/oslo_concurrency/lockutils.py:511}}
Jul 02 16:48:29.960425 np0000004304 nova-conductor[98707]: DEBUG oslo_concurrency.lockutils [None req-69068e54-7df2-478f-b0e9-025d16e4cbbb tempest-ServerRescueNegativeTestJSON-1030238245 tempest-ServerRescueNegativeTestJSON-1030238245-project-member] Lock "00000000-0000-0000-0000-000000000000" acquired by "nova.context.set_target_cell..get_or_set_cached_cell_and_set_connections" :: waited 0.000s {{(pid=98707) inner /opt/stack/data/venv/lib/python3.12/site-packages/oslo_concurrency/lockutils.py:524}}
Jul 02 16:48:29.960717 np0000004304 nova-conductor[98707]: DEBUG oslo_concurrency.lockutils [None req-69068e54-7df2-478f-b0e9-025d16e4cbbb tempest-ServerRescueNegativeTestJSON-1030238245 tempest-ServerRescueNegativeTestJSON-1030238245-project-member] Lock "00000000-0000-0000-0000-000000000000" "released" by "nova.context.set_target_cell..get_or_set_cached_cell_and_set_connections" :: held 0.000s {{(pid=98707) inner /opt/stack/data/venv/lib/python3.12/site-packages/oslo_concurrency/lockutils.py:543}}
Jul 02 16:48:29.961321 np0000004304 nova-conductor[98707]: DEBUG oslo_concurrency.lockutils [None req-69068e54-7df2-478f-b0e9-025d16e4cbbb tempest-ServerRescueNegativeTestJSON-1030238245 tempest-ServerRescueNegativeTestJSON-1030238245-project-member] Acquiring lock "920ad5fd-3c5d-4bc9-a0c2-78e166f9889d" by "nova.context.set_target_cell..get_or_set_cached_cell_and_set_connections" {{(pid=98707) inner /opt/stack/data/venv/lib/python3.12/site-packages/oslo_concurrency/lockutils.py:511}}
Jul 02 16:48:29.961541 np0000004304 nova-conductor[98707]: DEBUG oslo_concurrency.lockutils [None req-69068e54-7df2-478f-b0e9-025d16e4cbbb tempest-ServerRescueNegativeTestJSON-1030238245 tempest-ServerRescueNegativeTestJSON-1030238245-project-member] Lock "920ad5fd-3c5d-4bc9-a0c2-78e166f9889d" acquired by "nova.context.set_target_cell..get_or_set_cached_cell_and_set_connections" :: waited 0.000s {{(pid=98707) inner /opt/stack/data/venv/lib/python3.12/site-packages/oslo_concurrency/lockutils.py:524}}
Jul 02 16:48:29.961541 np0000004304 nova-conductor[98707]: DEBUG oslo_concurrency.lockutils [None req-69068e54-7df2-478f-b0e9-025d16e4cbbb tempest-ServerRescueNegativeTestJSON-1030238245 tempest-ServerRescueNegativeTestJSON-1030238245-project-member] Lock "920ad5fd-3c5d-4bc9-a0c2-78e166f9889d" "released" by "nova.context.set_target_cell..get_or_set_cached_cell_and_set_connections" :: held 0.000s {{(pid=98707) inner /opt/stack/data/venv/lib/python3.12/site-packages/oslo_concurrency/lockutils.py:543}}
Jul 02 16:48:29.963520 np0000004304 nova-conductor[98707]: INFO dbcounter [None req-69068e54-7df2-478f-b0e9-025d16e4cbbb tempest-ServerRescueNegativeTestJSON-1030238245 tempest-ServerRescueNegativeTestJSON-1030238245-project-member] Registered counter for database nova_cell0
Jul 02 16:48:30.001226 np0000004304 nova-conductor[98707]: DEBUG oslo_db.sqlalchemy.engines [None req-69068e54-7df2-478f-b0e9-025d16e4cbbb tempest-ServerRescueNegativeTestJSON-1030238245 tempest-ServerRescueNegativeTestJSON-1030238245-project-member] MySQL server mode set to STRICT_TRANS_TABLES,STRICT_ALL_TABLES,NO_ZERO_IN_DATE,NO_ZERO_DATE,ERROR_FOR_DIVISION_BY_ZERO,TRADITIONAL,NO_ENGINE_SUBSTITUTION {{(pid=98707) _check_effective_sql_mode /opt/stack/data/venv/lib/python3.12/site-packages/oslo_db/sqlalchemy/engines.py:325}}
Jul 02 16:48:30.008250 np0000004304 nova-conductor[98707]: DEBUG dbcounter [-] [98707] Writer thread running {{(pid=98707) stat_writer /opt/stack/data/venv/lib/python3.12/site-packages/dbcounter.py:102}}
Jul 02 16:48:30.019895 np0000004304 nova-conductor[98707]: DEBUG nova.quota [None req-69068e54-7df2-478f-b0e9-025d16e4cbbb tempest-ServerRescueNegativeTestJSON-1030238245 tempest-ServerRescueNegativeTestJSON-1030238245-project-member] Getting quotas for project 2388d706b04946a68ffde54afb3e562c. Resources: {'instances', 'ram', 'cores'} {{(pid=98707) _get_quotas /opt/stack/nova/nova/quota.py:389}}
Jul 02 16:48:30.023996 np0000004304 nova-conductor[98707]: DEBUG nova.quota [None req-69068e54-7df2-478f-b0e9-025d16e4cbbb tempest-ServerRescueNegativeTestJSON-1030238245 tempest-ServerRescueNegativeTestJSON-1030238245-project-member] Getting quotas for user b1660ce4fb0d4c1699d8f2ac5f9ffe61 and project 2388d706b04946a68ffde54afb3e562c. Resources: {'instances', 'ram', 'cores'} {{(pid=98707) _get_quotas /opt/stack/nova/nova/quota.py:379}}
Jul 02 16:48:30.032012 np0000004304 nova-conductor[98707]: DEBUG nova.conductor.manager [None req-69068e54-7df2-478f-b0e9-025d16e4cbbb tempest-ServerRescueNegativeTestJSON-1030238245 tempest-ServerRescueNegativeTestJSON-1030238245-project-member] [instance: 78fe1cf5-6d06-4e9f-b90e-3edeab32679a] Selected host: np0000004304; Selected node: np0000004304; Alternates: [] {{(pid=98707) schedule_and_build_instances /opt/stack/nova/nova/conductor/manager.py:1784}}
Jul 02 16:48:30.032457 np0000004304 nova-conductor[98707]: DEBUG oslo_concurrency.lockutils [None req-69068e54-7df2-478f-b0e9-025d16e4cbbb tempest-ServerRescueNegativeTestJSON-1030238245 tempest-ServerRescueNegativeTestJSON-1030238245-project-member] Acquiring lock "920ad5fd-3c5d-4bc9-a0c2-78e166f9889d" by "nova.context.set_target_cell..get_or_set_cached_cell_and_set_connections" {{(pid=98707) inner /opt/stack/data/venv/lib/python3.12/site-packages/oslo_concurrency/lockutils.py:511}}
Jul 02 16:48:30.032596 np0000004304 nova-conductor[98707]: DEBUG oslo_concurrency.lockutils [None req-69068e54-7df2-478f-b0e9-025d16e4cbbb tempest-ServerRescueNegativeTestJSON-1030238245 tempest-ServerRescueNegativeTestJSON-1030238245-project-member] Lock "920ad5fd-3c5d-4bc9-a0c2-78e166f9889d" acquired by "nova.context.set_target_cell..get_or_set_cached_cell_and_set_connections" :: waited 0.000s {{(pid=98707) inner /opt/stack/data/venv/lib/python3.12/site-packages/oslo_concurrency/lockutils.py:524}}
Jul 02 16:48:30.032733 np0000004304 nova-conductor[98707]: DEBUG oslo_concurrency.lockutils [None req-69068e54-7df2-478f-b0e9-025d16e4cbbb tempest-ServerRescueNegativeTestJSON-1030238245 tempest-ServerRescueNegativeTestJSON-1030238245-project-member] Lock "920ad5fd-3c5d-4bc9-a0c2-78e166f9889d" "released" by "nova.context.set_target_cell..get_or_set_cached_cell_and_set_connections" :: held 0.000s {{(pid=98707) inner /opt/stack/data/venv/lib/python3.12/site-packages/oslo_concurrency/lockutils.py:543}}
Jul 02 16:48:30.045354 np0000004304 nova-conductor[98707]: DEBUG nova.conductor.manager [None req-69068e54-7df2-478f-b0e9-025d16e4cbbb tempest-ServerRescueNegativeTestJSON-1030238245 tempest-ServerRescueNegativeTestJSON-1030238245-project-member] [instance: 78fe1cf5-6d06-4e9f-b90e-3edeab32679a] block_device_mapping [BlockDeviceMapping(attachment_id=,boot_index=0,connection_info=None,created_at=,delete_on_termination=True,deleted=,deleted_at=,destination_type='local',device_name=None,device_type='disk',disk_bus=None,encrypted=False,encryption_format=None,encryption_options=None,encryption_secret_uuid=None,guest_format=None,id=,image_id='326e9d51-1e4f-42bd-9c0d-13861cca0bd5',instance=,instance_uuid=,no_device=False,snapshot_id=None,source_type='image',tag=None,updated_at=,uuid=,volume_id=None,volume_size=None,volume_type=None)] {{(pid=98707) _create_block_device_mapping /opt/stack/nova/nova/conductor/manager.py:1529}}
Jul 02 16:48:30.047394 np0000004304 nova-conductor[98707]: DEBUG oslo_concurrency.lockutils [None req-69068e54-7df2-478f-b0e9-025d16e4cbbb tempest-ServerRescueNegativeTestJSON-1030238245 tempest-ServerRescueNegativeTestJSON-1030238245-project-member] Acquiring lock "920ad5fd-3c5d-4bc9-a0c2-78e166f9889d" by "nova.context.set_target_cell..get_or_set_cached_cell_and_set_connections" {{(pid=98707) inner /opt/stack/data/venv/lib/python3.12/site-packages/oslo_concurrency/lockutils.py:511}}
Jul 02 16:48:30.047594 np0000004304 nova-conductor[98707]: DEBUG oslo_concurrency.lockutils [None req-69068e54-7df2-478f-b0e9-025d16e4cbbb tempest-ServerRescueNegativeTestJSON-1030238245 tempest-ServerRescueNegativeTestJSON-1030238245-project-member] Lock "920ad5fd-3c5d-4bc9-a0c2-78e166f9889d" acquired by "nova.context.set_target_cell..get_or_set_cached_cell_and_set_connections" :: waited 0.000s {{(pid=98707) inner /opt/stack/data/venv/lib/python3.12/site-packages/oslo_concurrency/lockutils.py:524}}
Jul 02 16:48:30.047773 np0000004304 nova-conductor[98707]: DEBUG oslo_concurrency.lockutils [None req-69068e54-7df2-478f-b0e9-025d16e4cbbb tempest-ServerRescueNegativeTestJSON-1030238245 tempest-ServerRescueNegativeTestJSON-1030238245-project-member] Lock "920ad5fd-3c5d-4bc9-a0c2-78e166f9889d" "released" by "nova.context.set_target_cell..get_or_set_cached_cell_and_set_connections" :: held 0.000s {{(pid=98707) inner /opt/stack/data/venv/lib/python3.12/site-packages/oslo_concurrency/lockutils.py:543}}
Jul 02 16:48:30.085437 np0000004304 nova-conductor[98707]: DEBUG oslo_concurrency.lockutils [None req-69068e54-7df2-478f-b0e9-025d16e4cbbb tempest-ServerRescueNegativeTestJSON-1030238245 tempest-ServerRescueNegativeTestJSON-1030238245-project-member] Acquiring lock "920ad5fd-3c5d-4bc9-a0c2-78e166f9889d" by "nova.context.set_target_cell..get_or_set_cached_cell_and_set_connections" {{(pid=98707) inner /opt/stack/data/venv/lib/python3.12/site-packages/oslo_concurrency/lockutils.py:511}}
Jul 02 16:48:30.085580 np0000004304 nova-conductor[98707]: DEBUG oslo_concurrency.lockutils [None req-69068e54-7df2-478f-b0e9-025d16e4cbbb tempest-ServerRescueNegativeTestJSON-1030238245 tempest-ServerRescueNegativeTestJSON-1030238245-project-member] Lock "920ad5fd-3c5d-4bc9-a0c2-78e166f9889d" acquired by "nova.context.set_target_cell..get_or_set_cached_cell_and_set_connections" :: waited 0.000s {{(pid=98707) inner /opt/stack/data/venv/lib/python3.12/site-packages/oslo_concurrency/lockutils.py:524}}
Jul 02 16:48:30.085777 np0000004304 nova-conductor[98707]: DEBUG oslo_concurrency.lockutils [None req-69068e54-7df2-478f-b0e9-025d16e4cbbb tempest-ServerRescueNegativeTestJSON-1030238245 tempest-ServerRescueNegativeTestJSON-1030238245-project-member] Lock "920ad5fd-3c5d-4bc9-a0c2-78e166f9889d" "released" by "nova.context.set_target_cell..get_or_set_cached_cell_and_set_connections" :: held 0.000s {{(pid=98707) inner /opt/stack/data/venv/lib/python3.12/site-packages/oslo_concurrency/lockutils.py:543}}
Jul 02 16:48:30.085974 np0000004304 nova-conductor[98707]: DEBUG oslo_concurrency.lockutils [None req-69068e54-7df2-478f-b0e9-025d16e4cbbb tempest-ServerRescueNegativeTestJSON-1030238245 tempest-ServerRescueNegativeTestJSON-1030238245-project-member] Acquiring lock "compute-rpcapi-router" {{(pid=98707) lock /opt/stack/data/venv/lib/python3.12/site-packages/oslo_concurrency/lockutils.py:395}}
