Jun 24 05:14:58.982391 np0000003515 nova-scheduler[93263]: DEBUG cotyledon.oslo_config_glue [-] oslo_messaging_notifications.driver = ['messagingv2'] {{(pid=93263) log_opt_values /opt/stack/data/venv/lib/python3.12/site-packages/oslo_config/cfg.py:3253}}
Jun 24 05:14:58.982476 np0000003515 nova-scheduler[93263]: DEBUG cotyledon.oslo_config_glue [-] oslo_messaging_notifications.retry = -1 {{(pid=93263) log_opt_values /opt/stack/data/venv/lib/python3.12/site-packages/oslo_config/cfg.py:3253}}
Jun 24 05:14:58.982559 np0000003515 nova-scheduler[93263]: DEBUG cotyledon.oslo_config_glue [-] oslo_messaging_notifications.topics = ['notifications'] {{(pid=93263) log_opt_values /opt/stack/data/venv/lib/python3.12/site-packages/oslo_config/cfg.py:3253}}
Jun 24 05:14:58.982671 np0000003515 nova-scheduler[93263]: DEBUG cotyledon.oslo_config_glue [-] oslo_messaging_notifications.transport_url = **** {{(pid=93263) log_opt_values /opt/stack/data/venv/lib/python3.12/site-packages/oslo_config/cfg.py:3253}}
Jun 24 05:14:58.982774 np0000003515 nova-scheduler[93263]: DEBUG cotyledon.oslo_config_glue [-] oslo_limit.auth_section = None {{(pid=93263) log_opt_values /opt/stack/data/venv/lib/python3.12/site-packages/oslo_config/cfg.py:3253}}
Jun 24 05:14:58.983223 np0000003515 nova-scheduler[93263]: DEBUG cotyledon.oslo_config_glue [-] oslo_limit.auth_type = None {{(pid=93263) log_opt_values /opt/stack/data/venv/lib/python3.12/site-packages/oslo_config/cfg.py:3253}}
Jun 24 05:14:58.983223 np0000003515 nova-scheduler[93263]: DEBUG cotyledon.oslo_config_glue [-] oslo_limit.cafile = None {{(pid=93263) log_opt_values /opt/stack/data/venv/lib/python3.12/site-packages/oslo_config/cfg.py:3253}}
Jun 24 05:14:58.983223 np0000003515 nova-scheduler[93263]: DEBUG cotyledon.oslo_config_glue [-] oslo_limit.certfile = None {{(pid=93263) log_opt_values /opt/stack/data/venv/lib/python3.12/site-packages/oslo_config/cfg.py:3253}}
Jun 24 05:14:58.983223 np0000003515 nova-scheduler[93263]: DEBUG cotyledon.oslo_config_glue [-] oslo_limit.collect_timing = False {{(pid=93263) log_opt_values /opt/stack/data/venv/lib/python3.12/site-packages/oslo_config/cfg.py:3253}}
Jun 24 05:14:58.983223 np0000003515 nova-scheduler[93263]: DEBUG cotyledon.oslo_config_glue [-] oslo_limit.connect_retries = None {{(pid=93263) log_opt_values /opt/stack/data/venv/lib/python3.12/site-packages/oslo_config/cfg.py:3253}}
Jun 24 05:14:58.983223 np0000003515 nova-scheduler[93263]: DEBUG cotyledon.oslo_config_glue [-] oslo_limit.connect_retry_delay = None {{(pid=93263) log_opt_values /opt/stack/data/venv/lib/python3.12/site-packages/oslo_config/cfg.py:3253}}
Jun 24 05:14:58.983223 np0000003515 nova-scheduler[93263]: DEBUG cotyledon.oslo_config_glue [-] oslo_limit.endpoint_id = None {{(pid=93263) log_opt_values /opt/stack/data/venv/lib/python3.12/site-packages/oslo_config/cfg.py:3253}}
Jun 24 05:14:58.983223 np0000003515 nova-scheduler[93263]: DEBUG cotyledon.oslo_config_glue [-] oslo_limit.endpoint_interface = public {{(pid=93263) log_opt_values /opt/stack/data/venv/lib/python3.12/site-packages/oslo_config/cfg.py:3253}}
Jun 24 05:14:58.983223 np0000003515 nova-scheduler[93263]: DEBUG cotyledon.oslo_config_glue [-] oslo_limit.endpoint_override = None {{(pid=93263) log_opt_values /opt/stack/data/venv/lib/python3.12/site-packages/oslo_config/cfg.py:3253}}
Jun 24 05:14:58.983712 np0000003515 nova-scheduler[93263]: DEBUG cotyledon.oslo_config_glue [-] oslo_limit.endpoint_region_name = None {{(pid=93263) log_opt_values /opt/stack/data/venv/lib/python3.12/site-packages/oslo_config/cfg.py:3253}}
Jun 24 05:14:58.983712 np0000003515 nova-scheduler[93263]: DEBUG cotyledon.oslo_config_glue [-] oslo_limit.endpoint_service_name = None {{(pid=93263) log_opt_values /opt/stack/data/venv/lib/python3.12/site-packages/oslo_config/cfg.py:3253}}
Jun 24 05:14:58.983712 np0000003515 nova-scheduler[93263]: DEBUG cotyledon.oslo_config_glue [-] oslo_limit.endpoint_service_type = None {{(pid=93263) log_opt_values /opt/stack/data/venv/lib/python3.12/site-packages/oslo_config/cfg.py:3253}}
Jun 24 05:14:58.983712 np0000003515 nova-scheduler[93263]: DEBUG cotyledon.oslo_config_glue [-] oslo_limit.insecure = False {{(pid=93263) log_opt_values /opt/stack/data/venv/lib/python3.12/site-packages/oslo_config/cfg.py:3253}}
Jun 24 05:14:58.983712 np0000003515 nova-scheduler[93263]: DEBUG cotyledon.oslo_config_glue [-] oslo_limit.keyfile = None {{(pid=93263) log_opt_values /opt/stack/data/venv/lib/python3.12/site-packages/oslo_config/cfg.py:3253}}
Jun 24 05:14:58.983712 np0000003515 nova-scheduler[93263]: DEBUG cotyledon.oslo_config_glue [-] oslo_limit.max_version = None {{(pid=93263) log_opt_values /opt/stack/data/venv/lib/python3.12/site-packages/oslo_config/cfg.py:3253}}
Jun 24 05:14:58.983712 np0000003515 nova-scheduler[93263]: DEBUG cotyledon.oslo_config_glue [-] oslo_limit.min_version = None {{(pid=93263) log_opt_values /opt/stack/data/venv/lib/python3.12/site-packages/oslo_config/cfg.py:3253}}
Jun 24 05:14:58.983961 np0000003515 nova-scheduler[93263]: DEBUG cotyledon.oslo_config_glue [-] oslo_limit.region_name = None {{(pid=93263) log_opt_values /opt/stack/data/venv/lib/python3.12/site-packages/oslo_config/cfg.py:3253}}
Jun 24 05:14:58.983961 np0000003515 nova-scheduler[93263]: DEBUG cotyledon.oslo_config_glue [-] oslo_limit.retriable_status_codes = None {{(pid=93263) log_opt_values /opt/stack/data/venv/lib/python3.12/site-packages/oslo_config/cfg.py:3253}}
Jun 24 05:14:58.983961 np0000003515 nova-scheduler[93263]: DEBUG cotyledon.oslo_config_glue [-] oslo_limit.service_name = None {{(pid=93263) log_opt_values /opt/stack/data/venv/lib/python3.12/site-packages/oslo_config/cfg.py:3253}}
Jun 24 05:14:58.984094 np0000003515 nova-scheduler[93263]: DEBUG cotyledon.oslo_config_glue [-] oslo_limit.service_type = None {{(pid=93263) log_opt_values /opt/stack/data/venv/lib/python3.12/site-packages/oslo_config/cfg.py:3253}}
Jun 24 05:14:58.984094 np0000003515 nova-scheduler[93263]: DEBUG cotyledon.oslo_config_glue [-] oslo_limit.split_loggers = False {{(pid=93263) log_opt_values /opt/stack/data/venv/lib/python3.12/site-packages/oslo_config/cfg.py:3253}}
Jun 24 05:14:58.984094 np0000003515 nova-scheduler[93263]: DEBUG cotyledon.oslo_config_glue [-] oslo_limit.status_code_retries = None {{(pid=93263) log_opt_values /opt/stack/data/venv/lib/python3.12/site-packages/oslo_config/cfg.py:3253}}
Jun 24 05:14:58.984231 np0000003515 nova-scheduler[93263]: DEBUG cotyledon.oslo_config_glue [-] oslo_limit.status_code_retry_delay = None {{(pid=93263) log_opt_values /opt/stack/data/venv/lib/python3.12/site-packages/oslo_config/cfg.py:3253}}
Jun 24 05:14:58.984231 np0000003515 nova-scheduler[93263]: DEBUG cotyledon.oslo_config_glue [-] oslo_limit.timeout = None {{(pid=93263) log_opt_values /opt/stack/data/venv/lib/python3.12/site-packages/oslo_config/cfg.py:3253}}
Jun 24 05:14:58.984335 np0000003515 nova-scheduler[93263]: DEBUG cotyledon.oslo_config_glue [-] oslo_limit.valid_interfaces = None {{(pid=93263) log_opt_values /opt/stack/data/venv/lib/python3.12/site-packages/oslo_config/cfg.py:3253}}
Jun 24 05:14:58.984379 np0000003515 nova-scheduler[93263]: DEBUG cotyledon.oslo_config_glue [-] oslo_limit.version = None {{(pid=93263) log_opt_values /opt/stack/data/venv/lib/python3.12/site-packages/oslo_config/cfg.py:3253}}
Jun 24 05:14:58.984492 np0000003515 nova-scheduler[93263]: DEBUG cotyledon.oslo_config_glue [-] oslo_reports.file_event_handler = None {{(pid=93263) log_opt_values /opt/stack/data/venv/lib/python3.12/site-packages/oslo_config/cfg.py:3253}}
Jun 24 05:14:58.984564 np0000003515 nova-scheduler[93263]: DEBUG cotyledon.oslo_config_glue [-] oslo_reports.file_event_handler_interval = 1 {{(pid=93263) log_opt_values /opt/stack/data/venv/lib/python3.12/site-packages/oslo_config/cfg.py:3253}}
Jun 24 05:14:58.984635 np0000003515 nova-scheduler[93263]: DEBUG cotyledon.oslo_config_glue [-] oslo_reports.log_dir = None {{(pid=93263) log_opt_values /opt/stack/data/venv/lib/python3.12/site-packages/oslo_config/cfg.py:3253}}
Jun 24 05:14:58.984699 np0000003515 nova-scheduler[93263]: DEBUG cotyledon.oslo_config_glue [-] ******************************************************************************** {{(pid=93263) log_opt_values /opt/stack/data/venv/lib/python3.12/site-packages/oslo_config/cfg.py:3260}}
Jun 24 05:14:58.984900 np0000003515 nova-scheduler[93263]: DEBUG cotyledon._service_worker [-] Run service ServiceWrapper(2) [93263] {{(pid=93263) wait_forever /opt/stack/data/venv/lib/python3.12/site-packages/cotyledon/_service_worker.py:218}}
Jun 24 05:14:58.986192 np0000003515 nova-scheduler[93263]: INFO nova.service [-] Starting scheduler node (version 33.1.0)
Jun 24 05:14:58.990185 np0000003515 nova-scheduler[93263]: INFO dbcounter [None req-36d1e9f7-9b9c-414f-8d42-e038dc709555 None None] Registered counter for database nova_cell0
Jun 24 05:14:58.991966 np0000003515 nova-scheduler[93259]: DEBUG oslo_db.sqlalchemy.engines [None req-eb18e571-1a2b-4bb4-9d4a-f781bb9aa2cb None None] MySQL server mode set to STRICT_TRANS_TABLES,STRICT_ALL_TABLES,NO_ZERO_IN_DATE,NO_ZERO_DATE,ERROR_FOR_DIVISION_BY_ZERO,TRADITIONAL,NO_ENGINE_SUBSTITUTION {{(pid=93259) _check_effective_sql_mode /opt/stack/data/venv/lib/python3.12/site-packages/oslo_db/sqlalchemy/engines.py:325}}
Jun 24 05:14:58.997898 np0000003515 nova-scheduler[93257]: DEBUG nova.service [None req-52526c41-65a1-4b70-99b2-879a24cf606e None None] Join ServiceGroup membership for this service scheduler {{(pid=93257) start /opt/stack/nova/nova/service.py:222}}
Jun 24 05:14:58.998099 np0000003515 nova-scheduler[93257]: DEBUG nova.servicegroup.drivers.db [None req-52526c41-65a1-4b70-99b2-879a24cf606e None None] DB_Driver: join new ServiceGroup member np0000003515 to the scheduler group, service = {{(pid=93257) join /opt/stack/nova/nova/servicegroup/drivers/db.py:44}}
Jun 24 05:14:59.003589 np0000003515 nova-scheduler[93259]: DEBUG dbcounter [-] [93259] Writer thread running {{(pid=93259) stat_writer /opt/stack/data/venv/lib/python3.12/site-packages/dbcounter.py:102}}
Jun 24 05:14:59.010293 np0000003515 nova-scheduler[93259]: DEBUG nova.service [None req-eb18e571-1a2b-4bb4-9d4a-f781bb9aa2cb None None] Creating RPC server for service: nova-scheduler on topic: scheduler {{(pid=93259) start /opt/stack/nova/nova/service.py:196}}
Jun 24 05:14:59.025578 np0000003515 nova-scheduler[93263]: DEBUG oslo_db.sqlalchemy.engines [None req-36d1e9f7-9b9c-414f-8d42-e038dc709555 None None] MySQL server mode set to STRICT_TRANS_TABLES,STRICT_ALL_TABLES,NO_ZERO_IN_DATE,NO_ZERO_DATE,ERROR_FOR_DIVISION_BY_ZERO,TRADITIONAL,NO_ENGINE_SUBSTITUTION {{(pid=93263) _check_effective_sql_mode /opt/stack/data/venv/lib/python3.12/site-packages/oslo_db/sqlalchemy/engines.py:325}}
Jun 24 05:14:59.026333 np0000003515 nova-scheduler[93259]: DEBUG nova.service [None req-eb18e571-1a2b-4bb4-9d4a-f781bb9aa2cb None None] Join ServiceGroup membership for this service scheduler {{(pid=93259) start /opt/stack/nova/nova/service.py:222}}
Jun 24 05:14:59.026529 np0000003515 nova-scheduler[93259]: DEBUG nova.servicegroup.drivers.db [None req-eb18e571-1a2b-4bb4-9d4a-f781bb9aa2cb None None] DB_Driver: join new ServiceGroup member np0000003515 to the scheduler group, service = {{(pid=93259) join /opt/stack/nova/nova/servicegroup/drivers/db.py:44}}
Jun 24 05:14:59.034261 np0000003515 nova-scheduler[93263]: DEBUG dbcounter [-] [93263] Writer thread running {{(pid=93263) stat_writer /opt/stack/data/venv/lib/python3.12/site-packages/dbcounter.py:102}}
Jun 24 05:14:59.037358 np0000003515 nova-scheduler[93263]: DEBUG nova.service [None req-36d1e9f7-9b9c-414f-8d42-e038dc709555 None None] Creating RPC server for service: nova-scheduler on topic: scheduler {{(pid=93263) start /opt/stack/nova/nova/service.py:196}}
Jun 24 05:14:59.053148 np0000003515 nova-scheduler[93263]: DEBUG nova.service [None req-36d1e9f7-9b9c-414f-8d42-e038dc709555 None None] Join ServiceGroup membership for this service scheduler {{(pid=93263) start /opt/stack/nova/nova/service.py:222}}
Jun 24 05:14:59.053756 np0000003515 nova-scheduler[93263]: DEBUG nova.servicegroup.drivers.db [None req-36d1e9f7-9b9c-414f-8d42-e038dc709555 None None] DB_Driver: join new ServiceGroup member np0000003515 to the scheduler group, service = {{(pid=93263) join /opt/stack/nova/nova/servicegroup/drivers/db.py:44}}
Jun 24 05:15:04.019096 np0000003515 nova-scheduler[93257]: DEBUG oslo.service.backend._threading.loopingcall [-] Fixed interval looping call 'nova.servicegroup.drivers.db.DbDriver._report_state' sleeping for 119.98 seconds {{(pid=93257) _run_loop /opt/stack/data/venv/lib/python3.12/site-packages/oslo_service/backend/_threading/loopingcall.py:125}}
Jun 24 05:15:04.036678 np0000003515 nova-scheduler[93259]: DEBUG oslo.service.backend._threading.loopingcall [-] Fixed interval looping call 'nova.servicegroup.drivers.db.DbDriver._report_state' sleeping for 119.99 seconds {{(pid=93259) _run_loop /opt/stack/data/venv/lib/python3.12/site-packages/oslo_service/backend/_threading/loopingcall.py:125}}
Jun 24 05:15:04.064254 np0000003515 nova-scheduler[93263]: DEBUG oslo.service.backend._threading.loopingcall [-] Fixed interval looping call 'nova.servicegroup.drivers.db.DbDriver._report_state' sleeping for 119.99 seconds {{(pid=93263) _run_loop /opt/stack/data/venv/lib/python3.12/site-packages/oslo_service/backend/_threading/loopingcall.py:125}}
Jun 24 05:15:07.590894 np0000003515 nova-scheduler[92053]: DEBUG dbcounter [-] [92053] Writing DB stats nova_api:SELECT=3 {{(pid=92053) stat_writer /opt/stack/data/venv/lib/python3.12/site-packages/dbcounter.py:115}}
Jun 24 05:15:07.715223 np0000003515 nova-scheduler[92053]: DEBUG dbcounter [-] [92053] Writing DB stats nova_cell0:SELECT=1 {{(pid=92053) stat_writer /opt/stack/data/venv/lib/python3.12/site-packages/dbcounter.py:115}}
Jun 24 05:15:07.720652 np0000003515 nova-scheduler[92053]: DEBUG dbcounter [-] [92053] Writing DB stats nova_cell1:SELECT=1 {{(pid=92053) stat_writer /opt/stack/data/venv/lib/python3.12/site-packages/dbcounter.py:115}}
Jun 24 05:15:08.055717 np0000003515 nova-scheduler[93263]: DEBUG oslo.service.backend._threading.loopingcall [None req-160dd13f-72e3-418f-abc5-98c96e6b01d0 None None] Dynamic interval looping call 'nova.service.Service.periodic_tasks' sleeping for 60.00 seconds {{(pid=93263) _run_loop /opt/stack/data/venv/lib/python3.12/site-packages/oslo_service/backend/_threading/loopingcall.py:125}}
Jun 24 05:15:13.028412 np0000003515 nova-scheduler[93259]: DEBUG oslo.service.backend._threading.loopingcall [None req-441d8910-6d9a-4e57-8f9b-c6f26e077a52 None None] Dynamic interval looping call 'nova.service.Service.periodic_tasks' sleeping for 60.00 seconds {{(pid=93259) _run_loop /opt/stack/data/venv/lib/python3.12/site-packages/oslo_service/backend/_threading/loopingcall.py:125}}
Jun 24 05:15:14.011809 np0000003515 nova-scheduler[93257]: DEBUG dbcounter [-] [93257] Writing DB stats nova_cell0:SELECT=4,nova_cell0:INSERT=1,nova_cell0:UPDATE=1 {{(pid=93257) stat_writer /opt/stack/data/venv/lib/python3.12/site-packages/dbcounter.py:115}}
Jun 24 05:15:14.033991 np0000003515 nova-scheduler[93259]: DEBUG dbcounter [-] [93259] Writing DB stats nova_cell0:SELECT=3 {{(pid=93259) stat_writer /opt/stack/data/venv/lib/python3.12/site-packages/dbcounter.py:115}}
Jun 24 05:15:14.063822 np0000003515 nova-scheduler[93263]: DEBUG dbcounter [-] [93263] Writing DB stats nova_cell0:SELECT=3 {{(pid=93263) stat_writer /opt/stack/data/venv/lib/python3.12/site-packages/dbcounter.py:115}}
Jun 24 05:15:31.000291 np0000003515 nova-scheduler[93257]: DEBUG oslo.service.backend._threading.loopingcall [None req-8989df8a-e6ba-4154-b123-56473de9966a None None] Dynamic interval looping call 'nova.service.Service.periodic_tasks' sleeping for 60.00 seconds {{(pid=93257) _run_loop /opt/stack/data/venv/lib/python3.12/site-packages/oslo_service/backend/_threading/loopingcall.py:125}}
Jun 24 05:16:08.056243 np0000003515 nova-scheduler[93263]: DEBUG oslo.service.backend._threading.loopingcall [None req-160dd13f-72e3-418f-abc5-98c96e6b01d0 None None] Dynamic interval looping call 'nova.service.Service.periodic_tasks' sleeping for 60.00 seconds {{(pid=93263) _run_loop /opt/stack/data/venv/lib/python3.12/site-packages/oslo_service/backend/_threading/loopingcall.py:125}}
Jun 24 05:16:13.028886 np0000003515 nova-scheduler[93259]: DEBUG oslo.service.backend._threading.loopingcall [None req-441d8910-6d9a-4e57-8f9b-c6f26e077a52 None None] Dynamic interval looping call 'nova.service.Service.periodic_tasks' sleeping for 60.00 seconds {{(pid=93259) _run_loop /opt/stack/data/venv/lib/python3.12/site-packages/oslo_service/backend/_threading/loopingcall.py:125}}
Jun 24 05:16:31.000735 np0000003515 nova-scheduler[93257]: DEBUG oslo.service.backend._threading.loopingcall [None req-8989df8a-e6ba-4154-b123-56473de9966a None None] Dynamic interval looping call 'nova.service.Service.periodic_tasks' sleeping for 60.00 seconds {{(pid=93257) _run_loop /opt/stack/data/venv/lib/python3.12/site-packages/oslo_service/backend/_threading/loopingcall.py:125}}
Jun 24 05:17:04.005998 np0000003515 nova-scheduler[93257]: DEBUG oslo.service.backend._threading.loopingcall [-] Fixed interval looping call 'nova.servicegroup.drivers.db.DbDriver._report_state' sleeping for 119.99 seconds {{(pid=93257) _run_loop /opt/stack/data/venv/lib/python3.12/site-packages/oslo_service/backend/_threading/loopingcall.py:125}}
Jun 24 05:17:04.030147 np0000003515 nova-scheduler[93259]: DEBUG oslo.service.backend._threading.loopingcall [-] Fixed interval looping call 'nova.servicegroup.drivers.db.DbDriver._report_state' sleeping for 120.00 seconds {{(pid=93259) _run_loop /opt/stack/data/venv/lib/python3.12/site-packages/oslo_service/backend/_threading/loopingcall.py:125}}
Jun 24 05:17:04.057533 np0000003515 nova-scheduler[93263]: DEBUG oslo.service.backend._threading.loopingcall [-] Fixed interval looping call 'nova.servicegroup.drivers.db.DbDriver._report_state' sleeping for 120.00 seconds {{(pid=93263) _run_loop /opt/stack/data/venv/lib/python3.12/site-packages/oslo_service/backend/_threading/loopingcall.py:125}}
Jun 24 05:17:08.056697 np0000003515 nova-scheduler[93263]: DEBUG oslo.service.backend._threading.loopingcall [None req-160dd13f-72e3-418f-abc5-98c96e6b01d0 None None] Dynamic interval looping call 'nova.service.Service.periodic_tasks' sleeping for 60.00 seconds {{(pid=93263) _run_loop /opt/stack/data/venv/lib/python3.12/site-packages/oslo_service/backend/_threading/loopingcall.py:125}}
Jun 24 05:17:13.029381 np0000003515 nova-scheduler[93259]: DEBUG oslo.service.backend._threading.loopingcall [None req-441d8910-6d9a-4e57-8f9b-c6f26e077a52 None None] Dynamic interval looping call 'nova.service.Service.periodic_tasks' sleeping for 60.00 seconds {{(pid=93259) _run_loop /opt/stack/data/venv/lib/python3.12/site-packages/oslo_service/backend/_threading/loopingcall.py:125}}
Jun 24 05:17:14.002863 np0000003515 nova-scheduler[93257]: DEBUG dbcounter [-] [93257] Writing DB stats nova_cell0:SELECT=1,nova_cell0:UPDATE=1 {{(pid=93257) stat_writer /opt/stack/data/venv/lib/python3.12/site-packages/dbcounter.py:115}}
Jun 24 05:17:14.028900 np0000003515 nova-scheduler[93259]: DEBUG dbcounter [-] [93259] Writing DB stats nova_cell0:SELECT=1 {{(pid=93259) stat_writer /opt/stack/data/venv/lib/python3.12/site-packages/dbcounter.py:115}}
Jun 24 05:17:14.055982 np0000003515 nova-scheduler[93263]: DEBUG dbcounter [-] [93263] Writing DB stats nova_cell0:SELECT=1 {{(pid=93263) stat_writer /opt/stack/data/venv/lib/python3.12/site-packages/dbcounter.py:115}}
Jun 24 05:17:31.001286 np0000003515 nova-scheduler[93257]: DEBUG oslo.service.backend._threading.loopingcall [None req-8989df8a-e6ba-4154-b123-56473de9966a None None] Dynamic interval looping call 'nova.service.Service.periodic_tasks' sleeping for 60.00 seconds {{(pid=93257) _run_loop /opt/stack/data/venv/lib/python3.12/site-packages/oslo_service/backend/_threading/loopingcall.py:125}}
Jun 24 05:17:37.975197 np0000003515 nova-scheduler[93257]: DEBUG nova.scheduler.manager [None req-ab819241-f9a7-41be-91fd-e05f45061577 tempest-ServerRescueNegativeTestJSON-1656596650 tempest-ServerRescueNegativeTestJSON-1656596650-project-member] Starting to schedule for instances: ['7f50c5dc-445b-498c-8007-77899d7e886b'] {{(pid=93257) select_destinations /opt/stack/nova/nova/scheduler/manager.py:210}}
Jun 24 05:17:37.976181 np0000003515 nova-scheduler[93257]: DEBUG nova.scheduler.request_filter [None req-ab819241-f9a7-41be-91fd-e05f45061577 tempest-ServerRescueNegativeTestJSON-1656596650 tempest-ServerRescueNegativeTestJSON-1656596650-project-member] compute_status_filter request filter added forbidden trait COMPUTE_STATUS_DISABLED {{(pid=93257) compute_status_filter /opt/stack/nova/nova/scheduler/request_filter.py:253}}
Jun 24 05:17:37.976181 np0000003515 nova-scheduler[93257]: DEBUG nova.scheduler.request_filter [None req-ab819241-f9a7-41be-91fd-e05f45061577 tempest-ServerRescueNegativeTestJSON-1656596650 tempest-ServerRescueNegativeTestJSON-1656596650-project-member] Request filter 'compute_status_filter' took 0.0 seconds {{(pid=93257) wrapper /opt/stack/nova/nova/scheduler/request_filter.py:46}}
Jun 24 05:17:37.976712 np0000003515 nova-scheduler[93257]: DEBUG nova.scheduler.request_filter [None req-ab819241-f9a7-41be-91fd-e05f45061577 tempest-ServerRescueNegativeTestJSON-1656596650 tempest-ServerRescueNegativeTestJSON-1656596650-project-member] Request filter 'accelerators_filter' took 0.0 seconds {{(pid=93257) wrapper /opt/stack/nova/nova/scheduler/request_filter.py:46}}
Jun 24 05:17:37.976712 np0000003515 nova-scheduler[93257]: DEBUG nova.scheduler.request_filter [None req-ab819241-f9a7-41be-91fd-e05f45061577 tempest-ServerRescueNegativeTestJSON-1656596650 tempest-ServerRescueNegativeTestJSON-1656596650-project-member] Request filter 'packed_virtqueue_filter' took 0.0 seconds {{(pid=93257) wrapper /opt/stack/nova/nova/scheduler/request_filter.py:46}}
Jun 24 05:17:37.977112 np0000003515 nova-scheduler[93257]: DEBUG nova.scheduler.request_filter [None req-ab819241-f9a7-41be-91fd-e05f45061577 tempest-ServerRescueNegativeTestJSON-1656596650 tempest-ServerRescueNegativeTestJSON-1656596650-project-member] Request filter 'remote_managed_ports_filter' took 0.0 seconds {{(pid=93257) wrapper /opt/stack/nova/nova/scheduler/request_filter.py:46}}
Jun 24 05:17:37.979014 np0000003515 nova-scheduler[93257]: DEBUG nova.scheduler.request_filter [None req-ab819241-f9a7-41be-91fd-e05f45061577 tempest-ServerRescueNegativeTestJSON-1656596650 tempest-ServerRescueNegativeTestJSON-1656596650-project-member] ephemeral_encryption_filter skipped {{(pid=93257) ephemeral_encryption_filter /opt/stack/nova/nova/scheduler/request_filter.py:426}}
Jun 24 05:17:37.979014 np0000003515 nova-scheduler[93257]: DEBUG nova.scheduler.request_filter [None req-ab819241-f9a7-41be-91fd-e05f45061577 tempest-ServerRescueNegativeTestJSON-1656596650 tempest-ServerRescueNegativeTestJSON-1656596650-project-member] virtio_sound_filter skipped {{(pid=93257) virtio_sound_filter /opt/stack/nova/nova/scheduler/request_filter.py:460}}
Jun 24 05:17:37.979014 np0000003515 nova-scheduler[93257]: DEBUG nova.scheduler.request_filter [None req-ab819241-f9a7-41be-91fd-e05f45061577 tempest-ServerRescueNegativeTestJSON-1656596650 tempest-ServerRescueNegativeTestJSON-1656596650-project-member] tpm_secret_security_filter skipped {{(pid=93257) tpm_secret_security_filter /opt/stack/nova/nova/scheduler/request_filter.py:477}}
Jun 24 05:17:38.465087 np0000003515 nova-scheduler[93257]: INFO nova.utils [None req-ab819241-f9a7-41be-91fd-e05f45061577 tempest-ServerRescueNegativeTestJSON-1656596650 tempest-ServerRescueNegativeTestJSON-1656596650-project-member] The cell worker thread pool ForkProcess-1.cell_worker is initialized
Jun 24 05:17:38.465458 np0000003515 nova-scheduler[93257]: DEBUG oslo_concurrency.lockutils [None req-ab819241-f9a7-41be-91fd-e05f45061577 tempest-ServerRescueNegativeTestJSON-1656596650 tempest-ServerRescueNegativeTestJSON-1656596650-project-member] Acquiring lock "2d7a6b0f-24c1-4cb0-9551-e6f933ebf60b" by "nova.context.set_target_cell..get_or_set_cached_cell_and_set_connections" {{(pid=93257) inner /opt/stack/data/venv/lib/python3.12/site-packages/oslo_concurrency/lockutils.py:511}}
Jun 24 05:17:38.465634 np0000003515 nova-scheduler[93257]: DEBUG oslo_concurrency.lockutils [None req-ab819241-f9a7-41be-91fd-e05f45061577 tempest-ServerRescueNegativeTestJSON-1656596650 tempest-ServerRescueNegativeTestJSON-1656596650-project-member] Lock "2d7a6b0f-24c1-4cb0-9551-e6f933ebf60b" acquired by "nova.context.set_target_cell..get_or_set_cached_cell_and_set_connections" :: waited 0.000s {{(pid=93257) inner /opt/stack/data/venv/lib/python3.12/site-packages/oslo_concurrency/lockutils.py:524}}
Jun 24 05:17:38.466853 np0000003515 nova-scheduler[93257]: DEBUG oslo_concurrency.lockutils [None req-ab819241-f9a7-41be-91fd-e05f45061577 tempest-ServerRescueNegativeTestJSON-1656596650 tempest-ServerRescueNegativeTestJSON-1656596650-project-member] Lock "2d7a6b0f-24c1-4cb0-9551-e6f933ebf60b" "released" by "nova.context.set_target_cell..get_or_set_cached_cell_and_set_connections" :: held 0.001s {{(pid=93257) inner /opt/stack/data/venv/lib/python3.12/site-packages/oslo_concurrency/lockutils.py:543}}
Jun 24 05:17:38.468818 np0000003515 nova-scheduler[93257]: INFO dbcounter [None req-ab819241-f9a7-41be-91fd-e05f45061577 tempest-ServerRescueNegativeTestJSON-1656596650 tempest-ServerRescueNegativeTestJSON-1656596650-project-member] Registered counter for database nova_cell1
Jun 24 05:17:38.499749 np0000003515 nova-scheduler[93257]: DEBUG oslo_db.sqlalchemy.engines [None req-ab819241-f9a7-41be-91fd-e05f45061577 tempest-ServerRescueNegativeTestJSON-1656596650 tempest-ServerRescueNegativeTestJSON-1656596650-project-member] MySQL server mode set to STRICT_TRANS_TABLES,STRICT_ALL_TABLES,NO_ZERO_IN_DATE,NO_ZERO_DATE,ERROR_FOR_DIVISION_BY_ZERO,TRADITIONAL,NO_ENGINE_SUBSTITUTION {{(pid=93257) _check_effective_sql_mode /opt/stack/data/venv/lib/python3.12/site-packages/oslo_db/sqlalchemy/engines.py:325}}
Jun 24 05:17:38.504493 np0000003515 nova-scheduler[93257]: DEBUG dbcounter [-] [93257] Writer thread running {{(pid=93257) stat_writer /opt/stack/data/venv/lib/python3.12/site-packages/dbcounter.py:102}}
Jun 24 05:17:38.516128 np0000003515 nova-scheduler[93257]: DEBUG oslo_db.sqlalchemy.engines [None req-ab819241-f9a7-41be-91fd-e05f45061577 tempest-ServerRescueNegativeTestJSON-1656596650 tempest-ServerRescueNegativeTestJSON-1656596650-project-member] Parent process 92053 forked (93257) with an open database connection, which is being discarded and recreated. {{(pid=93257) checkout /opt/stack/data/venv/lib/python3.12/site-packages/oslo_db/sqlalchemy/engines.py:402}}
Jun 24 05:17:38.550607 np0000003515 nova-scheduler[93257]: DEBUG dbcounter [-] [93257] Writer thread running {{(pid=93257) stat_writer /opt/stack/data/venv/lib/python3.12/site-packages/dbcounter.py:102}}
Jun 24 05:17:38.554091 np0000003515 nova-scheduler[93257]: DEBUG oslo_concurrency.lockutils [None req-ab819241-f9a7-41be-91fd-e05f45061577 tempest-ServerRescueNegativeTestJSON-1656596650 tempest-ServerRescueNegativeTestJSON-1656596650-project-member] Acquiring lock "2d7a6b0f-24c1-4cb0-9551-e6f933ebf60b" by "nova.context.set_target_cell..get_or_set_cached_cell_and_set_connections" {{(pid=93257) inner /opt/stack/data/venv/lib/python3.12/site-packages/oslo_concurrency/lockutils.py:511}}
Jun 24 05:17:38.554563 np0000003515 nova-scheduler[93257]: DEBUG oslo_concurrency.lockutils [None req-ab819241-f9a7-41be-91fd-e05f45061577 tempest-ServerRescueNegativeTestJSON-1656596650 tempest-ServerRescueNegativeTestJSON-1656596650-project-member] Lock "2d7a6b0f-24c1-4cb0-9551-e6f933ebf60b" acquired by "nova.context.set_target_cell..get_or_set_cached_cell_and_set_connections" :: waited 0.000s {{(pid=93257) inner /opt/stack/data/venv/lib/python3.12/site-packages/oslo_concurrency/lockutils.py:524}}
Jun 24 05:17:38.554740 np0000003515 nova-scheduler[93257]: DEBUG oslo_concurrency.lockutils [None req-ab819241-f9a7-41be-91fd-e05f45061577 tempest-ServerRescueNegativeTestJSON-1656596650 tempest-ServerRescueNegativeTestJSON-1656596650-project-member] Lock "2d7a6b0f-24c1-4cb0-9551-e6f933ebf60b" "released" by "nova.context.set_target_cell..get_or_set_cached_cell_and_set_connections" :: held 0.000s {{(pid=93257) inner /opt/stack/data/venv/lib/python3.12/site-packages/oslo_concurrency/lockutils.py:543}}
Jun 24 05:17:38.559039 np0000003515 nova-scheduler[93257]: DEBUG oslo_concurrency.lockutils [None req-ab819241-f9a7-41be-91fd-e05f45061577 tempest-ServerRescueNegativeTestJSON-1656596650 tempest-ServerRescueNegativeTestJSON-1656596650-project-member] Acquiring lock "('np0000003515', 'np0000003515')" by "nova.scheduler.host_manager.HostState.update.._locked_update" {{(pid=93257) inner /opt/stack/data/venv/lib/python3.12/site-packages/oslo_concurrency/lockutils.py:511}}
Jun 24 05:17:38.559305 np0000003515 nova-scheduler[93257]: DEBUG oslo_concurrency.lockutils [None req-ab819241-f9a7-41be-91fd-e05f45061577 tempest-ServerRescueNegativeTestJSON-1656596650 tempest-ServerRescueNegativeTestJSON-1656596650-project-member] Lock "('np0000003515', 'np0000003515')" acquired by "nova.scheduler.host_manager.HostState.update.._locked_update" :: waited 0.000s {{(pid=93257) inner /opt/stack/data/venv/lib/python3.12/site-packages/oslo_concurrency/lockutils.py:524}}
Jun 24 05:17:38.560975 np0000003515 nova-scheduler[93257]: DEBUG nova.scheduler.host_manager [None req-ab819241-f9a7-41be-91fd-e05f45061577 tempest-ServerRescueNegativeTestJSON-1656596650 tempest-ServerRescueNegativeTestJSON-1656596650-project-member] Update host state from compute node: ComputeNode(cpu_allocation_ratio=4.0,cpu_info='{"arch": "x86_64", "model": "EPYC-Milan", "vendor": "AMD", "topology": {"cells": 1, "sockets": 16, "cores": 1, "threads": 1}, "maxphysaddr": {"mode": "emulate", "bits": 40}, "features": ["vme", "svm", "clflushopt", "amd-ssbd", "lfence-always-serializing", "cx16", "erms", "adx", "clflush", "pfthreshold", "hypervisor", "spec-ctrl", "bmi2", "popcnt", "xsave", "xsaves", "vgif", "virt-ssbd", "f16c", "clwb", "xsaveerptr", "skip-l1dfl-vmentry", "misalignsse", "ibrs", "lm", "syscall", "pcid", "ssbd", "v-vmsave-vmload", "pae", "topoext", "rdctl-no", "avx", "cr8legacy", "lahf_lm", "arch-capabilities", "gds-no", "svme-addr-chk", "smap", "clzero", "smep", "pse36", "rdtscp", "nrip-save", "3dnowprefetch", "ibpb", "sse4.1", "flushbyasid", "stibp-always-on", "rdpid", "msr", "umip", "pse", "vaes", "de", "fxsr_opt", "fxsr", "mmx", "osvw", "arat", "sse4a", "sse2", "pni", "pdpe1gb", "vmcb-clean", "fsrm", "fpu", "amd-psfd", "pschange-mc-no", "npt", "cmp_legacy", "sse", "cx8", "lbrv", "rdseed", "bmi1", "sse4.2", "mds-no", "sha-ni", "xsaveopt", "stibp", "mtrr", "xsavec", "tsc", "xgetbv1", "abm", "amd-stibp", "fma", "apic", "pat", "x2apic", "nx", "ssse3", "fsgsbase", "perfctr_core", "tsc-scale", "invpcid", "mca", "mce", "vpclmulqdq", "rdrand", "wbnoinvd", "mmxext", "pku", "null-sel-clr-base", "pge", "tsc_adjust", "no-nested-data-bp", "aes", "tsc-deadline", "sep", "cmov", "pause-filter", "avx2", "movbe", "pclmuldq"]}',created_at=2026-06-24T05:15:25Z,current_workload=0,deleted=False,deleted_at=None,disk_allocation_ratio=1.0,disk_available_least=73,free_disk_gb=95,free_ram_mb=62765,host='np0000003515',host_ip=10.4.3.86,hypervisor_hostname='np0000003515',hypervisor_type='QEMU',hypervisor_version=8002002,id=1,local_gb=95,local_gb_used=0,mapped=1,memory_mb=63277,memory_mb_used=512,metrics='[]',numa_topology='{"nova_object.name": "NUMATopology", "nova_object.namespace": "nova", "nova_object.version": "1.2", "nova_object.data": {"cells": [{"nova_object.name": "NUMACell", "nova_object.namespace": "nova", "nova_object.version": "1.5", "nova_object.data": {"id": 0, "cpuset": [0, 1, 2, 3, 4, 5, 6, 7, 8, 9, 10, 11, 12, 13, 14, 15], "pcpuset": [0, 1, 2, 3, 4, 5, 6, 7, 8, 9, 10, 11, 12, 13, 14, 15], "memory": 63277, "cpu_usage": 0, "memory_usage": 0, "pinned_cpus": [], "siblings": [[6], [12], [2], [15], [5], [11], [8], [14], [4], [1], [7], [10], [0], [13], [3], [9]], "mempages": [{"nova_object.name": "NUMAPagesTopology", "nova_object.namespace": "nova", "nova_object.version": "1.1", "nova_object.data": {"size_kb": 4, "total": 16177930, "used": 0, "reserved": 0}, "nova_object.changes": ["total", "size_kb", "reserved", "used"]}, {"nova_object.name": "NUMAPagesTopology", "nova_object.namespace": "nova", "nova_object.version": "1.1", "nova_object.data": {"size_kb": 2048, "total": 41, "used": 0, "reserved": 0}, "nova_object.changes": ["total", "size_kb", "reserved", "used"]}, {"nova_object.name": "NUMAPagesTopology", "nova_object.namespace": "nova", "nova_object.version": "1.1", "nova_object.data": {"size_kb": 1048576, "total": 0, "used": 0, "reserved": 0}, "nova_object.changes": ["total", "size_kb", "reserved", "used"]}], "network_metadata": {"nova_object.name": "NetworkMetadata", "nova_object.namespace": "nova", "nova_object.version": "1.0", "nova_object.data": {"physnets": [], "tunneled": false}, "nova_object.changes": ["physnets", "tunneled"]}, "socket": null}, "nova_object.changes": ["network_metadata", "cpuset", "id", "cpu_usage", "siblings", "mempages", "pinned_cpus", "socket", "memory", "memory_usage", "pcpuset"]}]}, "nova_object.changes": ["cells"]}',pci_device_pools=PciDevicePoolList,ram_allocation_ratio=1.0,running_vms=0,service_id=3,stats={failed_builds='0',uptime=' 05:17:10 up 13 min, 2 users, load average: 1.12, 1.40, 0.86
Jun 24 05:17:38.560975 np0000003515 nova-scheduler[93257]: '},supported_hv_specs=[HVSpec,HVSpec,HVSpec,HVSpec,HVSpec,HVSpec,HVSpec,HVSpec,HVSpec,HVSpec,HVSpec,HVSpec,HVSpec,HVSpec,HVSpec,HVSpec,HVSpec,HVSpec,HVSpec,HVSpec,HVSpec,HVSpec,HVSpec,HVSpec,HVSpec],updated_at=2026-06-24T05:17:12Z,uuid=8f118014-7a09-448d-98a2-1902ff7f5c0e,vcpus=16,vcpus_used=0) {{(pid=93257) _locked_update /opt/stack/nova/nova/scheduler/host_manager.py:168}}
Jun 24 05:17:38.562032 np0000003515 nova-scheduler[93257]: DEBUG nova.scheduler.host_manager [None req-ab819241-f9a7-41be-91fd-e05f45061577 tempest-ServerRescueNegativeTestJSON-1656596650 tempest-ServerRescueNegativeTestJSON-1656596650-project-member] Update host state with aggregates: [] {{(pid=93257) _locked_update /opt/stack/nova/nova/scheduler/host_manager.py:171}}
Jun 24 05:17:38.562143 np0000003515 nova-scheduler[93257]: DEBUG nova.scheduler.host_manager [None req-ab819241-f9a7-41be-91fd-e05f45061577 tempest-ServerRescueNegativeTestJSON-1656596650 tempest-ServerRescueNegativeTestJSON-1656596650-project-member] Update host state with service dict: {'id': 3, 'uuid': '3f006407-e633-48d2-a0c1-8d88030f9b82', 'host': 'np0000003515', 'binary': 'nova-compute', 'topic': 'compute', 'report_count': 2, 'disabled': False, 'disabled_reason': None, 'last_seen_up': datetime.datetime(2026, 6, 24, 5, 17, 34, tzinfo=datetime.timezone.utc), 'forced_down': False, 'version': 72, 'created_at': datetime.datetime(2026, 6, 24, 5, 15, 23, tzinfo=datetime.timezone.utc), 'updated_at': datetime.datetime(2026, 6, 24, 5, 17, 34, tzinfo=datetime.timezone.utc), 'deleted_at': None, 'deleted': False} {{(pid=93257) _locked_update /opt/stack/nova/nova/scheduler/host_manager.py:174}}
Jun 24 05:17:38.562348 np0000003515 nova-scheduler[93257]: DEBUG nova.scheduler.host_manager [None req-ab819241-f9a7-41be-91fd-e05f45061577 tempest-ServerRescueNegativeTestJSON-1656596650 tempest-ServerRescueNegativeTestJSON-1656596650-project-member] Update host state with instances: [] {{(pid=93257) _locked_update /opt/stack/nova/nova/scheduler/host_manager.py:177}}
Jun 24 05:17:38.562452 np0000003515 nova-scheduler[93257]: DEBUG oslo_concurrency.lockutils [None req-ab819241-f9a7-41be-91fd-e05f45061577 tempest-ServerRescueNegativeTestJSON-1656596650 tempest-ServerRescueNegativeTestJSON-1656596650-project-member] Lock "('np0000003515', 'np0000003515')" "released" by "nova.scheduler.host_manager.HostState.update.._locked_update" :: held 0.003s {{(pid=93257) inner /opt/stack/data/venv/lib/python3.12/site-packages/oslo_concurrency/lockutils.py:543}}
Jun 24 05:17:38.562873 np0000003515 nova-scheduler[93257]: DEBUG nova.filters [None req-ab819241-f9a7-41be-91fd-e05f45061577 tempest-ServerRescueNegativeTestJSON-1656596650 tempest-ServerRescueNegativeTestJSON-1656596650-project-member] Starting with 1 host(s) {{(pid=93257) get_filtered_objects /opt/stack/nova/nova/filters.py:70}}
Jun 24 05:17:38.563328 np0000003515 nova-scheduler[93257]: DEBUG nova.filters [None req-ab819241-f9a7-41be-91fd-e05f45061577 tempest-ServerRescueNegativeTestJSON-1656596650 tempest-ServerRescueNegativeTestJSON-1656596650-project-member] Filter ComputeFilter returned 1 host(s) {{(pid=93257) get_filtered_objects /opt/stack/nova/nova/filters.py:102}}
Jun 24 05:17:38.563498 np0000003515 nova-scheduler[93257]: DEBUG nova.filters [None req-ab819241-f9a7-41be-91fd-e05f45061577 tempest-ServerRescueNegativeTestJSON-1656596650 tempest-ServerRescueNegativeTestJSON-1656596650-project-member] Filter ComputeCapabilitiesFilter returned 1 host(s) {{(pid=93257) get_filtered_objects /opt/stack/nova/nova/filters.py:102}}
Jun 24 05:17:38.563685 np0000003515 nova-scheduler[93257]: DEBUG nova.filters [None req-ab819241-f9a7-41be-91fd-e05f45061577 tempest-ServerRescueNegativeTestJSON-1656596650 tempest-ServerRescueNegativeTestJSON-1656596650-project-member] Filter ImagePropertiesFilter returned 1 host(s) {{(pid=93257) get_filtered_objects /opt/stack/nova/nova/filters.py:102}}
Jun 24 05:17:38.563799 np0000003515 nova-scheduler[93257]: DEBUG nova.filters [None req-ab819241-f9a7-41be-91fd-e05f45061577 tempest-ServerRescueNegativeTestJSON-1656596650 tempest-ServerRescueNegativeTestJSON-1656596650-project-member] Filter ServerGroupAntiAffinityFilter returned 1 host(s) {{(pid=93257) get_filtered_objects /opt/stack/nova/nova/filters.py:102}}
Jun 24 05:17:38.563905 np0000003515 nova-scheduler[93257]: DEBUG nova.filters [None req-ab819241-f9a7-41be-91fd-e05f45061577 tempest-ServerRescueNegativeTestJSON-1656596650 tempest-ServerRescueNegativeTestJSON-1656596650-project-member] Filter ServerGroupAffinityFilter returned 1 host(s) {{(pid=93257) get_filtered_objects /opt/stack/nova/nova/filters.py:102}}
Jun 24 05:17:38.564021 np0000003515 nova-scheduler[93257]: DEBUG nova.filters [None req-ab819241-f9a7-41be-91fd-e05f45061577 tempest-ServerRescueNegativeTestJSON-1656596650 tempest-ServerRescueNegativeTestJSON-1656596650-project-member] Filter SameHostFilter returned 1 host(s) {{(pid=93257) get_filtered_objects /opt/stack/nova/nova/filters.py:102}}
Jun 24 05:17:38.564144 np0000003515 nova-scheduler[93257]: DEBUG nova.filters [None req-ab819241-f9a7-41be-91fd-e05f45061577 tempest-ServerRescueNegativeTestJSON-1656596650 tempest-ServerRescueNegativeTestJSON-1656596650-project-member] Filter DifferentHostFilter returned 1 host(s) {{(pid=93257) get_filtered_objects /opt/stack/nova/nova/filters.py:102}}
Jun 24 05:17:38.564349 np0000003515 nova-scheduler[93257]: DEBUG nova.scheduler.manager [None req-ab819241-f9a7-41be-91fd-e05f45061577 tempest-ServerRescueNegativeTestJSON-1656596650 tempest-ServerRescueNegativeTestJSON-1656596650-project-member] Filtered [(np0000003515, np0000003515) ram: 62765MB disk: 74752MB io_ops: 0 instances: 0, allocation_candidates: 1] {{(pid=93257) _get_sorted_hosts /opt/stack/nova/nova/scheduler/manager.py:743}}
Jun 24 05:17:38.564584 np0000003515 nova-scheduler[93257]: DEBUG nova.scheduler.manager [None req-ab819241-f9a7-41be-91fd-e05f45061577 tempest-ServerRescueNegativeTestJSON-1656596650 tempest-ServerRescueNegativeTestJSON-1656596650-project-member] Weighed [WeighedHost [host: (np0000003515, np0000003515) ram: 62765MB disk: 74752MB io_ops: 0 instances: 0, allocation_candidates: 1, weight: 0.0]] {{(pid=93257) _get_sorted_hosts /opt/stack/nova/nova/scheduler/manager.py:765}}
Jun 24 05:17:38.564651 np0000003515 nova-scheduler[93257]: DEBUG nova.scheduler.utils [None req-ab819241-f9a7-41be-91fd-e05f45061577 tempest-ServerRescueNegativeTestJSON-1656596650 tempest-ServerRescueNegativeTestJSON-1656596650-project-member] Attempting to claim resources in the placement API for instance 7f50c5dc-445b-498c-8007-77899d7e886b {{(pid=93257) claim_resources /opt/stack/nova/nova/scheduler/utils.py:1345}}
Jun 24 05:17:38.732606 np0000003515 nova-scheduler[93257]: DEBUG nova.scheduler.manager [None req-ab819241-f9a7-41be-91fd-e05f45061577 tempest-ServerRescueNegativeTestJSON-1656596650 tempest-ServerRescueNegativeTestJSON-1656596650-project-member] [instance: 7f50c5dc-445b-498c-8007-77899d7e886b] Selected host: (np0000003515, np0000003515) ram: 62765MB disk: 74752MB io_ops: 0 instances: 0, allocation_candidates: 1 {{(pid=93257) _consume_selected_host /opt/stack/nova/nova/scheduler/manager.py:625}}
Jun 24 05:17:38.732909 np0000003515 nova-scheduler[93257]: DEBUG oslo_concurrency.lockutils [None req-ab819241-f9a7-41be-91fd-e05f45061577 tempest-ServerRescueNegativeTestJSON-1656596650 tempest-ServerRescueNegativeTestJSON-1656596650-project-member] Acquiring lock "('np0000003515', 'np0000003515')" by "nova.scheduler.host_manager.HostState.consume_from_request.._locked" {{(pid=93257) inner /opt/stack/data/venv/lib/python3.12/site-packages/oslo_concurrency/lockutils.py:511}}
Jun 24 05:17:38.733103 np0000003515 nova-scheduler[93257]: DEBUG oslo_concurrency.lockutils [None req-ab819241-f9a7-41be-91fd-e05f45061577 tempest-ServerRescueNegativeTestJSON-1656596650 tempest-ServerRescueNegativeTestJSON-1656596650-project-member] Lock "('np0000003515', 'np0000003515')" acquired by "nova.scheduler.host_manager.HostState.consume_from_request.._locked" :: waited 0.000s {{(pid=93257) inner /opt/stack/data/venv/lib/python3.12/site-packages/oslo_concurrency/lockutils.py:524}}
Jun 24 05:17:38.733518 np0000003515 nova-scheduler[93257]: DEBUG oslo_concurrency.lockutils [None req-ab819241-f9a7-41be-91fd-e05f45061577 tempest-ServerRescueNegativeTestJSON-1656596650 tempest-ServerRescueNegativeTestJSON-1656596650-project-member] Lock "('np0000003515', 'np0000003515')" "released" by "nova.scheduler.host_manager.HostState.consume_from_request.._locked" :: held 0.000s {{(pid=93257) inner /opt/stack/data/venv/lib/python3.12/site-packages/oslo_concurrency/lockutils.py:543}}
Jun 24 05:17:46.083413 np0000003515 nova-scheduler[93259]: DEBUG nova.scheduler.manager [None req-ce898808-19c3-4f55-9ab7-41c9eac4829b tempest-ServerRescueNegativeTestJSON-1656596650 tempest-ServerRescueNegativeTestJSON-1656596650-project-member] Starting to schedule for instances: ['a99eae1b-061f-415c-b3b5-3b182cd65d0e'] {{(pid=93259) select_destinations /opt/stack/nova/nova/scheduler/manager.py:210}}
Jun 24 05:17:46.084097 np0000003515 nova-scheduler[93259]: DEBUG nova.scheduler.request_filter [None req-ce898808-19c3-4f55-9ab7-41c9eac4829b tempest-ServerRescueNegativeTestJSON-1656596650 tempest-ServerRescueNegativeTestJSON-1656596650-project-member] compute_status_filter request filter added forbidden trait COMPUTE_STATUS_DISABLED {{(pid=93259) compute_status_filter /opt/stack/nova/nova/scheduler/request_filter.py:253}}
Jun 24 05:17:46.084226 np0000003515 nova-scheduler[93259]: DEBUG nova.scheduler.request_filter [None req-ce898808-19c3-4f55-9ab7-41c9eac4829b tempest-ServerRescueNegativeTestJSON-1656596650 tempest-ServerRescueNegativeTestJSON-1656596650-project-member] Request filter 'compute_status_filter' took 0.0 seconds {{(pid=93259) wrapper /opt/stack/nova/nova/scheduler/request_filter.py:46}}
Jun 24 05:17:46.084504 np0000003515 nova-scheduler[93259]: DEBUG nova.scheduler.request_filter [None req-ce898808-19c3-4f55-9ab7-41c9eac4829b tempest-ServerRescueNegativeTestJSON-1656596650 tempest-ServerRescueNegativeTestJSON-1656596650-project-member] Request filter 'accelerators_filter' took 0.0 seconds {{(pid=93259) wrapper /opt/stack/nova/nova/scheduler/request_filter.py:46}}
Jun 24 05:17:46.084591 np0000003515 nova-scheduler[93259]: DEBUG nova.scheduler.request_filter [None req-ce898808-19c3-4f55-9ab7-41c9eac4829b tempest-ServerRescueNegativeTestJSON-1656596650 tempest-ServerRescueNegativeTestJSON-1656596650-project-member] Request filter 'packed_virtqueue_filter' took 0.0 seconds {{(pid=93259) wrapper /opt/stack/nova/nova/scheduler/request_filter.py:46}}
Jun 24 05:17:46.084834 np0000003515 nova-scheduler[93259]: DEBUG nova.scheduler.request_filter [None req-ce898808-19c3-4f55-9ab7-41c9eac4829b tempest-ServerRescueNegativeTestJSON-1656596650 tempest-ServerRescueNegativeTestJSON-1656596650-project-member] Request filter 'remote_managed_ports_filter' took 0.0 seconds {{(pid=93259) wrapper /opt/stack/nova/nova/scheduler/request_filter.py:46}}
Jun 24 05:17:46.084962 np0000003515 nova-scheduler[93259]: DEBUG nova.scheduler.request_filter [None req-ce898808-19c3-4f55-9ab7-41c9eac4829b tempest-ServerRescueNegativeTestJSON-1656596650 tempest-ServerRescueNegativeTestJSON-1656596650-project-member] ephemeral_encryption_filter skipped {{(pid=93259) ephemeral_encryption_filter /opt/stack/nova/nova/scheduler/request_filter.py:426}}
Jun 24 05:17:46.085087 np0000003515 nova-scheduler[93259]: DEBUG nova.scheduler.request_filter [None req-ce898808-19c3-4f55-9ab7-41c9eac4829b tempest-ServerRescueNegativeTestJSON-1656596650 tempest-ServerRescueNegativeTestJSON-1656596650-project-member] virtio_sound_filter skipped {{(pid=93259) virtio_sound_filter /opt/stack/nova/nova/scheduler/request_filter.py:460}}
Jun 24 05:17:46.085253 np0000003515 nova-scheduler[93259]: DEBUG nova.scheduler.request_filter [None req-ce898808-19c3-4f55-9ab7-41c9eac4829b tempest-ServerRescueNegativeTestJSON-1656596650 tempest-ServerRescueNegativeTestJSON-1656596650-project-member] tpm_secret_security_filter skipped {{(pid=93259) tpm_secret_security_filter /opt/stack/nova/nova/scheduler/request_filter.py:477}}
Jun 24 05:17:46.188962 np0000003515 nova-scheduler[93259]: INFO nova.utils [None req-ce898808-19c3-4f55-9ab7-41c9eac4829b tempest-ServerRescueNegativeTestJSON-1656596650 tempest-ServerRescueNegativeTestJSON-1656596650-project-member] The cell worker thread pool ForkProcess-2.cell_worker is initialized
Jun 24 05:17:46.190006 np0000003515 nova-scheduler[93259]: DEBUG oslo_concurrency.lockutils [None req-ce898808-19c3-4f55-9ab7-41c9eac4829b tempest-ServerRescueNegativeTestJSON-1656596650 tempest-ServerRescueNegativeTestJSON-1656596650-project-member] Acquiring lock "2d7a6b0f-24c1-4cb0-9551-e6f933ebf60b" by "nova.context.set_target_cell..get_or_set_cached_cell_and_set_connections" {{(pid=93259) inner /opt/stack/data/venv/lib/python3.12/site-packages/oslo_concurrency/lockutils.py:511}}
Jun 24 05:17:46.190006 np0000003515 nova-scheduler[93259]: DEBUG oslo_concurrency.lockutils [None req-ce898808-19c3-4f55-9ab7-41c9eac4829b tempest-ServerRescueNegativeTestJSON-1656596650 tempest-ServerRescueNegativeTestJSON-1656596650-project-member] Lock "2d7a6b0f-24c1-4cb0-9551-e6f933ebf60b" acquired by "nova.context.set_target_cell..get_or_set_cached_cell_and_set_connections" :: waited 0.000s {{(pid=93259) inner /opt/stack/data/venv/lib/python3.12/site-packages/oslo_concurrency/lockutils.py:524}}
Jun 24 05:17:46.192585 np0000003515 nova-scheduler[93259]: DEBUG oslo_concurrency.lockutils [None req-ce898808-19c3-4f55-9ab7-41c9eac4829b tempest-ServerRescueNegativeTestJSON-1656596650 tempest-ServerRescueNegativeTestJSON-1656596650-project-member] Lock "2d7a6b0f-24c1-4cb0-9551-e6f933ebf60b" "released" by "nova.context.set_target_cell..get_or_set_cached_cell_and_set_connections" :: held 0.003s {{(pid=93259) inner /opt/stack/data/venv/lib/python3.12/site-packages/oslo_concurrency/lockutils.py:543}}
Jun 24 05:17:46.194514 np0000003515 nova-scheduler[93259]: INFO dbcounter [None req-ce898808-19c3-4f55-9ab7-41c9eac4829b tempest-ServerRescueNegativeTestJSON-1656596650 tempest-ServerRescueNegativeTestJSON-1656596650-project-member] Registered counter for database nova_cell1
Jun 24 05:17:46.232269 np0000003515 nova-scheduler[93259]: DEBUG oslo_db.sqlalchemy.engines [None req-ce898808-19c3-4f55-9ab7-41c9eac4829b tempest-ServerRescueNegativeTestJSON-1656596650 tempest-ServerRescueNegativeTestJSON-1656596650-project-member] MySQL server mode set to STRICT_TRANS_TABLES,STRICT_ALL_TABLES,NO_ZERO_IN_DATE,NO_ZERO_DATE,ERROR_FOR_DIVISION_BY_ZERO,TRADITIONAL,NO_ENGINE_SUBSTITUTION {{(pid=93259) _check_effective_sql_mode /opt/stack/data/venv/lib/python3.12/site-packages/oslo_db/sqlalchemy/engines.py:325}}
Jun 24 05:17:46.237766 np0000003515 nova-scheduler[93259]: DEBUG dbcounter [-] [93259] Writer thread running {{(pid=93259) stat_writer /opt/stack/data/venv/lib/python3.12/site-packages/dbcounter.py:102}}
Jun 24 05:17:46.304141 np0000003515 nova-scheduler[93259]: DEBUG dbcounter [-] [93259] Writer thread running {{(pid=93259) stat_writer /opt/stack/data/venv/lib/python3.12/site-packages/dbcounter.py:102}}
Jun 24 05:17:46.307580 np0000003515 nova-scheduler[93259]: DEBUG oslo_concurrency.lockutils [None req-ce898808-19c3-4f55-9ab7-41c9eac4829b tempest-ServerRescueNegativeTestJSON-1656596650 tempest-ServerRescueNegativeTestJSON-1656596650-project-member] Acquiring lock "2d7a6b0f-24c1-4cb0-9551-e6f933ebf60b" by "nova.context.set_target_cell..get_or_set_cached_cell_and_set_connections" {{(pid=93259) inner /opt/stack/data/venv/lib/python3.12/site-packages/oslo_concurrency/lockutils.py:511}}
Jun 24 05:17:46.307780 np0000003515 nova-scheduler[93259]: DEBUG oslo_concurrency.lockutils [None req-ce898808-19c3-4f55-9ab7-41c9eac4829b tempest-ServerRescueNegativeTestJSON-1656596650 tempest-ServerRescueNegativeTestJSON-1656596650-project-member] Lock "2d7a6b0f-24c1-4cb0-9551-e6f933ebf60b" acquired by "nova.context.set_target_cell..get_or_set_cached_cell_and_set_connections" :: waited 0.000s {{(pid=93259) inner /opt/stack/data/venv/lib/python3.12/site-packages/oslo_concurrency/lockutils.py:524}}
