Jun 24 05:14:34.569058 np0000003515 devstack@neutron-api.service[87407]: DEBUG neutron_lib.callbacks.manager [None req-5a3a94f8-f497-43a5-a442-fb45fa010e8d None None] Subscribe: > security_group_rule after_create 55550000, False {{(pid=87407) subscribe /opt/stack/data/venv/lib/python3.12/site-packages/neutron_lib/callbacks/manager.py:52}}
Jun 24 05:14:34.569058 np0000003515 devstack@neutron-api.service[87407]: DEBUG neutron_lib.callbacks.manager [None req-5a3a94f8-f497-43a5-a442-fb45fa010e8d None None] Subscribe: > security_group_rule before_delete 55550000, False {{(pid=87407) subscribe /opt/stack/data/venv/lib/python3.12/site-packages/neutron_lib/callbacks/manager.py:52}}
Jun 24 05:14:34.569058 np0000003515 devstack@neutron-api.service[87407]: DEBUG neutron_lib.callbacks.manager [None req-5a3a94f8-f497-43a5-a442-fb45fa010e8d None None] Subscribe: > address_group after_create 55550000, False {{(pid=87407) subscribe /opt/stack/data/venv/lib/python3.12/site-packages/neutron_lib/callbacks/manager.py:52}}
Jun 24 05:14:34.569218 np0000003515 devstack@neutron-api.service[87407]: DEBUG neutron_lib.callbacks.manager [None req-5a3a94f8-f497-43a5-a442-fb45fa010e8d None None] Subscribe: > address_group after_update 55550000, False {{(pid=87407) subscribe /opt/stack/data/venv/lib/python3.12/site-packages/neutron_lib/callbacks/manager.py:52}}
Jun 24 05:14:34.569218 np0000003515 devstack@neutron-api.service[87407]: DEBUG neutron_lib.callbacks.manager [None req-5a3a94f8-f497-43a5-a442-fb45fa010e8d None None] Subscribe: > address_group after_delete 55550000, False {{(pid=87407) subscribe /opt/stack/data/venv/lib/python3.12/site-packages/neutron_lib/callbacks/manager.py:52}}
Jun 24 05:14:34.569523 np0000003515 devstack@neutron-api.service[87407]: DEBUG neutron_lib.callbacks.manager [None req-5a3a94f8-f497-43a5-a442-fb45fa010e8d None None] Subscribe: > qos_plugin after_init 55550000, False {{(pid=87407) subscribe /opt/stack/data/venv/lib/python3.12/site-packages/neutron_lib/callbacks/manager.py:52}}
Jun 24 05:14:34.570193 np0000003515 devstack@neutron-api.service[87407]: DEBUG neutron_lib.callbacks.manager [None req-5a3a94f8-f497-43a5-a442-fb45fa010e8d None None] Subscribe: > trunk_plugin after_init 55550000, False {{(pid=87407) subscribe /opt/stack/data/venv/lib/python3.12/site-packages/neutron_lib/callbacks/manager.py:52}}
Jun 24 05:14:34.570193 np0000003515 devstack@neutron-api.service[87407]: DEBUG neutron_lib.callbacks.manager [None req-5a3a94f8-f497-43a5-a442-fb45fa010e8d None None] Subscribe: > logging-plugin after_init 55550000, False {{(pid=87407) subscribe /opt/stack/data/venv/lib/python3.12/site-packages/neutron_lib/callbacks/manager.py:52}}
Jun 24 05:14:34.570814 np0000003515 devstack@neutron-api.service[87407]: INFO neutron.services.logapi.drivers.ovn.driver [None req-5a3a94f8-f497-43a5-a442-fb45fa010e8d None None] OVN logging driver registered
Jun 24 05:14:34.570814 np0000003515 devstack@neutron-api.service[87407]: DEBUG neutron_lib.callbacks.manager [None req-5a3a94f8-f497-43a5-a442-fb45fa010e8d None None] Subscribe: ._register_pvlan_driver at 0x7ddd4d4da7a0> pvlan_plugin before_spawn 55550000, False {{(pid=87407) subscribe /opt/stack/data/venv/lib/python3.12/site-packages/neutron_lib/callbacks/manager.py:52}}
Jun 24 05:14:34.570814 np0000003515 devstack@neutron-api.service[87407]: DEBUG neutron_lib.callbacks.manager [None req-5a3a94f8-f497-43a5-a442-fb45fa010e8d None None] Subscribe: process after_init 55550000, False {{(pid=87407) subscribe /opt/stack/data/venv/lib/python3.12/site-packages/neutron_lib/callbacks/manager.py:52}}
Jun 24 05:14:34.572009 np0000003515 devstack@neutron-api.service[87407]: DEBUG neutron.plugins.ml2.plugin [None req-5a3a94f8-f497-43a5-a442-fb45fa010e8d None None] neutron.plugins.ml2.plugin.Ml2Plugin method _start_rpc_notifiers called with arguments () {} {{(pid=87407) wrapper /opt/stack/data/venv/lib/python3.12/site-packages/oslo_log/helpers.py:77}}
Jun 24 05:14:34.572263 np0000003515 devstack@neutron-api.service[87407]: DEBUG neutron_lib.callbacks.manager [None req-5a3a94f8-f497-43a5-a442-fb45fa010e8d None None] Subscribe: > port after_create 55550000, False {{(pid=87407) subscribe /opt/stack/data/venv/lib/python3.12/site-packages/neutron_lib/callbacks/manager.py:52}}
Jun 24 05:14:34.572391 np0000003515 devstack@neutron-api.service[87407]: DEBUG neutron_lib.callbacks.manager [None req-5a3a94f8-f497-43a5-a442-fb45fa010e8d None None] Subscribe: > port after_update 55550000, False {{(pid=87407) subscribe /opt/stack/data/venv/lib/python3.12/site-packages/neutron_lib/callbacks/manager.py:52}}
Jun 24 05:14:34.572548 np0000003515 devstack@neutron-api.service[87407]: DEBUG neutron_lib.callbacks.manager [None req-5a3a94f8-f497-43a5-a442-fb45fa010e8d None None] Subscribe: > port after_delete 55550000, False {{(pid=87407) subscribe /opt/stack/data/venv/lib/python3.12/site-packages/neutron_lib/callbacks/manager.py:52}}
Jun 24 05:14:34.572611 np0000003515 devstack@neutron-api.service[87407]: DEBUG neutron_lib.callbacks.manager [None req-5a3a94f8-f497-43a5-a442-fb45fa010e8d None None] Subscribe: > subnet after_create 55550000, False {{(pid=87407) subscribe /opt/stack/data/venv/lib/python3.12/site-packages/neutron_lib/callbacks/manager.py:52}}
Jun 24 05:14:34.572736 np0000003515 devstack@neutron-api.service[87407]: DEBUG neutron_lib.callbacks.manager [None req-5a3a94f8-f497-43a5-a442-fb45fa010e8d None None] Subscribe: > subnet after_update 55550000, False {{(pid=87407) subscribe /opt/stack/data/venv/lib/python3.12/site-packages/neutron_lib/callbacks/manager.py:52}}
Jun 24 05:14:34.572736 np0000003515 devstack@neutron-api.service[87407]: DEBUG neutron_lib.callbacks.manager [None req-5a3a94f8-f497-43a5-a442-fb45fa010e8d None None] Subscribe: > subnet after_delete 55550000, False {{(pid=87407) subscribe /opt/stack/data/venv/lib/python3.12/site-packages/neutron_lib/callbacks/manager.py:52}}
Jun 24 05:14:34.572853 np0000003515 devstack@neutron-api.service[87407]: DEBUG neutron_lib.callbacks.manager [None req-5a3a94f8-f497-43a5-a442-fb45fa010e8d None None] Subscribe: > network after_create 55550000, False {{(pid=87407) subscribe /opt/stack/data/venv/lib/python3.12/site-packages/neutron_lib/callbacks/manager.py:52}}
Jun 24 05:14:34.572936 np0000003515 devstack@neutron-api.service[87407]: DEBUG neutron_lib.callbacks.manager [None req-5a3a94f8-f497-43a5-a442-fb45fa010e8d None None] Subscribe: > network after_update 55550000, False {{(pid=87407) subscribe /opt/stack/data/venv/lib/python3.12/site-packages/neutron_lib/callbacks/manager.py:52}}
Jun 24 05:14:34.573181 np0000003515 devstack@neutron-api.service[87407]: DEBUG neutron_lib.callbacks.manager [None req-5a3a94f8-f497-43a5-a442-fb45fa010e8d None None] Subscribe: > network after_delete 55550000, False {{(pid=87407) subscribe /opt/stack/data/venv/lib/python3.12/site-packages/neutron_lib/callbacks/manager.py:52}}
Jun 24 05:14:34.573181 np0000003515 devstack@neutron-api.service[87407]: DEBUG neutron_lib.callbacks.manager [None req-5a3a94f8-f497-43a5-a442-fb45fa010e8d None None] Subscribe: > security_group after_create 55550000, False {{(pid=87407) subscribe /opt/stack/data/venv/lib/python3.12/site-packages/neutron_lib/callbacks/manager.py:52}}
Jun 24 05:14:34.573262 np0000003515 devstack@neutron-api.service[87407]: DEBUG neutron_lib.callbacks.manager [None req-5a3a94f8-f497-43a5-a442-fb45fa010e8d None None] Subscribe: > security_group after_update 55550000, False {{(pid=87407) subscribe /opt/stack/data/venv/lib/python3.12/site-packages/neutron_lib/callbacks/manager.py:52}}
Jun 24 05:14:34.573353 np0000003515 devstack@neutron-api.service[87407]: DEBUG neutron_lib.callbacks.manager [None req-5a3a94f8-f497-43a5-a442-fb45fa010e8d None None] Subscribe: > security_group after_delete 55550000, False {{(pid=87407) subscribe /opt/stack/data/venv/lib/python3.12/site-packages/neutron_lib/callbacks/manager.py:52}}
Jun 24 05:14:34.573522 np0000003515 devstack@neutron-api.service[87407]: DEBUG neutron_lib.callbacks.manager [None req-5a3a94f8-f497-43a5-a442-fb45fa010e8d None None] Subscribe: > security_group_rule after_create 55550000, False {{(pid=87407) subscribe /opt/stack/data/venv/lib/python3.12/site-packages/neutron_lib/callbacks/manager.py:52}}
Jun 24 05:14:34.573522 np0000003515 devstack@neutron-api.service[87407]: DEBUG neutron_lib.callbacks.manager [None req-5a3a94f8-f497-43a5-a442-fb45fa010e8d None None] Subscribe: > security_group_rule after_update 55550000, False {{(pid=87407) subscribe /opt/stack/data/venv/lib/python3.12/site-packages/neutron_lib/callbacks/manager.py:52}}
Jun 24 05:14:34.573629 np0000003515 devstack@neutron-api.service[87407]: DEBUG neutron_lib.callbacks.manager [None req-5a3a94f8-f497-43a5-a442-fb45fa010e8d None None] Subscribe: > security_group_rule after_delete 55550000, False {{(pid=87407) subscribe /opt/stack/data/venv/lib/python3.12/site-packages/neutron_lib/callbacks/manager.py:52}}
Jun 24 05:14:34.573677 np0000003515 devstack@neutron-api.service[87407]: DEBUG neutron_lib.callbacks.manager [None req-5a3a94f8-f497-43a5-a442-fb45fa010e8d None None] Subscribe: > address_group after_create 55550000, False {{(pid=87407) subscribe /opt/stack/data/venv/lib/python3.12/site-packages/neutron_lib/callbacks/manager.py:52}}
Jun 24 05:14:34.573767 np0000003515 devstack@neutron-api.service[87407]: DEBUG neutron_lib.callbacks.manager [None req-5a3a94f8-f497-43a5-a442-fb45fa010e8d None None] Subscribe: > address_group after_update 55550000, False {{(pid=87407) subscribe /opt/stack/data/venv/lib/python3.12/site-packages/neutron_lib/callbacks/manager.py:52}}
Jun 24 05:14:34.573847 np0000003515 devstack@neutron-api.service[87407]: DEBUG neutron_lib.callbacks.manager [None req-5a3a94f8-f497-43a5-a442-fb45fa010e8d None None] Subscribe: > address_group after_delete 55550000, False {{(pid=87407) subscribe /opt/stack/data/venv/lib/python3.12/site-packages/neutron_lib/callbacks/manager.py:52}}
Jun 24 05:14:34.573929 np0000003515 devstack@neutron-api.service[87407]: DEBUG neutron.plugins.ml2.ovo_rpc [None req-5a3a94f8-f497-43a5-a442-fb45fa010e8d None None] ML2 OVO RPC backend initialized. {{(pid=87407) __init__ /opt/stack/neutron/neutron/plugins/ml2/ovo_rpc.py:117}}
Jun 24 05:14:34.574803 np0000003515 devstack@neutron-api.service[87407]: INFO neutron.quota [None req-5a3a94f8-f497-43a5-a442-fb45fa010e8d None None] Loaded quota_driver: .
Jun 24 05:14:34.574803 np0000003515 devstack@neutron-api.service[87407]: INFO neutron.plugins.ml2.plugin [None req-5a3a94f8-f497-43a5-a442-fb45fa010e8d None None] Modular L2 Plugin initialization complete
Jun 24 05:14:34.575063 np0000003515 devstack@neutron-api.service[87407]: DEBUG neutron.manager [None req-5a3a94f8-f497-43a5-a442-fb45fa010e8d None None] Loading services supported by the core plugin {{(pid=87407) _load_services_from_core_plugin /opt/stack/neutron/neutron/manager.py:167}}
Jun 24 05:14:34.575063 np0000003515 devstack@neutron-api.service[87407]: INFO neutron.plugins.ml2.managers [None req-5a3a94f8-f497-43a5-a442-fb45fa010e8d None None] Got port-security extension from driver 'port_security'
Jun 24 05:14:34.575462 np0000003515 devstack@neutron-api.service[87407]: DEBUG neutron.manager [None req-5a3a94f8-f497-43a5-a442-fb45fa010e8d None None] Loading service plugins: ['ovn-router', 'auto_allocate', 'tag', 'timestamp', 'network_ip_availability', 'flavors', 'revisions'] {{(pid=87407) _load_service_plugins /opt/stack/neutron/neutron/manager.py:192}}
Jun 24 05:14:34.575462 np0000003515 devstack@neutron-api.service[87407]: INFO neutron.manager [None req-5a3a94f8-f497-43a5-a442-fb45fa010e8d None None] Loading Plugin: ovn-router
Jun 24 05:14:34.585074 np0000003515 devstack@neutron-api.service[87407]: DEBUG neutron_lib.callbacks.manager [None req-5a3a94f8-f497-43a5-a442-fb45fa010e8d None None] Subscribe: > router before_delete 55550000, False {{(pid=87407) subscribe /opt/stack/data/venv/lib/python3.12/site-packages/neutron_lib/callbacks/manager.py:52}}
Jun 24 05:14:34.585074 np0000003515 devstack@neutron-api.service[87407]: DEBUG neutron_lib.callbacks.manager [None req-5a3a94f8-f497-43a5-a442-fb45fa010e8d None None] Subscribe: port before_update 55550000, False {{(pid=87407) subscribe /opt/stack/data/venv/lib/python3.12/site-packages/neutron_lib/callbacks/manager.py:52}}
Jun 24 05:14:34.585207 np0000003515 devstack@neutron-api.service[87407]: DEBUG neutron_lib.callbacks.manager [None req-5a3a94f8-f497-43a5-a442-fb45fa010e8d None None] Subscribe: port after_update 55550000, False {{(pid=87407) subscribe /opt/stack/data/venv/lib/python3.12/site-packages/neutron_lib/callbacks/manager.py:52}}
Jun 24 05:14:34.585672 np0000003515 devstack@neutron-api.service[87407]: DEBUG neutron_lib.callbacks.manager [None req-5a3a94f8-f497-43a5-a442-fb45fa010e8d None None] Subscribe: > port precommit_delete 55550000, False {{(pid=87407) subscribe /opt/stack/data/venv/lib/python3.12/site-packages/neutron_lib/callbacks/manager.py:52}}
Jun 24 05:14:34.585672 np0000003515 devstack@neutron-api.service[87407]: DEBUG neutron_lib.callbacks.manager [None req-5a3a94f8-f497-43a5-a442-fb45fa010e8d None None] Subscribe: port before_update 55550000, False {{(pid=87407) subscribe /opt/stack/data/venv/lib/python3.12/site-packages/neutron_lib/callbacks/manager.py:52}}
Jun 24 05:14:34.585672 np0000003515 devstack@neutron-api.service[87407]: DEBUG neutron_lib.callbacks.manager [None req-5a3a94f8-f497-43a5-a442-fb45fa010e8d None None] Subscribe: port before_delete 55550000, False {{(pid=87407) subscribe /opt/stack/data/venv/lib/python3.12/site-packages/neutron_lib/callbacks/manager.py:52}}
Jun 24 05:14:34.585672 np0000003515 devstack@neutron-api.service[87407]: DEBUG neutron_lib.callbacks.manager [None req-5a3a94f8-f497-43a5-a442-fb45fa010e8d None None] Subscribe: > router precommit_create 55550000, False {{(pid=87407) subscribe /opt/stack/data/venv/lib/python3.12/site-packages/neutron_lib/callbacks/manager.py:52}}
Jun 24 05:14:34.586340 np0000003515 devstack@neutron-api.service[87407]: DEBUG neutron_lib.callbacks.manager [None req-5a3a94f8-f497-43a5-a442-fb45fa010e8d None None] Subscribe: > router precommit_create 55550000, False {{(pid=87407) subscribe /opt/stack/data/venv/lib/python3.12/site-packages/neutron_lib/callbacks/manager.py:52}}
Jun 24 05:14:34.586340 np0000003515 devstack@neutron-api.service[87407]: DEBUG neutron_lib.callbacks.manager [None req-5a3a94f8-f497-43a5-a442-fb45fa010e8d None None] Subscribe: > router precommit_update 55550000, False {{(pid=87407) subscribe /opt/stack/data/venv/lib/python3.12/site-packages/neutron_lib/callbacks/manager.py:52}}
Jun 24 05:14:34.586340 np0000003515 devstack@neutron-api.service[87407]: DEBUG neutron_lib.callbacks.manager [None req-5a3a94f8-f497-43a5-a442-fb45fa010e8d None None] Subscribe: subnet after_update 55550000, False {{(pid=87407) subscribe /opt/stack/data/venv/lib/python3.12/site-packages/neutron_lib/callbacks/manager.py:52}}
Jun 24 05:14:34.586340 np0000003515 devstack@neutron-api.service[87407]: DEBUG neutron.quota.resource_registry [None req-5a3a94f8-f497-43a5-a442-fb45fa010e8d None None] Tracking information for resource: router configured {{(pid=87407) set_tracked_resource /opt/stack/neutron/neutron/quota/resource_registry.py:203}}
Jun 24 05:14:34.586340 np0000003515 devstack@neutron-api.service[87407]: DEBUG neutron.quota.resource_registry [None req-5a3a94f8-f497-43a5-a442-fb45fa010e8d None None] Tracking information for resource: floatingip configured {{(pid=87407) set_tracked_resource /opt/stack/neutron/neutron/quota/resource_registry.py:203}}
Jun 24 05:14:34.586340 np0000003515 devstack@neutron-api.service[87407]: INFO neutron.services.ovn_l3.plugin [None req-5a3a94f8-f497-43a5-a442-fb45fa010e8d None None] Starting OVNL3RouterPlugin
Jun 24 05:14:34.586916 np0000003515 devstack@neutron-api.service[87407]: DEBUG neutron_lib.callbacks.manager [None req-5a3a94f8-f497-43a5-a442-fb45fa010e8d None None] Subscribe: > port_forwarding_plugin after_init 55550000, False {{(pid=87407) subscribe /opt/stack/data/venv/lib/python3.12/site-packages/neutron_lib/callbacks/manager.py:52}}
Jun 24 05:14:34.586916 np0000003515 devstack@neutron-api.service[87407]: DEBUG neutron_lib.callbacks.manager [None req-5a3a94f8-f497-43a5-a442-fb45fa010e8d None None] Subscribe: > router before_create 55550100, False {{(pid=87407) subscribe /opt/stack/data/venv/lib/python3.12/site-packages/neutron_lib/callbacks/manager.py:52}}
Jun 24 05:14:34.586916 np0000003515 devstack@neutron-api.service[87407]: DEBUG neutron_lib.callbacks.manager [None req-5a3a94f8-f497-43a5-a442-fb45fa010e8d None None] Subscribe: > router precommit_delete 55550100, False {{(pid=87407) subscribe /opt/stack/data/venv/lib/python3.12/site-packages/neutron_lib/callbacks/manager.py:52}}
Jun 24 05:14:34.586916 np0000003515 devstack@neutron-api.service[87407]: DEBUG neutron_lib.callbacks.manager [None req-5a3a94f8-f497-43a5-a442-fb45fa010e8d None None] Subscribe: > router precommit_create 55550100, False {{(pid=87407) subscribe /opt/stack/data/venv/lib/python3.12/site-packages/neutron_lib/callbacks/manager.py:52}}
Jun 24 05:14:34.587050 np0000003515 devstack@neutron-api.service[87407]: DEBUG neutron_lib.callbacks.manager [None req-5a3a94f8-f497-43a5-a442-fb45fa010e8d None None] Subscribe: > router precommit_update 55550100, False {{(pid=87407) subscribe /opt/stack/data/venv/lib/python3.12/site-packages/neutron_lib/callbacks/manager.py:52}}
Jun 24 05:14:34.590038 np0000003515 devstack@neutron-api.service[87407]: DEBUG neutron.services.provider_configuration [None req-5a3a94f8-f497-43a5-a442-fb45fa010e8d None None] Service providers = [] {{(pid=87407) parse_service_provider_opt /opt/stack/neutron/neutron/services/provider_configuration.py:170}}
Jun 24 05:14:34.590038 np0000003515 devstack@neutron-api.service[87407]: DEBUG neutron.db.servicetype_db [None req-5a3a94f8-f497-43a5-a442-fb45fa010e8d None None] Adding provider configuration for service L3_ROUTER_NAT {{(pid=87407) add_provider_configuration /opt/stack/neutron/neutron/db/servicetype_db.py:45}}
Jun 24 05:14:34.591220 np0000003515 devstack@neutron-api.service[87407]: DEBUG neutron_lib.callbacks.manager [None req-5a3a94f8-f497-43a5-a442-fb45fa010e8d None None] Subscribe: > router precommit_create 55549900, False {{(pid=87407) subscribe /opt/stack/data/venv/lib/python3.12/site-packages/neutron_lib/callbacks/manager.py:52}}
Jun 24 05:14:34.591353 np0000003515 devstack@neutron-api.service[87407]: DEBUG neutron_lib.callbacks.manager [None req-5a3a94f8-f497-43a5-a442-fb45fa010e8d None None] Subscribe: > router_interface after_create 55550000, False {{(pid=87407) subscribe /opt/stack/data/venv/lib/python3.12/site-packages/neutron_lib/callbacks/manager.py:52}}
Jun 24 05:14:34.591353 np0000003515 devstack@neutron-api.service[87407]: DEBUG neutron_lib.callbacks.manager [None req-5a3a94f8-f497-43a5-a442-fb45fa010e8d None None] Subscribe: > floatingip after_create 55550000, False {{(pid=87407) subscribe /opt/stack/data/venv/lib/python3.12/site-packages/neutron_lib/callbacks/manager.py:52}}
Jun 24 05:14:34.591543 np0000003515 devstack@neutron-api.service[87407]: DEBUG neutron_lib.callbacks.manager [None req-5a3a94f8-f497-43a5-a442-fb45fa010e8d None None] Subscribe: > floatingip precommit_create 55550000, False {{(pid=87407) subscribe /opt/stack/data/venv/lib/python3.12/site-packages/neutron_lib/callbacks/manager.py:52}}
Jun 24 05:14:34.591543 np0000003515 devstack@neutron-api.service[87407]: DEBUG neutron_lib.callbacks.manager [None req-5a3a94f8-f497-43a5-a442-fb45fa010e8d None None] Subscribe: > floatingip precommit_update 55550000, False {{(pid=87407) subscribe /opt/stack/data/venv/lib/python3.12/site-packages/neutron_lib/callbacks/manager.py:52}}
Jun 24 05:14:34.591747 np0000003515 devstack@neutron-api.service[87407]: DEBUG neutron_lib.callbacks.manager [None req-5a3a94f8-f497-43a5-a442-fb45fa010e8d None None] Subscribe: > floatingip after_delete 55550000, False {{(pid=87407) subscribe /opt/stack/data/venv/lib/python3.12/site-packages/neutron_lib/callbacks/manager.py:52}}
Jun 24 05:14:34.591747 np0000003515 devstack@neutron-api.service[87407]: DEBUG neutron_lib.callbacks.manager [None req-5a3a94f8-f497-43a5-a442-fb45fa010e8d None None] Subscribe: > floatingip after_status_update 55550000, False {{(pid=87407) subscribe /opt/stack/data/venv/lib/python3.12/site-packages/neutron_lib/callbacks/manager.py:52}}
Jun 24 05:14:34.591899 np0000003515 devstack@neutron-api.service[87407]: DEBUG neutron_lib.callbacks.manager [None req-5a3a94f8-f497-43a5-a442-fb45fa010e8d None None] Subscribe: > floatingip after_update 55550000, False {{(pid=87407) subscribe /opt/stack/data/venv/lib/python3.12/site-packages/neutron_lib/callbacks/manager.py:52}}
Jun 24 05:14:34.591899 np0000003515 devstack@neutron-api.service[87407]: DEBUG neutron_lib.callbacks.manager [None req-5a3a94f8-f497-43a5-a442-fb45fa010e8d None None] Subscribe: > port_forwarding after_create 55550000, False {{(pid=87407) subscribe /opt/stack/data/venv/lib/python3.12/site-packages/neutron_lib/callbacks/manager.py:52}}
Jun 24 05:14:34.592045 np0000003515 devstack@neutron-api.service[87407]: DEBUG neutron_lib.callbacks.manager [None req-5a3a94f8-f497-43a5-a442-fb45fa010e8d None None] Subscribe: > router_interface after_delete 55550000, False {{(pid=87407) subscribe /opt/stack/data/venv/lib/python3.12/site-packages/neutron_lib/callbacks/manager.py:52}}
Jun 24 05:14:34.592132 np0000003515 devstack@neutron-api.service[87407]: DEBUG neutron_lib.callbacks.manager [None req-5a3a94f8-f497-43a5-a442-fb45fa010e8d None None] Subscribe: > router after_create 55550000, False {{(pid=87407) subscribe /opt/stack/data/venv/lib/python3.12/site-packages/neutron_lib/callbacks/manager.py:52}}
Jun 24 05:14:34.592237 np0000003515 devstack@neutron-api.service[87407]: DEBUG neutron_lib.callbacks.manager [None req-5a3a94f8-f497-43a5-a442-fb45fa010e8d None None] Subscribe: > router precommit_create 55550000, False {{(pid=87407) subscribe /opt/stack/data/venv/lib/python3.12/site-packages/neutron_lib/callbacks/manager.py:52}}
Jun 24 05:14:34.592367 np0000003515 devstack@neutron-api.service[87407]: DEBUG neutron_lib.callbacks.manager [None req-5a3a94f8-f497-43a5-a442-fb45fa010e8d None None] Subscribe: > router after_delete 55550000, False {{(pid=87407) subscribe /opt/stack/data/venv/lib/python3.12/site-packages/neutron_lib/callbacks/manager.py:52}}
Jun 24 05:14:34.592532 np0000003515 devstack@neutron-api.service[87407]: DEBUG neutron_lib.callbacks.manager [None req-5a3a94f8-f497-43a5-a442-fb45fa010e8d None None] Subscribe: > router after_update 55550000, False {{(pid=87407) subscribe /opt/stack/data/venv/lib/python3.12/site-packages/neutron_lib/callbacks/manager.py:52}}
Jun 24 05:14:34.592532 np0000003515 devstack@neutron-api.service[87407]: DEBUG neutron.services.service_base [None req-5a3a94f8-f497-43a5-a442-fb45fa010e8d None None] Loaded 'neutron.services.ovn_l3.service_providers.ovn.OvnDriver' provider for service L3_ROUTER_NAT {{(pid=87407) load_drivers /opt/stack/neutron/neutron/services/service_base.py:49}}
Jun 24 05:14:34.592904 np0000003515 devstack@neutron-api.service[87407]: DEBUG neutron_lib.callbacks.manager [None req-5a3a94f8-f497-43a5-a442-fb45fa010e8d None None] Subscribe: > process after_init 55550001, True {{(pid=87407) subscribe /opt/stack/data/venv/lib/python3.12/site-packages/neutron_lib/callbacks/manager.py:52}}
Jun 24 05:14:34.592904 np0000003515 devstack@neutron-api.service[87407]: DEBUG neutron.manager [None req-5a3a94f8-f497-43a5-a442-fb45fa010e8d None None] Successfully loaded L3_ROUTER_NAT plugin. Description: L3 Router Service Plugin for basic L3 forwarding using OVN {{(pid=87407) _create_and_add_service_plugin /opt/stack/neutron/neutron/manager.py:236}}
Jun 24 05:14:34.592904 np0000003515 devstack@neutron-api.service[87407]: INFO neutron.manager [None req-5a3a94f8-f497-43a5-a442-fb45fa010e8d None None] Loading Plugin: auto_allocate
Jun 24 05:14:34.593864 np0000003515 devstack@neutron-api.service[87407]: DEBUG neutron_lib.callbacks.manager [None req-5a3a94f8-f497-43a5-a442-fb45fa010e8d None None] Subscribe: network precommit_update 55550000, False {{(pid=87407) subscribe /opt/stack/data/venv/lib/python3.12/site-packages/neutron_lib/callbacks/manager.py:52}}
Jun 24 05:14:34.593864 np0000003515 devstack@neutron-api.service[87407]: DEBUG neutron_lib.callbacks.manager [None req-5a3a94f8-f497-43a5-a442-fb45fa010e8d None None] Subscribe: network precommit_create 55550000, False {{(pid=87407) subscribe /opt/stack/data/venv/lib/python3.12/site-packages/neutron_lib/callbacks/manager.py:52}}
Jun 24 05:14:34.594215 np0000003515 devstack@neutron-api.service[87407]: DEBUG neutron.manager [None req-5a3a94f8-f497-43a5-a442-fb45fa010e8d None None] Successfully loaded auto-allocated-topology plugin. Description: Auto Allocated Topology - aka get me a network. {{(pid=87407) _create_and_add_service_plugin /opt/stack/neutron/neutron/manager.py:236}}
Jun 24 05:14:34.594215 np0000003515 devstack@neutron-api.service[87407]: INFO neutron.manager [None req-5a3a94f8-f497-43a5-a442-fb45fa010e8d None None] Loading Plugin: tag
Jun 24 05:14:34.596839 np0000003515 devstack@neutron-api.service[87407]: DEBUG neutron.manager [None req-5a3a94f8-f497-43a5-a442-fb45fa010e8d None None] Successfully loaded TAG plugin. Description: Tag support {{(pid=87407) _create_and_add_service_plugin /opt/stack/neutron/neutron/manager.py:236}}
Jun 24 05:14:34.596943 np0000003515 devstack@neutron-api.service[87407]: INFO neutron.manager [None req-5a3a94f8-f497-43a5-a442-fb45fa010e8d None None] Loading Plugin: timestamp
Jun 24 05:14:34.598162 np0000003515 devstack@neutron-api.service[87407]: DEBUG neutron.manager [None req-5a3a94f8-f497-43a5-a442-fb45fa010e8d None None] Successfully loaded timestamp plugin. Description: Adds timestamps to Neutron resources with standard attributes {{(pid=87407) _create_and_add_service_plugin /opt/stack/neutron/neutron/manager.py:236}}
Jun 24 05:14:34.598162 np0000003515 devstack@neutron-api.service[87407]: INFO neutron.manager [None req-5a3a94f8-f497-43a5-a442-fb45fa010e8d None None] Loading Plugin: network_ip_availability
Jun 24 05:14:34.599889 np0000003515 devstack@neutron-api.service[87407]: DEBUG neutron.manager [None req-5a3a94f8-f497-43a5-a442-fb45fa010e8d None None] Successfully loaded network-ip-availability plugin. Description: Provides IP availability data for each network and subnet. {{(pid=87407) _create_and_add_service_plugin /opt/stack/neutron/neutron/manager.py:236}}
Jun 24 05:14:34.599889 np0000003515 devstack@neutron-api.service[87407]: INFO neutron.manager [None req-5a3a94f8-f497-43a5-a442-fb45fa010e8d None None] Loading Plugin: flavors
Jun 24 05:14:34.600889 np0000003515 devstack@neutron-api.service[87407]: DEBUG neutron.manager [None req-5a3a94f8-f497-43a5-a442-fb45fa010e8d None None] Successfully loaded FLAVORS plugin. Description: Neutron Flavors and Service Profiles manager plugin {{(pid=87407) _create_and_add_service_plugin /opt/stack/neutron/neutron/manager.py:236}}
Jun 24 05:14:34.600889 np0000003515 devstack@neutron-api.service[87407]: INFO neutron.manager [None req-5a3a94f8-f497-43a5-a442-fb45fa010e8d None None] Loading Plugin: revisions
Jun 24 05:14:34.601965 np0000003515 devstack@neutron-api.service[87407]: DEBUG neutron.manager [None req-5a3a94f8-f497-43a5-a442-fb45fa010e8d None None] Successfully loaded revision_plugin plugin. Description: Adds revision numbers to resources. {{(pid=87407) _create_and_add_service_plugin /opt/stack/neutron/neutron/manager.py:236}}
Jun 24 05:14:34.601965 np0000003515 devstack@neutron-api.service[87407]: DEBUG oslo_concurrency.lockutils [None req-5a3a94f8-f497-43a5-a442-fb45fa010e8d None None] Lock "manager" "released" by "neutron.manager.NeutronManager._create_instance" :: held 4.034s {{(pid=87407) inner /opt/stack/data/venv/lib/python3.12/site-packages/oslo_concurrency/lockutils.py:543}}
Jun 24 05:14:34.602576 np0000003515 devstack@neutron-api.service[87407]: DEBUG neutron.api.extensions [None req-5a3a94f8-f497-43a5-a442-fb45fa010e8d None None] get_extension_paths = OrderedDict({'/opt/stack/neutron/neutron/extensions': 1}) {{(pid=87407) get_extensions_path /opt/stack/neutron/neutron/api/extensions.py:640}}
Jun 24 05:14:34.602576 np0000003515 devstack@neutron-api.service[87407]: INFO neutron.api.extensions [None req-5a3a94f8-f497-43a5-a442-fb45fa010e8d None None] Initializing extension manager.
Jun 24 05:14:34.602576 np0000003515 devstack@neutron-api.service[87407]: DEBUG neutron.api.extensions [None req-5a3a94f8-f497-43a5-a442-fb45fa010e8d None None] Loading extension file: __init__.py {{(pid=87407) _load_all_extensions_from_path /opt/stack/neutron/neutron/api/extensions.py:449}}
Jun 24 05:14:34.602576 np0000003515 devstack@neutron-api.service[87407]: DEBUG neutron.api.extensions [None req-5a3a94f8-f497-43a5-a442-fb45fa010e8d None None] Loading extension file: __pycache__ {{(pid=87407) _load_all_extensions_from_path /opt/stack/neutron/neutron/api/extensions.py:449}}
Jun 24 05:14:34.602576 np0000003515 devstack@neutron-api.service[87407]: DEBUG neutron.api.extensions [None req-5a3a94f8-f497-43a5-a442-fb45fa010e8d None None] Loading extension file: aap_reject_multicast.py {{(pid=87407) _load_all_extensions_from_path /opt/stack/neutron/neutron/api/extensions.py:449}}
Jun 24 05:14:34.602888 np0000003515 devstack@neutron-api.service[87407]: DEBUG neutron.api.extensions [None req-5a3a94f8-f497-43a5-a442-fb45fa010e8d None None] Ext name="Allowed address pairs reject multicast extension" alias="aap-reject-multicast" description="Reject multicast addresses in Allowed Address Pairs" updated="2026-04-01T00:00:00-00:00" {{(pid=87407) _check_extension /opt/stack/neutron/neutron/api/extensions.py:415}}
Jun 24 05:14:34.603255 np0000003515 devstack@neutron-api.service[87407]: INFO neutron.api.extensions [None req-5a3a94f8-f497-43a5-a442-fb45fa010e8d None None] Extension aap-reject-multicast not supported by any of loaded plugins
Jun 24 05:14:34.603255 np0000003515 devstack@neutron-api.service[87407]: DEBUG neutron.api.extensions [None req-5a3a94f8-f497-43a5-a442-fb45fa010e8d None None] Loading extension file: address_group.py {{(pid=87407) _load_all_extensions_from_path /opt/stack/neutron/neutron/api/extensions.py:449}}
Jun 24 05:14:34.603498 np0000003515 devstack@neutron-api.service[87407]: DEBUG neutron.api.extensions [None req-5a3a94f8-f497-43a5-a442-fb45fa010e8d None None] Ext name="Address group" alias="address-group" description="Support address group" updated="2020-07-15T10:00:00-00:00" {{(pid=87407) _check_extension /opt/stack/neutron/neutron/api/extensions.py:415}}
Jun 24 05:14:34.603864 np0000003515 devstack@neutron-api.service[87407]: INFO neutron.api.extensions [None req-5a3a94f8-f497-43a5-a442-fb45fa010e8d None None] Loaded extension: address-group
Jun 24 05:14:34.603864 np0000003515 devstack@neutron-api.service[87407]: DEBUG neutron.api.extensions [None req-5a3a94f8-f497-43a5-a442-fb45fa010e8d None None] Loading extension file: address_scope.py {{(pid=87407) _load_all_extensions_from_path /opt/stack/neutron/neutron/api/extensions.py:449}}
Jun 24 05:14:34.604230 np0000003515 devstack@neutron-api.service[87409]: INFO neutron.plugins.ml2.drivers.type_vlan [None req-d6c744af-f599-4673-adbf-2749964cef21 None None] VlanTypeDriver initialization complete
Jun 24 05:14:34.605428 np0000003515 devstack@neutron-api.service[87407]: DEBUG neutron.api.extensions [None req-5a3a94f8-f497-43a5-a442-fb45fa010e8d None None] Ext name="Address scope" alias="address-scope" description="Address scopes extension." updated="2015-07-26T10:00:00-00:00" {{(pid=87407) _check_extension /opt/stack/neutron/neutron/api/extensions.py:415}}
Jun 24 05:14:34.605915 np0000003515 devstack@neutron-api.service[87409]: INFO neutron.plugins.ml2.managers [None req-d6c744af-f599-4673-adbf-2749964cef21 None None] Initializing extension driver 'port_security'
Jun 24 05:14:34.606427 np0000003515 devstack@neutron-api.service[87407]: INFO neutron.api.extensions [None req-5a3a94f8-f497-43a5-a442-fb45fa010e8d None None] Loaded extension: address-scope
Jun 24 05:14:34.606703 np0000003515 devstack@neutron-api.service[87409]: INFO neutron.plugins.ml2.extensions.port_security [None req-d6c744af-f599-4673-adbf-2749964cef21 None None] PortSecurityExtensionDriver initialization complete
Jun 24 05:14:34.606900 np0000003515 devstack@neutron-api.service[87407]: DEBUG neutron.api.extensions [None req-5a3a94f8-f497-43a5-a442-fb45fa010e8d None None] Loading extension file: admin_state_down_before_update.py {{(pid=87407) _load_all_extensions_from_path /opt/stack/neutron/neutron/api/extensions.py:449}}
Jun 24 05:14:34.607073 np0000003515 devstack@neutron-api.service[87409]: INFO neutron.plugins.ml2.managers [None req-d6c744af-f599-4673-adbf-2749964cef21 None None] Initializing extension driver 'qos'
Jun 24 05:14:34.607073 np0000003515 devstack@neutron-api.service[87409]: DEBUG neutron.plugins.ml2.extensions.qos [None req-d6c744af-f599-4673-adbf-2749964cef21 None None] QosExtensionDriver initialization complete {{(pid=87409) initialize /opt/stack/neutron/neutron/plugins/ml2/extensions/qos.py:31}}
Jun 24 05:14:34.607304 np0000003515 devstack@neutron-api.service[87407]: DEBUG neutron.api.extensions [None req-5a3a94f8-f497-43a5-a442-fb45fa010e8d None None] Ext name="Enforce Router's Admin State Down Before Update Extension" alias="router-admin-state-down-before-update" description="Ensure that the admin state of a router is DOWN (admin_state_up=False) before updating the distributed attribute" updated="2019-07-02T15:56:00" {{(pid=87407) _check_extension /opt/stack/neutron/neutron/api/extensions.py:415}}
Jun 24 05:14:34.608312 np0000003515 devstack@neutron-api.service[87409]: INFO neutron.plugins.ml2.managers [None req-d6c744af-f599-4673-adbf-2749964cef21 None None] Initializing mechanism driver 'ovn'
Jun 24 05:14:34.608312 np0000003515 devstack@neutron-api.service[87409]: INFO neutron.plugins.ml2.drivers.ovn.mech_driver.mech_driver [None req-d6c744af-f599-4673-adbf-2749964cef21 None None] Starting OVNMechanismDriver
Jun 24 05:14:34.608615 np0000003515 devstack@neutron-api.service[87407]: INFO neutron.api.extensions [None req-5a3a94f8-f497-43a5-a442-fb45fa010e8d None None] Extension router-admin-state-down-before-update not supported by any of loaded plugins
Jun 24 05:14:34.608615 np0000003515 devstack@neutron-api.service[87407]: DEBUG neutron.api.extensions [None req-5a3a94f8-f497-43a5-a442-fb45fa010e8d None None] Loading extension file: agent.py {{(pid=87407) _load_all_extensions_from_path /opt/stack/neutron/neutron/api/extensions.py:449}}
Jun 24 05:14:34.608615 np0000003515 devstack@neutron-api.service[87407]: DEBUG neutron.api.extensions [None req-5a3a94f8-f497-43a5-a442-fb45fa010e8d None None] Ext name="agent" alias="agent" description="The agent management extension." updated="2013-02-03T10:00:00-00:00" {{(pid=87407) _check_extension /opt/stack/neutron/neutron/api/extensions.py:415}}
Jun 24 05:14:34.608615 np0000003515 devstack@neutron-api.service[87407]: INFO neutron.api.extensions [None req-5a3a94f8-f497-43a5-a442-fb45fa010e8d None None] Loaded extension: agent
Jun 24 05:14:34.608615 np0000003515 devstack@neutron-api.service[87407]: DEBUG neutron.api.extensions [None req-5a3a94f8-f497-43a5-a442-fb45fa010e8d None None] Loading extension file: agent_resources_synced.py {{(pid=87407) _load_all_extensions_from_path /opt/stack/neutron/neutron/api/extensions.py:449}}
Jun 24 05:14:34.608615 np0000003515 devstack@neutron-api.service[87407]: DEBUG neutron.api.extensions [None req-5a3a94f8-f497-43a5-a442-fb45fa010e8d None None] Ext name="Agent's Resource View Synced to Placement" alias="agent-resources-synced" description="Stores success/failure of last sync to Placement" updated="2018-12-19T00:00:00-00:00" {{(pid=87407) _check_extension /opt/stack/neutron/neutron/api/extensions.py:415}}
Jun 24 05:14:34.608615 np0000003515 devstack@neutron-api.service[87407]: INFO neutron.api.extensions [None req-5a3a94f8-f497-43a5-a442-fb45fa010e8d None None] Extension agent-resources-synced not supported by any of loaded plugins
Jun 24 05:14:34.608615 np0000003515 devstack@neutron-api.service[87407]: DEBUG neutron.api.extensions [None req-5a3a94f8-f497-43a5-a442-fb45fa010e8d None None] Loading extension file: agent_sort_key.py {{(pid=87407) _load_all_extensions_from_path /opt/stack/neutron/neutron/api/extensions.py:449}}
Jun 24 05:14:34.609247 np0000003515 devstack@neutron-api.service[87407]: DEBUG neutron.api.extensions [None req-5a3a94f8-f497-43a5-a442-fb45fa010e8d None None] Ext name="Agents Sort Key" alias="agent_sort_key" description="Enabling the keyword sort_key for sorting in agents." updated="2013-02-03T10:00:00-00:00" {{(pid=87407) _check_extension /opt/stack/neutron/neutron/api/extensions.py:415}}
Jun 24 05:14:34.609247 np0000003515 devstack@neutron-api.service[87407]: INFO neutron.api.extensions [None req-5a3a94f8-f497-43a5-a442-fb45fa010e8d None None] Extension agent_sort_key not supported by any of loaded plugins
Jun 24 05:14:34.609247 np0000003515 devstack@neutron-api.service[87407]: DEBUG neutron.api.extensions [None req-5a3a94f8-f497-43a5-a442-fb45fa010e8d None None] Loading extension file: allowedaddresspairs.py {{(pid=87407) _load_all_extensions_from_path /opt/stack/neutron/neutron/api/extensions.py:449}}
Jun 24 05:14:34.609560 np0000003515 devstack@neutron-api.service[87409]: DEBUG neutron_lib.callbacks.manager [None req-d6c744af-f599-4673-adbf-2749964cef21 None None] Subscribe: > process before_spawn 55550000, False {{(pid=87409) subscribe /opt/stack/data/venv/lib/python3.12/site-packages/neutron_lib/callbacks/manager.py:52}}
Jun 24 05:14:34.609560 np0000003515 devstack@neutron-api.service[87409]: DEBUG neutron_lib.callbacks.manager [None req-d6c744af-f599-4673-adbf-2749964cef21 None None] Subscribe: > process after_init 55550000, True {{(pid=87409) subscribe /opt/stack/data/venv/lib/python3.12/site-packages/neutron_lib/callbacks/manager.py:52}}
Jun 24 05:14:34.609560 np0000003515 devstack@neutron-api.service[87409]: DEBUG neutron_lib.callbacks.manager [None req-d6c744af-f599-4673-adbf-2749964cef21 None None] Subscribe: > segment after_create 55550000, False {{(pid=87409) subscribe /opt/stack/data/venv/lib/python3.12/site-packages/neutron_lib/callbacks/manager.py:52}}
Jun 24 05:14:34.609560 np0000003515 devstack@neutron-api.service[87409]: DEBUG neutron_lib.callbacks.manager [None req-d6c744af-f599-4673-adbf-2749964cef21 None None] Subscribe: > segment after_create 55550000, False {{(pid=87409) subscribe /opt/stack/data/venv/lib/python3.12/site-packages/neutron_lib/callbacks/manager.py:52}}
Jun 24 05:14:34.609897 np0000003515 devstack@neutron-api.service[87409]: DEBUG neutron_lib.callbacks.manager [None req-d6c744af-f599-4673-adbf-2749964cef21 None None] Subscribe: > segment after_delete 55550000, False {{(pid=87409) subscribe /opt/stack/data/venv/lib/python3.12/site-packages/neutron_lib/callbacks/manager.py:52}}
Jun 24 05:14:34.610100 np0000003515 devstack@neutron-api.service[87407]: DEBUG neutron.api.extensions [None req-5a3a94f8-f497-43a5-a442-fb45fa010e8d None None] Ext name="Allowed Address Pairs" alias="allowed-address-pairs" description="Provides allowed address pairs" updated="2013-07-23T10:00:00-00:00" {{(pid=87407) _check_extension /opt/stack/neutron/neutron/api/extensions.py:415}}
Jun 24 05:14:34.610437 np0000003515 devstack@neutron-api.service[87409]: DEBUG neutron_lib.callbacks.manager [None req-d6c744af-f599-4673-adbf-2749964cef21 None None] Subscribe: > allowed_address_pair before_create 55550000, False {{(pid=87409) subscribe /opt/stack/data/venv/lib/python3.12/site-packages/neutron_lib/callbacks/manager.py:52}}
Jun 24 05:14:34.610589 np0000003515 devstack@neutron-api.service[87407]: INFO neutron.api.extensions [None req-5a3a94f8-f497-43a5-a442-fb45fa010e8d None None] Loaded extension: allowed-address-pairs
Jun 24 05:14:34.610692 np0000003515 devstack@neutron-api.service[87409]: DEBUG neutron_lib.callbacks.manager [None req-d6c744af-f599-4673-adbf-2749964cef21 None None] Subscribe: > security_group precommit_create 55550000, False {{(pid=87409) subscribe /opt/stack/data/venv/lib/python3.12/site-packages/neutron_lib/callbacks/manager.py:52}}
Jun 24 05:14:34.610789 np0000003515 devstack@neutron-api.service[87407]: DEBUG neutron.api.extensions [None req-5a3a94f8-f497-43a5-a442-fb45fa010e8d None None] Loading extension file: auto_allocated_topology.py {{(pid=87407) _load_all_extensions_from_path /opt/stack/neutron/neutron/api/extensions.py:449}}
Jun 24 05:14:34.610936 np0000003515 devstack@neutron-api.service[87409]: DEBUG neutron_lib.callbacks.manager [None req-d6c744af-f599-4673-adbf-2749964cef21 None None] Subscribe: > security_group after_update 55550000, False {{(pid=87409) subscribe /opt/stack/data/venv/lib/python3.12/site-packages/neutron_lib/callbacks/manager.py:52}}
Jun 24 05:14:34.610936 np0000003515 devstack@neutron-api.service[87409]: DEBUG neutron_lib.callbacks.manager [None req-d6c744af-f599-4673-adbf-2749964cef21 None None] Subscribe: > security_group after_create 55550000, False {{(pid=87409) subscribe /opt/stack/data/venv/lib/python3.12/site-packages/neutron_lib/callbacks/manager.py:52}}
Jun 24 05:14:34.610936 np0000003515 devstack@neutron-api.service[87409]: DEBUG neutron_lib.callbacks.manager [None req-d6c744af-f599-4673-adbf-2749964cef21 None None] Subscribe: > security_group precommit_delete 55550000, False {{(pid=87409) subscribe /opt/stack/data/venv/lib/python3.12/site-packages/neutron_lib/callbacks/manager.py:52}}
Jun 24 05:14:34.611083 np0000003515 devstack@neutron-api.service[87407]: DEBUG neutron.api.extensions [None req-5a3a94f8-f497-43a5-a442-fb45fa010e8d None None] Ext name="Auto Allocated Topology Services" alias="auto-allocated-topology" description="Auto Allocated Topology Services." updated="2016-01-01T00:00:00-00:00" {{(pid=87407) _check_extension /opt/stack/neutron/neutron/api/extensions.py:415}}
Jun 24 05:14:34.611197 np0000003515 devstack@neutron-api.service[87409]: DEBUG neutron_lib.callbacks.manager [None req-d6c744af-f599-4673-adbf-2749964cef21 None None] Subscribe: > security_group after_delete 55550000, False {{(pid=87409) subscribe /opt/stack/data/venv/lib/python3.12/site-packages/neutron_lib/callbacks/manager.py:52}}
Jun 24 05:14:34.611371 np0000003515 devstack@neutron-api.service[87407]: INFO neutron.api.extensions [None req-5a3a94f8-f497-43a5-a442-fb45fa010e8d None None] Loaded extension: auto-allocated-topology
Jun 24 05:14:34.611479 np0000003515 devstack@neutron-api.service[87409]: DEBUG neutron_lib.callbacks.manager [None req-d6c744af-f599-4673-adbf-2749964cef21 None None] Subscribe: > security_group_rule precommit_create 55550000, False {{(pid=87409) subscribe /opt/stack/data/venv/lib/python3.12/site-packages/neutron_lib/callbacks/manager.py:52}}
Jun 24 05:14:34.611586 np0000003515 devstack@neutron-api.service[87407]: DEBUG neutron.api.extensions [None req-5a3a94f8-f497-43a5-a442-fb45fa010e8d None None] Loading extension file: availability_zone.py {{(pid=87407) _load_all_extensions_from_path /opt/stack/neutron/neutron/api/extensions.py:449}}
Jun 24 05:14:34.611682 np0000003515 devstack@neutron-api.service[87409]: DEBUG neutron_lib.callbacks.manager [None req-d6c744af-f599-4673-adbf-2749964cef21 None None] Subscribe: > security_group_rule after_create 55550000, False {{(pid=87409) subscribe /opt/stack/data/venv/lib/python3.12/site-packages/neutron_lib/callbacks/manager.py:52}}
Jun 24 05:14:34.611682 np0000003515 devstack@neutron-api.service[87409]: DEBUG neutron_lib.callbacks.manager [None req-d6c744af-f599-4673-adbf-2749964cef21 None None] Subscribe: > security_group_rule before_delete 55550000, False {{(pid=87409) subscribe /opt/stack/data/venv/lib/python3.12/site-packages/neutron_lib/callbacks/manager.py:52}}
Jun 24 05:14:34.611682 np0000003515 devstack@neutron-api.service[87409]: DEBUG neutron_lib.callbacks.manager [None req-d6c744af-f599-4673-adbf-2749964cef21 None None] Subscribe: > address_group after_create 55550000, False {{(pid=87409) subscribe /opt/stack/data/venv/lib/python3.12/site-packages/neutron_lib/callbacks/manager.py:52}}
Jun 24 05:14:34.611903 np0000003515 devstack@neutron-api.service[87407]: DEBUG neutron.api.extensions [None req-5a3a94f8-f497-43a5-a442-fb45fa010e8d None None] Ext name="Availability Zone" alias="availability_zone" description="The availability zone extension." updated="2015-01-01T10:00:00-00:00" {{(pid=87407) _check_extension /opt/stack/neutron/neutron/api/extensions.py:415}}
Jun 24 05:14:34.612003 np0000003515 devstack@neutron-api.service[87409]: DEBUG neutron_lib.callbacks.manager [None req-d6c744af-f599-4673-adbf-2749964cef21 None None] Subscribe: > address_group after_update 55550000, False {{(pid=87409) subscribe /opt/stack/data/venv/lib/python3.12/site-packages/neutron_lib/callbacks/manager.py:52}}
Jun 24 05:14:34.612140 np0000003515 devstack@neutron-api.service[87407]: INFO neutron.api.extensions [None req-5a3a94f8-f497-43a5-a442-fb45fa010e8d None None] Loaded extension: availability_zone
Jun 24 05:14:34.612238 np0000003515 devstack@neutron-api.service[87409]: DEBUG neutron_lib.callbacks.manager [None req-d6c744af-f599-4673-adbf-2749964cef21 None None] Subscribe: > address_group after_delete 55550000, False {{(pid=87409) subscribe /opt/stack/data/venv/lib/python3.12/site-packages/neutron_lib/callbacks/manager.py:52}}
Jun 24 05:14:34.612798 np0000003515 devstack@neutron-api.service[87407]: DEBUG neutron.api.extensions [None req-5a3a94f8-f497-43a5-a442-fb45fa010e8d None None] Loading extension file: availability_zone_filter.py {{(pid=87407) _load_all_extensions_from_path /opt/stack/neutron/neutron/api/extensions.py:449}}
Jun 24 05:14:34.612970 np0000003515 devstack@neutron-api.service[87409]: DEBUG neutron_lib.callbacks.manager [None req-d6c744af-f599-4673-adbf-2749964cef21 None None] Subscribe: > qos_plugin after_init 55550000, False {{(pid=87409) subscribe /opt/stack/data/venv/lib/python3.12/site-packages/neutron_lib/callbacks/manager.py:52}}
Jun 24 05:14:34.612970 np0000003515 devstack@neutron-api.service[87409]: DEBUG neutron_lib.callbacks.manager [None req-d6c744af-f599-4673-adbf-2749964cef21 None None] Subscribe: > trunk_plugin after_init 55550000, False {{(pid=87409) subscribe /opt/stack/data/venv/lib/python3.12/site-packages/neutron_lib/callbacks/manager.py:52}}
Jun 24 05:14:34.613413 np0000003515 devstack@neutron-api.service[87407]: DEBUG neutron.api.extensions [None req-5a3a94f8-f497-43a5-a442-fb45fa010e8d None None] Ext name="Availability Zone Filter Extension" alias="availability_zone_filter" description="Add filter parameters to AvailabilityZone resource" updated="2018-06-22T10:00:00-00:00" {{(pid=87407) _check_extension /opt/stack/neutron/neutron/api/extensions.py:415}}
Jun 24 05:14:34.613413 np0000003515 devstack@neutron-api.service[87407]: INFO neutron.api.extensions [None req-5a3a94f8-f497-43a5-a442-fb45fa010e8d None None] Extension availability_zone_filter not supported by any of loaded plugins
Jun 24 05:14:34.613628 np0000003515 devstack@neutron-api.service[87409]: DEBUG neutron_lib.callbacks.manager [None req-d6c744af-f599-4673-adbf-2749964cef21 None None] Subscribe: > logging-plugin after_init 55550000, False {{(pid=87409) subscribe /opt/stack/data/venv/lib/python3.12/site-packages/neutron_lib/callbacks/manager.py:52}}
Jun 24 05:14:34.613866 np0000003515 devstack@neutron-api.service[87407]: DEBUG neutron.api.extensions [None req-5a3a94f8-f497-43a5-a442-fb45fa010e8d None None] Loading extension file: data_plane_status.py {{(pid=87407) _load_all_extensions_from_path /opt/stack/neutron/neutron/api/extensions.py:449}}
Jun 24 05:14:34.613866 np0000003515 devstack@neutron-api.service[87407]: DEBUG neutron.api.extensions [None req-5a3a94f8-f497-43a5-a442-fb45fa010e8d None None] Ext name="Port data plane status extension" alias="data-plane-status" description="Expose status of underlying data plane" updated="2017-01-24T10:00:00-00:00" {{(pid=87407) _check_extension /opt/stack/neutron/neutron/api/extensions.py:415}}
Jun 24 05:14:34.613866 np0000003515 devstack@neutron-api.service[87407]: INFO neutron.api.extensions [None req-5a3a94f8-f497-43a5-a442-fb45fa010e8d None None] Extension data-plane-status not supported by any of loaded plugins
Jun 24 05:14:34.613866 np0000003515 devstack@neutron-api.service[87407]: DEBUG neutron.api.extensions [None req-5a3a94f8-f497-43a5-a442-fb45fa010e8d None None] Loading extension file: default_subnetpools.py {{(pid=87407) _load_all_extensions_from_path /opt/stack/neutron/neutron/api/extensions.py:449}}
Jun 24 05:14:34.614207 np0000003515 devstack@neutron-api.service[87409]: INFO neutron.services.logapi.drivers.ovn.driver [None req-d6c744af-f599-4673-adbf-2749964cef21 None None] OVN logging driver registered
Jun 24 05:14:34.614207 np0000003515 devstack@neutron-api.service[87409]: DEBUG neutron_lib.callbacks.manager [None req-d6c744af-f599-4673-adbf-2749964cef21 None None] Subscribe: ._register_pvlan_driver at 0x7ddd4dce6340> pvlan_plugin before_spawn 55550000, False {{(pid=87409) subscribe /opt/stack/data/venv/lib/python3.12/site-packages/neutron_lib/callbacks/manager.py:52}}
Jun 24 05:14:34.614559 np0000003515 devstack@neutron-api.service[87407]: DEBUG neutron.api.extensions [None req-5a3a94f8-f497-43a5-a442-fb45fa010e8d None None] Ext name="Default Subnetpools" alias="default-subnetpools" description="Provides ability to mark and use a subnetpool as the default." updated="2016-02-18T18:00:00-00:00" {{(pid=87407) _check_extension /opt/stack/neutron/neutron/api/extensions.py:415}}
Jun 24 05:14:34.614755 np0000003515 devstack@neutron-api.service[87409]: DEBUG neutron_lib.callbacks.manager [None req-d6c744af-f599-4673-adbf-2749964cef21 None None] Subscribe: process after_init 55550000, False {{(pid=87409) subscribe /opt/stack/data/venv/lib/python3.12/site-packages/neutron_lib/callbacks/manager.py:52}}
