Jun 29 17:14:04.384216 np0000003920 devstack@g-api.service[102694]: DEBUG glance.api.middleware.version_negotiation [None req-31e4d63c-dca9-44e1-8461-85e34ef608a2 tempest-AttachSCSIVolumeTestJSON-604783911 tempest-AttachSCSIVolumeTestJSON-604783911-project-admin] Using url versioning {{(pid=102694) process_request /opt/stack/glance/glance/api/middleware/version_negotiation.py:57}}
Jun 29 17:14:04.384216 np0000003920 devstack@g-api.service[102694]: DEBUG glance.api.middleware.version_negotiation [None req-31e4d63c-dca9-44e1-8461-85e34ef608a2 tempest-AttachSCSIVolumeTestJSON-604783911 tempest-AttachSCSIVolumeTestJSON-604783911-project-admin] Matched version: v2 {{(pid=102694) process_request /opt/stack/glance/glance/api/middleware/version_negotiation.py:69}}
Jun 29 17:14:04.384216 np0000003920 devstack@g-api.service[102694]: DEBUG glance.api.middleware.version_negotiation [None req-31e4d63c-dca9-44e1-8461-85e34ef608a2 tempest-AttachSCSIVolumeTestJSON-604783911 tempest-AttachSCSIVolumeTestJSON-604783911-project-admin] new path /v2/schemas/image {{(pid=102694) process_request /opt/stack/glance/glance/api/middleware/version_negotiation.py:70}}
Jun 29 17:14:04.385511 np0000003920 devstack@g-api.service[102694]: [pid: 102694|app: 0|req: 7/27] 127.0.0.1 () {44 vars in 1055 bytes} [Mon Jun 29 17:14:04 2026] GET /v2/schemas/image => generated 6083 bytes in 3 msecs (HTTP/1.1 200) 4 headers in 158 bytes (1 switches on core 0)
Jun 29 17:14:04.396507 np0000003920 devstack@g-api.service[102696]: DEBUG glance.api.middleware.version_negotiation [None req-403b2a31-3820-4746-8555-4878ae1dad75 tempest-TaggedBootDevicesTest-1646708287 tempest-TaggedBootDevicesTest-1646708287-project-member] Determining version of request: GET /v2/images/bd0603dc-6d70-4a64-ac0d-cb086a15055b Accept: */* {{(pid=102696) process_request /opt/stack/glance/glance/api/middleware/version_negotiation.py:44}}
Jun 29 17:14:04.396760 np0000003920 devstack@g-api.service[102696]: DEBUG glance.api.middleware.version_negotiation [None req-403b2a31-3820-4746-8555-4878ae1dad75 tempest-TaggedBootDevicesTest-1646708287 tempest-TaggedBootDevicesTest-1646708287-project-member] Using url versioning {{(pid=102696) process_request /opt/stack/glance/glance/api/middleware/version_negotiation.py:57}}
Jun 29 17:14:04.396960 np0000003920 devstack@g-api.service[102696]: DEBUG glance.api.middleware.version_negotiation [None req-403b2a31-3820-4746-8555-4878ae1dad75 tempest-TaggedBootDevicesTest-1646708287 tempest-TaggedBootDevicesTest-1646708287-project-member] Matched version: v2 {{(pid=102696) process_request /opt/stack/glance/glance/api/middleware/version_negotiation.py:69}}
Jun 29 17:14:04.397113 np0000003920 devstack@g-api.service[102696]: DEBUG glance.api.middleware.version_negotiation [None req-403b2a31-3820-4746-8555-4878ae1dad75 tempest-TaggedBootDevicesTest-1646708287 tempest-TaggedBootDevicesTest-1646708287-project-member] new path /v2/images/bd0603dc-6d70-4a64-ac0d-cb086a15055b {{(pid=102696) process_request /opt/stack/glance/glance/api/middleware/version_negotiation.py:70}}
Jun 29 17:14:04.412295 np0000003920 devstack@g-api.service[102696]: [pid: 102696|app: 0|req: 8/28] 127.0.0.1 () {44 vars in 1115 bytes} [Mon Jun 29 17:14:04 2026] GET /v2/images/bd0603dc-6d70-4a64-ac0d-cb086a15055b => generated 1044 bytes in 16 msecs (HTTP/1.1 200) 4 headers in 158 bytes (1 switches on core 0)
Jun 29 17:14:04.422462 np0000003920 devstack@g-api.service[102698]: DEBUG glance.api.middleware.version_negotiation [None req-403b2a31-3820-4746-8555-4878ae1dad75 tempest-TaggedBootDevicesTest-1646708287 tempest-TaggedBootDevicesTest-1646708287-project-member] Determining version of request: GET /v2/schemas/image Accept: */* {{(pid=102698) process_request /opt/stack/glance/glance/api/middleware/version_negotiation.py:44}}
Jun 29 17:14:04.422696 np0000003920 devstack@g-api.service[102698]: DEBUG glance.api.middleware.version_negotiation [None req-403b2a31-3820-4746-8555-4878ae1dad75 tempest-TaggedBootDevicesTest-1646708287 tempest-TaggedBootDevicesTest-1646708287-project-member] Using url versioning {{(pid=102698) process_request /opt/stack/glance/glance/api/middleware/version_negotiation.py:57}}
Jun 29 17:14:04.422885 np0000003920 devstack@g-api.service[102698]: DEBUG glance.api.middleware.version_negotiation [None req-403b2a31-3820-4746-8555-4878ae1dad75 tempest-TaggedBootDevicesTest-1646708287 tempest-TaggedBootDevicesTest-1646708287-project-member] Matched version: v2 {{(pid=102698) process_request /opt/stack/glance/glance/api/middleware/version_negotiation.py:69}}
Jun 29 17:14:04.423111 np0000003920 devstack@g-api.service[102698]: DEBUG glance.api.middleware.version_negotiation [None req-403b2a31-3820-4746-8555-4878ae1dad75 tempest-TaggedBootDevicesTest-1646708287 tempest-TaggedBootDevicesTest-1646708287-project-member] new path /v2/schemas/image {{(pid=102698) process_request /opt/stack/glance/glance/api/middleware/version_negotiation.py:70}}
Jun 29 17:14:04.425873 np0000003920 devstack@g-api.service[102698]: [pid: 102698|app: 0|req: 9/29] 127.0.0.1 () {44 vars in 1055 bytes} [Mon Jun 29 17:14:04 2026] GET /v2/schemas/image => generated 6083 bytes in 3 msecs (HTTP/1.1 200) 4 headers in 158 bytes (1 switches on core 0)
Jun 29 17:14:04.437636 np0000003920 devstack@g-api.service[102694]: DEBUG glance.api.middleware.version_negotiation [None req-403b2a31-3820-4746-8555-4878ae1dad75 tempest-TaggedBootDevicesTest-1646708287 tempest-TaggedBootDevicesTest-1646708287-project-member] Determining version of request: GET /v2/schemas/image Accept: */* {{(pid=102694) process_request /opt/stack/glance/glance/api/middleware/version_negotiation.py:44}}
Jun 29 17:14:04.437792 np0000003920 devstack@g-api.service[102694]: DEBUG glance.api.middleware.version_negotiation [None req-403b2a31-3820-4746-8555-4878ae1dad75 tempest-TaggedBootDevicesTest-1646708287 tempest-TaggedBootDevicesTest-1646708287-project-member] Using url versioning {{(pid=102694) process_request /opt/stack/glance/glance/api/middleware/version_negotiation.py:57}}
Jun 29 17:14:04.437909 np0000003920 devstack@g-api.service[102694]: DEBUG glance.api.middleware.version_negotiation [None req-403b2a31-3820-4746-8555-4878ae1dad75 tempest-TaggedBootDevicesTest-1646708287 tempest-TaggedBootDevicesTest-1646708287-project-member] Matched version: v2 {{(pid=102694) process_request /opt/stack/glance/glance/api/middleware/version_negotiation.py:69}}
Jun 29 17:14:04.437993 np0000003920 devstack@g-api.service[102694]: DEBUG glance.api.middleware.version_negotiation [None req-403b2a31-3820-4746-8555-4878ae1dad75 tempest-TaggedBootDevicesTest-1646708287 tempest-TaggedBootDevicesTest-1646708287-project-member] new path /v2/schemas/image {{(pid=102694) process_request /opt/stack/glance/glance/api/middleware/version_negotiation.py:70}}
Jun 29 17:14:04.441195 np0000003920 devstack@g-api.service[102694]: [pid: 102694|app: 0|req: 8/30] 127.0.0.1 () {44 vars in 1055 bytes} [Mon Jun 29 17:14:04 2026] GET /v2/schemas/image => generated 6083 bytes in 3 msecs (HTTP/1.1 200) 4 headers in 158 bytes (1 switches on core 0)
Jun 29 17:14:04.497371 np0000003920 devstack@g-api.service[102696]: DEBUG glance.api.middleware.version_negotiation [None req-403b2a31-3820-4746-8555-4878ae1dad75 tempest-TaggedBootDevicesTest-1646708287 tempest-TaggedBootDevicesTest-1646708287-project-member] Determining version of request: GET /v2/images/bd0603dc-6d70-4a64-ac0d-cb086a15055b Accept: */* {{(pid=102696) process_request /opt/stack/glance/glance/api/middleware/version_negotiation.py:44}}
Jun 29 17:14:04.497617 np0000003920 devstack@g-api.service[102696]: DEBUG glance.api.middleware.version_negotiation [None req-403b2a31-3820-4746-8555-4878ae1dad75 tempest-TaggedBootDevicesTest-1646708287 tempest-TaggedBootDevicesTest-1646708287-project-member] Using url versioning {{(pid=102696) process_request /opt/stack/glance/glance/api/middleware/version_negotiation.py:57}}
Jun 29 17:14:04.497691 np0000003920 devstack@g-api.service[102696]: DEBUG glance.api.middleware.version_negotiation [None req-403b2a31-3820-4746-8555-4878ae1dad75 tempest-TaggedBootDevicesTest-1646708287 tempest-TaggedBootDevicesTest-1646708287-project-member] Matched version: v2 {{(pid=102696) process_request /opt/stack/glance/glance/api/middleware/version_negotiation.py:69}}
Jun 29 17:14:04.497794 np0000003920 devstack@g-api.service[102696]: DEBUG glance.api.middleware.version_negotiation [None req-403b2a31-3820-4746-8555-4878ae1dad75 tempest-TaggedBootDevicesTest-1646708287 tempest-TaggedBootDevicesTest-1646708287-project-member] new path /v2/images/bd0603dc-6d70-4a64-ac0d-cb086a15055b {{(pid=102696) process_request /opt/stack/glance/glance/api/middleware/version_negotiation.py:70}}
Jun 29 17:14:04.515898 np0000003920 devstack@g-api.service[102696]: [pid: 102696|app: 0|req: 9/31] 127.0.0.1 () {44 vars in 1115 bytes} [Mon Jun 29 17:14:04 2026] GET /v2/images/bd0603dc-6d70-4a64-ac0d-cb086a15055b => generated 1044 bytes in 18 msecs (HTTP/1.1 200) 4 headers in 158 bytes (1 switches on core 0)
Jun 29 17:14:04.525921 np0000003920 devstack@g-api.service[102698]: DEBUG glance.api.middleware.version_negotiation [None req-403b2a31-3820-4746-8555-4878ae1dad75 tempest-TaggedBootDevicesTest-1646708287 tempest-TaggedBootDevicesTest-1646708287-project-member] Determining version of request: GET /v2/schemas/image Accept: */* {{(pid=102698) process_request /opt/stack/glance/glance/api/middleware/version_negotiation.py:44}}
Jun 29 17:14:04.526138 np0000003920 devstack@g-api.service[102698]: DEBUG glance.api.middleware.version_negotiation [None req-403b2a31-3820-4746-8555-4878ae1dad75 tempest-TaggedBootDevicesTest-1646708287 tempest-TaggedBootDevicesTest-1646708287-project-member] Using url versioning {{(pid=102698) process_request /opt/stack/glance/glance/api/middleware/version_negotiation.py:57}}
Jun 29 17:14:04.526284 np0000003920 devstack@g-api.service[102698]: DEBUG glance.api.middleware.version_negotiation [None req-403b2a31-3820-4746-8555-4878ae1dad75 tempest-TaggedBootDevicesTest-1646708287 tempest-TaggedBootDevicesTest-1646708287-project-member] Matched version: v2 {{(pid=102698) process_request /opt/stack/glance/glance/api/middleware/version_negotiation.py:69}}
Jun 29 17:14:04.526467 np0000003920 devstack@g-api.service[102698]: DEBUG glance.api.middleware.version_negotiation [None req-403b2a31-3820-4746-8555-4878ae1dad75 tempest-TaggedBootDevicesTest-1646708287 tempest-TaggedBootDevicesTest-1646708287-project-member] new path /v2/schemas/image {{(pid=102698) process_request /opt/stack/glance/glance/api/middleware/version_negotiation.py:70}}
Jun 29 17:14:04.530384 np0000003920 devstack@g-api.service[102698]: [pid: 102698|app: 0|req: 10/32] 127.0.0.1 () {44 vars in 1055 bytes} [Mon Jun 29 17:14:04 2026] GET /v2/schemas/image => generated 6083 bytes in 4 msecs (HTTP/1.1 200) 4 headers in 158 bytes (1 switches on core 0)
Jun 29 17:14:04.542371 np0000003920 devstack@g-api.service[102694]: DEBUG glance.api.middleware.version_negotiation [None req-403b2a31-3820-4746-8555-4878ae1dad75 tempest-TaggedBootDevicesTest-1646708287 tempest-TaggedBootDevicesTest-1646708287-project-member] Determining version of request: GET /v2/schemas/image Accept: */* {{(pid=102694) process_request /opt/stack/glance/glance/api/middleware/version_negotiation.py:44}}
Jun 29 17:14:04.542371 np0000003920 devstack@g-api.service[102694]: DEBUG glance.api.middleware.version_negotiation [None req-403b2a31-3820-4746-8555-4878ae1dad75 tempest-TaggedBootDevicesTest-1646708287 tempest-TaggedBootDevicesTest-1646708287-project-member] Using url versioning {{(pid=102694) process_request /opt/stack/glance/glance/api/middleware/version_negotiation.py:57}}
Jun 29 17:14:04.542371 np0000003920 devstack@g-api.service[102694]: DEBUG glance.api.middleware.version_negotiation [None req-403b2a31-3820-4746-8555-4878ae1dad75 tempest-TaggedBootDevicesTest-1646708287 tempest-TaggedBootDevicesTest-1646708287-project-member] Matched version: v2 {{(pid=102694) process_request /opt/stack/glance/glance/api/middleware/version_negotiation.py:69}}
Jun 29 17:14:04.542371 np0000003920 devstack@g-api.service[102694]: DEBUG glance.api.middleware.version_negotiation [None req-403b2a31-3820-4746-8555-4878ae1dad75 tempest-TaggedBootDevicesTest-1646708287 tempest-TaggedBootDevicesTest-1646708287-project-member] new path /v2/schemas/image {{(pid=102694) process_request /opt/stack/glance/glance/api/middleware/version_negotiation.py:70}}
Jun 29 17:14:04.545156 np0000003920 devstack@g-api.service[102694]: [pid: 102694|app: 0|req: 9/33] 127.0.0.1 () {44 vars in 1055 bytes} [Mon Jun 29 17:14:04 2026] GET /v2/schemas/image => generated 6083 bytes in 3 msecs (HTTP/1.1 200) 4 headers in 158 bytes (1 switches on core 0)
Jun 29 17:14:04.636063 np0000003920 devstack@g-api.service[102695]: DEBUG swiftclient [None req-0809eadb-d420-4082-95e1-7ae46f526c74 tempest-AttachSCSIVolumeTestJSON-604783911 tempest-AttachSCSIVolumeTestJSON-604783911-project-admin] REQ: curl -i https://10.4.3.250:8080/v1/AUTH_e060606a7c734007b337b3e9060c80e9/glance -I -H "X-Auth-Token: gAAAAABqQqfctmfi..." {{(pid=102695) http_log /opt/stack/data/venv/lib/python3.12/site-packages/swiftclient/client.py:160}}
Jun 29 17:14:04.636225 np0000003920 devstack@g-api.service[102695]: DEBUG swiftclient [None req-0809eadb-d420-4082-95e1-7ae46f526c74 tempest-AttachSCSIVolumeTestJSON-604783911 tempest-AttachSCSIVolumeTestJSON-604783911-project-admin] RESP STATUS: 204 No Content {{(pid=102695) http_log /opt/stack/data/venv/lib/python3.12/site-packages/swiftclient/client.py:161}}
Jun 29 17:14:04.636482 np0000003920 devstack@g-api.service[102695]: DEBUG swiftclient [None req-0809eadb-d420-4082-95e1-7ae46f526c74 tempest-AttachSCSIVolumeTestJSON-604783911 tempest-AttachSCSIVolumeTestJSON-604783911-project-admin] RESP HEADERS: {'Date': 'Mon, 29 Jun 2026 17:14:04 GMT', 'Server': 'Apache/2.4.58 (Ubuntu)', 'Content-Type': 'text/plain; charset=utf-8', 'X-Container-Object-Count': '3', 'X-Container-Bytes-Used': '64356352', 'X-Timestamp': '1782753119.34181', 'Last-Modified': 'Mon, 29 Jun 2026 17:12:00 GMT', 'Accept-Ranges': 'bytes', 'X-Storage-Policy': 'Policy-0', 'X-Container-Sharding': 'False', 'Vary': 'Accept', 'X-Trans-Id': 'tx0fd4c12760934c70bab4b-006a42a7dc', 'X-Openstack-Request-Id': 'tx0fd4c12760934c70bab4b-006a42a7dc', 'Connection': 'close'} {{(pid=102695) http_log /opt/stack/data/venv/lib/python3.12/site-packages/swiftclient/client.py:162}}
Jun 29 17:14:04.636658 np0000003920 devstack@g-api.service[102695]: DEBUG glance_store._drivers.swift.store [None req-0809eadb-d420-4082-95e1-7ae46f526c74 tempest-AttachSCSIVolumeTestJSON-604783911 tempest-AttachSCSIVolumeTestJSON-604783911-project-admin] Adding image object 'b5030a35-b3b7-4156-89f3-8898aedd9a2d' to Swift {{(pid=102695) add /opt/stack/data/venv/lib/python3.12/site-packages/glance_store/_drivers/swift/store.py:970}}
Jun 29 17:14:04.636767 np0000003920 devstack@g-api.service[102695]: DEBUG glance_store._drivers.swift.store [None req-0809eadb-d420-4082-95e1-7ae46f526c74 tempest-AttachSCSIVolumeTestJSON-604783911 tempest-AttachSCSIVolumeTestJSON-604783911-project-admin] Cannot determine image size because it is either not provided in the request or chunked-transfer encoding is used. Adding image as a segmented object to Swift. {{(pid=102695) add /opt/stack/data/venv/lib/python3.12/site-packages/glance_store/_drivers/swift/store.py:994}}
Jun 29 17:14:04.642556 np0000003920 devstack@g-api.service[102695]: DEBUG oslo_utils.imageutils.format_inspector [None req-0809eadb-d420-4082-95e1-7ae46f526c74 tempest-AttachSCSIVolumeTestJSON-604783911 tempest-AttachSCSIVolumeTestJSON-604783911-project-admin] Format inspector for vmdk does not match, excluding from consideration (Signature KDMV not found: b'QFI\xfb') {{(pid=102695) _process_chunk /opt/stack/data/venv/lib/python3.12/site-packages/oslo_utils/imageutils/format_inspector.py:1758}}
Jun 29 17:14:04.645010 np0000003920 devstack@g-api.service[102695]: DEBUG oslo_utils.imageutils.format_inspector [None req-0809eadb-d420-4082-95e1-7ae46f526c74 tempest-AttachSCSIVolumeTestJSON-604783911 tempest-AttachSCSIVolumeTestJSON-604783911-project-admin] Format inspector for vhdx does not match, excluding from consideration (Region signature not found at 30000) {{(pid=102695) _process_chunk /opt/stack/data/venv/lib/python3.12/site-packages/oslo_utils/imageutils/format_inspector.py:1758}}
Jun 29 17:14:04.909618 np0000003920 devstack@g-api.service[102695]: DEBUG swiftclient [None req-0809eadb-d420-4082-95e1-7ae46f526c74 tempest-AttachSCSIVolumeTestJSON-604783911 tempest-AttachSCSIVolumeTestJSON-604783911-project-admin] REQ: curl -i https://10.4.3.250:8080/v1/AUTH_e060606a7c734007b337b3e9060c80e9/glance/b5030a35-b3b7-4156-89f3-8898aedd9a2d-00001 -X PUT -H "X-Auth-Token: gAAAAABqQqfctmfi..." {{(pid=102695) http_log /opt/stack/data/venv/lib/python3.12/site-packages/swiftclient/client.py:160}}
Jun 29 17:14:04.909826 np0000003920 devstack@g-api.service[102695]: DEBUG swiftclient [None req-0809eadb-d420-4082-95e1-7ae46f526c74 tempest-AttachSCSIVolumeTestJSON-604783911 tempest-AttachSCSIVolumeTestJSON-604783911-project-admin] RESP STATUS: 201 Created {{(pid=102695) http_log /opt/stack/data/venv/lib/python3.12/site-packages/swiftclient/client.py:161}}
Jun 29 17:14:04.910057 np0000003920 devstack@g-api.service[102695]: DEBUG swiftclient [None req-0809eadb-d420-4082-95e1-7ae46f526c74 tempest-AttachSCSIVolumeTestJSON-604783911 tempest-AttachSCSIVolumeTestJSON-604783911-project-admin] RESP HEADERS: {'Date': 'Mon, 29 Jun 2026 17:14:04 GMT', 'Server': 'Apache/2.4.58 (Ubuntu)', 'Content-Type': 'text/html; charset=UTF-8', 'Content-Length': '0', 'Etag': '87617e24a5e30cb3b87fda8c0764838f', 'Last-Modified': 'Mon, 29 Jun 2026 17:14:05 GMT', 'X-Trans-Id': 'txae5212e4ae6d4c59bb3fc-006a42a7dc', 'X-Openstack-Request-Id': 'txae5212e4ae6d4c59bb3fc-006a42a7dc', 'Connection': 'close'} {{(pid=102695) http_log /opt/stack/data/venv/lib/python3.12/site-packages/swiftclient/client.py:162}}
Jun 29 17:14:04.910623 np0000003920 devstack@g-api.service[102695]: DEBUG glance_store._drivers.swift.store [None req-0809eadb-d420-4082-95e1-7ae46f526c74 tempest-AttachSCSIVolumeTestJSON-604783911 tempest-AttachSCSIVolumeTestJSON-604783911-project-admin] Wrote chunk b5030a35-b3b7-4156-89f3-8898aedd9a2d-00001 (1/?) of length 21692416 to Swift returning MD5 of content: 87617e24a5e30cb3b87fda8c0764838f {{(pid=102695) add /opt/stack/data/venv/lib/python3.12/site-packages/glance_store/_drivers/swift/store.py:1059}}
Jun 29 17:14:04.910800 np0000003920 devstack@g-api.service[102695]: DEBUG glance_store._drivers.swift.store [None req-0809eadb-d420-4082-95e1-7ae46f526c74 tempest-AttachSCSIVolumeTestJSON-604783911 tempest-AttachSCSIVolumeTestJSON-604783911-project-admin] Not writing zero-length chunk. {{(pid=102695) add /opt/stack/data/venv/lib/python3.12/site-packages/glance_store/_drivers/swift/store.py:1028}}
Jun 29 17:14:04.937545 np0000003920 devstack@g-api.service[102695]: DEBUG swiftclient [None req-0809eadb-d420-4082-95e1-7ae46f526c74 tempest-AttachSCSIVolumeTestJSON-604783911 tempest-AttachSCSIVolumeTestJSON-604783911-project-admin] REQ: curl -i https://10.4.3.250:8080/v1/AUTH_e060606a7c734007b337b3e9060c80e9/glance/b5030a35-b3b7-4156-89f3-8898aedd9a2d -X PUT -H "X-Object-Manifest: glance/b5030a35-b3b7-4156-89f3-8898aedd9a2d-" -H "X-Auth-Token: gAAAAABqQqfctmfi..." -H "Content-Length: 0" {{(pid=102695) http_log /opt/stack/data/venv/lib/python3.12/site-packages/swiftclient/client.py:160}}
Jun 29 17:14:04.937743 np0000003920 devstack@g-api.service[102695]: DEBUG swiftclient [None req-0809eadb-d420-4082-95e1-7ae46f526c74 tempest-AttachSCSIVolumeTestJSON-604783911 tempest-AttachSCSIVolumeTestJSON-604783911-project-admin] RESP STATUS: 201 Created {{(pid=102695) http_log /opt/stack/data/venv/lib/python3.12/site-packages/swiftclient/client.py:161}}
Jun 29 17:14:04.937961 np0000003920 devstack@g-api.service[102695]: DEBUG swiftclient [None req-0809eadb-d420-4082-95e1-7ae46f526c74 tempest-AttachSCSIVolumeTestJSON-604783911 tempest-AttachSCSIVolumeTestJSON-604783911-project-admin] RESP HEADERS: {'Date': 'Mon, 29 Jun 2026 17:14:04 GMT', 'Server': 'Apache/2.4.58 (Ubuntu)', 'Content-Type': 'text/html; charset=UTF-8', 'Content-Length': '0', 'Etag': 'd41d8cd98f00b204e9800998ecf8427e', 'Last-Modified': 'Mon, 29 Jun 2026 17:14:05 GMT', 'X-Trans-Id': 'tx3348ba53edae44bea9d86-006a42a7dc', 'X-Openstack-Request-Id': 'tx3348ba53edae44bea9d86-006a42a7dc', 'Connection': 'close'} {{(pid=102695) http_log /opt/stack/data/venv/lib/python3.12/site-packages/swiftclient/client.py:162}}
Jun 29 17:14:04.938525 np0000003920 devstack@g-api.service[102695]: INFO glance.location [None req-0809eadb-d420-4082-95e1-7ae46f526c74 tempest-AttachSCSIVolumeTestJSON-604783911 tempest-AttachSCSIVolumeTestJSON-604783911-project-admin] Image format matched and virtual size computed: 117440512
Jun 29 17:14:04.979727 np0000003920 devstack@g-api.service[102695]: DEBUG glance_store.backend [None req-0809eadb-d420-4082-95e1-7ae46f526c74 tempest-AttachSCSIVolumeTestJSON-604783911 tempest-AttachSCSIVolumeTestJSON-604783911-project-admin] Attempting to import store swift {{(pid=102695) _load_store /opt/stack/data/venv/lib/python3.12/site-packages/glance_store/backend.py:215}}
Jun 29 17:14:04.979727 np0000003920 devstack@g-api.service[102695]: DEBUG glance_store.capabilities [None req-0809eadb-d420-4082-95e1-7ae46f526c74 tempest-AttachSCSIVolumeTestJSON-604783911 tempest-AttachSCSIVolumeTestJSON-604783911-project-admin] Store glance_store._drivers.swift.store.SingleTenantStore doesn't support updating dynamic storage capabilities. Please overwrite 'update_capabilities' method of the store to implement updating logics if needed. {{(pid=102695) update_capabilities /opt/stack/data/venv/lib/python3.12/site-packages/glance_store/capabilities.py:91}}
Jun 29 17:14:04.979727 np0000003920 devstack@g-api.service[102695]: DEBUG glance_store.driver [None req-0809eadb-d420-4082-95e1-7ae46f526c74 tempest-AttachSCSIVolumeTestJSON-604783911 tempest-AttachSCSIVolumeTestJSON-604783911-project-admin] Late loading location class glance_store._drivers.swift.store.StoreLocation {{(pid=102695) get_store_location_class /opt/stack/data/venv/lib/python3.12/site-packages/glance_store/driver.py:134}}
Jun 29 17:14:04.979727 np0000003920 devstack@g-api.service[102695]: DEBUG glance_store.location [None req-0809eadb-d420-4082-95e1-7ae46f526c74 tempest-AttachSCSIVolumeTestJSON-604783911 tempest-AttachSCSIVolumeTestJSON-604783911-project-admin] Registering scheme swift+https with {'store': , 'location_class': , 'store_entry': 'swift'} {{(pid=102695) register_scheme_map /opt/stack/data/venv/lib/python3.12/site-packages/glance_store/location.py:146}}
Jun 29 17:14:04.979923 np0000003920 devstack@g-api.service[102695]: DEBUG glance_store.location [None req-0809eadb-d420-4082-95e1-7ae46f526c74 tempest-AttachSCSIVolumeTestJSON-604783911 tempest-AttachSCSIVolumeTestJSON-604783911-project-admin] Registering scheme swift+https with {'store': , 'location_class': , 'store_entry': 'swift'} {{(pid=102695) register_scheme_map /opt/stack/data/venv/lib/python3.12/site-packages/glance_store/location.py:146}}
Jun 29 17:14:04.979923 np0000003920 devstack@g-api.service[102695]: DEBUG glance_store.location [None req-0809eadb-d420-4082-95e1-7ae46f526c74 tempest-AttachSCSIVolumeTestJSON-604783911 tempest-AttachSCSIVolumeTestJSON-604783911-project-admin] Registering scheme swift with {'store': , 'location_class': , 'store_entry': 'swift'} {{(pid=102695) register_scheme_map /opt/stack/data/venv/lib/python3.12/site-packages/glance_store/location.py:146}}
Jun 29 17:14:04.979923 np0000003920 devstack@g-api.service[102695]: DEBUG glance_store.location [None req-0809eadb-d420-4082-95e1-7ae46f526c74 tempest-AttachSCSIVolumeTestJSON-604783911 tempest-AttachSCSIVolumeTestJSON-604783911-project-admin] Registering scheme swift+https with {'store': , 'location_class': , 'store_entry': 'swift'} {{(pid=102695) register_scheme_map /opt/stack/data/venv/lib/python3.12/site-packages/glance_store/location.py:146}}
Jun 29 17:14:04.980021 np0000003920 devstack@g-api.service[102695]: DEBUG glance_store.location [None req-0809eadb-d420-4082-95e1-7ae46f526c74 tempest-AttachSCSIVolumeTestJSON-604783911 tempest-AttachSCSIVolumeTestJSON-604783911-project-admin] Registering scheme swift with {'store': , 'location_class': , 'store_entry': 'swift'} {{(pid=102695) register_scheme_map /opt/stack/data/venv/lib/python3.12/site-packages/glance_store/location.py:146}}
Jun 29 17:14:04.980021 np0000003920 devstack@g-api.service[102695]: DEBUG glance_store.location [None req-0809eadb-d420-4082-95e1-7ae46f526c74 tempest-AttachSCSIVolumeTestJSON-604783911 tempest-AttachSCSIVolumeTestJSON-604783911-project-admin] Registering scheme swift+http with {'store': , 'location_class': , 'store_entry': 'swift'} {{(pid=102695) register_scheme_map /opt/stack/data/venv/lib/python3.12/site-packages/glance_store/location.py:146}}
Jun 29 17:14:04.980094 np0000003920 devstack@g-api.service[102695]: DEBUG glance_store.location [None req-0809eadb-d420-4082-95e1-7ae46f526c74 tempest-AttachSCSIVolumeTestJSON-604783911 tempest-AttachSCSIVolumeTestJSON-604783911-project-admin] Registering scheme swift+https with {'store': , 'location_class': , 'store_entry': 'swift'} {{(pid=102695) register_scheme_map /opt/stack/data/venv/lib/python3.12/site-packages/glance_store/location.py:146}}
Jun 29 17:14:04.980131 np0000003920 devstack@g-api.service[102695]: DEBUG glance_store.location [None req-0809eadb-d420-4082-95e1-7ae46f526c74 tempest-AttachSCSIVolumeTestJSON-604783911 tempest-AttachSCSIVolumeTestJSON-604783911-project-admin] Registering scheme swift with {'store': , 'location_class': , 'store_entry': 'swift'} {{(pid=102695) register_scheme_map /opt/stack/data/venv/lib/python3.12/site-packages/glance_store/location.py:146}}
Jun 29 17:14:04.980259 np0000003920 devstack@g-api.service[102695]: DEBUG glance_store.location [None req-0809eadb-d420-4082-95e1-7ae46f526c74 tempest-AttachSCSIVolumeTestJSON-604783911 tempest-AttachSCSIVolumeTestJSON-604783911-project-admin] Registering scheme swift+http with {'store': , 'location_class': , 'store_entry': 'swift'} {{(pid=102695) register_scheme_map /opt/stack/data/venv/lib/python3.12/site-packages/glance_store/location.py:146}}
Jun 29 17:14:04.980304 np0000003920 devstack@g-api.service[102695]: DEBUG glance_store.location [None req-0809eadb-d420-4082-95e1-7ae46f526c74 tempest-AttachSCSIVolumeTestJSON-604783911 tempest-AttachSCSIVolumeTestJSON-604783911-project-admin] Registering scheme swift+config with {'store': , 'location_class': , 'store_entry': 'swift'} {{(pid=102695) register_scheme_map /opt/stack/data/venv/lib/python3.12/site-packages/glance_store/location.py:146}}
Jun 29 17:14:04.980374 np0000003920 devstack@g-api.service[102695]: DEBUG glance_store.backend [None req-0809eadb-d420-4082-95e1-7ae46f526c74 tempest-AttachSCSIVolumeTestJSON-604783911 tempest-AttachSCSIVolumeTestJSON-604783911-project-admin] Skipping store.set_acls... not implemented. {{(pid=102695) set_acls /opt/stack/data/venv/lib/python3.12/site-packages/glance_store/backend.py:507}}
Jun 29 17:14:04.982859 np0000003920 devstack@g-api.service[102695]: [pid: 102695|app: 0|req: 6/34] 127.0.0.1 () {40 vars in 858 bytes} [Mon Jun 29 17:14:02 2026] PUT /v2/images/b5030a35-b3b7-4156-89f3-8898aedd9a2d/file => generated 0 bytes in 2272 msecs (HTTP/1.1 204) 4 headers in 171 bytes (1 switches on core 0)
Jun 29 17:14:05.361951 np0000003920 devstack@g-api.service[102696]: DEBUG glance.api.middleware.version_negotiation [None req-403b2a31-3820-4746-8555-4878ae1dad75 tempest-TaggedBootDevicesTest-1646708287 tempest-TaggedBootDevicesTest-1646708287-project-member] Determining version of request: GET /versions Accept: */* {{(pid=102696) process_request /opt/stack/glance/glance/api/middleware/version_negotiation.py:44}}
Jun 29 17:14:05.362796 np0000003920 devstack@g-api.service[102696]: [pid: 102696|app: 0|req: 10/35] 127.0.0.1 () {44 vars in 1039 bytes} [Mon Jun 29 17:14:05 2026] GET /versions => generated 1407 bytes in 1 msecs (HTTP/1.1 200) 3 headers in 92 bytes (1 switches on core 0)
Jun 29 17:14:05.374507 np0000003920 devstack@g-api.service[102698]: DEBUG glance.api.middleware.version_negotiation [None req-403b2a31-3820-4746-8555-4878ae1dad75 tempest-TaggedBootDevicesTest-1646708287 tempest-TaggedBootDevicesTest-1646708287-project-member] Determining version of request: GET /v2/images/bd0603dc-6d70-4a64-ac0d-cb086a15055b/locations Accept: */* {{(pid=102698) process_request /opt/stack/glance/glance/api/middleware/version_negotiation.py:44}}
Jun 29 17:14:05.375056 np0000003920 devstack@g-api.service[102698]: DEBUG glance.api.middleware.version_negotiation [None req-403b2a31-3820-4746-8555-4878ae1dad75 tempest-TaggedBootDevicesTest-1646708287 tempest-TaggedBootDevicesTest-1646708287-project-member] Using url versioning {{(pid=102698) process_request /opt/stack/glance/glance/api/middleware/version_negotiation.py:57}}
Jun 29 17:14:05.375056 np0000003920 devstack@g-api.service[102698]: DEBUG glance.api.middleware.version_negotiation [None req-403b2a31-3820-4746-8555-4878ae1dad75 tempest-TaggedBootDevicesTest-1646708287 tempest-TaggedBootDevicesTest-1646708287-project-member] Matched version: v2 {{(pid=102698) process_request /opt/stack/glance/glance/api/middleware/version_negotiation.py:69}}
Jun 29 17:14:05.375056 np0000003920 devstack@g-api.service[102698]: DEBUG glance.api.middleware.version_negotiation [None req-403b2a31-3820-4746-8555-4878ae1dad75 tempest-TaggedBootDevicesTest-1646708287 tempest-TaggedBootDevicesTest-1646708287-project-member] new path /v2/images/bd0603dc-6d70-4a64-ac0d-cb086a15055b/locations {{(pid=102698) process_request /opt/stack/glance/glance/api/middleware/version_negotiation.py:70}}
Jun 29 17:14:06.030814 np0000003920 devstack@g-api.service[102698]: [pid: 102698|app: 0|req: 11/36] 127.0.0.1 () {44 vars in 1135 bytes} [Mon Jun 29 17:14:05 2026] GET /v2/images/bd0603dc-6d70-4a64-ac0d-cb086a15055b/locations => generated 92 bytes in 656 msecs (HTTP/1.1 200) 4 headers in 156 bytes (1 switches on core 0)
Jun 29 17:14:06.040810 np0000003920 devstack@g-api.service[102694]: DEBUG glance.api.middleware.version_negotiation [None req-403b2a31-3820-4746-8555-4878ae1dad75 tempest-TaggedBootDevicesTest-1646708287 tempest-TaggedBootDevicesTest-1646708287-project-member] Determining version of request: GET /v2/images/bd0603dc-6d70-4a64-ac0d-cb086a15055b Accept: */* {{(pid=102694) process_request /opt/stack/glance/glance/api/middleware/version_negotiation.py:44}}
Jun 29 17:14:06.041207 np0000003920 devstack@g-api.service[102694]: DEBUG glance.api.middleware.version_negotiation [None req-403b2a31-3820-4746-8555-4878ae1dad75 tempest-TaggedBootDevicesTest-1646708287 tempest-TaggedBootDevicesTest-1646708287-project-member] Using url versioning {{(pid=102694) process_request /opt/stack/glance/glance/api/middleware/version_negotiation.py:57}}
Jun 29 17:14:06.041207 np0000003920 devstack@g-api.service[102694]: DEBUG glance.api.middleware.version_negotiation [None req-403b2a31-3820-4746-8555-4878ae1dad75 tempest-TaggedBootDevicesTest-1646708287 tempest-TaggedBootDevicesTest-1646708287-project-member] Matched version: v2 {{(pid=102694) process_request /opt/stack/glance/glance/api/middleware/version_negotiation.py:69}}
Jun 29 17:14:06.041359 np0000003920 devstack@g-api.service[102694]: DEBUG glance.api.middleware.version_negotiation [None req-403b2a31-3820-4746-8555-4878ae1dad75 tempest-TaggedBootDevicesTest-1646708287 tempest-TaggedBootDevicesTest-1646708287-project-member] new path /v2/images/bd0603dc-6d70-4a64-ac0d-cb086a15055b {{(pid=102694) process_request /opt/stack/glance/glance/api/middleware/version_negotiation.py:70}}
Jun 29 17:14:06.060163 np0000003920 devstack@g-api.service[102694]: [pid: 102694|app: 0|req: 10/37] 127.0.0.1 () {44 vars in 1115 bytes} [Mon Jun 29 17:14:06 2026] GET /v2/images/bd0603dc-6d70-4a64-ac0d-cb086a15055b => generated 1044 bytes in 19 msecs (HTTP/1.1 200) 4 headers in 158 bytes (1 switches on core 0)
Jun 29 17:14:06.070292 np0000003920 devstack@g-api.service[102695]: DEBUG glance.api.middleware.version_negotiation [None req-0809eadb-d420-4082-95e1-7ae46f526c74 tempest-AttachSCSIVolumeTestJSON-604783911 tempest-AttachSCSIVolumeTestJSON-604783911-project-admin] Determining version of request: GET /v2/schemas/image Accept: */* {{(pid=102695) process_request /opt/stack/glance/glance/api/middleware/version_negotiation.py:44}}
Jun 29 17:14:06.070292 np0000003920 devstack@g-api.service[102695]: DEBUG glance.api.middleware.version_negotiation [None req-0809eadb-d420-4082-95e1-7ae46f526c74 tempest-AttachSCSIVolumeTestJSON-604783911 tempest-AttachSCSIVolumeTestJSON-604783911-project-admin] Using url versioning {{(pid=102695) process_request /opt/stack/glance/glance/api/middleware/version_negotiation.py:57}}
Jun 29 17:14:06.070713 np0000003920 devstack@g-api.service[102695]: DEBUG glance.api.middleware.version_negotiation [None req-0809eadb-d420-4082-95e1-7ae46f526c74 tempest-AttachSCSIVolumeTestJSON-604783911 tempest-AttachSCSIVolumeTestJSON-604783911-project-admin] Matched version: v2 {{(pid=102695) process_request /opt/stack/glance/glance/api/middleware/version_negotiation.py:69}}
Jun 29 17:14:06.070713 np0000003920 devstack@g-api.service[102695]: DEBUG glance.api.middleware.version_negotiation [None req-0809eadb-d420-4082-95e1-7ae46f526c74 tempest-AttachSCSIVolumeTestJSON-604783911 tempest-AttachSCSIVolumeTestJSON-604783911-project-admin] new path /v2/schemas/image {{(pid=102695) process_request /opt/stack/glance/glance/api/middleware/version_negotiation.py:70}}
Jun 29 17:14:06.074265 np0000003920 devstack@g-api.service[102695]: [pid: 102695|app: 0|req: 7/38] 127.0.0.1 () {44 vars in 1055 bytes} [Mon Jun 29 17:14:06 2026] GET /v2/schemas/image => generated 6083 bytes in 4 msecs (HTTP/1.1 200) 4 headers in 158 bytes (1 switches on core 0)
Jun 29 17:14:06.086747 np0000003920 devstack@g-api.service[102696]: DEBUG glance.api.middleware.version_negotiation [None req-403b2a31-3820-4746-8555-4878ae1dad75 tempest-TaggedBootDevicesTest-1646708287 tempest-TaggedBootDevicesTest-1646708287-project-member] Determining version of request: GET /v2/schemas/image Accept: */* {{(pid=102696) process_request /opt/stack/glance/glance/api/middleware/version_negotiation.py:44}}
Jun 29 17:14:06.086997 np0000003920 devstack@g-api.service[102696]: DEBUG glance.api.middleware.version_negotiation [None req-403b2a31-3820-4746-8555-4878ae1dad75 tempest-TaggedBootDevicesTest-1646708287 tempest-TaggedBootDevicesTest-1646708287-project-member] Using url versioning {{(pid=102696) process_request /opt/stack/glance/glance/api/middleware/version_negotiation.py:57}}
Jun 29 17:14:06.087204 np0000003920 devstack@g-api.service[102696]: DEBUG glance.api.middleware.version_negotiation [None req-403b2a31-3820-4746-8555-4878ae1dad75 tempest-TaggedBootDevicesTest-1646708287 tempest-TaggedBootDevicesTest-1646708287-project-member] Matched version: v2 {{(pid=102696) process_request /opt/stack/glance/glance/api/middleware/version_negotiation.py:69}}
Jun 29 17:14:06.087858 np0000003920 devstack@g-api.service[102696]: DEBUG glance.api.middleware.version_negotiation [None req-403b2a31-3820-4746-8555-4878ae1dad75 tempest-TaggedBootDevicesTest-1646708287 tempest-TaggedBootDevicesTest-1646708287-project-member] new path /v2/schemas/image {{(pid=102696) process_request /opt/stack/glance/glance/api/middleware/version_negotiation.py:70}}
Jun 29 17:14:06.092784 np0000003920 devstack@g-api.service[102696]: [pid: 102696|app: 0|req: 11/39] 127.0.0.1 () {44 vars in 1055 bytes} [Mon Jun 29 17:14:06 2026] GET /v2/schemas/image => generated 6083 bytes in 7 msecs (HTTP/1.1 200) 4 headers in 158 bytes (1 switches on core 0)
Jun 29 17:14:06.130833 np0000003920 devstack@g-api.service[102698]: DEBUG glance.api.middleware.version_negotiation [None req-403b2a31-3820-4746-8555-4878ae1dad75 service glance] Determining version of request: GET /v2/images/bd0603dc-6d70-4a64-ac0d-cb086a15055b Accept: */* {{(pid=102698) process_request /opt/stack/glance/glance/api/middleware/version_negotiation.py:44}}
Jun 29 17:14:06.130969 np0000003920 devstack@g-api.service[102698]: DEBUG glance.api.middleware.version_negotiation [None req-403b2a31-3820-4746-8555-4878ae1dad75 service glance] Using url versioning {{(pid=102698) process_request /opt/stack/glance/glance/api/middleware/version_negotiation.py:57}}
Jun 29 17:14:06.131105 np0000003920 devstack@g-api.service[102698]: DEBUG glance.api.middleware.version_negotiation [None req-403b2a31-3820-4746-8555-4878ae1dad75 service glance] Matched version: v2 {{(pid=102698) process_request /opt/stack/glance/glance/api/middleware/version_negotiation.py:69}}
Jun 29 17:14:06.131184 np0000003920 devstack@g-api.service[102698]: DEBUG glance.api.middleware.version_negotiation [None req-403b2a31-3820-4746-8555-4878ae1dad75 service glance] new path /v2/images/bd0603dc-6d70-4a64-ac0d-cb086a15055b {{(pid=102698) process_request /opt/stack/glance/glance/api/middleware/version_negotiation.py:70}}
Jun 29 17:14:06.142962 np0000003920 devstack@g-api.service[102698]: [pid: 102698|app: 0|req: 12/40] 127.0.0.1 () {44 vars in 1115 bytes} [Mon Jun 29 17:14:06 2026] GET /v2/images/bd0603dc-6d70-4a64-ac0d-cb086a15055b => generated 1044 bytes in 12 msecs (HTTP/1.1 200) 4 headers in 158 bytes (1 switches on core 0)
Jun 29 17:14:06.159410 np0000003920 devstack@g-api.service[102694]: DEBUG glance.api.middleware.version_negotiation [None req-403b2a31-3820-4746-8555-4878ae1dad75 tempest-TaggedBootDevicesTest-1646708287 tempest-TaggedBootDevicesTest-1646708287-project-member] Determining version of request: GET /v2/images/bd0603dc-6d70-4a64-ac0d-cb086a15055b/file Accept: */* {{(pid=102694) process_request /opt/stack/glance/glance/api/middleware/version_negotiation.py:44}}
Jun 29 17:14:06.160117 np0000003920 devstack@g-api.service[102694]: DEBUG glance.api.middleware.version_negotiation [None req-403b2a31-3820-4746-8555-4878ae1dad75 tempest-TaggedBootDevicesTest-1646708287 tempest-TaggedBootDevicesTest-1646708287-project-member] Using url versioning {{(pid=102694) process_request /opt/stack/glance/glance/api/middleware/version_negotiation.py:57}}
Jun 29 17:14:06.160313 np0000003920 devstack@g-api.service[102694]: DEBUG glance.api.middleware.version_negotiation [None req-403b2a31-3820-4746-8555-4878ae1dad75 tempest-TaggedBootDevicesTest-1646708287 tempest-TaggedBootDevicesTest-1646708287-project-member] Matched version: v2 {{(pid=102694) process_request /opt/stack/glance/glance/api/middleware/version_negotiation.py:69}}
Jun 29 17:14:06.160511 np0000003920 devstack@g-api.service[102694]: DEBUG glance.api.middleware.version_negotiation [None req-403b2a31-3820-4746-8555-4878ae1dad75 tempest-TaggedBootDevicesTest-1646708287 tempest-TaggedBootDevicesTest-1646708287-project-member] new path /v2/images/bd0603dc-6d70-4a64-ac0d-cb086a15055b/file {{(pid=102694) process_request /opt/stack/glance/glance/api/middleware/version_negotiation.py:70}}
Jun 29 17:14:06.180361 np0000003920 devstack@g-api.service[102694]: DEBUG glance.api.middleware.cache [None req-403b2a31-3820-4746-8555-4878ae1dad75 tempest-TaggedBootDevicesTest-1646708287 tempest-TaggedBootDevicesTest-1646708287-project-member] Cache hit for image 'bd0603dc-6d70-4a64-ac0d-cb086a15055b' {{(pid=102694) process_request /opt/stack/glance/glance/api/middleware/cache.py:160}}
Jun 29 17:14:06.279544 np0000003920 devstack@g-api.service[102694]: [pid: 102694|app: 0|req: 11/41] 127.0.0.1 () {44 vars in 1125 bytes} [Mon Jun 29 17:14:06 2026] GET /v2/images/bd0603dc-6d70-4a64-ac0d-cb086a15055b/file => generated 21692416 bytes in 120 msecs (HTTP/1.1 200) 5 headers in 217 bytes (340 switches on core 0)
Jun 29 17:14:06.367817 np0000003920 devstack@g-api.service[102695]: DEBUG glance.api.middleware.version_negotiation [None req-403b2a31-3820-4746-8555-4878ae1dad75 tempest-TaggedBootDevicesTest-1646708287 tempest-TaggedBootDevicesTest-1646708287-project-member] Determining version of request: GET /v2/images/bd0603dc-6d70-4a64-ac0d-cb086a15055b Accept: */* {{(pid=102695) process_request /opt/stack/glance/glance/api/middleware/version_negotiation.py:44}}
Jun 29 17:14:06.367817 np0000003920 devstack@g-api.service[102695]: DEBUG glance.api.middleware.version_negotiation [None req-403b2a31-3820-4746-8555-4878ae1dad75 tempest-TaggedBootDevicesTest-1646708287 tempest-TaggedBootDevicesTest-1646708287-project-member] Using url versioning {{(pid=102695) process_request /opt/stack/glance/glance/api/middleware/version_negotiation.py:57}}
Jun 29 17:14:06.367973 np0000003920 devstack@g-api.service[102695]: DEBUG glance.api.middleware.version_negotiation [None req-403b2a31-3820-4746-8555-4878ae1dad75 tempest-TaggedBootDevicesTest-1646708287 tempest-TaggedBootDevicesTest-1646708287-project-member] Matched version: v2 {{(pid=102695) process_request /opt/stack/glance/glance/api/middleware/version_negotiation.py:69}}
Jun 29 17:14:06.368075 np0000003920 devstack@g-api.service[102695]: DEBUG glance.api.middleware.version_negotiation [None req-403b2a31-3820-4746-8555-4878ae1dad75 tempest-TaggedBootDevicesTest-1646708287 tempest-TaggedBootDevicesTest-1646708287-project-member] new path /v2/images/bd0603dc-6d70-4a64-ac0d-cb086a15055b {{(pid=102695) process_request /opt/stack/glance/glance/api/middleware/version_negotiation.py:70}}
Jun 29 17:14:06.401937 np0000003920 devstack@g-api.service[102695]: [pid: 102695|app: 0|req: 8/42] 127.0.0.1 () {44 vars in 1115 bytes} [Mon Jun 29 17:14:06 2026] GET /v2/images/bd0603dc-6d70-4a64-ac0d-cb086a15055b => generated 1044 bytes in 35 msecs (HTTP/1.1 200) 4 headers in 158 bytes (1 switches on core 0)
Jun 29 17:14:06.413657 np0000003920 devstack@g-api.service[102696]: DEBUG glance.api.middleware.version_negotiation [None req-403b2a31-3820-4746-8555-4878ae1dad75 tempest-TaggedBootDevicesTest-1646708287 tempest-TaggedBootDevicesTest-1646708287-project-member] Determining version of request: GET /v2/schemas/image Accept: */* {{(pid=102696) process_request /opt/stack/glance/glance/api/middleware/version_negotiation.py:44}}
Jun 29 17:14:06.414086 np0000003920 devstack@g-api.service[102696]: DEBUG glance.api.middleware.version_negotiation [None req-403b2a31-3820-4746-8555-4878ae1dad75 tempest-TaggedBootDevicesTest-1646708287 tempest-TaggedBootDevicesTest-1646708287-project-member] Using url versioning {{(pid=102696) process_request /opt/stack/glance/glance/api/middleware/version_negotiation.py:57}}
Jun 29 17:14:06.414245 np0000003920 devstack@g-api.service[102696]: DEBUG glance.api.middleware.version_negotiation [None req-403b2a31-3820-4746-8555-4878ae1dad75 tempest-TaggedBootDevicesTest-1646708287 tempest-TaggedBootDevicesTest-1646708287-project-member] Matched version: v2 {{(pid=102696) process_request /opt/stack/glance/glance/api/middleware/version_negotiation.py:69}}
Jun 29 17:14:06.414245 np0000003920 devstack@g-api.service[102696]: DEBUG glance.api.middleware.version_negotiation [None req-403b2a31-3820-4746-8555-4878ae1dad75 tempest-TaggedBootDevicesTest-1646708287 tempest-TaggedBootDevicesTest-1646708287-project-member] new path /v2/schemas/image {{(pid=102696) process_request /opt/stack/glance/glance/api/middleware/version_negotiation.py:70}}
Jun 29 17:14:06.421548 np0000003920 devstack@g-api.service[102696]: [pid: 102696|app: 0|req: 12/43] 127.0.0.1 () {44 vars in 1055 bytes} [Mon Jun 29 17:14:06 2026] GET /v2/schemas/image => generated 6083 bytes in 8 msecs (HTTP/1.1 200) 4 headers in 158 bytes (1 switches on core 0)
Jun 29 17:14:07.907871 np0000003920 devstack@g-api.service[102698]: DEBUG glance.api.middleware.version_negotiation [None req-403b2a31-3820-4746-8555-4878ae1dad75 tempest-TaggedBootDevicesTest-1646708287 tempest-TaggedBootDevicesTest-1646708287-project-member] Determining version of request: GET / Accept: application/json {{(pid=102698) process_request /opt/stack/glance/glance/api/middleware/version_negotiation.py:44}}
Jun 29 17:14:07.908219 np0000003920 devstack@g-api.service[102698]: DEBUG glance.api.middleware.version_negotiation [None req-403b2a31-3820-4746-8555-4878ae1dad75 tempest-TaggedBootDevicesTest-1646708287 tempest-TaggedBootDevicesTest-1646708287-project-member] Using url versioning {{(pid=102698) process_request /opt/stack/glance/glance/api/middleware/version_negotiation.py:57}}
Jun 29 17:14:07.911697 np0000003920 devstack@g-api.service[102698]: DEBUG glance.api.middleware.version_negotiation [None req-403b2a31-3820-4746-8555-4878ae1dad75 tempest-TaggedBootDevicesTest-1646708287 tempest-TaggedBootDevicesTest-1646708287-project-member] Unknown version. Returning version choices. {{(pid=102698) process_request /opt/stack/glance/glance/api/middleware/version_negotiation.py:64}}
Jun 29 17:14:07.913372 np0000003920 devstack@g-api.service[102698]: [pid: 102698|app: 0|req: 13/44] 127.0.0.1 () {36 vars in 559 bytes} [Mon Jun 29 17:14:07 2026] GET / => generated 1407 bytes in 6 msecs (HTTP/1.1 300) 3 headers in 106 bytes (1 switches on core 0)
Jun 29 17:14:07.947943 np0000003920 devstack@g-api.service[102694]: DEBUG glance.api.middleware.version_negotiation [None req-403b2a31-3820-4746-8555-4878ae1dad75 tempest-TaggedBootDevicesTest-1646708287 tempest-TaggedBootDevicesTest-1646708287-project-member] Determining version of request: GET /v2/images/bd0603dc-6d70-4a64-ac0d-cb086a15055b Accept: */* {{(pid=102694) process_request /opt/stack/glance/glance/api/middleware/version_negotiation.py:44}}
Jun 29 17:14:07.947943 np0000003920 devstack@g-api.service[102694]: DEBUG glance.api.middleware.version_negotiation [None req-403b2a31-3820-4746-8555-4878ae1dad75 tempest-TaggedBootDevicesTest-1646708287 tempest-TaggedBootDevicesTest-1646708287-project-member] Using url versioning {{(pid=102694) process_request /opt/stack/glance/glance/api/middleware/version_negotiation.py:57}}
Jun 29 17:14:07.948333 np0000003920 devstack@g-api.service[102694]: DEBUG glance.api.middleware.version_negotiation [None req-403b2a31-3820-4746-8555-4878ae1dad75 tempest-TaggedBootDevicesTest-1646708287 tempest-TaggedBootDevicesTest-1646708287-project-member] Matched version: v2 {{(pid=102694) process_request /opt/stack/glance/glance/api/middleware/version_negotiation.py:69}}
Jun 29 17:14:07.948333 np0000003920 devstack@g-api.service[102694]: DEBUG glance.api.middleware.version_negotiation [None req-403b2a31-3820-4746-8555-4878ae1dad75 tempest-TaggedBootDevicesTest-1646708287 tempest-TaggedBootDevicesTest-1646708287-project-member] new path /v2/images/bd0603dc-6d70-4a64-ac0d-cb086a15055b {{(pid=102694) process_request /opt/stack/glance/glance/api/middleware/version_negotiation.py:70}}
Jun 29 17:14:07.972139 np0000003920 devstack@g-api.service[102695]: DEBUG glance.api.middleware.version_negotiation [None req-403b2a31-3820-4746-8555-4878ae1dad75 tempest-TaggedBootDevicesTest-1646708287 tempest-TaggedBootDevicesTest-1646708287-project-member] Determining version of request: GET /v2/images/b5030a35-b3b7-4156-89f3-8898aedd9a2d Accept: */* {{(pid=102695) process_request /opt/stack/glance/glance/api/middleware/version_negotiation.py:44}}
Jun 29 17:14:07.972139 np0000003920 devstack@g-api.service[102695]: DEBUG glance.api.middleware.version_negotiation [None req-403b2a31-3820-4746-8555-4878ae1dad75 tempest-TaggedBootDevicesTest-1646708287 tempest-TaggedBootDevicesTest-1646708287-project-member] Using url versioning {{(pid=102695) process_request /opt/stack/glance/glance/api/middleware/version_negotiation.py:57}}
Jun 29 17:14:07.972671 np0000003920 devstack@g-api.service[102695]: DEBUG glance.api.middleware.version_negotiation [None req-403b2a31-3820-4746-8555-4878ae1dad75 tempest-TaggedBootDevicesTest-1646708287 tempest-TaggedBootDevicesTest-1646708287-project-member] Matched version: v2 {{(pid=102695) process_request /opt/stack/glance/glance/api/middleware/version_negotiation.py:69}}
Jun 29 17:14:07.972671 np0000003920 devstack@g-api.service[102695]: DEBUG glance.api.middleware.version_negotiation [None req-403b2a31-3820-4746-8555-4878ae1dad75 tempest-TaggedBootDevicesTest-1646708287 tempest-TaggedBootDevicesTest-1646708287-project-member] new path /v2/images/b5030a35-b3b7-4156-89f3-8898aedd9a2d {{(pid=102695) process_request /opt/stack/glance/glance/api/middleware/version_negotiation.py:70}}
Jun 29 17:14:07.983865 np0000003920 devstack@g-api.service[102694]: [pid: 102694|app: 0|req: 12/45] 127.0.0.1 () {44 vars in 1115 bytes} [Mon Jun 29 17:14:07 2026] GET /v2/images/bd0603dc-6d70-4a64-ac0d-cb086a15055b => generated 1044 bytes in 36 msecs (HTTP/1.1 200) 4 headers in 158 bytes (1 switches on core 0)
Jun 29 17:14:07.987501 np0000003920 devstack@g-api.service[102695]: [pid: 102695|app: 0|req: 9/46] 127.0.0.1 () {44 vars in 1115 bytes} [Mon Jun 29 17:14:07 2026] GET /v2/images/b5030a35-b3b7-4156-89f3-8898aedd9a2d => generated 859 bytes in 16 msecs (HTTP/1.1 200) 4 headers in 157 bytes (1 switches on core 0)
Jun 29 17:14:07.995830 np0000003920 devstack@g-api.service[102696]: DEBUG glance.api.middleware.version_negotiation [None req-403b2a31-3820-4746-8555-4878ae1dad75 tempest-TaggedBootDevicesTest-1646708287 tempest-TaggedBootDevicesTest-1646708287-project-member] Determining version of request: GET /v2/schemas/image Accept: */* {{(pid=102696) process_request /opt/stack/glance/glance/api/middleware/version_negotiation.py:44}}
Jun 29 17:14:07.995830 np0000003920 devstack@g-api.service[102696]: DEBUG glance.api.middleware.version_negotiation [None req-403b2a31-3820-4746-8555-4878ae1dad75 tempest-TaggedBootDevicesTest-1646708287 tempest-TaggedBootDevicesTest-1646708287-project-member] Using url versioning {{(pid=102696) process_request /opt/stack/glance/glance/api/middleware/version_negotiation.py:57}}
