Jun 29 17:11:35.634910 np0000003920 nova-conductor[98788]: DEBUG cotyledon.oslo_config_glue [-] profiler.es_scroll_time = 2m {{(pid=98788) log_opt_values /opt/stack/data/venv/lib/python3.12/site-packages/oslo_config/cfg.py:3253}}
Jun 29 17:11:35.634910 np0000003920 nova-conductor[98788]: DEBUG cotyledon.oslo_config_glue [-] profiler.filter_error_trace = False {{(pid=98788) log_opt_values /opt/stack/data/venv/lib/python3.12/site-packages/oslo_config/cfg.py:3253}}
Jun 29 17:11:35.634910 np0000003920 nova-conductor[98788]: DEBUG cotyledon.oslo_config_glue [-] profiler.hmac_keys = **** {{(pid=98788) log_opt_values /opt/stack/data/venv/lib/python3.12/site-packages/oslo_config/cfg.py:3253}}
Jun 29 17:11:35.634910 np0000003920 nova-conductor[98788]: DEBUG cotyledon.oslo_config_glue [-] profiler.sentinel_service_name = mymaster {{(pid=98788) log_opt_values /opt/stack/data/venv/lib/python3.12/site-packages/oslo_config/cfg.py:3253}}
Jun 29 17:11:35.634910 np0000003920 nova-conductor[98788]: DEBUG cotyledon.oslo_config_glue [-] profiler.socket_timeout = 0.1 {{(pid=98788) log_opt_values /opt/stack/data/venv/lib/python3.12/site-packages/oslo_config/cfg.py:3253}}
Jun 29 17:11:35.635258 np0000003920 nova-conductor[98788]: DEBUG cotyledon.oslo_config_glue [-] profiler.trace_requests = False {{(pid=98788) log_opt_values /opt/stack/data/venv/lib/python3.12/site-packages/oslo_config/cfg.py:3253}}
Jun 29 17:11:35.635258 np0000003920 nova-conductor[98788]: DEBUG cotyledon.oslo_config_glue [-] profiler.trace_sqlalchemy = False {{(pid=98788) log_opt_values /opt/stack/data/venv/lib/python3.12/site-packages/oslo_config/cfg.py:3253}}
Jun 29 17:11:35.635258 np0000003920 nova-conductor[98788]: DEBUG cotyledon.oslo_config_glue [-] profiler_jaeger.process_tags = {} {{(pid=98788) log_opt_values /opt/stack/data/venv/lib/python3.12/site-packages/oslo_config/cfg.py:3253}}
Jun 29 17:11:35.635258 np0000003920 nova-conductor[98788]: DEBUG cotyledon.oslo_config_glue [-] profiler_jaeger.service_name_prefix = None {{(pid=98788) log_opt_values /opt/stack/data/venv/lib/python3.12/site-packages/oslo_config/cfg.py:3253}}
Jun 29 17:11:35.635258 np0000003920 nova-conductor[98788]: DEBUG cotyledon.oslo_config_glue [-] profiler_otlp.service_name_prefix = None {{(pid=98788) log_opt_values /opt/stack/data/venv/lib/python3.12/site-packages/oslo_config/cfg.py:3253}}
Jun 29 17:11:35.635258 np0000003920 nova-conductor[98788]: DEBUG cotyledon.oslo_config_glue [-] oslo_messaging_rabbit.amqp_auto_delete = False {{(pid=98788) log_opt_values /opt/stack/data/venv/lib/python3.12/site-packages/oslo_config/cfg.py:3253}}
Jun 29 17:11:35.635258 np0000003920 nova-conductor[98788]: DEBUG cotyledon.oslo_config_glue [-] oslo_messaging_rabbit.amqp_durable_queues = False {{(pid=98788) log_opt_values /opt/stack/data/venv/lib/python3.12/site-packages/oslo_config/cfg.py:3253}}
Jun 29 17:11:35.635258 np0000003920 nova-conductor[98788]: DEBUG cotyledon.oslo_config_glue [-] oslo_messaging_rabbit.conn_pool_min_size = 2 {{(pid=98788) log_opt_values /opt/stack/data/venv/lib/python3.12/site-packages/oslo_config/cfg.py:3253}}
Jun 29 17:11:35.635258 np0000003920 nova-conductor[98788]: DEBUG cotyledon.oslo_config_glue [-] oslo_messaging_rabbit.conn_pool_ttl = 1200 {{(pid=98788) log_opt_values /opt/stack/data/venv/lib/python3.12/site-packages/oslo_config/cfg.py:3253}}
Jun 29 17:11:35.635644 np0000003920 nova-conductor[98788]: DEBUG cotyledon.oslo_config_glue [-] oslo_messaging_rabbit.direct_mandatory_flag = True {{(pid=98788) log_opt_values /opt/stack/data/venv/lib/python3.12/site-packages/oslo_config/cfg.py:3253}}
Jun 29 17:11:35.635644 np0000003920 nova-conductor[98788]: DEBUG cotyledon.oslo_config_glue [-] oslo_messaging_rabbit.enable_cancel_on_failover = False {{(pid=98788) log_opt_values /opt/stack/data/venv/lib/python3.12/site-packages/oslo_config/cfg.py:3253}}
Jun 29 17:11:35.635644 np0000003920 nova-conductor[98788]: DEBUG cotyledon.oslo_config_glue [-] oslo_messaging_rabbit.heartbeat_rate = 3 {{(pid=98788) log_opt_values /opt/stack/data/venv/lib/python3.12/site-packages/oslo_config/cfg.py:3253}}
Jun 29 17:11:35.635644 np0000003920 nova-conductor[98788]: DEBUG cotyledon.oslo_config_glue [-] oslo_messaging_rabbit.heartbeat_timeout_threshold = 60 {{(pid=98788) log_opt_values /opt/stack/data/venv/lib/python3.12/site-packages/oslo_config/cfg.py:3253}}
Jun 29 17:11:35.635644 np0000003920 nova-conductor[98788]: DEBUG cotyledon.oslo_config_glue [-] oslo_messaging_rabbit.hostname = np0000003920 {{(pid=98788) log_opt_values /opt/stack/data/venv/lib/python3.12/site-packages/oslo_config/cfg.py:3253}}
Jun 29 17:11:35.635644 np0000003920 nova-conductor[98788]: DEBUG cotyledon.oslo_config_glue [-] oslo_messaging_rabbit.kombu_compression = None {{(pid=98788) log_opt_values /opt/stack/data/venv/lib/python3.12/site-packages/oslo_config/cfg.py:3253}}
Jun 29 17:11:35.635644 np0000003920 nova-conductor[98788]: DEBUG cotyledon.oslo_config_glue [-] oslo_messaging_rabbit.kombu_failover_strategy = round-robin {{(pid=98788) log_opt_values /opt/stack/data/venv/lib/python3.12/site-packages/oslo_config/cfg.py:3253}}
Jun 29 17:11:35.635644 np0000003920 nova-conductor[98788]: DEBUG cotyledon.oslo_config_glue [-] oslo_messaging_rabbit.kombu_missing_consumer_retry_timeout = 60 {{(pid=98788) log_opt_values /opt/stack/data/venv/lib/python3.12/site-packages/oslo_config/cfg.py:3253}}
Jun 29 17:11:35.635644 np0000003920 nova-conductor[98788]: DEBUG cotyledon.oslo_config_glue [-] oslo_messaging_rabbit.kombu_reconnect_delay = 1.0 {{(pid=98788) log_opt_values /opt/stack/data/venv/lib/python3.12/site-packages/oslo_config/cfg.py:3253}}
Jun 29 17:11:35.635993 np0000003920 nova-conductor[98788]: DEBUG cotyledon.oslo_config_glue [-] oslo_messaging_rabbit.kombu_reconnect_splay = 0.0 {{(pid=98788) log_opt_values /opt/stack/data/venv/lib/python3.12/site-packages/oslo_config/cfg.py:3253}}
Jun 29 17:11:35.635993 np0000003920 nova-conductor[98788]: DEBUG cotyledon.oslo_config_glue [-] oslo_messaging_rabbit.processname = nova-conductor {{(pid=98788) log_opt_values /opt/stack/data/venv/lib/python3.12/site-packages/oslo_config/cfg.py:3253}}
Jun 29 17:11:35.635993 np0000003920 nova-conductor[98788]: DEBUG cotyledon.oslo_config_glue [-] oslo_messaging_rabbit.rabbit_ha_queues = False {{(pid=98788) log_opt_values /opt/stack/data/venv/lib/python3.12/site-packages/oslo_config/cfg.py:3253}}
Jun 29 17:11:35.635993 np0000003920 nova-conductor[98788]: DEBUG cotyledon.oslo_config_glue [-] oslo_messaging_rabbit.rabbit_interval_max = 30 {{(pid=98788) log_opt_values /opt/stack/data/venv/lib/python3.12/site-packages/oslo_config/cfg.py:3253}}
Jun 29 17:11:35.635993 np0000003920 nova-conductor[98788]: DEBUG cotyledon.oslo_config_glue [-] oslo_messaging_rabbit.rabbit_login_method = AMQPLAIN {{(pid=98788) log_opt_values /opt/stack/data/venv/lib/python3.12/site-packages/oslo_config/cfg.py:3253}}
Jun 29 17:11:35.635993 np0000003920 nova-conductor[98788]: DEBUG cotyledon.oslo_config_glue [-] oslo_messaging_rabbit.rabbit_qos_prefetch_count = 0 {{(pid=98788) log_opt_values /opt/stack/data/venv/lib/python3.12/site-packages/oslo_config/cfg.py:3253}}
Jun 29 17:11:35.635993 np0000003920 nova-conductor[98788]: DEBUG cotyledon.oslo_config_glue [-] oslo_messaging_rabbit.rabbit_quorum_delivery_limit = 0 {{(pid=98788) log_opt_values /opt/stack/data/venv/lib/python3.12/site-packages/oslo_config/cfg.py:3253}}
Jun 29 17:11:35.635993 np0000003920 nova-conductor[98788]: DEBUG cotyledon.oslo_config_glue [-] oslo_messaging_rabbit.rabbit_quorum_max_memory_bytes = 0 {{(pid=98788) log_opt_values /opt/stack/data/venv/lib/python3.12/site-packages/oslo_config/cfg.py:3253}}
Jun 29 17:11:35.635993 np0000003920 nova-conductor[98788]: DEBUG cotyledon.oslo_config_glue [-] oslo_messaging_rabbit.rabbit_quorum_max_memory_length = 0 {{(pid=98788) log_opt_values /opt/stack/data/venv/lib/python3.12/site-packages/oslo_config/cfg.py:3253}}
Jun 29 17:11:35.636345 np0000003920 nova-conductor[98788]: DEBUG cotyledon.oslo_config_glue [-] oslo_messaging_rabbit.rabbit_quorum_queue = False {{(pid=98788) log_opt_values /opt/stack/data/venv/lib/python3.12/site-packages/oslo_config/cfg.py:3253}}
Jun 29 17:11:35.636345 np0000003920 nova-conductor[98788]: DEBUG cotyledon.oslo_config_glue [-] oslo_messaging_rabbit.rabbit_retry_backoff = 2 {{(pid=98788) log_opt_values /opt/stack/data/venv/lib/python3.12/site-packages/oslo_config/cfg.py:3253}}
Jun 29 17:11:35.636345 np0000003920 nova-conductor[98788]: DEBUG cotyledon.oslo_config_glue [-] oslo_messaging_rabbit.rabbit_retry_interval = 1 {{(pid=98788) log_opt_values /opt/stack/data/venv/lib/python3.12/site-packages/oslo_config/cfg.py:3253}}
Jun 29 17:11:35.636345 np0000003920 nova-conductor[98788]: DEBUG cotyledon.oslo_config_glue [-] oslo_messaging_rabbit.rabbit_stream_fanout = False {{(pid=98788) log_opt_values /opt/stack/data/venv/lib/python3.12/site-packages/oslo_config/cfg.py:3253}}
Jun 29 17:11:35.636345 np0000003920 nova-conductor[98788]: DEBUG cotyledon.oslo_config_glue [-] oslo_messaging_rabbit.rabbit_transient_queues_ttl = 1800 {{(pid=98788) log_opt_values /opt/stack/data/venv/lib/python3.12/site-packages/oslo_config/cfg.py:3253}}
Jun 29 17:11:35.636345 np0000003920 nova-conductor[98788]: DEBUG cotyledon.oslo_config_glue [-] oslo_messaging_rabbit.rabbit_transient_quorum_queue = False {{(pid=98788) log_opt_values /opt/stack/data/venv/lib/python3.12/site-packages/oslo_config/cfg.py:3253}}
Jun 29 17:11:35.636345 np0000003920 nova-conductor[98788]: DEBUG cotyledon.oslo_config_glue [-] oslo_messaging_rabbit.rpc_conn_pool_size = 30 {{(pid=98788) log_opt_values /opt/stack/data/venv/lib/python3.12/site-packages/oslo_config/cfg.py:3253}}
Jun 29 17:11:35.636345 np0000003920 nova-conductor[98788]: DEBUG cotyledon.oslo_config_glue [-] oslo_messaging_rabbit.ssl = False {{(pid=98788) log_opt_values /opt/stack/data/venv/lib/python3.12/site-packages/oslo_config/cfg.py:3253}}
Jun 29 17:11:35.636345 np0000003920 nova-conductor[98788]: DEBUG cotyledon.oslo_config_glue [-] oslo_messaging_rabbit.ssl_ca_file = {{(pid=98788) log_opt_values /opt/stack/data/venv/lib/python3.12/site-packages/oslo_config/cfg.py:3253}}
Jun 29 17:11:35.636730 np0000003920 nova-conductor[98788]: DEBUG cotyledon.oslo_config_glue [-] oslo_messaging_rabbit.ssl_cert_file = {{(pid=98788) log_opt_values /opt/stack/data/venv/lib/python3.12/site-packages/oslo_config/cfg.py:3253}}
Jun 29 17:11:35.636730 np0000003920 nova-conductor[98788]: DEBUG cotyledon.oslo_config_glue [-] oslo_messaging_rabbit.ssl_enforce_fips_mode = False {{(pid=98788) log_opt_values /opt/stack/data/venv/lib/python3.12/site-packages/oslo_config/cfg.py:3253}}
Jun 29 17:11:35.636730 np0000003920 nova-conductor[98788]: DEBUG cotyledon.oslo_config_glue [-] oslo_messaging_rabbit.ssl_enforce_hostname_verification = True {{(pid=98788) log_opt_values /opt/stack/data/venv/lib/python3.12/site-packages/oslo_config/cfg.py:3253}}
Jun 29 17:11:35.636730 np0000003920 nova-conductor[98788]: DEBUG cotyledon.oslo_config_glue [-] oslo_messaging_rabbit.ssl_key_file = {{(pid=98788) log_opt_values /opt/stack/data/venv/lib/python3.12/site-packages/oslo_config/cfg.py:3253}}
Jun 29 17:11:35.636730 np0000003920 nova-conductor[98788]: DEBUG cotyledon.oslo_config_glue [-] oslo_messaging_rabbit.ssl_version = {{(pid=98788) log_opt_values /opt/stack/data/venv/lib/python3.12/site-packages/oslo_config/cfg.py:3253}}
Jun 29 17:11:35.636730 np0000003920 nova-conductor[98788]: DEBUG cotyledon.oslo_config_glue [-] oslo_messaging_rabbit.use_queue_manager = False {{(pid=98788) log_opt_values /opt/stack/data/venv/lib/python3.12/site-packages/oslo_config/cfg.py:3253}}
Jun 29 17:11:35.636730 np0000003920 nova-conductor[98788]: DEBUG cotyledon.oslo_config_glue [-] oslo_messaging_notifications.driver = ['messagingv2'] {{(pid=98788) log_opt_values /opt/stack/data/venv/lib/python3.12/site-packages/oslo_config/cfg.py:3253}}
Jun 29 17:11:35.636730 np0000003920 nova-conductor[98788]: DEBUG cotyledon.oslo_config_glue [-] oslo_messaging_notifications.retry = -1 {{(pid=98788) log_opt_values /opt/stack/data/venv/lib/python3.12/site-packages/oslo_config/cfg.py:3253}}
Jun 29 17:11:35.636730 np0000003920 nova-conductor[98788]: DEBUG cotyledon.oslo_config_glue [-] oslo_messaging_notifications.topics = ['notifications'] {{(pid=98788) log_opt_values /opt/stack/data/venv/lib/python3.12/site-packages/oslo_config/cfg.py:3253}}
Jun 29 17:11:35.637037 np0000003920 nova-conductor[98788]: DEBUG cotyledon.oslo_config_glue [-] oslo_messaging_notifications.transport_url = **** {{(pid=98788) log_opt_values /opt/stack/data/venv/lib/python3.12/site-packages/oslo_config/cfg.py:3253}}
Jun 29 17:11:35.637037 np0000003920 nova-conductor[98788]: DEBUG cotyledon.oslo_config_glue [-] oslo_limit.auth_section = None {{(pid=98788) log_opt_values /opt/stack/data/venv/lib/python3.12/site-packages/oslo_config/cfg.py:3253}}
Jun 29 17:11:35.637037 np0000003920 nova-conductor[98788]: DEBUG cotyledon.oslo_config_glue [-] oslo_limit.auth_type = None {{(pid=98788) log_opt_values /opt/stack/data/venv/lib/python3.12/site-packages/oslo_config/cfg.py:3253}}
Jun 29 17:11:35.637037 np0000003920 nova-conductor[98788]: DEBUG cotyledon.oslo_config_glue [-] oslo_limit.cafile = None {{(pid=98788) log_opt_values /opt/stack/data/venv/lib/python3.12/site-packages/oslo_config/cfg.py:3253}}
Jun 29 17:11:35.637037 np0000003920 nova-conductor[98788]: DEBUG cotyledon.oslo_config_glue [-] oslo_limit.certfile = None {{(pid=98788) log_opt_values /opt/stack/data/venv/lib/python3.12/site-packages/oslo_config/cfg.py:3253}}
Jun 29 17:11:35.637037 np0000003920 nova-conductor[98788]: DEBUG cotyledon.oslo_config_glue [-] oslo_limit.collect_timing = False {{(pid=98788) log_opt_values /opt/stack/data/venv/lib/python3.12/site-packages/oslo_config/cfg.py:3253}}
Jun 29 17:11:35.637037 np0000003920 nova-conductor[98788]: DEBUG cotyledon.oslo_config_glue [-] oslo_limit.connect_retries = None {{(pid=98788) log_opt_values /opt/stack/data/venv/lib/python3.12/site-packages/oslo_config/cfg.py:3253}}
Jun 29 17:11:35.637037 np0000003920 nova-conductor[98788]: DEBUG cotyledon.oslo_config_glue [-] oslo_limit.connect_retry_delay = None {{(pid=98788) log_opt_values /opt/stack/data/venv/lib/python3.12/site-packages/oslo_config/cfg.py:3253}}
Jun 29 17:11:35.637037 np0000003920 nova-conductor[98788]: DEBUG cotyledon.oslo_config_glue [-] oslo_limit.endpoint_id = None {{(pid=98788) log_opt_values /opt/stack/data/venv/lib/python3.12/site-packages/oslo_config/cfg.py:3253}}
Jun 29 17:11:35.637388 np0000003920 nova-conductor[98788]: DEBUG cotyledon.oslo_config_glue [-] oslo_limit.endpoint_interface = public {{(pid=98788) log_opt_values /opt/stack/data/venv/lib/python3.12/site-packages/oslo_config/cfg.py:3253}}
Jun 29 17:11:35.637388 np0000003920 nova-conductor[98788]: DEBUG cotyledon.oslo_config_glue [-] oslo_limit.endpoint_override = None {{(pid=98788) log_opt_values /opt/stack/data/venv/lib/python3.12/site-packages/oslo_config/cfg.py:3253}}
Jun 29 17:11:35.637388 np0000003920 nova-conductor[98788]: DEBUG cotyledon.oslo_config_glue [-] oslo_limit.endpoint_region_name = None {{(pid=98788) log_opt_values /opt/stack/data/venv/lib/python3.12/site-packages/oslo_config/cfg.py:3253}}
Jun 29 17:11:35.637388 np0000003920 nova-conductor[98788]: DEBUG cotyledon.oslo_config_glue [-] oslo_limit.endpoint_service_name = None {{(pid=98788) log_opt_values /opt/stack/data/venv/lib/python3.12/site-packages/oslo_config/cfg.py:3253}}
Jun 29 17:11:35.637388 np0000003920 nova-conductor[98788]: DEBUG cotyledon.oslo_config_glue [-] oslo_limit.endpoint_service_type = None {{(pid=98788) log_opt_values /opt/stack/data/venv/lib/python3.12/site-packages/oslo_config/cfg.py:3253}}
Jun 29 17:11:35.637388 np0000003920 nova-conductor[98788]: DEBUG cotyledon.oslo_config_glue [-] oslo_limit.insecure = False {{(pid=98788) log_opt_values /opt/stack/data/venv/lib/python3.12/site-packages/oslo_config/cfg.py:3253}}
Jun 29 17:11:35.637388 np0000003920 nova-conductor[98788]: DEBUG cotyledon.oslo_config_glue [-] oslo_limit.keyfile = None {{(pid=98788) log_opt_values /opt/stack/data/venv/lib/python3.12/site-packages/oslo_config/cfg.py:3253}}
Jun 29 17:11:35.637388 np0000003920 nova-conductor[98788]: DEBUG cotyledon.oslo_config_glue [-] oslo_limit.max_version = None {{(pid=98788) log_opt_values /opt/stack/data/venv/lib/python3.12/site-packages/oslo_config/cfg.py:3253}}
Jun 29 17:11:35.637388 np0000003920 nova-conductor[98788]: DEBUG cotyledon.oslo_config_glue [-] oslo_limit.min_version = None {{(pid=98788) log_opt_values /opt/stack/data/venv/lib/python3.12/site-packages/oslo_config/cfg.py:3253}}
Jun 29 17:11:35.637781 np0000003920 nova-conductor[98788]: DEBUG cotyledon.oslo_config_glue [-] oslo_limit.region_name = None {{(pid=98788) log_opt_values /opt/stack/data/venv/lib/python3.12/site-packages/oslo_config/cfg.py:3253}}
Jun 29 17:11:35.637781 np0000003920 nova-conductor[98788]: DEBUG cotyledon.oslo_config_glue [-] oslo_limit.retriable_status_codes = None {{(pid=98788) log_opt_values /opt/stack/data/venv/lib/python3.12/site-packages/oslo_config/cfg.py:3253}}
Jun 29 17:11:35.637781 np0000003920 nova-conductor[98788]: DEBUG cotyledon.oslo_config_glue [-] oslo_limit.service_name = None {{(pid=98788) log_opt_values /opt/stack/data/venv/lib/python3.12/site-packages/oslo_config/cfg.py:3253}}
Jun 29 17:11:35.637781 np0000003920 nova-conductor[98788]: DEBUG cotyledon.oslo_config_glue [-] oslo_limit.service_type = None {{(pid=98788) log_opt_values /opt/stack/data/venv/lib/python3.12/site-packages/oslo_config/cfg.py:3253}}
Jun 29 17:11:35.637781 np0000003920 nova-conductor[98788]: DEBUG cotyledon.oslo_config_glue [-] oslo_limit.split_loggers = False {{(pid=98788) log_opt_values /opt/stack/data/venv/lib/python3.12/site-packages/oslo_config/cfg.py:3253}}
Jun 29 17:11:35.637781 np0000003920 nova-conductor[98788]: DEBUG cotyledon.oslo_config_glue [-] oslo_limit.status_code_retries = None {{(pid=98788) log_opt_values /opt/stack/data/venv/lib/python3.12/site-packages/oslo_config/cfg.py:3253}}
Jun 29 17:11:35.637781 np0000003920 nova-conductor[98788]: DEBUG cotyledon.oslo_config_glue [-] oslo_limit.status_code_retry_delay = None {{(pid=98788) log_opt_values /opt/stack/data/venv/lib/python3.12/site-packages/oslo_config/cfg.py:3253}}
Jun 29 17:11:35.637781 np0000003920 nova-conductor[98788]: DEBUG cotyledon.oslo_config_glue [-] oslo_limit.timeout = None {{(pid=98788) log_opt_values /opt/stack/data/venv/lib/python3.12/site-packages/oslo_config/cfg.py:3253}}
Jun 29 17:11:35.637781 np0000003920 nova-conductor[98788]: DEBUG cotyledon.oslo_config_glue [-] oslo_limit.valid_interfaces = None {{(pid=98788) log_opt_values /opt/stack/data/venv/lib/python3.12/site-packages/oslo_config/cfg.py:3253}}
Jun 29 17:11:35.638146 np0000003920 nova-conductor[98788]: DEBUG cotyledon.oslo_config_glue [-] oslo_limit.version = None {{(pid=98788) log_opt_values /opt/stack/data/venv/lib/python3.12/site-packages/oslo_config/cfg.py:3253}}
Jun 29 17:11:35.638146 np0000003920 nova-conductor[98788]: DEBUG cotyledon.oslo_config_glue [-] oslo_reports.file_event_handler = None {{(pid=98788) log_opt_values /opt/stack/data/venv/lib/python3.12/site-packages/oslo_config/cfg.py:3253}}
Jun 29 17:11:35.638146 np0000003920 nova-conductor[98788]: DEBUG cotyledon.oslo_config_glue [-] oslo_reports.file_event_handler_interval = 1 {{(pid=98788) log_opt_values /opt/stack/data/venv/lib/python3.12/site-packages/oslo_config/cfg.py:3253}}
Jun 29 17:11:35.638146 np0000003920 nova-conductor[98788]: DEBUG cotyledon.oslo_config_glue [-] oslo_reports.log_dir = None {{(pid=98788) log_opt_values /opt/stack/data/venv/lib/python3.12/site-packages/oslo_config/cfg.py:3253}}
Jun 29 17:11:35.638146 np0000003920 nova-conductor[98788]: DEBUG cotyledon.oslo_config_glue [-] ******************************************************************************** {{(pid=98788) log_opt_values /opt/stack/data/venv/lib/python3.12/site-packages/oslo_config/cfg.py:3260}}
Jun 29 17:11:35.638146 np0000003920 nova-conductor[98788]: DEBUG cotyledon._service_worker [-] Run service ServiceWrapper(3) [98788] {{(pid=98788) wait_forever /opt/stack/data/venv/lib/python3.12/site-packages/cotyledon/_service_worker.py:218}}
Jun 29 17:11:35.638370 np0000003920 nova-conductor[98771]: DEBUG oslo_db.sqlalchemy.engines [None req-68fb4a67-689d-4083-bb27-5eeddef64555 None None] MySQL server mode set to STRICT_TRANS_TABLES,STRICT_ALL_TABLES,NO_ZERO_IN_DATE,NO_ZERO_DATE,ERROR_FOR_DIVISION_BY_ZERO,TRADITIONAL,NO_ENGINE_SUBSTITUTION {{(pid=98771) _check_effective_sql_mode /opt/stack/data/venv/lib/python3.12/site-packages/oslo_db/sqlalchemy/engines.py:325}}
Jun 29 17:11:35.638442 np0000003920 nova-conductor[98788]: INFO nova.service [-] Starting conductor node (version 33.1.0)
Jun 29 17:11:35.638442 np0000003920 nova-conductor[98788]: INFO dbcounter [None req-9cb84d23-d028-45f7-999d-0554aed19e47 None None] Registered counter for database nova_cell0
Jun 29 17:11:35.638527 np0000003920 nova-conductor[98771]: DEBUG dbcounter [-] [98771] Writer thread running {{(pid=98771) stat_writer /opt/stack/data/venv/lib/python3.12/site-packages/dbcounter.py:102}}
Jun 29 17:11:35.638588 np0000003920 nova-conductor[98777]: DEBUG oslo_db.sqlalchemy.engines [None req-4f944396-47e4-442b-9cb5-bed6087ab7c0 None None] MySQL server mode set to STRICT_TRANS_TABLES,STRICT_ALL_TABLES,NO_ZERO_IN_DATE,NO_ZERO_DATE,ERROR_FOR_DIVISION_BY_ZERO,TRADITIONAL,NO_ENGINE_SUBSTITUTION {{(pid=98777) _check_effective_sql_mode /opt/stack/data/venv/lib/python3.12/site-packages/oslo_db/sqlalchemy/engines.py:325}}
Jun 29 17:11:35.638588 np0000003920 nova-conductor[98777]: DEBUG dbcounter [-] [98777] Writer thread running {{(pid=98777) stat_writer /opt/stack/data/venv/lib/python3.12/site-packages/dbcounter.py:102}}
Jun 29 17:11:35.638700 np0000003920 nova-conductor[98782]: DEBUG oslo_db.sqlalchemy.engines [None req-f409c28a-9513-4b0a-a745-9a16b4ae15e2 None None] MySQL server mode set to STRICT_TRANS_TABLES,STRICT_ALL_TABLES,NO_ZERO_IN_DATE,NO_ZERO_DATE,ERROR_FOR_DIVISION_BY_ZERO,TRADITIONAL,NO_ENGINE_SUBSTITUTION {{(pid=98782) _check_effective_sql_mode /opt/stack/data/venv/lib/python3.12/site-packages/oslo_db/sqlalchemy/engines.py:325}}
Jun 29 17:11:35.638762 np0000003920 nova-conductor[98771]: DEBUG nova.service [None req-68fb4a67-689d-4083-bb27-5eeddef64555 None None] Creating RPC server for service: nova-conductor on topic: conductor {{(pid=98771) start /opt/stack/nova/nova/service.py:196}}
Jun 29 17:11:35.638814 np0000003920 nova-conductor[98777]: DEBUG nova.service [None req-4f944396-47e4-442b-9cb5-bed6087ab7c0 None None] Creating RPC server for service: nova-conductor on topic: conductor {{(pid=98777) start /opt/stack/nova/nova/service.py:196}}
Jun 29 17:11:35.638864 np0000003920 nova-conductor[98782]: DEBUG dbcounter [-] [98782] Writer thread running {{(pid=98782) stat_writer /opt/stack/data/venv/lib/python3.12/site-packages/dbcounter.py:102}}
Jun 29 17:11:35.638864 np0000003920 nova-conductor[98782]: DEBUG nova.service [None req-f409c28a-9513-4b0a-a745-9a16b4ae15e2 None None] Creating RPC server for service: nova-conductor on topic: conductor {{(pid=98782) start /opt/stack/nova/nova/service.py:196}}
Jun 29 17:11:35.638959 np0000003920 nova-conductor[98788]: DEBUG oslo_db.sqlalchemy.engines [None req-9cb84d23-d028-45f7-999d-0554aed19e47 None None] MySQL server mode set to STRICT_TRANS_TABLES,STRICT_ALL_TABLES,NO_ZERO_IN_DATE,NO_ZERO_DATE,ERROR_FOR_DIVISION_BY_ZERO,TRADITIONAL,NO_ENGINE_SUBSTITUTION {{(pid=98788) _check_effective_sql_mode /opt/stack/data/venv/lib/python3.12/site-packages/oslo_db/sqlalchemy/engines.py:325}}
Jun 29 17:11:35.643066 np0000003920 nova-conductor[98788]: DEBUG dbcounter [-] [98788] Writer thread running {{(pid=98788) stat_writer /opt/stack/data/venv/lib/python3.12/site-packages/dbcounter.py:102}}
Jun 29 17:11:35.644582 np0000003920 nova-conductor[98771]: DEBUG nova.service [None req-68fb4a67-689d-4083-bb27-5eeddef64555 None None] Join ServiceGroup membership for this service conductor {{(pid=98771) start /opt/stack/nova/nova/service.py:222}}
Jun 29 17:11:35.644939 np0000003920 nova-conductor[98771]: DEBUG nova.servicegroup.drivers.db [None req-68fb4a67-689d-4083-bb27-5eeddef64555 None None] DB_Driver: join new ServiceGroup member np0000003920 to the conductor group, service = {{(pid=98771) join /opt/stack/nova/nova/servicegroup/drivers/db.py:44}}
Jun 29 17:11:35.646000 np0000003920 nova-conductor[98788]: DEBUG nova.service [None req-9cb84d23-d028-45f7-999d-0554aed19e47 None None] Creating RPC server for service: nova-conductor on topic: conductor {{(pid=98788) start /opt/stack/nova/nova/service.py:196}}
Jun 29 17:11:35.648945 np0000003920 nova-conductor[98777]: DEBUG nova.service [None req-4f944396-47e4-442b-9cb5-bed6087ab7c0 None None] Join ServiceGroup membership for this service conductor {{(pid=98777) start /opt/stack/nova/nova/service.py:222}}
Jun 29 17:11:35.649034 np0000003920 nova-conductor[98782]: DEBUG nova.service [None req-f409c28a-9513-4b0a-a745-9a16b4ae15e2 None None] Join ServiceGroup membership for this service conductor {{(pid=98782) start /opt/stack/nova/nova/service.py:222}}
Jun 29 17:11:35.649180 np0000003920 nova-conductor[98777]: DEBUG nova.servicegroup.drivers.db [None req-4f944396-47e4-442b-9cb5-bed6087ab7c0 None None] DB_Driver: join new ServiceGroup member np0000003920 to the conductor group, service = {{(pid=98777) join /opt/stack/nova/nova/servicegroup/drivers/db.py:44}}
Jun 29 17:11:35.649241 np0000003920 nova-conductor[98782]: DEBUG nova.servicegroup.drivers.db [None req-f409c28a-9513-4b0a-a745-9a16b4ae15e2 None None] DB_Driver: join new ServiceGroup member np0000003920 to the conductor group, service = {{(pid=98782) join /opt/stack/nova/nova/servicegroup/drivers/db.py:44}}
Jun 29 17:11:35.661628 np0000003920 nova-conductor[98788]: DEBUG nova.service [None req-9cb84d23-d028-45f7-999d-0554aed19e47 None None] Join ServiceGroup membership for this service conductor {{(pid=98788) start /opt/stack/nova/nova/service.py:222}}
Jun 29 17:11:35.661789 np0000003920 nova-conductor[98788]: DEBUG nova.servicegroup.drivers.db [None req-9cb84d23-d028-45f7-999d-0554aed19e47 None None] DB_Driver: join new ServiceGroup member np0000003920 to the conductor group, service = {{(pid=98788) join /opt/stack/nova/nova/servicegroup/drivers/db.py:44}}
Jun 29 17:11:36.647239 np0000003920 nova-conductor[98771]: DEBUG oslo.service.backend._threading.loopingcall [None req-da58f240-1d8c-482f-9fbb-a4e4a1330093 None None] Dynamic interval looping call 'nova.service.Service.periodic_tasks' sleeping for 60.00 seconds {{(pid=98771) _run_loop /opt/stack/data/venv/lib/python3.12/site-packages/oslo_service/backend/_threading/loopingcall.py:125}}
Jun 29 17:11:40.662519 np0000003920 nova-conductor[98777]: DEBUG oslo.service.backend._threading.loopingcall [-] Fixed interval looping call 'nova.servicegroup.drivers.db.DbDriver._report_state' sleeping for 119.99 seconds {{(pid=98777) _run_loop /opt/stack/data/venv/lib/python3.12/site-packages/oslo_service/backend/_threading/loopingcall.py:125}}
Jun 29 17:11:40.663617 np0000003920 nova-conductor[98771]: DEBUG oslo.service.backend._threading.loopingcall [-] Fixed interval looping call 'nova.servicegroup.drivers.db.DbDriver._report_state' sleeping for 119.98 seconds {{(pid=98771) _run_loop /opt/stack/data/venv/lib/python3.12/site-packages/oslo_service/backend/_threading/loopingcall.py:125}}
Jun 29 17:11:40.665229 np0000003920 nova-conductor[98782]: DEBUG oslo.service.backend._threading.loopingcall [-] Fixed interval looping call 'nova.servicegroup.drivers.db.DbDriver._report_state' sleeping for 119.99 seconds {{(pid=98782) _run_loop /opt/stack/data/venv/lib/python3.12/site-packages/oslo_service/backend/_threading/loopingcall.py:125}}
Jun 29 17:11:40.670953 np0000003920 nova-conductor[98788]: DEBUG oslo.service.backend._threading.loopingcall [-] Fixed interval looping call 'nova.servicegroup.drivers.db.DbDriver._report_state' sleeping for 119.99 seconds {{(pid=98788) _run_loop /opt/stack/data/venv/lib/python3.12/site-packages/oslo_service/backend/_threading/loopingcall.py:125}}
Jun 29 17:11:44.206973 np0000003920 nova-conductor[97262]: DEBUG dbcounter [-] [97262] Writing DB stats nova_api:SELECT=1 {{(pid=97262) stat_writer /opt/stack/data/venv/lib/python3.12/site-packages/dbcounter.py:115}}
Jun 29 17:11:44.343430 np0000003920 nova-conductor[97262]: DEBUG dbcounter [-] [97262] Writing DB stats nova_cell0:SELECT=1 {{(pid=97262) stat_writer /opt/stack/data/venv/lib/python3.12/site-packages/dbcounter.py:115}}
Jun 29 17:11:44.351413 np0000003920 nova-conductor[97262]: DEBUG dbcounter [-] [97262] Writing DB stats nova_cell1:SELECT=1 {{(pid=97262) stat_writer /opt/stack/data/venv/lib/python3.12/site-packages/dbcounter.py:115}}
Jun 29 17:11:50.658165 np0000003920 nova-conductor[98777]: DEBUG dbcounter [-] [98777] Writing DB stats nova_cell0:SELECT=5,nova_cell0:INSERT=1,nova_cell0:UPDATE=1 {{(pid=98777) stat_writer /opt/stack/data/venv/lib/python3.12/site-packages/dbcounter.py:115}}
Jun 29 17:11:50.662042 np0000003920 nova-conductor[98771]: DEBUG dbcounter [-] [98771] Writing DB stats nova_cell0:SELECT=4,nova_cell0:INSERT=1,nova_cell0:UPDATE=1 {{(pid=98771) stat_writer /opt/stack/data/venv/lib/python3.12/site-packages/dbcounter.py:115}}
Jun 29 17:11:50.662760 np0000003920 nova-conductor[98782]: DEBUG dbcounter [-] [98782] Writing DB stats nova_cell0:SELECT=3,nova_cell0:UPDATE=1 {{(pid=98782) stat_writer /opt/stack/data/venv/lib/python3.12/site-packages/dbcounter.py:115}}
Jun 29 17:11:50.668642 np0000003920 nova-conductor[98788]: DEBUG dbcounter [-] [98788] Writing DB stats nova_cell0:SELECT=3 {{(pid=98788) stat_writer /opt/stack/data/venv/lib/python3.12/site-packages/dbcounter.py:115}}
Jun 29 17:11:55.651883 np0000003920 nova-conductor[98782]: DEBUG oslo.service.backend._threading.loopingcall [None req-33146bd6-63b7-4e5d-982d-60dfe9cd19a7 None None] Dynamic interval looping call 'nova.service.Service.periodic_tasks' sleeping for 60.00 seconds {{(pid=98782) _run_loop /opt/stack/data/venv/lib/python3.12/site-packages/oslo_service/backend/_threading/loopingcall.py:125}}
Jun 29 17:12:08.663479 np0000003920 nova-conductor[98788]: DEBUG oslo.service.backend._threading.loopingcall [None req-655fa863-8198-4548-97cb-a2d26eede1c1 None None] Dynamic interval looping call 'nova.service.Service.periodic_tasks' sleeping for 60.00 seconds {{(pid=98788) _run_loop /opt/stack/data/venv/lib/python3.12/site-packages/oslo_service/backend/_threading/loopingcall.py:125}}
Jun 29 17:12:35.651893 np0000003920 nova-conductor[98777]: DEBUG oslo.service.backend._threading.loopingcall [None req-524fe4f3-1a19-4fbe-b125-a741d1a169ff None None] Dynamic interval looping call 'nova.service.Service.periodic_tasks' sleeping for 60.00 seconds {{(pid=98777) _run_loop /opt/stack/data/venv/lib/python3.12/site-packages/oslo_service/backend/_threading/loopingcall.py:125}}
Jun 29 17:12:36.647729 np0000003920 nova-conductor[98771]: DEBUG oslo.service.backend._threading.loopingcall [None req-da58f240-1d8c-482f-9fbb-a4e4a1330093 None None] Dynamic interval looping call 'nova.service.Service.periodic_tasks' sleeping for 60.00 seconds {{(pid=98771) _run_loop /opt/stack/data/venv/lib/python3.12/site-packages/oslo_service/backend/_threading/loopingcall.py:125}}
Jun 29 17:12:55.652510 np0000003920 nova-conductor[98782]: DEBUG oslo.service.backend._threading.loopingcall [None req-33146bd6-63b7-4e5d-982d-60dfe9cd19a7 None None] Dynamic interval looping call 'nova.service.Service.periodic_tasks' sleeping for 60.00 seconds {{(pid=98782) _run_loop /opt/stack/data/venv/lib/python3.12/site-packages/oslo_service/backend/_threading/loopingcall.py:125}}
Jun 29 17:13:08.663854 np0000003920 nova-conductor[98788]: DEBUG oslo.service.backend._threading.loopingcall [None req-655fa863-8198-4548-97cb-a2d26eede1c1 None None] Dynamic interval looping call 'nova.service.Service.periodic_tasks' sleeping for 60.00 seconds {{(pid=98788) _run_loop /opt/stack/data/venv/lib/python3.12/site-packages/oslo_service/backend/_threading/loopingcall.py:125}}
Jun 29 17:13:35.652551 np0000003920 nova-conductor[98777]: DEBUG oslo.service.backend._threading.loopingcall [None req-524fe4f3-1a19-4fbe-b125-a741d1a169ff None None] Dynamic interval looping call 'nova.service.Service.periodic_tasks' sleeping for 60.00 seconds {{(pid=98777) _run_loop /opt/stack/data/venv/lib/python3.12/site-packages/oslo_service/backend/_threading/loopingcall.py:125}}
Jun 29 17:13:36.648513 np0000003920 nova-conductor[98771]: DEBUG oslo.service.backend._threading.loopingcall [None req-da58f240-1d8c-482f-9fbb-a4e4a1330093 None None] Dynamic interval looping call 'nova.service.Service.periodic_tasks' sleeping for 60.00 seconds {{(pid=98771) _run_loop /opt/stack/data/venv/lib/python3.12/site-packages/oslo_service/backend/_threading/loopingcall.py:125}}
Jun 29 17:13:40.658131 np0000003920 nova-conductor[98771]: DEBUG oslo.service.backend._threading.loopingcall [-] Fixed interval looping call 'nova.servicegroup.drivers.db.DbDriver._report_state' sleeping for 119.99 seconds {{(pid=98771) _run_loop /opt/stack/data/venv/lib/python3.12/site-packages/oslo_service/backend/_threading/loopingcall.py:125}}
Jun 29 17:13:40.658595 np0000003920 nova-conductor[98777]: DEBUG oslo.service.backend._threading.loopingcall [-] Fixed interval looping call 'nova.servicegroup.drivers.db.DbDriver._report_state' sleeping for 119.99 seconds {{(pid=98777) _run_loop /opt/stack/data/venv/lib/python3.12/site-packages/oslo_service/backend/_threading/loopingcall.py:125}}
Jun 29 17:13:40.660322 np0000003920 nova-conductor[98782]: DEBUG oslo.service.backend._threading.loopingcall [-] Fixed interval looping call 'nova.servicegroup.drivers.db.DbDriver._report_state' sleeping for 120.00 seconds {{(pid=98782) _run_loop /opt/stack/data/venv/lib/python3.12/site-packages/oslo_service/backend/_threading/loopingcall.py:125}}
Jun 29 17:13:40.665993 np0000003920 nova-conductor[98788]: DEBUG oslo.service.backend._threading.loopingcall [-] Fixed interval looping call 'nova.servicegroup.drivers.db.DbDriver._report_state' sleeping for 120.00 seconds {{(pid=98788) _run_loop /opt/stack/data/venv/lib/python3.12/site-packages/oslo_service/backend/_threading/loopingcall.py:125}}
Jun 29 17:13:50.651544 np0000003920 nova-conductor[98771]: DEBUG dbcounter [-] [98771] Writing DB stats nova_cell0:SELECT=1,nova_cell0:UPDATE=1 {{(pid=98771) stat_writer /opt/stack/data/venv/lib/python3.12/site-packages/dbcounter.py:115}}
Jun 29 17:13:50.657685 np0000003920 nova-conductor[98782]: DEBUG dbcounter [-] [98782] Writing DB stats nova_cell0:SELECT=1 {{(pid=98782) stat_writer /opt/stack/data/venv/lib/python3.12/site-packages/dbcounter.py:115}}
Jun 29 17:13:50.658100 np0000003920 nova-conductor[98777]: DEBUG dbcounter [-] [98777] Writing DB stats nova_cell0:SELECT=1,nova_cell0:UPDATE=1 {{(pid=98777) stat_writer /opt/stack/data/venv/lib/python3.12/site-packages/dbcounter.py:115}}
Jun 29 17:13:50.663765 np0000003920 nova-conductor[98788]: DEBUG dbcounter [-] [98788] Writing DB stats nova_cell0:SELECT=1 {{(pid=98788) stat_writer /opt/stack/data/venv/lib/python3.12/site-packages/dbcounter.py:115}}
Jun 29 17:13:55.652882 np0000003920 nova-conductor[98782]: DEBUG oslo.service.backend._threading.loopingcall [None req-33146bd6-63b7-4e5d-982d-60dfe9cd19a7 None None] Dynamic interval looping call 'nova.service.Service.periodic_tasks' sleeping for 60.00 seconds {{(pid=98782) _run_loop /opt/stack/data/venv/lib/python3.12/site-packages/oslo_service/backend/_threading/loopingcall.py:125}}
Jun 29 17:14:01.868034 np0000003920 nova-conductor[98771]: DEBUG oslo_db.sqlalchemy.engines [None req-88f363f6-2bdc-40d2-abad-76ae3639b0f7 tempest-AttachVolumeShelveTestJSON-1722238119 tempest-AttachVolumeShelveTestJSON-1722238119-project-member] Parent process 97262 forked (98771) with an open database connection, which is being discarded and recreated. {{(pid=98771) checkout /opt/stack/data/venv/lib/python3.12/site-packages/oslo_db/sqlalchemy/engines.py:402}}
Jun 29 17:14:01.926385 np0000003920 nova-conductor[98771]: DEBUG dbcounter [-] [98771] Writer thread running {{(pid=98771) stat_writer /opt/stack/data/venv/lib/python3.12/site-packages/dbcounter.py:102}}
Jun 29 17:14:03.458742 np0000003920 nova-conductor[98771]: DEBUG nova.conductor.manager [None req-88f363f6-2bdc-40d2-abad-76ae3639b0f7 tempest-AttachVolumeShelveTestJSON-1722238119 tempest-AttachVolumeShelveTestJSON-1722238119-project-member] Took 1.53 seconds to select destinations for 1 instance(s). {{(pid=98771) _schedule_instances /opt/stack/nova/nova/conductor/manager.py:968}}
Jun 29 17:14:03.500217 np0000003920 nova-conductor[98771]: DEBUG oslo_concurrency.lockutils [None req-88f363f6-2bdc-40d2-abad-76ae3639b0f7 tempest-AttachVolumeShelveTestJSON-1722238119 tempest-AttachVolumeShelveTestJSON-1722238119-project-member] Acquiring lock "bc5a9dc5-2c8e-45bf-9386-5f0cc1ba1708" by "nova.context.set_target_cell..get_or_set_cached_cell_and_set_connections" {{(pid=98771) inner /opt/stack/data/venv/lib/python3.12/site-packages/oslo_concurrency/lockutils.py:511}}
Jun 29 17:14:03.500624 np0000003920 nova-conductor[98771]: DEBUG oslo_concurrency.lockutils [None req-88f363f6-2bdc-40d2-abad-76ae3639b0f7 tempest-AttachVolumeShelveTestJSON-1722238119 tempest-AttachVolumeShelveTestJSON-1722238119-project-member] Lock "bc5a9dc5-2c8e-45bf-9386-5f0cc1ba1708" acquired by "nova.context.set_target_cell..get_or_set_cached_cell_and_set_connections" :: waited 0.001s {{(pid=98771) inner /opt/stack/data/venv/lib/python3.12/site-packages/oslo_concurrency/lockutils.py:524}}
Jun 29 17:14:03.502738 np0000003920 nova-conductor[98771]: DEBUG oslo_concurrency.lockutils [None req-88f363f6-2bdc-40d2-abad-76ae3639b0f7 tempest-AttachVolumeShelveTestJSON-1722238119 tempest-AttachVolumeShelveTestJSON-1722238119-project-member] Lock "bc5a9dc5-2c8e-45bf-9386-5f0cc1ba1708" "released" by "nova.context.set_target_cell..get_or_set_cached_cell_and_set_connections" :: held 0.002s {{(pid=98771) inner /opt/stack/data/venv/lib/python3.12/site-packages/oslo_concurrency/lockutils.py:543}}
Jun 29 17:14:03.506761 np0000003920 nova-conductor[98771]: INFO dbcounter [None req-88f363f6-2bdc-40d2-abad-76ae3639b0f7 tempest-AttachVolumeShelveTestJSON-1722238119 tempest-AttachVolumeShelveTestJSON-1722238119-project-member] Registered counter for database nova_cell1
Jun 29 17:14:03.565320 np0000003920 nova-conductor[98771]: DEBUG oslo_db.sqlalchemy.engines [None req-88f363f6-2bdc-40d2-abad-76ae3639b0f7 tempest-AttachVolumeShelveTestJSON-1722238119 tempest-AttachVolumeShelveTestJSON-1722238119-project-member] MySQL server mode set to STRICT_TRANS_TABLES,STRICT_ALL_TABLES,NO_ZERO_IN_DATE,NO_ZERO_DATE,ERROR_FOR_DIVISION_BY_ZERO,TRADITIONAL,NO_ENGINE_SUBSTITUTION {{(pid=98771) _check_effective_sql_mode /opt/stack/data/venv/lib/python3.12/site-packages/oslo_db/sqlalchemy/engines.py:325}}
Jun 29 17:14:03.573318 np0000003920 nova-conductor[98771]: DEBUG dbcounter [-] [98771] Writer thread running {{(pid=98771) stat_writer /opt/stack/data/venv/lib/python3.12/site-packages/dbcounter.py:102}}
Jun 29 17:14:03.658549 np0000003920 nova-conductor[98771]: INFO nova.utils [None req-88f363f6-2bdc-40d2-abad-76ae3639b0f7 tempest-AttachVolumeShelveTestJSON-1722238119 tempest-AttachVolumeShelveTestJSON-1722238119-project-member] The cell worker thread pool ForkProcess-1.cell_worker is initialized
Jun 29 17:14:03.658885 np0000003920 nova-conductor[98771]: DEBUG oslo_concurrency.lockutils [None req-88f363f6-2bdc-40d2-abad-76ae3639b0f7 tempest-AttachVolumeShelveTestJSON-1722238119 tempest-AttachVolumeShelveTestJSON-1722238119-project-member] Acquiring lock "00000000-0000-0000-0000-000000000000" by "nova.context.set_target_cell..get_or_set_cached_cell_and_set_connections" {{(pid=98771) inner /opt/stack/data/venv/lib/python3.12/site-packages/oslo_concurrency/lockutils.py:511}}
Jun 29 17:14:03.660095 np0000003920 nova-conductor[98771]: DEBUG oslo_concurrency.lockutils [None req-88f363f6-2bdc-40d2-abad-76ae3639b0f7 tempest-AttachVolumeShelveTestJSON-1722238119 tempest-AttachVolumeShelveTestJSON-1722238119-project-member] Lock "00000000-0000-0000-0000-000000000000" acquired by "nova.context.set_target_cell..get_or_set_cached_cell_and_set_connections" :: waited 0.000s {{(pid=98771) inner /opt/stack/data/venv/lib/python3.12/site-packages/oslo_concurrency/lockutils.py:524}}
Jun 29 17:14:03.660095 np0000003920 nova-conductor[98771]: DEBUG oslo_concurrency.lockutils [None req-88f363f6-2bdc-40d2-abad-76ae3639b0f7 tempest-AttachVolumeShelveTestJSON-1722238119 tempest-AttachVolumeShelveTestJSON-1722238119-project-member] Lock "00000000-0000-0000-0000-000000000000" "released" by "nova.context.set_target_cell..get_or_set_cached_cell_and_set_connections" :: held 0.000s {{(pid=98771) inner /opt/stack/data/venv/lib/python3.12/site-packages/oslo_concurrency/lockutils.py:543}}
Jun 29 17:14:03.661122 np0000003920 nova-conductor[98771]: DEBUG oslo_concurrency.lockutils [None req-88f363f6-2bdc-40d2-abad-76ae3639b0f7 tempest-AttachVolumeShelveTestJSON-1722238119 tempest-AttachVolumeShelveTestJSON-1722238119-project-member] Acquiring lock "bc5a9dc5-2c8e-45bf-9386-5f0cc1ba1708" by "nova.context.set_target_cell..get_or_set_cached_cell_and_set_connections" {{(pid=98771) inner /opt/stack/data/venv/lib/python3.12/site-packages/oslo_concurrency/lockutils.py:511}}
Jun 29 17:14:03.662773 np0000003920 nova-conductor[98771]: DEBUG oslo_concurrency.lockutils [None req-88f363f6-2bdc-40d2-abad-76ae3639b0f7 tempest-AttachVolumeShelveTestJSON-1722238119 tempest-AttachVolumeShelveTestJSON-1722238119-project-member] Lock "bc5a9dc5-2c8e-45bf-9386-5f0cc1ba1708" acquired by "nova.context.set_target_cell..get_or_set_cached_cell_and_set_connections" :: waited 0.001s {{(pid=98771) inner /opt/stack/data/venv/lib/python3.12/site-packages/oslo_concurrency/lockutils.py:524}}
Jun 29 17:14:03.662773 np0000003920 nova-conductor[98771]: INFO dbcounter [None req-88f363f6-2bdc-40d2-abad-76ae3639b0f7 tempest-AttachVolumeShelveTestJSON-1722238119 tempest-AttachVolumeShelveTestJSON-1722238119-project-member] Registered counter for database nova_cell0
Jun 29 17:14:03.665341 np0000003920 nova-conductor[98771]: DEBUG oslo_concurrency.lockutils [None req-88f363f6-2bdc-40d2-abad-76ae3639b0f7 tempest-AttachVolumeShelveTestJSON-1722238119 tempest-AttachVolumeShelveTestJSON-1722238119-project-member] Lock "bc5a9dc5-2c8e-45bf-9386-5f0cc1ba1708" "released" by "nova.context.set_target_cell..get_or_set_cached_cell_and_set_connections" :: held 0.000s {{(pid=98771) inner /opt/stack/data/venv/lib/python3.12/site-packages/oslo_concurrency/lockutils.py:543}}
Jun 29 17:14:03.724860 np0000003920 nova-conductor[98771]: DEBUG oslo_db.sqlalchemy.engines [None req-88f363f6-2bdc-40d2-abad-76ae3639b0f7 tempest-AttachVolumeShelveTestJSON-1722238119 tempest-AttachVolumeShelveTestJSON-1722238119-project-member] MySQL server mode set to STRICT_TRANS_TABLES,STRICT_ALL_TABLES,NO_ZERO_IN_DATE,NO_ZERO_DATE,ERROR_FOR_DIVISION_BY_ZERO,TRADITIONAL,NO_ENGINE_SUBSTITUTION {{(pid=98771) _check_effective_sql_mode /opt/stack/data/venv/lib/python3.12/site-packages/oslo_db/sqlalchemy/engines.py:325}}
Jun 29 17:14:03.730839 np0000003920 nova-conductor[98771]: DEBUG dbcounter [-] [98771] Writer thread running {{(pid=98771) stat_writer /opt/stack/data/venv/lib/python3.12/site-packages/dbcounter.py:102}}
Jun 29 17:14:03.743739 np0000003920 nova-conductor[98771]: DEBUG nova.quota [None req-88f363f6-2bdc-40d2-abad-76ae3639b0f7 tempest-AttachVolumeShelveTestJSON-1722238119 tempest-AttachVolumeShelveTestJSON-1722238119-project-member] Getting quotas for project 996b42a4bf8e474eb7c1fd87f3b3688b. Resources: {'cores', 'instances', 'ram'} {{(pid=98771) _get_quotas /opt/stack/nova/nova/quota.py:389}}
Jun 29 17:14:03.747909 np0000003920 nova-conductor[98771]: DEBUG nova.quota [None req-88f363f6-2bdc-40d2-abad-76ae3639b0f7 tempest-AttachVolumeShelveTestJSON-1722238119 tempest-AttachVolumeShelveTestJSON-1722238119-project-member] Getting quotas for user 0fac00d0b05a4f61a0cd974efa764a18 and project 996b42a4bf8e474eb7c1fd87f3b3688b. Resources: {'cores', 'instances', 'ram'} {{(pid=98771) _get_quotas /opt/stack/nova/nova/quota.py:379}}
Jun 29 17:14:03.756444 np0000003920 nova-conductor[98771]: DEBUG nova.conductor.manager [None req-88f363f6-2bdc-40d2-abad-76ae3639b0f7 tempest-AttachVolumeShelveTestJSON-1722238119 tempest-AttachVolumeShelveTestJSON-1722238119-project-member] [instance: 189bfcd4-1e1f-4244-b579-e19c132bb98d] Selected host: np0000003920; Selected node: np0000003920; Alternates: [] {{(pid=98771) schedule_and_build_instances /opt/stack/nova/nova/conductor/manager.py:1784}}
Jun 29 17:14:03.757296 np0000003920 nova-conductor[98771]: DEBUG oslo_concurrency.lockutils [None req-88f363f6-2bdc-40d2-abad-76ae3639b0f7 tempest-AttachVolumeShelveTestJSON-1722238119 tempest-AttachVolumeShelveTestJSON-1722238119-project-member] Acquiring lock "bc5a9dc5-2c8e-45bf-9386-5f0cc1ba1708" by "nova.context.set_target_cell..get_or_set_cached_cell_and_set_connections" {{(pid=98771) inner /opt/stack/data/venv/lib/python3.12/site-packages/oslo_concurrency/lockutils.py:511}}
Jun 29 17:14:03.757455 np0000003920 nova-conductor[98771]: DEBUG oslo_concurrency.lockutils [None req-88f363f6-2bdc-40d2-abad-76ae3639b0f7 tempest-AttachVolumeShelveTestJSON-1722238119 tempest-AttachVolumeShelveTestJSON-1722238119-project-member] Lock "bc5a9dc5-2c8e-45bf-9386-5f0cc1ba1708" acquired by "nova.context.set_target_cell..get_or_set_cached_cell_and_set_connections" :: waited 0.000s {{(pid=98771) inner /opt/stack/data/venv/lib/python3.12/site-packages/oslo_concurrency/lockutils.py:524}}
Jun 29 17:14:03.758798 np0000003920 nova-conductor[98771]: DEBUG oslo_concurrency.lockutils [None req-88f363f6-2bdc-40d2-abad-76ae3639b0f7 tempest-AttachVolumeShelveTestJSON-1722238119 tempest-AttachVolumeShelveTestJSON-1722238119-project-member] Lock "bc5a9dc5-2c8e-45bf-9386-5f0cc1ba1708" "released" by "nova.context.set_target_cell..get_or_set_cached_cell_and_set_connections" :: held 0.000s {{(pid=98771) inner /opt/stack/data/venv/lib/python3.12/site-packages/oslo_concurrency/lockutils.py:543}}
Jun 29 17:14:03.771443 np0000003920 nova-conductor[98771]: DEBUG nova.conductor.manager [None req-88f363f6-2bdc-40d2-abad-76ae3639b0f7 tempest-AttachVolumeShelveTestJSON-1722238119 tempest-AttachVolumeShelveTestJSON-1722238119-project-member] [instance: 189bfcd4-1e1f-4244-b579-e19c132bb98d] block_device_mapping [BlockDeviceMapping(attachment_id=,boot_index=0,connection_info=None,created_at=,delete_on_termination=True,deleted=,deleted_at=,destination_type='local',device_name=None,device_type='disk',disk_bus=None,encrypted=False,encryption_format=None,encryption_options=None,encryption_secret_uuid=None,guest_format=None,id=,image_id='bd0603dc-6d70-4a64-ac0d-cb086a15055b',instance=,instance_uuid=,no_device=False,snapshot_id=None,source_type='image',tag=None,updated_at=,uuid=,volume_id=None,volume_size=None,volume_type=None)] {{(pid=98771) _create_block_device_mapping /opt/stack/nova/nova/conductor/manager.py:1529}}
Jun 29 17:14:03.773933 np0000003920 nova-conductor[98771]: DEBUG oslo_concurrency.lockutils [None req-88f363f6-2bdc-40d2-abad-76ae3639b0f7 tempest-AttachVolumeShelveTestJSON-1722238119 tempest-AttachVolumeShelveTestJSON-1722238119-project-member] Acquiring lock "bc5a9dc5-2c8e-45bf-9386-5f0cc1ba1708" by "nova.context.set_target_cell..get_or_set_cached_cell_and_set_connections" {{(pid=98771) inner /opt/stack/data/venv/lib/python3.12/site-packages/oslo_concurrency/lockutils.py:511}}
Jun 29 17:14:03.773933 np0000003920 nova-conductor[98771]: DEBUG oslo_concurrency.lockutils [None req-88f363f6-2bdc-40d2-abad-76ae3639b0f7 tempest-AttachVolumeShelveTestJSON-1722238119 tempest-AttachVolumeShelveTestJSON-1722238119-project-member] Lock "bc5a9dc5-2c8e-45bf-9386-5f0cc1ba1708" acquired by "nova.context.set_target_cell..get_or_set_cached_cell_and_set_connections" :: waited 0.000s {{(pid=98771) inner /opt/stack/data/venv/lib/python3.12/site-packages/oslo_concurrency/lockutils.py:524}}
Jun 29 17:14:03.773933 np0000003920 nova-conductor[98771]: DEBUG oslo_concurrency.lockutils [None req-88f363f6-2bdc-40d2-abad-76ae3639b0f7 tempest-AttachVolumeShelveTestJSON-1722238119 tempest-AttachVolumeShelveTestJSON-1722238119-project-member] Lock "bc5a9dc5-2c8e-45bf-9386-5f0cc1ba1708" "released" by "nova.context.set_target_cell..get_or_set_cached_cell_and_set_connections" :: held 0.000s {{(pid=98771) inner /opt/stack/data/venv/lib/python3.12/site-packages/oslo_concurrency/lockutils.py:543}}
Jun 29 17:14:03.824871 np0000003920 nova-conductor[98771]: DEBUG oslo_concurrency.lockutils [None req-88f363f6-2bdc-40d2-abad-76ae3639b0f7 tempest-AttachVolumeShelveTestJSON-1722238119 tempest-AttachVolumeShelveTestJSON-1722238119-project-member] Acquiring lock "bc5a9dc5-2c8e-45bf-9386-5f0cc1ba1708" by "nova.context.set_target_cell..get_or_set_cached_cell_and_set_connections" {{(pid=98771) inner /opt/stack/data/venv/lib/python3.12/site-packages/oslo_concurrency/lockutils.py:511}}
Jun 29 17:14:03.824951 np0000003920 nova-conductor[98771]: DEBUG oslo_concurrency.lockutils [None req-88f363f6-2bdc-40d2-abad-76ae3639b0f7 tempest-AttachVolumeShelveTestJSON-1722238119 tempest-AttachVolumeShelveTestJSON-1722238119-project-member] Lock "bc5a9dc5-2c8e-45bf-9386-5f0cc1ba1708" acquired by "nova.context.set_target_cell..get_or_set_cached_cell_and_set_connections" :: waited 0.000s {{(pid=98771) inner /opt/stack/data/venv/lib/python3.12/site-packages/oslo_concurrency/lockutils.py:524}}
