Jun 29 17:11:00.631540 np0000003920 devstack@neutron-api.service[90457]: DEBUG neutron_lib.callbacks.manager [None req-f2c43a78-7036-4464-860d-bc3d24612677 None None] Subscribe: > trunk_plugin after_init 55550000, False {{(pid=90457) subscribe /opt/stack/data/venv/lib/python3.12/site-packages/neutron_lib/callbacks/manager.py:52}}
Jun 29 17:11:00.631540 np0000003920 devstack@neutron-api.service[90457]: DEBUG neutron_lib.callbacks.manager [None req-f2c43a78-7036-4464-860d-bc3d24612677 None None] Subscribe: > logging-plugin after_init 55550000, False {{(pid=90457) subscribe /opt/stack/data/venv/lib/python3.12/site-packages/neutron_lib/callbacks/manager.py:52}}
Jun 29 17:11:00.631540 np0000003920 devstack@neutron-api.service[90457]: INFO neutron.services.logapi.drivers.ovn.driver [None req-f2c43a78-7036-4464-860d-bc3d24612677 None None] OVN logging driver registered
Jun 29 17:11:00.632365 np0000003920 devstack@neutron-api.service[90457]: DEBUG neutron_lib.callbacks.manager [None req-f2c43a78-7036-4464-860d-bc3d24612677 None None] Subscribe: ._register_pvlan_driver at 0x77424f675120> pvlan_plugin before_spawn 55550000, False {{(pid=90457) subscribe /opt/stack/data/venv/lib/python3.12/site-packages/neutron_lib/callbacks/manager.py:52}}
Jun 29 17:11:00.632365 np0000003920 devstack@neutron-api.service[90457]: DEBUG neutron_lib.callbacks.manager [None req-f2c43a78-7036-4464-860d-bc3d24612677 None None] Subscribe: process after_init 55550000, False {{(pid=90457) subscribe /opt/stack/data/venv/lib/python3.12/site-packages/neutron_lib/callbacks/manager.py:52}}
Jun 29 17:11:00.634205 np0000003920 devstack@neutron-api.service[90456]: DEBUG neutron_lib.callbacks.manager [None req-56788f3f-45be-44a4-9827-8c8b79507b93 None None] Subscribe: > router before_delete 55550000, False {{(pid=90456) subscribe /opt/stack/data/venv/lib/python3.12/site-packages/neutron_lib/callbacks/manager.py:52}}
Jun 29 17:11:00.634205 np0000003920 devstack@neutron-api.service[90456]: DEBUG neutron_lib.callbacks.manager [None req-56788f3f-45be-44a4-9827-8c8b79507b93 None None] Subscribe: port before_update 55550000, False {{(pid=90456) subscribe /opt/stack/data/venv/lib/python3.12/site-packages/neutron_lib/callbacks/manager.py:52}}
Jun 29 17:11:00.634205 np0000003920 devstack@neutron-api.service[90456]: DEBUG neutron_lib.callbacks.manager [None req-56788f3f-45be-44a4-9827-8c8b79507b93 None None] Subscribe: port after_update 55550000, False {{(pid=90456) subscribe /opt/stack/data/venv/lib/python3.12/site-packages/neutron_lib/callbacks/manager.py:52}}
Jun 29 17:11:00.634205 np0000003920 devstack@neutron-api.service[90456]: DEBUG neutron_lib.callbacks.manager [None req-56788f3f-45be-44a4-9827-8c8b79507b93 None None] Subscribe: > port precommit_delete 55550000, False {{(pid=90456) subscribe /opt/stack/data/venv/lib/python3.12/site-packages/neutron_lib/callbacks/manager.py:52}}
Jun 29 17:11:00.635094 np0000003920 devstack@neutron-api.service[90457]: DEBUG neutron.plugins.ml2.plugin [None req-f2c43a78-7036-4464-860d-bc3d24612677 None None] neutron.plugins.ml2.plugin.Ml2Plugin method _start_rpc_notifiers called with arguments () {} {{(pid=90457) wrapper /opt/stack/data/venv/lib/python3.12/site-packages/oslo_log/helpers.py:77}}
Jun 29 17:11:00.635918 np0000003920 devstack@neutron-api.service[90456]: DEBUG neutron_lib.callbacks.manager [None req-56788f3f-45be-44a4-9827-8c8b79507b93 None None] Subscribe: port before_update 55550000, False {{(pid=90456) subscribe /opt/stack/data/venv/lib/python3.12/site-packages/neutron_lib/callbacks/manager.py:52}}
Jun 29 17:11:00.635918 np0000003920 devstack@neutron-api.service[90456]: DEBUG neutron_lib.callbacks.manager [None req-56788f3f-45be-44a4-9827-8c8b79507b93 None None] Subscribe: port before_delete 55550000, False {{(pid=90456) subscribe /opt/stack/data/venv/lib/python3.12/site-packages/neutron_lib/callbacks/manager.py:52}}
Jun 29 17:11:00.635918 np0000003920 devstack@neutron-api.service[90456]: DEBUG neutron_lib.callbacks.manager [None req-56788f3f-45be-44a4-9827-8c8b79507b93 None None] Subscribe: > router precommit_create 55550000, False {{(pid=90456) subscribe /opt/stack/data/venv/lib/python3.12/site-packages/neutron_lib/callbacks/manager.py:52}}
Jun 29 17:11:00.635918 np0000003920 devstack@neutron-api.service[90456]: DEBUG neutron_lib.callbacks.manager [None req-56788f3f-45be-44a4-9827-8c8b79507b93 None None] Subscribe: > router precommit_create 55550000, False {{(pid=90456) subscribe /opt/stack/data/venv/lib/python3.12/site-packages/neutron_lib/callbacks/manager.py:52}}
Jun 29 17:11:00.636917 np0000003920 devstack@neutron-api.service[90456]: DEBUG neutron_lib.callbacks.manager [None req-56788f3f-45be-44a4-9827-8c8b79507b93 None None] Subscribe: > router precommit_update 55550000, False {{(pid=90456) subscribe /opt/stack/data/venv/lib/python3.12/site-packages/neutron_lib/callbacks/manager.py:52}}
Jun 29 17:11:00.637644 np0000003920 devstack@neutron-api.service[90457]: DEBUG neutron_lib.callbacks.manager [None req-f2c43a78-7036-4464-860d-bc3d24612677 None None] Subscribe: > port after_create 55550000, False {{(pid=90457) subscribe /opt/stack/data/venv/lib/python3.12/site-packages/neutron_lib/callbacks/manager.py:52}}
Jun 29 17:11:00.638128 np0000003920 devstack@neutron-api.service[90456]: DEBUG neutron_lib.callbacks.manager [None req-56788f3f-45be-44a4-9827-8c8b79507b93 None None] Subscribe: subnet after_update 55550000, False {{(pid=90456) subscribe /opt/stack/data/venv/lib/python3.12/site-packages/neutron_lib/callbacks/manager.py:52}}
Jun 29 17:11:00.638588 np0000003920 devstack@neutron-api.service[90457]: DEBUG neutron_lib.callbacks.manager [None req-f2c43a78-7036-4464-860d-bc3d24612677 None None] Subscribe: > port after_update 55550000, False {{(pid=90457) subscribe /opt/stack/data/venv/lib/python3.12/site-packages/neutron_lib/callbacks/manager.py:52}}
Jun 29 17:11:00.639017 np0000003920 devstack@neutron-api.service[90456]: DEBUG neutron.quota.resource_registry [None req-56788f3f-45be-44a4-9827-8c8b79507b93 None None] Tracking information for resource: router configured {{(pid=90456) set_tracked_resource /opt/stack/neutron/neutron/quota/resource_registry.py:203}}
Jun 29 17:11:00.639017 np0000003920 devstack@neutron-api.service[90456]: DEBUG neutron.quota.resource_registry [None req-56788f3f-45be-44a4-9827-8c8b79507b93 None None] Tracking information for resource: floatingip configured {{(pid=90456) set_tracked_resource /opt/stack/neutron/neutron/quota/resource_registry.py:203}}
Jun 29 17:11:00.639529 np0000003920 devstack@neutron-api.service[90457]: DEBUG neutron_lib.callbacks.manager [None req-f2c43a78-7036-4464-860d-bc3d24612677 None None] Subscribe: > port after_delete 55550000, False {{(pid=90457) subscribe /opt/stack/data/venv/lib/python3.12/site-packages/neutron_lib/callbacks/manager.py:52}}
Jun 29 17:11:00.639892 np0000003920 devstack@neutron-api.service[90456]: INFO neutron.services.ovn_l3.plugin [None req-56788f3f-45be-44a4-9827-8c8b79507b93 None None] Starting OVNL3RouterPlugin
Jun 29 17:11:00.640156 np0000003920 devstack@neutron-api.service[90457]: DEBUG neutron_lib.callbacks.manager [None req-f2c43a78-7036-4464-860d-bc3d24612677 None None] Subscribe: > subnet after_create 55550000, False {{(pid=90457) subscribe /opt/stack/data/venv/lib/python3.12/site-packages/neutron_lib/callbacks/manager.py:52}}
Jun 29 17:11:00.640156 np0000003920 devstack@neutron-api.service[90457]: DEBUG neutron_lib.callbacks.manager [None req-f2c43a78-7036-4464-860d-bc3d24612677 None None] Subscribe: > subnet after_update 55550000, False {{(pid=90457) subscribe /opt/stack/data/venv/lib/python3.12/site-packages/neutron_lib/callbacks/manager.py:52}}
Jun 29 17:11:00.640435 np0000003920 devstack@neutron-api.service[90456]: DEBUG neutron_lib.callbacks.manager [None req-56788f3f-45be-44a4-9827-8c8b79507b93 None None] Subscribe: > port_forwarding_plugin after_init 55550000, False {{(pid=90456) subscribe /opt/stack/data/venv/lib/python3.12/site-packages/neutron_lib/callbacks/manager.py:52}}
Jun 29 17:11:00.640713 np0000003920 devstack@neutron-api.service[90457]: DEBUG neutron_lib.callbacks.manager [None req-f2c43a78-7036-4464-860d-bc3d24612677 None None] Subscribe: > subnet after_delete 55550000, False {{(pid=90457) subscribe /opt/stack/data/venv/lib/python3.12/site-packages/neutron_lib/callbacks/manager.py:52}}
Jun 29 17:11:00.640957 np0000003920 devstack@neutron-api.service[90456]: DEBUG neutron_lib.callbacks.manager [None req-56788f3f-45be-44a4-9827-8c8b79507b93 None None] Subscribe: > router before_create 55550100, False {{(pid=90456) subscribe /opt/stack/data/venv/lib/python3.12/site-packages/neutron_lib/callbacks/manager.py:52}}
Jun 29 17:11:00.641499 np0000003920 devstack@neutron-api.service[90457]: DEBUG neutron_lib.callbacks.manager [None req-f2c43a78-7036-4464-860d-bc3d24612677 None None] Subscribe: > network after_create 55550000, False {{(pid=90457) subscribe /opt/stack/data/venv/lib/python3.12/site-packages/neutron_lib/callbacks/manager.py:52}}
Jun 29 17:11:00.641748 np0000003920 devstack@neutron-api.service[90456]: DEBUG neutron_lib.callbacks.manager [None req-56788f3f-45be-44a4-9827-8c8b79507b93 None None] Subscribe: > router precommit_delete 55550100, False {{(pid=90456) subscribe /opt/stack/data/venv/lib/python3.12/site-packages/neutron_lib/callbacks/manager.py:52}}
Jun 29 17:11:00.641748 np0000003920 devstack@neutron-api.service[90456]: DEBUG neutron_lib.callbacks.manager [None req-56788f3f-45be-44a4-9827-8c8b79507b93 None None] Subscribe: > router precommit_create 55550100, False {{(pid=90456) subscribe /opt/stack/data/venv/lib/python3.12/site-packages/neutron_lib/callbacks/manager.py:52}}
Jun 29 17:11:00.641914 np0000003920 devstack@neutron-api.service[90457]: DEBUG neutron_lib.callbacks.manager [None req-f2c43a78-7036-4464-860d-bc3d24612677 None None] Subscribe: > network after_update 55550000, False {{(pid=90457) subscribe /opt/stack/data/venv/lib/python3.12/site-packages/neutron_lib/callbacks/manager.py:52}}
Jun 29 17:11:00.642283 np0000003920 devstack@neutron-api.service[90456]: DEBUG neutron_lib.callbacks.manager [None req-56788f3f-45be-44a4-9827-8c8b79507b93 None None] Subscribe: > router precommit_update 55550100, False {{(pid=90456) subscribe /opt/stack/data/venv/lib/python3.12/site-packages/neutron_lib/callbacks/manager.py:52}}
Jun 29 17:11:00.642440 np0000003920 devstack@neutron-api.service[90457]: DEBUG neutron_lib.callbacks.manager [None req-f2c43a78-7036-4464-860d-bc3d24612677 None None] Subscribe: > network after_delete 55550000, False {{(pid=90457) subscribe /opt/stack/data/venv/lib/python3.12/site-packages/neutron_lib/callbacks/manager.py:52}}
Jun 29 17:11:00.642440 np0000003920 devstack@neutron-api.service[90457]: DEBUG neutron_lib.callbacks.manager [None req-f2c43a78-7036-4464-860d-bc3d24612677 None None] Subscribe: > security_group after_create 55550000, False {{(pid=90457) subscribe /opt/stack/data/venv/lib/python3.12/site-packages/neutron_lib/callbacks/manager.py:52}}
Jun 29 17:11:00.642440 np0000003920 devstack@neutron-api.service[90457]: DEBUG neutron_lib.callbacks.manager [None req-f2c43a78-7036-4464-860d-bc3d24612677 None None] Subscribe: > security_group after_update 55550000, False {{(pid=90457) subscribe /opt/stack/data/venv/lib/python3.12/site-packages/neutron_lib/callbacks/manager.py:52}}
Jun 29 17:11:00.642440 np0000003920 devstack@neutron-api.service[90457]: DEBUG neutron_lib.callbacks.manager [None req-f2c43a78-7036-4464-860d-bc3d24612677 None None] Subscribe: > security_group after_delete 55550000, False {{(pid=90457) subscribe /opt/stack/data/venv/lib/python3.12/site-packages/neutron_lib/callbacks/manager.py:52}}
Jun 29 17:11:00.642603 np0000003920 devstack@neutron-api.service[90457]: DEBUG neutron_lib.callbacks.manager [None req-f2c43a78-7036-4464-860d-bc3d24612677 None None] Subscribe: > security_group_rule after_create 55550000, False {{(pid=90457) subscribe /opt/stack/data/venv/lib/python3.12/site-packages/neutron_lib/callbacks/manager.py:52}}
Jun 29 17:11:00.642603 np0000003920 devstack@neutron-api.service[90457]: DEBUG neutron_lib.callbacks.manager [None req-f2c43a78-7036-4464-860d-bc3d24612677 None None] Subscribe: > security_group_rule after_update 55550000, False {{(pid=90457) subscribe /opt/stack/data/venv/lib/python3.12/site-packages/neutron_lib/callbacks/manager.py:52}}
Jun 29 17:11:00.642603 np0000003920 devstack@neutron-api.service[90457]: DEBUG neutron_lib.callbacks.manager [None req-f2c43a78-7036-4464-860d-bc3d24612677 None None] Subscribe: > security_group_rule after_delete 55550000, False {{(pid=90457) subscribe /opt/stack/data/venv/lib/python3.12/site-packages/neutron_lib/callbacks/manager.py:52}}
Jun 29 17:11:00.642603 np0000003920 devstack@neutron-api.service[90457]: DEBUG neutron_lib.callbacks.manager [None req-f2c43a78-7036-4464-860d-bc3d24612677 None None] Subscribe: > address_group after_create 55550000, False {{(pid=90457) subscribe /opt/stack/data/venv/lib/python3.12/site-packages/neutron_lib/callbacks/manager.py:52}}
Jun 29 17:11:00.642767 np0000003920 devstack@neutron-api.service[90457]: DEBUG neutron_lib.callbacks.manager [None req-f2c43a78-7036-4464-860d-bc3d24612677 None None] Subscribe: > address_group after_update 55550000, False {{(pid=90457) subscribe /opt/stack/data/venv/lib/python3.12/site-packages/neutron_lib/callbacks/manager.py:52}}
Jun 29 17:11:00.642767 np0000003920 devstack@neutron-api.service[90457]: DEBUG neutron_lib.callbacks.manager [None req-f2c43a78-7036-4464-860d-bc3d24612677 None None] Subscribe: > address_group after_delete 55550000, False {{(pid=90457) subscribe /opt/stack/data/venv/lib/python3.12/site-packages/neutron_lib/callbacks/manager.py:52}}
Jun 29 17:11:00.642767 np0000003920 devstack@neutron-api.service[90457]: DEBUG neutron.plugins.ml2.ovo_rpc [None req-f2c43a78-7036-4464-860d-bc3d24612677 None None] ML2 OVO RPC backend initialized. {{(pid=90457) __init__ /opt/stack/neutron/neutron/plugins/ml2/ovo_rpc.py:117}}
Jun 29 17:11:00.642767 np0000003920 devstack@neutron-api.service[90457]: INFO neutron.quota [None req-f2c43a78-7036-4464-860d-bc3d24612677 None None] Loaded quota_driver: .
Jun 29 17:11:00.642959 np0000003920 devstack@neutron-api.service[90456]: DEBUG neutron.services.provider_configuration [None req-56788f3f-45be-44a4-9827-8c8b79507b93 None None] Service providers = [] {{(pid=90456) parse_service_provider_opt /opt/stack/neutron/neutron/services/provider_configuration.py:170}}
Jun 29 17:11:00.643079 np0000003920 devstack@neutron-api.service[90457]: INFO neutron.plugins.ml2.plugin [None req-f2c43a78-7036-4464-860d-bc3d24612677 None None] Modular L2 Plugin initialization complete
Jun 29 17:11:00.643175 np0000003920 devstack@neutron-api.service[90456]: DEBUG neutron.db.servicetype_db [None req-56788f3f-45be-44a4-9827-8c8b79507b93 None None] Adding provider configuration for service L3_ROUTER_NAT {{(pid=90456) add_provider_configuration /opt/stack/neutron/neutron/db/servicetype_db.py:45}}
Jun 29 17:11:00.643479 np0000003920 devstack@neutron-api.service[90457]: DEBUG neutron.manager [None req-f2c43a78-7036-4464-860d-bc3d24612677 None None] Loading services supported by the core plugin {{(pid=90457) _load_services_from_core_plugin /opt/stack/neutron/neutron/manager.py:167}}
Jun 29 17:11:00.643479 np0000003920 devstack@neutron-api.service[90457]: INFO neutron.plugins.ml2.managers [None req-f2c43a78-7036-4464-860d-bc3d24612677 None None] Got port-security extension from driver 'port_security'
Jun 29 17:11:00.643479 np0000003920 devstack@neutron-api.service[90457]: DEBUG neutron.manager [None req-f2c43a78-7036-4464-860d-bc3d24612677 None None] Loading service plugins: ['ovn-router', 'auto_allocate', 'tag', 'timestamp', 'network_ip_availability', 'flavors', 'revisions'] {{(pid=90457) _load_service_plugins /opt/stack/neutron/neutron/manager.py:192}}
Jun 29 17:11:00.643479 np0000003920 devstack@neutron-api.service[90457]: INFO neutron.manager [None req-f2c43a78-7036-4464-860d-bc3d24612677 None None] Loading Plugin: ovn-router
Jun 29 17:11:00.643938 np0000003920 devstack@neutron-api.service[90456]: DEBUG neutron_lib.callbacks.manager [None req-56788f3f-45be-44a4-9827-8c8b79507b93 None None] Subscribe: > router precommit_create 55549900, False {{(pid=90456) subscribe /opt/stack/data/venv/lib/python3.12/site-packages/neutron_lib/callbacks/manager.py:52}}
Jun 29 17:11:00.643938 np0000003920 devstack@neutron-api.service[90456]: DEBUG neutron_lib.callbacks.manager [None req-56788f3f-45be-44a4-9827-8c8b79507b93 None None] Subscribe: > router_interface after_create 55550000, False {{(pid=90456) subscribe /opt/stack/data/venv/lib/python3.12/site-packages/neutron_lib/callbacks/manager.py:52}}
Jun 29 17:11:00.643938 np0000003920 devstack@neutron-api.service[90456]: DEBUG neutron_lib.callbacks.manager [None req-56788f3f-45be-44a4-9827-8c8b79507b93 None None] Subscribe: > floatingip after_create 55550000, False {{(pid=90456) subscribe /opt/stack/data/venv/lib/python3.12/site-packages/neutron_lib/callbacks/manager.py:52}}
Jun 29 17:11:00.643938 np0000003920 devstack@neutron-api.service[90456]: DEBUG neutron_lib.callbacks.manager [None req-56788f3f-45be-44a4-9827-8c8b79507b93 None None] Subscribe: > floatingip precommit_create 55550000, False {{(pid=90456) subscribe /opt/stack/data/venv/lib/python3.12/site-packages/neutron_lib/callbacks/manager.py:52}}
Jun 29 17:11:00.644161 np0000003920 devstack@neutron-api.service[90456]: DEBUG neutron_lib.callbacks.manager [None req-56788f3f-45be-44a4-9827-8c8b79507b93 None None] Subscribe: > floatingip precommit_update 55550000, False {{(pid=90456) subscribe /opt/stack/data/venv/lib/python3.12/site-packages/neutron_lib/callbacks/manager.py:52}}
Jun 29 17:11:00.644161 np0000003920 devstack@neutron-api.service[90456]: DEBUG neutron_lib.callbacks.manager [None req-56788f3f-45be-44a4-9827-8c8b79507b93 None None] Subscribe: > floatingip after_delete 55550000, False {{(pid=90456) subscribe /opt/stack/data/venv/lib/python3.12/site-packages/neutron_lib/callbacks/manager.py:52}}
Jun 29 17:11:00.644161 np0000003920 devstack@neutron-api.service[90456]: DEBUG neutron_lib.callbacks.manager [None req-56788f3f-45be-44a4-9827-8c8b79507b93 None None] Subscribe: > floatingip after_status_update 55550000, False {{(pid=90456) subscribe /opt/stack/data/venv/lib/python3.12/site-packages/neutron_lib/callbacks/manager.py:52}}
Jun 29 17:11:00.644161 np0000003920 devstack@neutron-api.service[90456]: DEBUG neutron_lib.callbacks.manager [None req-56788f3f-45be-44a4-9827-8c8b79507b93 None None] Subscribe: > floatingip after_update 55550000, False {{(pid=90456) subscribe /opt/stack/data/venv/lib/python3.12/site-packages/neutron_lib/callbacks/manager.py:52}}
Jun 29 17:11:00.644313 np0000003920 devstack@neutron-api.service[90456]: DEBUG neutron_lib.callbacks.manager [None req-56788f3f-45be-44a4-9827-8c8b79507b93 None None] Subscribe: > port_forwarding after_create 55550000, False {{(pid=90456) subscribe /opt/stack/data/venv/lib/python3.12/site-packages/neutron_lib/callbacks/manager.py:52}}
Jun 29 17:11:00.644313 np0000003920 devstack@neutron-api.service[90456]: DEBUG neutron_lib.callbacks.manager [None req-56788f3f-45be-44a4-9827-8c8b79507b93 None None] Subscribe: > router_interface after_delete 55550000, False {{(pid=90456) subscribe /opt/stack/data/venv/lib/python3.12/site-packages/neutron_lib/callbacks/manager.py:52}}
Jun 29 17:11:00.644313 np0000003920 devstack@neutron-api.service[90456]: DEBUG neutron_lib.callbacks.manager [None req-56788f3f-45be-44a4-9827-8c8b79507b93 None None] Subscribe: > router after_create 55550000, False {{(pid=90456) subscribe /opt/stack/data/venv/lib/python3.12/site-packages/neutron_lib/callbacks/manager.py:52}}
Jun 29 17:11:00.644313 np0000003920 devstack@neutron-api.service[90456]: DEBUG neutron_lib.callbacks.manager [None req-56788f3f-45be-44a4-9827-8c8b79507b93 None None] Subscribe: > router precommit_create 55550000, False {{(pid=90456) subscribe /opt/stack/data/venv/lib/python3.12/site-packages/neutron_lib/callbacks/manager.py:52}}
Jun 29 17:11:00.644572 np0000003920 devstack@neutron-api.service[90456]: DEBUG neutron_lib.callbacks.manager [None req-56788f3f-45be-44a4-9827-8c8b79507b93 None None] Subscribe: > router after_delete 55550000, False {{(pid=90456) subscribe /opt/stack/data/venv/lib/python3.12/site-packages/neutron_lib/callbacks/manager.py:52}}
Jun 29 17:11:00.644572 np0000003920 devstack@neutron-api.service[90456]: DEBUG neutron_lib.callbacks.manager [None req-56788f3f-45be-44a4-9827-8c8b79507b93 None None] Subscribe: > router after_update 55550000, False {{(pid=90456) subscribe /opt/stack/data/venv/lib/python3.12/site-packages/neutron_lib/callbacks/manager.py:52}}
Jun 29 17:11:00.644572 np0000003920 devstack@neutron-api.service[90456]: DEBUG neutron.services.service_base [None req-56788f3f-45be-44a4-9827-8c8b79507b93 None None] Loaded 'neutron.services.ovn_l3.service_providers.ovn.OvnDriver' provider for service L3_ROUTER_NAT {{(pid=90456) load_drivers /opt/stack/neutron/neutron/services/service_base.py:49}}
Jun 29 17:11:00.644572 np0000003920 devstack@neutron-api.service[90456]: DEBUG neutron_lib.callbacks.manager [None req-56788f3f-45be-44a4-9827-8c8b79507b93 None None] Subscribe: > process after_init 55550001, True {{(pid=90456) subscribe /opt/stack/data/venv/lib/python3.12/site-packages/neutron_lib/callbacks/manager.py:52}}
Jun 29 17:11:00.644572 np0000003920 devstack@neutron-api.service[90456]: DEBUG neutron.manager [None req-56788f3f-45be-44a4-9827-8c8b79507b93 None None] Successfully loaded L3_ROUTER_NAT plugin. Description: L3 Router Service Plugin for basic L3 forwarding using OVN {{(pid=90456) _create_and_add_service_plugin /opt/stack/neutron/neutron/manager.py:236}}
Jun 29 17:11:00.644780 np0000003920 devstack@neutron-api.service[90456]: INFO neutron.manager [None req-56788f3f-45be-44a4-9827-8c8b79507b93 None None] Loading Plugin: auto_allocate
Jun 29 17:11:00.644780 np0000003920 devstack@neutron-api.service[90456]: DEBUG neutron_lib.callbacks.manager [None req-56788f3f-45be-44a4-9827-8c8b79507b93 None None] Subscribe: network precommit_update 55550000, False {{(pid=90456) subscribe /opt/stack/data/venv/lib/python3.12/site-packages/neutron_lib/callbacks/manager.py:52}}
Jun 29 17:11:00.644780 np0000003920 devstack@neutron-api.service[90456]: DEBUG neutron_lib.callbacks.manager [None req-56788f3f-45be-44a4-9827-8c8b79507b93 None None] Subscribe: network precommit_create 55550000, False {{(pid=90456) subscribe /opt/stack/data/venv/lib/python3.12/site-packages/neutron_lib/callbacks/manager.py:52}}
Jun 29 17:11:00.644780 np0000003920 devstack@neutron-api.service[90456]: DEBUG neutron.manager [None req-56788f3f-45be-44a4-9827-8c8b79507b93 None None] Successfully loaded auto-allocated-topology plugin. Description: Auto Allocated Topology - aka get me a network. {{(pid=90456) _create_and_add_service_plugin /opt/stack/neutron/neutron/manager.py:236}}
Jun 29 17:11:00.644780 np0000003920 devstack@neutron-api.service[90456]: INFO neutron.manager [None req-56788f3f-45be-44a4-9827-8c8b79507b93 None None] Loading Plugin: tag
Jun 29 17:11:00.646693 np0000003920 devstack@neutron-api.service[90456]: DEBUG neutron.manager [None req-56788f3f-45be-44a4-9827-8c8b79507b93 None None] Successfully loaded TAG plugin. Description: Tag support {{(pid=90456) _create_and_add_service_plugin /opt/stack/neutron/neutron/manager.py:236}}
Jun 29 17:11:00.647005 np0000003920 devstack@neutron-api.service[90456]: INFO neutron.manager [None req-56788f3f-45be-44a4-9827-8c8b79507b93 None None] Loading Plugin: timestamp
Jun 29 17:11:00.648150 np0000003920 devstack@neutron-api.service[90456]: DEBUG neutron.manager [None req-56788f3f-45be-44a4-9827-8c8b79507b93 None None] Successfully loaded timestamp plugin. Description: Adds timestamps to Neutron resources with standard attributes {{(pid=90456) _create_and_add_service_plugin /opt/stack/neutron/neutron/manager.py:236}}
Jun 29 17:11:00.648150 np0000003920 devstack@neutron-api.service[90456]: INFO neutron.manager [None req-56788f3f-45be-44a4-9827-8c8b79507b93 None None] Loading Plugin: network_ip_availability
Jun 29 17:11:00.649926 np0000003920 devstack@neutron-api.service[90456]: DEBUG neutron.manager [None req-56788f3f-45be-44a4-9827-8c8b79507b93 None None] Successfully loaded network-ip-availability plugin. Description: Provides IP availability data for each network and subnet. {{(pid=90456) _create_and_add_service_plugin /opt/stack/neutron/neutron/manager.py:236}}
Jun 29 17:11:00.650013 np0000003920 devstack@neutron-api.service[90456]: INFO neutron.manager [None req-56788f3f-45be-44a4-9827-8c8b79507b93 None None] Loading Plugin: flavors
Jun 29 17:11:00.650823 np0000003920 devstack@neutron-api.service[90456]: DEBUG neutron.manager [None req-56788f3f-45be-44a4-9827-8c8b79507b93 None None] Successfully loaded FLAVORS plugin. Description: Neutron Flavors and Service Profiles manager plugin {{(pid=90456) _create_and_add_service_plugin /opt/stack/neutron/neutron/manager.py:236}}
Jun 29 17:11:00.650946 np0000003920 devstack@neutron-api.service[90456]: INFO neutron.manager [None req-56788f3f-45be-44a4-9827-8c8b79507b93 None None] Loading Plugin: revisions
Jun 29 17:11:00.651800 np0000003920 devstack@neutron-api.service[90459]: INFO neutron.plugins.ml2.drivers.type_vlan [None req-3a0db6e2-3796-4386-bc33-e652ff90c561 None None] VlanTypeDriver initialization complete
Jun 29 17:11:00.652083 np0000003920 devstack@neutron-api.service[90459]: INFO neutron.plugins.ml2.managers [None req-3a0db6e2-3796-4386-bc33-e652ff90c561 None None] Initializing extension driver 'port_security'
Jun 29 17:11:00.652155 np0000003920 devstack@neutron-api.service[90456]: DEBUG neutron.manager [None req-56788f3f-45be-44a4-9827-8c8b79507b93 None None] Successfully loaded revision_plugin plugin. Description: Adds revision numbers to resources. {{(pid=90456) _create_and_add_service_plugin /opt/stack/neutron/neutron/manager.py:236}}
Jun 29 17:11:00.652216 np0000003920 devstack@neutron-api.service[90459]: INFO neutron.plugins.ml2.extensions.port_security [None req-3a0db6e2-3796-4386-bc33-e652ff90c561 None None] PortSecurityExtensionDriver initialization complete
Jun 29 17:11:00.652290 np0000003920 devstack@neutron-api.service[90456]: DEBUG oslo_concurrency.lockutils [None req-56788f3f-45be-44a4-9827-8c8b79507b93 None None] Lock "manager" "released" by "neutron.manager.NeutronManager._create_instance" :: held 5.835s {{(pid=90456) inner /opt/stack/data/venv/lib/python3.12/site-packages/oslo_concurrency/lockutils.py:543}}
Jun 29 17:11:00.652342 np0000003920 devstack@neutron-api.service[90459]: INFO neutron.plugins.ml2.managers [None req-3a0db6e2-3796-4386-bc33-e652ff90c561 None None] Initializing extension driver 'qos'
Jun 29 17:11:00.652342 np0000003920 devstack@neutron-api.service[90459]: DEBUG neutron.plugins.ml2.extensions.qos [None req-3a0db6e2-3796-4386-bc33-e652ff90c561 None None] QosExtensionDriver initialization complete {{(pid=90459) initialize /opt/stack/neutron/neutron/plugins/ml2/extensions/qos.py:31}}
Jun 29 17:11:00.652342 np0000003920 devstack@neutron-api.service[90459]: INFO neutron.plugins.ml2.managers [None req-3a0db6e2-3796-4386-bc33-e652ff90c561 None None] Initializing mechanism driver 'ovn'
Jun 29 17:11:00.652449 np0000003920 devstack@neutron-api.service[90456]: DEBUG neutron.api.extensions [None req-56788f3f-45be-44a4-9827-8c8b79507b93 None None] get_extension_paths = OrderedDict({'/opt/stack/neutron/neutron/extensions': 1}) {{(pid=90456) get_extensions_path /opt/stack/neutron/neutron/api/extensions.py:640}}
Jun 29 17:11:00.652515 np0000003920 devstack@neutron-api.service[90457]: DEBUG neutron_lib.callbacks.manager [None req-f2c43a78-7036-4464-860d-bc3d24612677 None None] Subscribe: > router before_delete 55550000, False {{(pid=90457) subscribe /opt/stack/data/venv/lib/python3.12/site-packages/neutron_lib/callbacks/manager.py:52}}
Jun 29 17:11:00.652575 np0000003920 devstack@neutron-api.service[90459]: INFO neutron.plugins.ml2.drivers.ovn.mech_driver.mech_driver [None req-3a0db6e2-3796-4386-bc33-e652ff90c561 None None] Starting OVNMechanismDriver
Jun 29 17:11:00.652629 np0000003920 devstack@neutron-api.service[90456]: INFO neutron.api.extensions [None req-56788f3f-45be-44a4-9827-8c8b79507b93 None None] Initializing extension manager.
Jun 29 17:11:00.652754 np0000003920 devstack@neutron-api.service[90457]: DEBUG neutron_lib.callbacks.manager [None req-f2c43a78-7036-4464-860d-bc3d24612677 None None] Subscribe: port before_update 55550000, False {{(pid=90457) subscribe /opt/stack/data/venv/lib/python3.12/site-packages/neutron_lib/callbacks/manager.py:52}}
Jun 29 17:11:00.652754 np0000003920 devstack@neutron-api.service[90457]: DEBUG neutron_lib.callbacks.manager [None req-f2c43a78-7036-4464-860d-bc3d24612677 None None] Subscribe: port after_update 55550000, False {{(pid=90457) subscribe /opt/stack/data/venv/lib/python3.12/site-packages/neutron_lib/callbacks/manager.py:52}}
Jun 29 17:11:00.652833 np0000003920 devstack@neutron-api.service[90456]: DEBUG neutron.api.extensions [None req-56788f3f-45be-44a4-9827-8c8b79507b93 None None] Loading extension file: __init__.py {{(pid=90456) _load_all_extensions_from_path /opt/stack/neutron/neutron/api/extensions.py:449}}
Jun 29 17:11:00.652886 np0000003920 devstack@neutron-api.service[90457]: DEBUG neutron_lib.callbacks.manager [None req-f2c43a78-7036-4464-860d-bc3d24612677 None None] Subscribe: > port precommit_delete 55550000, False {{(pid=90457) subscribe /opt/stack/data/venv/lib/python3.12/site-packages/neutron_lib/callbacks/manager.py:52}}
Jun 29 17:11:00.652955 np0000003920 devstack@neutron-api.service[90456]: DEBUG neutron.api.extensions [None req-56788f3f-45be-44a4-9827-8c8b79507b93 None None] Loading extension file: __pycache__ {{(pid=90456) _load_all_extensions_from_path /opt/stack/neutron/neutron/api/extensions.py:449}}
Jun 29 17:11:00.653006 np0000003920 devstack@neutron-api.service[90457]: DEBUG neutron_lib.callbacks.manager [None req-f2c43a78-7036-4464-860d-bc3d24612677 None None] Subscribe: port before_update 55550000, False {{(pid=90457) subscribe /opt/stack/data/venv/lib/python3.12/site-packages/neutron_lib/callbacks/manager.py:52}}
Jun 29 17:11:00.653096 np0000003920 devstack@neutron-api.service[90456]: DEBUG neutron.api.extensions [None req-56788f3f-45be-44a4-9827-8c8b79507b93 None None] Loading extension file: aap_reject_multicast.py {{(pid=90456) _load_all_extensions_from_path /opt/stack/neutron/neutron/api/extensions.py:449}}
Jun 29 17:11:00.653152 np0000003920 devstack@neutron-api.service[90457]: DEBUG neutron_lib.callbacks.manager [None req-f2c43a78-7036-4464-860d-bc3d24612677 None None] Subscribe: port before_delete 55550000, False {{(pid=90457) subscribe /opt/stack/data/venv/lib/python3.12/site-packages/neutron_lib/callbacks/manager.py:52}}
Jun 29 17:11:00.653152 np0000003920 devstack@neutron-api.service[90457]: DEBUG neutron_lib.callbacks.manager [None req-f2c43a78-7036-4464-860d-bc3d24612677 None None] Subscribe: > router precommit_create 55550000, False {{(pid=90457) subscribe /opt/stack/data/venv/lib/python3.12/site-packages/neutron_lib/callbacks/manager.py:52}}
Jun 29 17:11:00.653366 np0000003920 devstack@neutron-api.service[90456]: DEBUG neutron.api.extensions [None req-56788f3f-45be-44a4-9827-8c8b79507b93 None None] Ext name="Allowed address pairs reject multicast extension" alias="aap-reject-multicast" description="Reject multicast addresses in Allowed Address Pairs" updated="2026-04-01T00:00:00-00:00" {{(pid=90456) _check_extension /opt/stack/neutron/neutron/api/extensions.py:415}}
Jun 29 17:11:00.653443 np0000003920 devstack@neutron-api.service[90457]: DEBUG neutron_lib.callbacks.manager [None req-f2c43a78-7036-4464-860d-bc3d24612677 None None] Subscribe: > router precommit_create 55550000, False {{(pid=90457) subscribe /opt/stack/data/venv/lib/python3.12/site-packages/neutron_lib/callbacks/manager.py:52}}
Jun 29 17:11:00.653443 np0000003920 devstack@neutron-api.service[90457]: DEBUG neutron_lib.callbacks.manager [None req-f2c43a78-7036-4464-860d-bc3d24612677 None None] Subscribe: > router precommit_update 55550000, False {{(pid=90457) subscribe /opt/stack/data/venv/lib/python3.12/site-packages/neutron_lib/callbacks/manager.py:52}}
Jun 29 17:11:00.653597 np0000003920 devstack@neutron-api.service[90456]: INFO neutron.api.extensions [None req-56788f3f-45be-44a4-9827-8c8b79507b93 None None] Extension aap-reject-multicast not supported by any of loaded plugins
Jun 29 17:11:00.653807 np0000003920 devstack@neutron-api.service[90457]: DEBUG neutron_lib.callbacks.manager [None req-f2c43a78-7036-4464-860d-bc3d24612677 None None] Subscribe: subnet after_update 55550000, False {{(pid=90457) subscribe /opt/stack/data/venv/lib/python3.12/site-packages/neutron_lib/callbacks/manager.py:52}}
Jun 29 17:11:00.654019 np0000003920 devstack@neutron-api.service[90456]: DEBUG neutron.api.extensions [None req-56788f3f-45be-44a4-9827-8c8b79507b93 None None] Loading extension file: address_group.py {{(pid=90456) _load_all_extensions_from_path /opt/stack/neutron/neutron/api/extensions.py:449}}
Jun 29 17:11:00.654240 np0000003920 devstack@neutron-api.service[90457]: DEBUG neutron.quota.resource_registry [None req-f2c43a78-7036-4464-860d-bc3d24612677 None None] Tracking information for resource: router configured {{(pid=90457) set_tracked_resource /opt/stack/neutron/neutron/quota/resource_registry.py:203}}
Jun 29 17:11:00.654298 np0000003920 devstack@neutron-api.service[90456]: DEBUG neutron.api.extensions [None req-56788f3f-45be-44a4-9827-8c8b79507b93 None None] Ext name="Address group" alias="address-group" description="Support address group" updated="2020-07-15T10:00:00-00:00" {{(pid=90456) _check_extension /opt/stack/neutron/neutron/api/extensions.py:415}}
Jun 29 17:11:00.654578 np0000003920 devstack@neutron-api.service[90457]: DEBUG neutron.quota.resource_registry [None req-f2c43a78-7036-4464-860d-bc3d24612677 None None] Tracking information for resource: floatingip configured {{(pid=90457) set_tracked_resource /opt/stack/neutron/neutron/quota/resource_registry.py:203}}
Jun 29 17:11:00.654578 np0000003920 devstack@neutron-api.service[90457]: INFO neutron.services.ovn_l3.plugin [None req-f2c43a78-7036-4464-860d-bc3d24612677 None None] Starting OVNL3RouterPlugin
Jun 29 17:11:00.654822 np0000003920 devstack@neutron-api.service[90456]: INFO neutron.api.extensions [None req-56788f3f-45be-44a4-9827-8c8b79507b93 None None] Loaded extension: address-group
Jun 29 17:11:00.654822 np0000003920 devstack@neutron-api.service[90456]: DEBUG neutron.api.extensions [None req-56788f3f-45be-44a4-9827-8c8b79507b93 None None] Loading extension file: address_scope.py {{(pid=90456) _load_all_extensions_from_path /opt/stack/neutron/neutron/api/extensions.py:449}}
Jun 29 17:11:00.655051 np0000003920 devstack@neutron-api.service[90459]: DEBUG neutron_lib.callbacks.manager [None req-3a0db6e2-3796-4386-bc33-e652ff90c561 None None] Subscribe: > process before_spawn 55550000, False {{(pid=90459) subscribe /opt/stack/data/venv/lib/python3.12/site-packages/neutron_lib/callbacks/manager.py:52}}
Jun 29 17:11:00.655259 np0000003920 devstack@neutron-api.service[90457]: DEBUG neutron_lib.callbacks.manager [None req-f2c43a78-7036-4464-860d-bc3d24612677 None None] Subscribe: > port_forwarding_plugin after_init 55550000, False {{(pid=90457) subscribe /opt/stack/data/venv/lib/python3.12/site-packages/neutron_lib/callbacks/manager.py:52}}
Jun 29 17:11:00.655485 np0000003920 devstack@neutron-api.service[90459]: DEBUG neutron_lib.callbacks.manager [None req-3a0db6e2-3796-4386-bc33-e652ff90c561 None None] Subscribe: > process after_init 55550000, True {{(pid=90459) subscribe /opt/stack/data/venv/lib/python3.12/site-packages/neutron_lib/callbacks/manager.py:52}}
Jun 29 17:11:00.655716 np0000003920 devstack@neutron-api.service[90456]: DEBUG neutron.api.extensions [None req-56788f3f-45be-44a4-9827-8c8b79507b93 None None] Ext name="Address scope" alias="address-scope" description="Address scopes extension." updated="2015-07-26T10:00:00-00:00" {{(pid=90456) _check_extension /opt/stack/neutron/neutron/api/extensions.py:415}}
Jun 29 17:11:00.655923 np0000003920 devstack@neutron-api.service[90459]: DEBUG neutron_lib.callbacks.manager [None req-3a0db6e2-3796-4386-bc33-e652ff90c561 None None] Subscribe: > segment after_create 55550000, False {{(pid=90459) subscribe /opt/stack/data/venv/lib/python3.12/site-packages/neutron_lib/callbacks/manager.py:52}}
Jun 29 17:11:00.656166 np0000003920 devstack@neutron-api.service[90457]: DEBUG neutron_lib.callbacks.manager [None req-f2c43a78-7036-4464-860d-bc3d24612677 None None] Subscribe: > router before_create 55550100, False {{(pid=90457) subscribe /opt/stack/data/venv/lib/python3.12/site-packages/neutron_lib/callbacks/manager.py:52}}
Jun 29 17:11:00.656388 np0000003920 devstack@neutron-api.service[90459]: DEBUG neutron_lib.callbacks.manager [None req-3a0db6e2-3796-4386-bc33-e652ff90c561 None None] Subscribe: > segment after_create 55550000, False {{(pid=90459) subscribe /opt/stack/data/venv/lib/python3.12/site-packages/neutron_lib/callbacks/manager.py:52}}
Jun 29 17:11:00.656632 np0000003920 devstack@neutron-api.service[90456]: INFO neutron.api.extensions [None req-56788f3f-45be-44a4-9827-8c8b79507b93 None None] Loaded extension: address-scope
Jun 29 17:11:00.656830 np0000003920 devstack@neutron-api.service[90459]: DEBUG neutron_lib.callbacks.manager [None req-3a0db6e2-3796-4386-bc33-e652ff90c561 None None] Subscribe: > segment after_delete 55550000, False {{(pid=90459) subscribe /opt/stack/data/venv/lib/python3.12/site-packages/neutron_lib/callbacks/manager.py:52}}
Jun 29 17:11:00.657159 np0000003920 devstack@neutron-api.service[90457]: DEBUG neutron_lib.callbacks.manager [None req-f2c43a78-7036-4464-860d-bc3d24612677 None None] Subscribe: > router precommit_delete 55550100, False {{(pid=90457) subscribe /opt/stack/data/venv/lib/python3.12/site-packages/neutron_lib/callbacks/manager.py:52}}
Jun 29 17:11:00.657257 np0000003920 devstack@neutron-api.service[90456]: DEBUG neutron.api.extensions [None req-56788f3f-45be-44a4-9827-8c8b79507b93 None None] Loading extension file: admin_state_down_before_update.py {{(pid=90456) _load_all_extensions_from_path /opt/stack/neutron/neutron/api/extensions.py:449}}
Jun 29 17:11:00.657593 np0000003920 devstack@neutron-api.service[90459]: DEBUG neutron_lib.callbacks.manager [None req-3a0db6e2-3796-4386-bc33-e652ff90c561 None None] Subscribe: > allowed_address_pair before_create 55550000, False {{(pid=90459) subscribe /opt/stack/data/venv/lib/python3.12/site-packages/neutron_lib/callbacks/manager.py:52}}
Jun 29 17:11:00.657683 np0000003920 devstack@neutron-api.service[90457]: DEBUG neutron_lib.callbacks.manager [None req-f2c43a78-7036-4464-860d-bc3d24612677 None None] Subscribe: > router precommit_create 55550100, False {{(pid=90457) subscribe /opt/stack/data/venv/lib/python3.12/site-packages/neutron_lib/callbacks/manager.py:52}}
Jun 29 17:11:00.657739 np0000003920 devstack@neutron-api.service[90459]: DEBUG neutron_lib.callbacks.manager [None req-3a0db6e2-3796-4386-bc33-e652ff90c561 None None] Subscribe: > security_group precommit_create 55550000, False {{(pid=90459) subscribe /opt/stack/data/venv/lib/python3.12/site-packages/neutron_lib/callbacks/manager.py:52}}
Jun 29 17:11:00.657788 np0000003920 devstack@neutron-api.service[90457]: DEBUG neutron_lib.callbacks.manager [None req-f2c43a78-7036-4464-860d-bc3d24612677 None None] Subscribe: > router precommit_update 55550100, False {{(pid=90457) subscribe /opt/stack/data/venv/lib/python3.12/site-packages/neutron_lib/callbacks/manager.py:52}}
Jun 29 17:11:00.658017 np0000003920 devstack@neutron-api.service[90456]: DEBUG neutron.api.extensions [None req-56788f3f-45be-44a4-9827-8c8b79507b93 None None] Ext name="Enforce Router's Admin State Down Before Update Extension" alias="router-admin-state-down-before-update" description="Ensure that the admin state of a router is DOWN (admin_state_up=False) before updating the distributed attribute" updated="2019-07-02T15:56:00" {{(pid=90456) _check_extension /opt/stack/neutron/neutron/api/extensions.py:415}}
Jun 29 17:11:00.658122 np0000003920 devstack@neutron-api.service[90459]: DEBUG neutron_lib.callbacks.manager [None req-3a0db6e2-3796-4386-bc33-e652ff90c561 None None] Subscribe: > security_group after_update 55550000, False {{(pid=90459) subscribe /opt/stack/data/venv/lib/python3.12/site-packages/neutron_lib/callbacks/manager.py:52}}
Jun 29 17:11:00.658122 np0000003920 devstack@neutron-api.service[90459]: DEBUG neutron_lib.callbacks.manager [None req-3a0db6e2-3796-4386-bc33-e652ff90c561 None None] Subscribe: > security_group after_create 55550000, False {{(pid=90459) subscribe /opt/stack/data/venv/lib/python3.12/site-packages/neutron_lib/callbacks/manager.py:52}}
Jun 29 17:11:00.658236 np0000003920 devstack@neutron-api.service[90456]: INFO neutron.api.extensions [None req-56788f3f-45be-44a4-9827-8c8b79507b93 None None] Extension router-admin-state-down-before-update not supported by any of loaded plugins
Jun 29 17:11:00.658410 np0000003920 devstack@neutron-api.service[90459]: DEBUG neutron_lib.callbacks.manager [None req-3a0db6e2-3796-4386-bc33-e652ff90c561 None None] Subscribe: > security_group precommit_delete 55550000, False {{(pid=90459) subscribe /opt/stack/data/venv/lib/python3.12/site-packages/neutron_lib/callbacks/manager.py:52}}
Jun 29 17:11:00.658471 np0000003920 devstack@neutron-api.service[90456]: DEBUG neutron.api.extensions [None req-56788f3f-45be-44a4-9827-8c8b79507b93 None None] Loading extension file: agent.py {{(pid=90456) _load_all_extensions_from_path /opt/stack/neutron/neutron/api/extensions.py:449}}
Jun 29 17:11:00.658529 np0000003920 devstack@neutron-api.service[90459]: DEBUG neutron_lib.callbacks.manager [None req-3a0db6e2-3796-4386-bc33-e652ff90c561 None None] Subscribe: > security_group after_delete 55550000, False {{(pid=90459) subscribe /opt/stack/data/venv/lib/python3.12/site-packages/neutron_lib/callbacks/manager.py:52}}
Jun 29 17:11:00.658529 np0000003920 devstack@neutron-api.service[90459]: DEBUG neutron_lib.callbacks.manager [None req-3a0db6e2-3796-4386-bc33-e652ff90c561 None None] Subscribe: > security_group_rule precommit_create 55550000, False {{(pid=90459) subscribe /opt/stack/data/venv/lib/python3.12/site-packages/neutron_lib/callbacks/manager.py:52}}
Jun 29 17:11:00.658529 np0000003920 devstack@neutron-api.service[90459]: DEBUG neutron_lib.callbacks.manager [None req-3a0db6e2-3796-4386-bc33-e652ff90c561 None None] Subscribe: > security_group_rule after_create 55550000, False {{(pid=90459) subscribe /opt/stack/data/venv/lib/python3.12/site-packages/neutron_lib/callbacks/manager.py:52}}
Jun 29 17:11:00.658649 np0000003920 devstack@neutron-api.service[90456]: DEBUG neutron.api.extensions [None req-56788f3f-45be-44a4-9827-8c8b79507b93 None None] Ext name="agent" alias="agent" description="The agent management extension." updated="2013-02-03T10:00:00-00:00" {{(pid=90456) _check_extension /opt/stack/neutron/neutron/api/extensions.py:415}}
Jun 29 17:11:00.658761 np0000003920 devstack@neutron-api.service[90459]: DEBUG neutron_lib.callbacks.manager [None req-3a0db6e2-3796-4386-bc33-e652ff90c561 None None] Subscribe: > security_group_rule before_delete 55550000, False {{(pid=90459) subscribe /opt/stack/data/venv/lib/python3.12/site-packages/neutron_lib/callbacks/manager.py:52}}
Jun 29 17:11:00.658761 np0000003920 devstack@neutron-api.service[90459]: DEBUG neutron_lib.callbacks.manager [None req-3a0db6e2-3796-4386-bc33-e652ff90c561 None None] Subscribe: > address_group after_create 55550000, False {{(pid=90459) subscribe /opt/stack/data/venv/lib/python3.12/site-packages/neutron_lib/callbacks/manager.py:52}}
Jun 29 17:11:00.658832 np0000003920 devstack@neutron-api.service[90456]: INFO neutron.api.extensions [None req-56788f3f-45be-44a4-9827-8c8b79507b93 None None] Loaded extension: agent
Jun 29 17:11:00.658924 np0000003920 devstack@neutron-api.service[90459]: DEBUG neutron_lib.callbacks.manager [None req-3a0db6e2-3796-4386-bc33-e652ff90c561 None None] Subscribe: > address_group after_update 55550000, False {{(pid=90459) subscribe /opt/stack/data/venv/lib/python3.12/site-packages/neutron_lib/callbacks/manager.py:52}}
Jun 29 17:11:00.658983 np0000003920 devstack@neutron-api.service[90456]: DEBUG neutron.api.extensions [None req-56788f3f-45be-44a4-9827-8c8b79507b93 None None] Loading extension file: agent_resources_synced.py {{(pid=90456) _load_all_extensions_from_path /opt/stack/neutron/neutron/api/extensions.py:449}}
Jun 29 17:11:00.659054 np0000003920 devstack@neutron-api.service[90459]: DEBUG neutron_lib.callbacks.manager [None req-3a0db6e2-3796-4386-bc33-e652ff90c561 None None] Subscribe: > address_group after_delete 55550000, False {{(pid=90459) subscribe /opt/stack/data/venv/lib/python3.12/site-packages/neutron_lib/callbacks/manager.py:52}}
Jun 29 17:11:00.659054 np0000003920 devstack@neutron-api.service[90459]: DEBUG neutron_lib.callbacks.manager [None req-3a0db6e2-3796-4386-bc33-e652ff90c561 None None] Subscribe: > qos_plugin after_init 55550000, False {{(pid=90459) subscribe /opt/stack/data/venv/lib/python3.12/site-packages/neutron_lib/callbacks/manager.py:52}}
Jun 29 17:11:00.659130 np0000003920 devstack@neutron-api.service[90456]: DEBUG neutron.api.extensions [None req-56788f3f-45be-44a4-9827-8c8b79507b93 None None] Ext name="Agent's Resource View Synced to Placement" alias="agent-resources-synced" description="Stores success/failure of last sync to Placement" updated="2018-12-19T00:00:00-00:00" {{(pid=90456) _check_extension /opt/stack/neutron/neutron/api/extensions.py:415}}
Jun 29 17:11:00.659130 np0000003920 devstack@neutron-api.service[90456]: INFO neutron.api.extensions [None req-56788f3f-45be-44a4-9827-8c8b79507b93 None None] Extension agent-resources-synced not supported by any of loaded plugins
Jun 29 17:11:00.659324 np0000003920 devstack@neutron-api.service[90459]: DEBUG neutron_lib.callbacks.manager [None req-3a0db6e2-3796-4386-bc33-e652ff90c561 None None] Subscribe: > trunk_plugin after_init 55550000, False {{(pid=90459) subscribe /opt/stack/data/venv/lib/python3.12/site-packages/neutron_lib/callbacks/manager.py:52}}
Jun 29 17:11:00.659382 np0000003920 devstack@neutron-api.service[90456]: DEBUG neutron.api.extensions [None req-56788f3f-45be-44a4-9827-8c8b79507b93 None None] Loading extension file: agent_sort_key.py {{(pid=90456) _load_all_extensions_from_path /opt/stack/neutron/neutron/api/extensions.py:449}}
Jun 29 17:11:00.659488 np0000003920 devstack@neutron-api.service[90459]: DEBUG neutron_lib.callbacks.manager [None req-3a0db6e2-3796-4386-bc33-e652ff90c561 None None] Subscribe: > logging-plugin after_init 55550000, False {{(pid=90459) subscribe /opt/stack/data/venv/lib/python3.12/site-packages/neutron_lib/callbacks/manager.py:52}}
Jun 29 17:11:00.659562 np0000003920 devstack@neutron-api.service[90456]: DEBUG neutron.api.extensions [None req-56788f3f-45be-44a4-9827-8c8b79507b93 None None] Ext name="Agents Sort Key" alias="agent_sort_key" description="Enabling the keyword sort_key for sorting in agents." updated="2013-02-03T10:00:00-00:00" {{(pid=90456) _check_extension /opt/stack/neutron/neutron/api/extensions.py:415}}
Jun 29 17:11:00.659562 np0000003920 devstack@neutron-api.service[90456]: INFO neutron.api.extensions [None req-56788f3f-45be-44a4-9827-8c8b79507b93 None None] Extension agent_sort_key not supported by any of loaded plugins
Jun 29 17:11:00.659562 np0000003920 devstack@neutron-api.service[90456]: DEBUG neutron.api.extensions [None req-56788f3f-45be-44a4-9827-8c8b79507b93 None None] Loading extension file: allowedaddresspairs.py {{(pid=90456) _load_all_extensions_from_path /opt/stack/neutron/neutron/api/extensions.py:449}}
Jun 29 17:11:00.659672 np0000003920 devstack@neutron-api.service[90459]: INFO neutron.services.logapi.drivers.ovn.driver [None req-3a0db6e2-3796-4386-bc33-e652ff90c561 None None] OVN logging driver registered
Jun 29 17:11:00.659672 np0000003920 devstack@neutron-api.service[90459]: DEBUG neutron_lib.callbacks.manager [None req-3a0db6e2-3796-4386-bc33-e652ff90c561 None None] Subscribe: ._register_pvlan_driver at 0x77424f57df80> pvlan_plugin before_spawn 55550000, False {{(pid=90459) subscribe /opt/stack/data/venv/lib/python3.12/site-packages/neutron_lib/callbacks/manager.py:52}}
Jun 29 17:11:00.659672 np0000003920 devstack@neutron-api.service[90459]: DEBUG neutron_lib.callbacks.manager [None req-3a0db6e2-3796-4386-bc33-e652ff90c561 None None] Subscribe: process after_init 55550000, False {{(pid=90459) subscribe /opt/stack/data/venv/lib/python3.12/site-packages/neutron_lib/callbacks/manager.py:52}}
Jun 29 17:11:00.659757 np0000003920 devstack@neutron-api.service[90456]: DEBUG neutron.api.extensions [None req-56788f3f-45be-44a4-9827-8c8b79507b93 None None] Ext name="Allowed Address Pairs" alias="allowed-address-pairs" description="Provides allowed address pairs" updated="2013-07-23T10:00:00-00:00" {{(pid=90456) _check_extension /opt/stack/neutron/neutron/api/extensions.py:415}}
Jun 29 17:11:00.659757 np0000003920 devstack@neutron-api.service[90456]: INFO neutron.api.extensions [None req-56788f3f-45be-44a4-9827-8c8b79507b93 None None] Loaded extension: allowed-address-pairs
Jun 29 17:11:00.659757 np0000003920 devstack@neutron-api.service[90456]: DEBUG neutron.api.extensions [None req-56788f3f-45be-44a4-9827-8c8b79507b93 None None] Loading extension file: auto_allocated_topology.py {{(pid=90456) _load_all_extensions_from_path /opt/stack/neutron/neutron/api/extensions.py:449}}
Jun 29 17:11:00.659757 np0000003920 devstack@neutron-api.service[90456]: DEBUG neutron.api.extensions [None req-56788f3f-45be-44a4-9827-8c8b79507b93 None None] Ext name="Auto Allocated Topology Services" alias="auto-allocated-topology" description="Auto Allocated Topology Services." updated="2016-01-01T00:00:00-00:00" {{(pid=90456) _check_extension /opt/stack/neutron/neutron/api/extensions.py:415}}
