Jul 28 11:53:43.089394 np0000005993 devstack@neutron-api.service[87686]: [pid: 87686|app: 0|req: 4/13] 10.4.3.32 () {64 vars in 1285 bytes} [Tue Jul 28 11:53:43 2026] GET /networking/v2.0/extensions => generated 16171 bytes in 3 msecs (HTTP/1.1 200) 4 headers in 159 bytes (1 switches on core 0)
Jul 28 11:53:43.365851 np0000005993 devstack@neutron-api.service[87687]: DEBUG neutron.api.v2.base [None req-196fcfb8-0fcd-488f-a729-c13525664b48 admin admin] Request body: {'router': {'admin_state_up': True, 'name': 'router1'}} {{(pid=87687) prepare_request_body /opt/stack/neutron/neutron/api/v2/base.py:727}}
Jul 28 11:53:43.381894 np0000005993 devstack@neutron-api.service[87687]: DEBUG neutron_lib.callbacks.manager [None req-196fcfb8-0fcd-488f-a729-c13525664b48 admin admin] Publish callbacks ['neutron.services.ovn_l3.service_providers.driver_controller.DriverController._check_router_request-31021'] for router (06a82989-804c-47d0-bd23-6dd6a4649159), before_create {{(pid=87687) _notify_loop /opt/stack/data/venv/lib/python3.12/site-packages/neutron_lib/callbacks/manager.py:184}}
Jul 28 11:53:43.383044 np0000005993 devstack@neutron-api.service[87687]: DEBUG neutron_lib.callbacks.manager [None req-196fcfb8-0fcd-488f-a729-c13525664b48 admin admin] Publish callbacks ['neutron.services.ovn_l3.service_providers.ovn.OVN_L3_HA_db_mixin._precommit_router_create-120584', 'neutron.services.ovn_l3.plugin.RouterAvailabilityZoneMixin._process_az_request-3743827', 'neutron.services.ovn_l3.plugin.ExtraGatewaysDbOnlyMixin._process_bfd_ecmp_create-11567', 'neutron.services.ovn_l3.service_providers.ovn.OvnDriver._process_router_create_precommit-120814', 'neutron.services.ovn_l3.service_providers.driver_controller.DriverController._set_router_provider-103135'] for router (06a82989-804c-47d0-bd23-6dd6a4649159), precommit_create {{(pid=87687) _notify_loop /opt/stack/data/venv/lib/python3.12/site-packages/neutron_lib/callbacks/manager.py:184}}
Jul 28 11:53:43.398167 np0000005993 devstack@neutron-api.service[87687]: DEBUG neutron.db.ovn_revision_numbers_db [None req-196fcfb8-0fcd-488f-a729-c13525664b48 admin admin] create_initial_revision uuid=06a82989-804c-47d0-bd23-6dd6a4649159, type=routers, rev=-1 {{(pid=87687) create_initial_revision /opt/stack/neutron/neutron/db/ovn_revision_numbers_db.py:98}}
Jul 28 11:53:43.482522 np0000005993 devstack@neutron-api.service[87687]: DEBUG neutron_lib.callbacks.manager [None req-196fcfb8-0fcd-488f-a729-c13525664b48 admin admin] Publish callbacks [] for router_controller (06a82989-804c-47d0-bd23-6dd6a4649159), precommit_add_association {{(pid=87687) _notify_loop /opt/stack/data/venv/lib/python3.12/site-packages/neutron_lib/callbacks/manager.py:184}}
Jul 28 11:53:43.486321 np0000005993 devstack@neutron-api.service[87687]: DEBUG neutron_lib.callbacks.manager [None req-196fcfb8-0fcd-488f-a729-c13525664b48 admin admin] Publish callbacks ['neutron.services.ovn_l3.service_providers.ovn.OvnDriver._process_router_create-120644'] for router (06a82989-804c-47d0-bd23-6dd6a4649159), after_create {{(pid=87687) _notify_loop /opt/stack/data/venv/lib/python3.12/site-packages/neutron_lib/callbacks/manager.py:184}}
Jul 28 11:53:43.486506 np0000005993 devstack@neutron-api.service[87687]: INFO neutron.plugins.ml2.drivers.ovn.mech_driver.ovsdb.extensions.qos [None req-196fcfb8-0fcd-488f-a729-c13525664b48 admin admin] Starting OVNClientQosExtension
Jul 28 11:53:43.486860 np0000005993 devstack@neutron-api.service[87687]: DEBUG neutron.plugins.ml2.drivers.ovn.mech_driver.ovsdb.extensions.qos [None req-196fcfb8-0fcd-488f-a729-c13525664b48 admin admin] Router 06a82989-804c-47d0-bd23-6dd6a4649159 does not have ID or gateway assigned {{(pid=87687) update_router /opt/stack/neutron/neutron/plugins/ml2/drivers/ovn/mech_driver/ovsdb/extensions/qos.py:527}}
Jul 28 11:53:43.487154 np0000005993 devstack@neutron-api.service[87687]: DEBUG ovsdbapp.backend.ovs_idl.transaction [-] Running txn n=1 command(idx=0): LrAddCommand(_result=None, router=neutron-06a82989-804c-47d0-bd23-6dd6a4649159, may_exist=True, columns={'external_ids': {'neutron:router_name': 'router1', 'neutron:revision_number': '1', 'neutron:availability_zone_hints': ''}, 'enabled': True, 'options': {'always_learn_from_arp_request': 'false', 'dynamic_neigh_routers': 'true', 'mac_binding_age_threshold': '300'}}) {{(pid=87687) do_commit /opt/stack/data/venv/lib/python3.12/site-packages/ovsdbapp/backend/ovs_idl/transaction.py:89}}
Jul 28 11:53:43.500610 np0000005993 devstack@neutron-api.service[87687]: DEBUG neutron.plugins.ml2.drivers.ovn.mech_driver.ovsdb.ovsdb_monitor [-] Hash Ring: Node 8b8ed8df3e2c5ede97ef9fae7a86de82 (host: np0000005993) handling event "create" for row 78469126-7d3e-4d1f-9c77-d3c631fd319f (table: Logical_Router) {{(pid=87687) notify /opt/stack/neutron/neutron/plugins/ml2/drivers/ovn/mech_driver/ovsdb/ovsdb_monitor.py:1013}}
Jul 28 11:53:43.502024 np0000005993 devstack@neutron-api.service[87686]: DEBUG neutron.plugins.ml2.drivers.ovn.mech_driver.ovsdb.ovsdb_monitor [-] Hash Ring: Node f03590af76ea506e8e010c1d167ba944 (host: np0000005993) handling event "create" for row 78469126-7d3e-4d1f-9c77-d3c631fd319f (table: Logical_Router) {{(pid=87686) notify /opt/stack/neutron/neutron/plugins/ml2/drivers/ovn/mech_driver/ovsdb/ovsdb_monitor.py:1013}}
Jul 28 11:53:43.507145 np0000005993 devstack@neutron-api.service[87686]: DEBUG neutron.plugins.ml2.drivers.ovn.mech_driver.ovsdb.ovsdb_monitor [-] Hash Ring: Node f03590af76ea506e8e010c1d167ba944 (host: np0000005993) handling event "create" for row ab0c4099-6dbc-4a71-a5cf-03dd2ab0843a (table: Datapath_Binding) {{(pid=87686) notify /opt/stack/neutron/neutron/plugins/ml2/drivers/ovn/mech_driver/ovsdb/ovsdb_monitor.py:1013}}
Jul 28 11:53:43.524167 np0000005993 devstack@neutron-api.service[87687]: DEBUG neutron.plugins.ml2.drivers.ovn.mech_driver.ovsdb.ovsdb_monitor [-] Hash Ring: Node 8b8ed8df3e2c5ede97ef9fae7a86de82 (host: np0000005993) handling event "create" for row ab0c4099-6dbc-4a71-a5cf-03dd2ab0843a (table: Datapath_Binding) {{(pid=87687) notify /opt/stack/neutron/neutron/plugins/ml2/drivers/ovn/mech_driver/ovsdb/ovsdb_monitor.py:1013}}
Jul 28 11:53:43.596875 np0000005993 devstack@neutron-api.service[87687]: INFO neutron.db.ovn_revision_numbers_db [None req-196fcfb8-0fcd-488f-a729-c13525664b48 admin admin] Successfully bumped revision number for resource 06a82989-804c-47d0-bd23-6dd6a4649159 (type: routers) to 1
Jul 28 11:53:43.610126 np0000005993 devstack@neutron-api.service[87687]: DEBUG neutron_lib.callbacks.manager [None req-196fcfb8-0fcd-488f-a729-c13525664b48 admin admin] Publish callbacks [] for router (None), before_response {{(pid=87687) _notify_loop /opt/stack/data/venv/lib/python3.12/site-packages/neutron_lib/callbacks/manager.py:184}}
Jul 28 11:53:43.610731 np0000005993 devstack@neutron-api.service[87687]: [pid: 87687|app: 0|req: 6/14] 10.4.3.32 () {68 vars in 1316 bytes} [Tue Jul 28 11:53:43 2026] POST /networking/v2.0/routers => generated 599 bytes in 248 msecs (HTTP/1.1 201) 4 headers in 162 bytes (1 switches on core 0)
Jul 28 11:53:43.878146 np0000005993 devstack@neutron-api.service[87688]: DEBUG neutron.api.wsgi [None req-9a188f94-98d7-43a5-b2ce-42cfc2bc799c admin admin] Missing Content-Type {{(pid=87688) get_content_type /opt/stack/neutron/neutron/api/wsgi.py:80}}
Jul 28 11:53:43.878599 np0000005993 devstack@neutron-api.service[87688]: DEBUG neutron.api.wsgi [None req-9a188f94-98d7-43a5-b2ce-42cfc2bc799c admin admin] https://10.4.3.32/networking/v2.0/extensions returned with HTTP 200 {{(pid=87688) __call__ /opt/stack/neutron/neutron/api/wsgi.py:540}}
Jul 28 11:53:43.879005 np0000005993 devstack@neutron-api.service[87688]: [pid: 87688|app: 0|req: 5/15] 10.4.3.32 () {64 vars in 1285 bytes} [Tue Jul 28 11:53:43 2026] GET /networking/v2.0/extensions => generated 16171 bytes in 4 msecs (HTTP/1.1 200) 4 headers in 159 bytes (1 switches on core 0)
Jul 28 11:53:44.161844 np0000005993 devstack@neutron-api.service[87686]: DEBUG neutron.api.v2.base [None req-cc771ac4-ebec-40d9-be3a-5e5b645d5315 admin admin] Request body: {'network': {'provider:network_type': 'flat', 'router:external': True, 'is_default': True, 'name': 'public', 'provider:physical_network': 'public', 'admin_state_up': True}} {{(pid=87686) prepare_request_body /opt/stack/neutron/neutron/api/v2/base.py:727}}
Jul 28 11:53:44.178178 np0000005993 devstack@neutron-api.service[87686]: DEBUG neutron.pecan_wsgi.hooks.quota_enforcement [None req-cc771ac4-ebec-40d9-be3a-5e5b645d5315 admin admin] Made reservation on behalf of 39115b52eece4fc58e23cb21e3a942f7 for: {'network': 1} {{(pid=87686) before /opt/stack/neutron/neutron/pecan_wsgi/hooks/quota_enforcement.py:66}}
Jul 28 11:53:44.182468 np0000005993 devstack@neutron-api.service[87686]: DEBUG neutron_lib.callbacks.manager [None req-cc771ac4-ebec-40d9-be3a-5e5b645d5315 admin admin] Publish callbacks ['neutron.plugins.ml2.plugin.SecurityGroupDbMixin._ensure_default_security_group_handler-193534'] for network (None), before_create {{(pid=87686) _notify_loop /opt/stack/data/venv/lib/python3.12/site-packages/neutron_lib/callbacks/manager.py:184}}
Jul 28 11:53:44.220093 np0000005993 devstack@neutron-api.service[87686]: DEBUG neutron.plugins.ml2.drivers.type_flat [None req-cc771ac4-ebec-40d9-be3a-5e5b645d5315 admin admin] Reserving flat network on physical network public {{(pid=87686) reserve_provider_segment /opt/stack/neutron/neutron/plugins/ml2/drivers/type_flat.py:100}}
Jul 28 11:53:44.231762 np0000005993 devstack@neutron-api.service[87686]: DEBUG neutron_lib.callbacks.manager [None req-cc771ac4-ebec-40d9-be3a-5e5b645d5315 admin admin] Publish callbacks ['neutron.services.segments.db._add_segment_host_mapping_for_segment-8434097957278', 'neutron.plugins.ml2.plugin.Ml2Plugin._handle_segment_change-994852'] for segment (070063c1-9425-47e2-a783-52e9a2a0a920), precommit_create {{(pid=87686) _notify_loop /opt/stack/data/venv/lib/python3.12/site-packages/neutron_lib/callbacks/manager.py:184}}
Jul 28 11:53:44.232247 np0000005993 devstack@neutron-api.service[87686]: DEBUG neutron_lib.callbacks.manager [None req-cc771ac4-ebec-40d9-be3a-5e5b645d5315 admin admin] Unsubscribe: segment precommit_create {{(pid=87686) unsubscribe /opt/stack/data/venv/lib/python3.12/site-packages/neutron_lib/callbacks/manager.py:90}}
Jul 28 11:53:44.232549 np0000005993 devstack@neutron-api.service[87686]: INFO neutron.db.segments_db [None req-cc771ac4-ebec-40d9-be3a-5e5b645d5315 admin admin] Added segment 070063c1-9425-47e2-a783-52e9a2a0a920 of type flat for network d0dd9cd1-69c4-451b-a957-e93711570241
Jul 28 11:53:44.272343 np0000005993 devstack@neutron-api.service[87686]: DEBUG neutron_lib.callbacks.manager [None req-cc771ac4-ebec-40d9-be3a-5e5b645d5315 admin admin] Publish callbacks ['neutron.services.auto_allocate.db._ensure_external_network_default_value_callback-8434096805902'] for network (d0dd9cd1-69c4-451b-a957-e93711570241), precommit_create {{(pid=87686) _notify_loop /opt/stack/data/venv/lib/python3.12/site-packages/neutron_lib/callbacks/manager.py:184}}
Jul 28 11:53:44.294904 np0000005993 devstack@neutron-api.service[87686]: DEBUG neutron.plugins.ml2.drivers.ovn.mech_driver.mech_driver [None req-cc771ac4-ebec-40d9-be3a-5e5b645d5315 admin admin] Validating network segment with type flat, segmentation ID None, physical network public {{(pid=87686) _validate_network_segments /opt/stack/neutron/neutron/plugins/ml2/drivers/ovn/mech_driver/mech_driver.py:646}}
Jul 28 11:53:44.294904 np0000005993 devstack@neutron-api.service[87686]: DEBUG neutron.db.ovn_revision_numbers_db [None req-cc771ac4-ebec-40d9-be3a-5e5b645d5315 admin admin] create_initial_revision uuid=d0dd9cd1-69c4-451b-a957-e93711570241, type=networks, rev=-1 {{(pid=87686) create_initial_revision /opt/stack/neutron/neutron/db/ovn_revision_numbers_db.py:98}}
Jul 28 11:53:44.312439 np0000005993 devstack@neutron-api.service[87686]: DEBUG neutron_lib.callbacks.manager [None req-cc771ac4-ebec-40d9-be3a-5e5b645d5315 admin admin] Publish callbacks ['neutron.plugins.ml2.ovo_rpc._ObjectChangeHandler.handle_event-4029990'] for network (d0dd9cd1-69c4-451b-a957-e93711570241), after_create {{(pid=87686) _notify_loop /opt/stack/data/venv/lib/python3.12/site-packages/neutron_lib/callbacks/manager.py:184}}
Jul 28 11:53:44.356119 np0000005993 devstack@neutron-api.service[87686]: DEBUG neutron.api.rpc.handlers.resources_rpc [None req-cc771ac4-ebec-40d9-be3a-5e5b645d5315 admin admin] Pushing event updated for resources: {'Network': ['ID=d0dd9cd1-69c4-451b-a957-e93711570241,revision_number=1']} {{(pid=87686) push /opt/stack/neutron/neutron/api/rpc/handlers/resources_rpc.py:237}}
Jul 28 11:53:44.361311 np0000005993 devstack@neutron-api.service[87686]: DEBUG neutron.api.rpc.callbacks.version_manager [None req-cc771ac4-ebec-40d9-be3a-5e5b645d5315 admin admin] Tracked resource versions report:
Jul 28 11:53:44.361311 np0000005993 devstack@neutron-api.service[87686]: pushed versions:
Jul 28 11:53:44.361311 np0000005993 devstack@neutron-api.service[87686]: { 'AddressGroup': {'1.2'},
Jul 28 11:53:44.361311 np0000005993 devstack@neutron-api.service[87686]: 'Agent': {'1.1'},
Jul 28 11:53:44.361311 np0000005993 devstack@neutron-api.service[87686]: 'ConntrackHelper': {'1.0'},
Jul 28 11:53:44.361311 np0000005993 devstack@neutron-api.service[87686]: 'LocalIPAssociation': {'1.0'},
Jul 28 11:53:44.361311 np0000005993 devstack@neutron-api.service[87686]: 'Log': {'1.0'},
Jul 28 11:53:44.361311 np0000005993 devstack@neutron-api.service[87686]: 'NDPProxy': {'1.0'},
Jul 28 11:53:44.361311 np0000005993 devstack@neutron-api.service[87686]: 'Network': {'1.3'},
Jul 28 11:53:44.361311 np0000005993 devstack@neutron-api.service[87686]: 'Port': {'1.11'},
Jul 28 11:53:44.361311 np0000005993 devstack@neutron-api.service[87686]: 'PortForwarding': {'1.3'},
Jul 28 11:53:44.361311 np0000005993 devstack@neutron-api.service[87686]: 'QosPolicy': {'1.10'},
Jul 28 11:53:44.361311 np0000005993 devstack@neutron-api.service[87686]: 'SecurityGroup': {'1.6'},
Jul 28 11:53:44.361311 np0000005993 devstack@neutron-api.service[87686]: 'SecurityGroupRule': {'1.3'},
Jul 28 11:53:44.361311 np0000005993 devstack@neutron-api.service[87686]: 'SubPort': {'1.0'},
Jul 28 11:53:44.361311 np0000005993 devstack@neutron-api.service[87686]: 'Subnet': {'1.2'},
Jul 28 11:53:44.361311 np0000005993 devstack@neutron-api.service[87686]: 'Trunk': {'1.1'}}
Jul 28 11:53:44.361311 np0000005993 devstack@neutron-api.service[87686]: consumer versions:
Jul 28 11:53:44.361311 np0000005993 devstack@neutron-api.service[87686]: { OVN Controller Gateway agent@np0000005993: {},
Jul 28 11:53:44.361311 np0000005993 devstack@neutron-api.service[87686]: OVN Neutron agent@np0000005993: {}}
Jul 28 11:53:44.361311 np0000005993 devstack@neutron-api.service[87686]: {{(pid=87686) report /opt/stack/neutron/neutron/api/rpc/callbacks/version_manager.py:183}}
Jul 28 11:53:44.378394 np0000005993 devstack@neutron-api.service[87686]: DEBUG ovsdbapp.backend.ovs_idl.transaction [-] Running txn n=1 command(idx=0): AddNetworkCommand(_result=None, network_uuid=d0dd9cd1-69c4-451b-a957-e93711570241, may_exist=True, columns={'external_ids': {'neutron:network_name': 'public', 'neutron:mtu': '1430', 'neutron:revision_number': '1', 'neutron:availability_zone_hints': '', 'neutron:provnet-network-type': 'flat', 'neutron:provnet-physical-network': 'public'}, 'other_config': {'mcast_snoop': 'false', 'mcast_flood_unregistered': 'false', 'vlan-passthru': 'false', 'fdb_age_threshold': '300', 'broadcast-arps-to-all-routers': 'true'}}) {{(pid=87686) do_commit /opt/stack/data/venv/lib/python3.12/site-packages/ovsdbapp/backend/ovs_idl/transaction.py:89}}
Jul 28 11:53:44.378791 np0000005993 devstack@neutron-api.service[87686]: DEBUG neutron.common.ovn.utils [-] OVS persist_uuid supported=True {{(pid=87686) ovs_persist_uuid_supported /opt/stack/neutron/neutron/common/ovn/utils.py:1565}}
Jul 28 11:53:44.379111 np0000005993 devstack@neutron-api.service[87686]: DEBUG ovsdbapp.backend.ovs_idl.transaction [-] Running txn n=1 command(idx=1): AddLSwitchPortCommand(_result=None, lport=provnet-070063c1-9425-47e2-a783-52e9a2a0a920, lswitch=neutron-d0dd9cd1-69c4-451b-a957-e93711570241, may_exist=True, network_uuid=d0dd9cd1-69c4-451b-a957-e93711570241, columns={'addresses': ['unknown'], 'external_ids': {'neutron:provnet-physical-network': 'public'}, 'type': 'localnet', 'tag_request': [], 'options': {'network_name': 'public', 'mcast_flood_reports': 'true', 'mcast_flood': 'false', 'localnet_learn_fdb': 'false'}}) {{(pid=87686) do_commit /opt/stack/data/venv/lib/python3.12/site-packages/ovsdbapp/backend/ovs_idl/transaction.py:89}}
Jul 28 11:53:44.382657 np0000005993 devstack@neutron-api.service[87687]: DEBUG neutron.plugins.ml2.drivers.ovn.mech_driver.ovsdb.ovsdb_monitor [-] Hash Ring: Node 8b8ed8df3e2c5ede97ef9fae7a86de82 (host: np0000005993) handling event "create" for row d0dd9cd1-69c4-451b-a957-e93711570241 (table: Logical_Switch) {{(pid=87687) notify /opt/stack/neutron/neutron/plugins/ml2/drivers/ovn/mech_driver/ovsdb/ovsdb_monitor.py:1013}}
Jul 28 11:53:44.383172 np0000005993 devstack@neutron-api.service[87687]: DEBUG neutron.plugins.ml2.drivers.ovn.mech_driver.ovsdb.ovsdb_monitor [-] Hash Ring: Node 8b8ed8df3e2c5ede97ef9fae7a86de82 (host: np0000005993) handling event "create" for row 3c87015d-0e7f-4a1b-a94a-7b42247f7370 (table: Logical_Switch_Port) {{(pid=87687) notify /opt/stack/neutron/neutron/plugins/ml2/drivers/ovn/mech_driver/ovsdb/ovsdb_monitor.py:1013}}
Jul 28 11:53:44.383296 np0000005993 devstack@neutron-api.service[87688]: DEBUG neutron.plugins.ml2.drivers.ovn.mech_driver.ovsdb.ovsdb_monitor [-] Hash Ring: Node 648c3468d23959148da5b776ec2f8bcd (host: np0000005993) handling event "create" for row 3c87015d-0e7f-4a1b-a94a-7b42247f7370 (table: Logical_Switch_Port) {{(pid=87688) notify /opt/stack/neutron/neutron/plugins/ml2/drivers/ovn/mech_driver/ovsdb/ovsdb_monitor.py:1013}}
Jul 28 11:53:44.383539 np0000005993 devstack@neutron-api.service[87687]: DEBUG neutron.plugins.ml2.drivers.ovn.mech_driver.ovsdb.ovsdb_monitor [-] Hash Ring: Node 8b8ed8df3e2c5ede97ef9fae7a86de82 (host: np0000005993) handling event "update" for row 3c87015d-0e7f-4a1b-a94a-7b42247f7370 (table: Logical_Switch_Port) {{(pid=87687) notify /opt/stack/neutron/neutron/plugins/ml2/drivers/ovn/mech_driver/ovsdb/ovsdb_monitor.py:1013}}
Jul 28 11:53:44.383913 np0000005993 devstack@neutron-api.service[87688]: DEBUG neutron.plugins.ml2.drivers.ovn.mech_driver.ovsdb.ovsdb_monitor [-] Hash Ring: Node 648c3468d23959148da5b776ec2f8bcd (host: np0000005993) handling event "update" for row 3c87015d-0e7f-4a1b-a94a-7b42247f7370 (table: Logical_Switch_Port) {{(pid=87688) notify /opt/stack/neutron/neutron/plugins/ml2/drivers/ovn/mech_driver/ovsdb/ovsdb_monitor.py:1013}}
Jul 28 11:53:44.386619 np0000005993 devstack@neutron-api.service[87687]: DEBUG neutron.plugins.ml2.drivers.ovn.mech_driver.ovsdb.ovsdb_monitor [-] Hash Ring: Node 8b8ed8df3e2c5ede97ef9fae7a86de82 (host: np0000005993) handling event "create" for row 855a5923-ddf6-4067-a8ab-9b44d6ca0dfb (table: Datapath_Binding) {{(pid=87687) notify /opt/stack/neutron/neutron/plugins/ml2/drivers/ovn/mech_driver/ovsdb/ovsdb_monitor.py:1013}}
Jul 28 11:53:44.388534 np0000005993 devstack@neutron-api.service[87687]: DEBUG neutron.plugins.ml2.drivers.ovn.mech_driver.ovsdb.ovsdb_monitor [-] Hash Ring: Node 8b8ed8df3e2c5ede97ef9fae7a86de82 (host: np0000005993) handling event "create" for row ab78d825-9176-4d3b-9e83-d2ee8937a040 (table: Port_Binding) {{(pid=87687) notify /opt/stack/neutron/neutron/plugins/ml2/drivers/ovn/mech_driver/ovsdb/ovsdb_monitor.py:1013}}
Jul 28 11:53:44.586782 np0000005993 devstack@neutron-api.service[87686]: DEBUG neutron.plugins.ml2.drivers.ovn.mech_driver.ovsdb.ovsdb_monitor [-] Hash Ring: Node f03590af76ea506e8e010c1d167ba944 (host: np0000005993) handling event "create" for row 855a5923-ddf6-4067-a8ab-9b44d6ca0dfb (table: Datapath_Binding) {{(pid=87686) notify /opt/stack/neutron/neutron/plugins/ml2/drivers/ovn/mech_driver/ovsdb/ovsdb_monitor.py:1013}}
Jul 28 11:53:44.606504 np0000005993 devstack@neutron-api.service[87686]: INFO neutron.db.ovn_revision_numbers_db [None req-cc771ac4-ebec-40d9-be3a-5e5b645d5315 admin admin] Successfully bumped revision number for resource d0dd9cd1-69c4-451b-a957-e93711570241 (type: networks) to 1
Jul 28 11:53:44.650374 np0000005993 devstack@neutron-api.service[87686]: DEBUG neutron_lib.callbacks.manager [None req-cc771ac4-ebec-40d9-be3a-5e5b645d5315 admin admin] Publish callbacks ['neutron.plugins.ml2.plugin.SecurityGroupDbMixin._ensure_default_security_group_handler-193534'] for port (None), before_create {{(pid=87686) _notify_loop /opt/stack/data/venv/lib/python3.12/site-packages/neutron_lib/callbacks/manager.py:184}}
Jul 28 11:53:44.736464 np0000005993 devstack@neutron-api.service[87686]: DEBUG neutron_lib.callbacks.manager [None req-cc771ac4-ebec-40d9-be3a-5e5b645d5315 admin admin] Publish callbacks ['neutron.plugins.ml2.drivers.ovn.mech_driver.mech_driver.OVNMechanismDriver._validate_allowed_address_pairs-1618587'] for allowed_address_pair (bf74a45d-2da2-4f02-9720-eef59e26c277), before_create {{(pid=87686) _notify_loop /opt/stack/data/venv/lib/python3.12/site-packages/neutron_lib/callbacks/manager.py:184}}
Jul 28 11:53:44.737125 np0000005993 devstack@neutron-api.service[87686]: DEBUG neutron_lib.callbacks.manager [None req-cc771ac4-ebec-40d9-be3a-5e5b645d5315 admin admin] Publish callbacks [] for port (bf74a45d-2da2-4f02-9720-eef59e26c277), precommit_create {{(pid=87686) _notify_loop /opt/stack/data/venv/lib/python3.12/site-packages/neutron_lib/callbacks/manager.py:184}}
Jul 28 11:53:44.737337 np0000005993 devstack@neutron-api.service[87686]: DEBUG neutron.plugins.ml2.drivers.ovn.mech_driver.mech_driver [None req-cc771ac4-ebec-40d9-be3a-5e5b645d5315 admin admin] No provisioning block for port bf74a45d-2da2-4f02-9720-eef59e26c277 since it does not have a host {{(pid=87686) _is_port_provisioning_required /opt/stack/neutron/neutron/plugins/ml2/drivers/ovn/mech_driver/mech_driver.py:899}}
Jul 28 11:53:44.737461 np0000005993 devstack@neutron-api.service[87686]: DEBUG neutron.db.ovn_revision_numbers_db [None req-cc771ac4-ebec-40d9-be3a-5e5b645d5315 admin admin] create_initial_revision uuid=bf74a45d-2da2-4f02-9720-eef59e26c277, type=ports, rev=-1 {{(pid=87686) create_initial_revision /opt/stack/neutron/neutron/db/ovn_revision_numbers_db.py:98}}
Jul 28 11:53:44.784469 np0000005993 devstack@neutron-api.service[87686]: DEBUG neutron_lib.callbacks.manager [None req-cc771ac4-ebec-40d9-be3a-5e5b645d5315 admin admin] Publish callbacks ['neutron.plugins.ml2.ovo_rpc._ObjectChangeHandler.handle_event-4029960'] for port (bf74a45d-2da2-4f02-9720-eef59e26c277), after_create {{(pid=87686) _notify_loop /opt/stack/data/venv/lib/python3.12/site-packages/neutron_lib/callbacks/manager.py:184}}
Jul 28 11:53:44.843676 np0000005993 devstack@neutron-api.service[87686]: DEBUG neutron.api.rpc.handlers.resources_rpc [None req-cc771ac4-ebec-40d9-be3a-5e5b645d5315 admin admin] Pushing event updated for resources: {'Port': ['ID=bf74a45d-2da2-4f02-9720-eef59e26c277,revision_number=1']} {{(pid=87686) push /opt/stack/neutron/neutron/api/rpc/handlers/resources_rpc.py:237}}
Jul 28 11:53:44.874393 np0000005993 devstack@neutron-api.service[87686]: DEBUG neutron.plugins.ml2.drivers.ovn.mech_driver.ovsdb.commands [None req-cc771ac4-ebec-40d9-be3a-5e5b645d5315 admin admin] Converting tag [] to a tag_request {{(pid=87686) _tag_column_to_tag_request /opt/stack/neutron/neutron/plugins/ml2/drivers/ovn/mech_driver/ovsdb/commands.py:205}}
Jul 28 11:53:44.875235 np0000005993 devstack@neutron-api.service[87686]: DEBUG ovsdbapp.backend.ovs_idl.transaction [-] Running txn n=1 command(idx=0): AddLSwitchPortCommand(_result=None, lport=bf74a45d-2da2-4f02-9720-eef59e26c277, lswitch=neutron-d0dd9cd1-69c4-451b-a957-e93711570241, may_exist=True, network_uuid=d0dd9cd1-69c4-451b-a957-e93711570241, columns={'addresses': ['fa:16:3e:4c:73:cd'], 'external_ids': {'neutron:port_name': '', 'neutron:device_id': 'ovnmeta-d0dd9cd1-69c4-451b-a957-e93711570241', 'neutron:project_id': '39115b52eece4fc58e23cb21e3a942f7', 'neutron:cidrs': '', 'neutron:device_owner': 'network:distributed', 'neutron:subnet_pool_addr_scope4': '', 'neutron:subnet_pool_addr_scope6': '', 'neutron:network_name': 'neutron-d0dd9cd1-69c4-451b-a957-e93711570241', 'neutron:security_group_ids': '', 'neutron:revision_number': '1', 'neutron:vnic_type': 'normal', 'neutron:port_capabilities': '', 'neutron:mtu': '1430'}, 'parent_name': [], 'enabled': True, 'options': {}, 'type': 'localport', 'port_security': [], 'dhcpv4_options': [], 'dhcpv6_options': [], 'tag_request': []}) {{(pid=87686) do_commit /opt/stack/data/venv/lib/python3.12/site-packages/ovsdbapp/backend/ovs_idl/transaction.py:89}}
Jul 28 11:53:44.875776 np0000005993 devstack@neutron-api.service[87686]: DEBUG ovsdbapp.backend.ovs_idl.transaction [-] Running txn n=1 command(idx=1): QoSDelCommand(_result=None, switch=neutron-d0dd9cd1-69c4-451b-a957-e93711570241, conditions=[('direction', '=', 'to-lport'), ('priority', '=', 2002), ('match', '=', 'outport == "bf74a45d-2da2-4f02-9720-eef59e26c277"')], if_exists=True) {{(pid=87686) do_commit /opt/stack/data/venv/lib/python3.12/site-packages/ovsdbapp/backend/ovs_idl/transaction.py:89}}
Jul 28 11:53:44.875990 np0000005993 devstack@neutron-api.service[87686]: DEBUG ovsdbapp.backend.ovs_idl.transaction [-] Running txn n=1 command(idx=2): QoSDelCommand(_result=None, switch=neutron-d0dd9cd1-69c4-451b-a957-e93711570241, conditions=[('direction', '=', 'from-lport'), ('priority', '=', 2002), ('match', '=', 'inport == "bf74a45d-2da2-4f02-9720-eef59e26c277"')], if_exists=True) {{(pid=87686) do_commit /opt/stack/data/venv/lib/python3.12/site-packages/ovsdbapp/backend/ovs_idl/transaction.py:89}}
Jul 28 11:53:44.876137 np0000005993 devstack@neutron-api.service[87686]: DEBUG ovsdbapp.backend.ovs_idl.transaction [-] Running txn n=1 command(idx=3): UpdateLSwitchPortQosOptionsCommand(_result=None, lport=AddLSwitchPortCommand(_result=daf7cdaf-7471-4d5b-bc02-c107234bf9e8, lport=bf74a45d-2da2-4f02-9720-eef59e26c277, lswitch=neutron-d0dd9cd1-69c4-451b-a957-e93711570241, may_exist=True, network_uuid=d0dd9cd1-69c4-451b-a957-e93711570241, columns={'addresses': ['fa:16:3e:4c:73:cd'], 'external_ids': {'neutron:port_name': '', 'neutron:device_id': 'ovnmeta-d0dd9cd1-69c4-451b-a957-e93711570241', 'neutron:project_id': '39115b52eece4fc58e23cb21e3a942f7', 'neutron:cidrs': '', 'neutron:device_owner': 'network:distributed', 'neutron:subnet_pool_addr_scope4': '', 'neutron:subnet_pool_addr_scope6': '', 'neutron:network_name': 'neutron-d0dd9cd1-69c4-451b-a957-e93711570241', 'neutron:security_group_ids': '', 'neutron:revision_number': '1', 'neutron:vnic_type': 'normal', 'neutron:port_capabilities': '', 'neutron:mtu': '1430'}, 'parent_name': [], 'enabled': True, 'options': {}, 'type': 'localport', 'port_security': [], 'tag_request': []}), if_exists=True, qos={'qos_max_rate': None, 'qos_burst': None, 'qos_min_rate': None}) {{(pid=87686) do_commit /opt/stack/data/venv/lib/python3.12/site-packages/ovsdbapp/backend/ovs_idl/transaction.py:89}}
Jul 28 11:53:44.880996 np0000005993 devstack@neutron-api.service[87687]: DEBUG neutron.plugins.ml2.drivers.ovn.mech_driver.ovsdb.ovsdb_monitor [-] Hash Ring: Node 8b8ed8df3e2c5ede97ef9fae7a86de82 (host: np0000005993) handling event "update" for row d0dd9cd1-69c4-451b-a957-e93711570241 (table: Logical_Switch) {{(pid=87687) notify /opt/stack/neutron/neutron/plugins/ml2/drivers/ovn/mech_driver/ovsdb/ovsdb_monitor.py:1013}}
Jul 28 11:53:44.880996 np0000005993 devstack@neutron-api.service[87687]: DEBUG neutron.plugins.ml2.drivers.ovn.mech_driver.ovsdb.ovsdb_monitor [-] Hash Ring: Node 8b8ed8df3e2c5ede97ef9fae7a86de82 (host: np0000005993) handling event "create" for row efb7ec18-0d4d-4d2c-9287-af5098a3da48 (table: Logical_Switch_Port) {{(pid=87687) notify /opt/stack/neutron/neutron/plugins/ml2/drivers/ovn/mech_driver/ovsdb/ovsdb_monitor.py:1013}}
Jul 28 11:53:44.882220 np0000005993 devstack@neutron-api.service[87687]: DEBUG ovsdbapp.backend.ovs_idl.event [-] Matched CREATE: LogicalSwitchPortCreateEvent(events=('create',), table='Logical_Switch_Port', conditions=[], old_conditions=None), priority=20 to row=Logical_Switch_Port(uuid=efb7ec18-0d4d-4d2c-9287-af5098a3da48, addresses=['fa:16:3e:4c:73:cd'], dhcpv4_options=[], dhcpv6_options=[], dynamic_addresses=[], enabled=True, external_ids={'neutron:cidrs': '', 'neutron:device_id': 'ovnmeta-d0dd9cd1-69c4-451b-a957-e93711570241', 'neutron:device_owner': 'network:distributed', 'neutron:mtu': '1430', 'neutron:network_name': 'neutron-d0dd9cd1-69c4-451b-a957-e93711570241', 'neutron:port_capabilities': '', 'neutron:port_name': '', 'neutron:project_id': '39115b52eece4fc58e23cb21e3a942f7', 'neutron:revision_number': '1', 'neutron:security_group_ids': '', 'neutron:subnet_pool_addr_scope4': '', 'neutron:subnet_pool_addr_scope6': '', 'neutron:vnic_type': 'normal'}, ha_chassis_group=[], mirror_rules=[], name='bf74a45d-2da2-4f02-9720-eef59e26c277', options={}, parent_name=[], port_security=[], tag=[], tag_request=[], type='localport', up=[]) old= {{(pid=87687) matches /opt/stack/data/venv/lib/python3.12/site-packages/ovsdbapp/backend/ovs_idl/event.py:55}}
Jul 28 11:53:44.884068 np0000005993 devstack@neutron-api.service[87687]: DEBUG neutron.plugins.ml2.drivers.ovn.mech_driver.ovsdb.ovsdb_monitor [-] Hash Ring: Node 8b8ed8df3e2c5ede97ef9fae7a86de82 (host: np0000005993) handling event "update" for row efb7ec18-0d4d-4d2c-9287-af5098a3da48 (table: Logical_Switch_Port) {{(pid=87687) notify /opt/stack/neutron/neutron/plugins/ml2/drivers/ovn/mech_driver/ovsdb/ovsdb_monitor.py:1013}}
Jul 28 11:53:44.885178 np0000005993 devstack@neutron-api.service[87687]: DEBUG neutron.plugins.ml2.drivers.ovn.mech_driver.ovsdb.ovsdb_monitor [-] Hash Ring: Node 8b8ed8df3e2c5ede97ef9fae7a86de82 (host: np0000005993) handling event "create" for row afdb1d71-7d94-405c-8cb7-59e928e35b1b (table: Port_Binding) {{(pid=87687) notify /opt/stack/neutron/neutron/plugins/ml2/drivers/ovn/mech_driver/ovsdb/ovsdb_monitor.py:1013}}
Jul 28 11:53:44.885999 np0000005993 devstack@neutron-api.service[87687]: INFO neutron.plugins.ml2.drivers.ovn.mech_driver.mech_driver [None req-a25caa8e-75b7-4a4b-b981-674784129c9a None None] OVN reports status down for port: bf74a45d-2da2-4f02-9720-eef59e26c277
Jul 28 11:53:44.891038 np0000005993 devstack@neutron-api.service[87686]: DEBUG neutron.plugins.ml2.drivers.ovn.mech_driver.ovsdb.ovsdb_monitor [-] Hash Ring: Node f03590af76ea506e8e010c1d167ba944 (host: np0000005993) handling event "create" for row afdb1d71-7d94-405c-8cb7-59e928e35b1b (table: Port_Binding) {{(pid=87686) notify /opt/stack/neutron/neutron/plugins/ml2/drivers/ovn/mech_driver/ovsdb/ovsdb_monitor.py:1013}}
Jul 28 11:53:44.910285 np0000005993 devstack@neutron-api.service[87687]: DEBUG neutron.db.provisioning_blocks [None req-a25caa8e-75b7-4a4b-b981-674784129c9a None None] Transition to ACTIVE for port object bf74a45d-2da2-4f02-9720-eef59e26c277 will not be triggered until provisioned by entity L2. {{(pid=87687) add_provisioning_component /opt/stack/neutron/neutron/db/provisioning_blocks.py:74}}
Jul 28 11:53:44.934778 np0000005993 devstack@neutron-api.service[87687]: DEBUG neutron.plugins.ml2.plugin [None req-a25caa8e-75b7-4a4b-b981-674784129c9a None None] Current status of the port bf74a45d-2da2-4f02-9720-eef59e26c277 is: DOWN; New status is: DOWN {{(pid=87687) _update_individual_port_db_status /opt/stack/neutron/neutron/plugins/ml2/plugin.py:2473}}
Jul 28 11:53:44.935781 np0000005993 devstack@neutron-api.service[87687]: DEBUG ovsdbapp.backend.ovs_idl.transaction [-] Running txn n=1 command(idx=0): DbRemoveCommand(_result=None, table=Logical_Switch_Port, record=bf74a45d-2da2-4f02-9720-eef59e26c277, column=external_ids, values=('neutron:host_id',), keyvalues={}, if_exists=True) {{(pid=87687) do_commit /opt/stack/data/venv/lib/python3.12/site-packages/ovsdbapp/backend/ovs_idl/transaction.py:89}}
Jul 28 11:53:44.937802 np0000005993 devstack@neutron-api.service[87686]: INFO neutron.db.ovn_revision_numbers_db [None req-cc771ac4-ebec-40d9-be3a-5e5b645d5315 admin admin] Successfully bumped revision number for resource bf74a45d-2da2-4f02-9720-eef59e26c277 (type: ports) to 1
Jul 28 11:53:44.948345 np0000005993 devstack@neutron-api.service[87686]: DEBUG neutron.pecan_wsgi.hooks.policy_enforcement [None req-cc771ac4-ebec-40d9-be3a-5e5b645d5315 admin admin] Attributes excluded by policy engine: ['standard_attr_id'] {{(pid=87686) _exclude_attributes_by_policy /opt/stack/neutron/neutron/pecan_wsgi/hooks/policy_enforcement.py:259}}
Jul 28 11:53:44.948668 np0000005993 devstack@neutron-api.service[87686]: DEBUG neutron_lib.callbacks.manager [None req-cc771ac4-ebec-40d9-be3a-5e5b645d5315 admin admin] Publish callbacks [] for network (None), before_response {{(pid=87686) _notify_loop /opt/stack/data/venv/lib/python3.12/site-packages/neutron_lib/callbacks/manager.py:184}}
Jul 28 11:53:44.958364 np0000005993 devstack@neutron-api.service[87686]: [pid: 87686|app: 0|req: 5/16] 10.4.3.32 () {68 vars in 1320 bytes} [Tue Jul 28 11:53:44 2026] POST /networking/v2.0/networks => generated 679 bytes in 800 msecs (HTTP/1.1 201) 4 headers in 162 bytes (1 switches on core 0)
Jul 28 11:53:45.215090 np0000005993 devstack@neutron-api.service[87687]: DEBUG neutron.pecan_wsgi.hooks.policy_enforcement [None req-e156fb8e-1bf7-48e3-bada-81fe6dde72f7 admin admin] Attributes excluded by policy engine: ['standard_attr_id', 'shared'] {{(pid=87687) _exclude_attributes_by_policy /opt/stack/neutron/neutron/pecan_wsgi/hooks/policy_enforcement.py:259}}
Jul 28 11:53:45.216188 np0000005993 devstack@neutron-api.service[87687]: [pid: 87687|app: 0|req: 7/17] 10.4.3.32 () {64 vars in 1374 bytes} [Tue Jul 28 11:53:45 2026] GET /networking/v2.0/subnets/5a08dae5-d92b-45d9-ac22-489790b7a280 => generated 666 bytes in 21 msecs (HTTP/1.1 200) 4 headers in 157 bytes (1 switches on core 0)
Jul 28 11:53:45.227742 np0000005993 devstack@neutron-api.service[87688]: DEBUG neutron.api.wsgi [None req-5e0d4755-1b10-4c1a-a080-0ae7e9cb822b admin admin] Missing Content-Type {{(pid=87688) get_content_type /opt/stack/neutron/neutron/api/wsgi.py:80}}
Jul 28 11:53:45.314626 np0000005993 devstack@neutron-api.service[87688]: [pid: 87688|app: 0|req: 6/18] 10.4.3.32 () {64 vars in 1374 bytes} [Tue Jul 28 11:53:45 2026] GET /networking/v2.0/routers/06a82989-804c-47d0-bd23-6dd6a4649159 => generated 599 bytes in 89 msecs (HTTP/1.1 200) 4 headers in 157 bytes (1 switches on core 0)
Jul 28 11:53:45.479852 np0000005993 devstack@neutron-api.service[87686]: DEBUG neutron_lib.callbacks.manager [None req-90284569-3d5e-45bf-8ba7-6bf86491ed52 admin admin] Publish callbacks ['neutron.plugins.ml2.plugin.SecurityGroupDbMixin._ensure_default_security_group_handler-193534'] for port (None), before_create {{(pid=87686) _notify_loop /opt/stack/data/venv/lib/python3.12/site-packages/neutron_lib/callbacks/manager.py:184}}
Jul 28 11:53:45.580025 np0000005993 devstack@neutron-api.service[87686]: DEBUG neutron.db.db_base_plugin_common [None req-90284569-3d5e-45bf-8ba7-6bf86491ed52 admin admin] Allocated IP 10.1.0.1 (e525a7ad-d4b8-492f-869e-db873c78f8a0/5a08dae5-d92b-45d9-ac22-489790b7a280/ced479cc-d1a8-4802-9f66-ea7a52cb5b53) {{(pid=87686) _store_ip_allocation /opt/stack/neutron/neutron/db/db_base_plugin_common.py:131}}
Jul 28 11:53:45.639163 np0000005993 devstack@neutron-api.service[87686]: DEBUG neutron_lib.callbacks.manager [None req-90284569-3d5e-45bf-8ba7-6bf86491ed52 admin admin] Publish callbacks ['neutron.plugins.ml2.drivers.ovn.mech_driver.mech_driver.OVNMechanismDriver._validate_allowed_address_pairs-1618587'] for allowed_address_pair (ced479cc-d1a8-4802-9f66-ea7a52cb5b53), before_create {{(pid=87686) _notify_loop /opt/stack/data/venv/lib/python3.12/site-packages/neutron_lib/callbacks/manager.py:184}}
Jul 28 11:53:45.639795 np0000005993 devstack@neutron-api.service[87686]: DEBUG neutron_lib.callbacks.manager [None req-90284569-3d5e-45bf-8ba7-6bf86491ed52 admin admin] Publish callbacks [] for port (ced479cc-d1a8-4802-9f66-ea7a52cb5b53), precommit_create {{(pid=87686) _notify_loop /opt/stack/data/venv/lib/python3.12/site-packages/neutron_lib/callbacks/manager.py:184}}
Jul 28 11:53:45.640019 np0000005993 devstack@neutron-api.service[87686]: DEBUG neutron.plugins.ml2.drivers.ovn.mech_driver.mech_driver [None req-90284569-3d5e-45bf-8ba7-6bf86491ed52 admin admin] No provisioning block for port ced479cc-d1a8-4802-9f66-ea7a52cb5b53 since it does not have a host {{(pid=87686) _is_port_provisioning_required /opt/stack/neutron/neutron/plugins/ml2/drivers/ovn/mech_driver/mech_driver.py:899}}
Jul 28 11:53:45.640151 np0000005993 devstack@neutron-api.service[87686]: DEBUG neutron.db.ovn_revision_numbers_db [None req-90284569-3d5e-45bf-8ba7-6bf86491ed52 admin admin] create_initial_revision uuid=ced479cc-d1a8-4802-9f66-ea7a52cb5b53, type=ports, rev=-1 {{(pid=87686) create_initial_revision /opt/stack/neutron/neutron/db/ovn_revision_numbers_db.py:98}}
Jul 28 11:53:45.709463 np0000005993 devstack@neutron-api.service[87686]: DEBUG neutron.db.ovn_revision_numbers_db [None req-90284569-3d5e-45bf-8ba7-6bf86491ed52 admin admin] create_initial_revision uuid=ced479cc-d1a8-4802-9f66-ea7a52cb5b53, type=router_ports, rev=-1 {{(pid=87686) create_initial_revision /opt/stack/neutron/neutron/db/ovn_revision_numbers_db.py:98}}
Jul 28 11:53:45.733823 np0000005993 devstack@neutron-api.service[87686]: DEBUG neutron_lib.callbacks.manager [None req-90284569-3d5e-45bf-8ba7-6bf86491ed52 admin admin] Publish callbacks ['neutron.plugins.ml2.ovo_rpc._ObjectChangeHandler.handle_event-4029960'] for port (ced479cc-d1a8-4802-9f66-ea7a52cb5b53), after_create {{(pid=87686) _notify_loop /opt/stack/data/venv/lib/python3.12/site-packages/neutron_lib/callbacks/manager.py:184}}
Jul 28 11:53:45.754624 np0000005993 devstack@neutron-api.service[87686]: DEBUG neutron.api.rpc.handlers.resources_rpc [None req-90284569-3d5e-45bf-8ba7-6bf86491ed52 admin admin] Pushing event updated for resources: {'Port': ['ID=ced479cc-d1a8-4802-9f66-ea7a52cb5b53,revision_number=1']} {{(pid=87686) push /opt/stack/neutron/neutron/api/rpc/handlers/resources_rpc.py:237}}
Jul 28 11:53:45.810509 np0000005993 devstack@neutron-api.service[87686]: DEBUG neutron.plugins.ml2.drivers.ovn.mech_driver.ovsdb.commands [None req-90284569-3d5e-45bf-8ba7-6bf86491ed52 admin admin] Converting tag [] to a tag_request {{(pid=87686) _tag_column_to_tag_request /opt/stack/neutron/neutron/plugins/ml2/drivers/ovn/mech_driver/ovsdb/commands.py:205}}
Jul 28 11:53:45.811336 np0000005993 devstack@neutron-api.service[87686]: DEBUG ovsdbapp.backend.ovs_idl.transaction [-] Running txn n=1 command(idx=0): AddLSwitchPortCommand(_result=None, lport=ced479cc-d1a8-4802-9f66-ea7a52cb5b53, lswitch=neutron-e525a7ad-d4b8-492f-869e-db873c78f8a0, may_exist=True, network_uuid=e525a7ad-d4b8-492f-869e-db873c78f8a0, columns={'addresses': ['unknown'], 'external_ids': {'neutron:port_name': '', 'neutron:device_id': '06a82989-804c-47d0-bd23-6dd6a4649159', 'neutron:project_id': '39115b52eece4fc58e23cb21e3a942f7', 'neutron:cidrs': '10.1.0.1/26', 'neutron:device_owner': 'network:router_interface', 'neutron:subnet_pool_addr_scope4': '', 'neutron:subnet_pool_addr_scope6': '', 'neutron:network_name': 'neutron-e525a7ad-d4b8-492f-869e-db873c78f8a0', 'neutron:security_group_ids': '', 'neutron:revision_number': '1', 'neutron:vnic_type': 'normal', 'neutron:port_capabilities': '', 'neutron:mtu': ''}, 'parent_name': [], 'enabled': True, 'options': {}, 'type': '', 'port_security': [], 'dhcpv4_options': [], 'dhcpv6_options': [], 'tag_request': []}) {{(pid=87686) do_commit /opt/stack/data/venv/lib/python3.12/site-packages/ovsdbapp/backend/ovs_idl/transaction.py:89}}
Jul 28 11:53:45.811922 np0000005993 devstack@neutron-api.service[87686]: DEBUG ovsdbapp.backend.ovs_idl.transaction [-] Running txn n=1 command(idx=1): QoSDelCommand(_result=None, switch=neutron-e525a7ad-d4b8-492f-869e-db873c78f8a0, conditions=[('direction', '=', 'to-lport'), ('priority', '=', 2002), ('match', '=', 'outport == "ced479cc-d1a8-4802-9f66-ea7a52cb5b53"')], if_exists=True) {{(pid=87686) do_commit /opt/stack/data/venv/lib/python3.12/site-packages/ovsdbapp/backend/ovs_idl/transaction.py:89}}
Jul 28 11:53:45.812101 np0000005993 devstack@neutron-api.service[87686]: DEBUG ovsdbapp.backend.ovs_idl.transaction [-] Running txn n=1 command(idx=2): QoSDelCommand(_result=None, switch=neutron-e525a7ad-d4b8-492f-869e-db873c78f8a0, conditions=[('direction', '=', 'from-lport'), ('priority', '=', 2002), ('match', '=', 'inport == "ced479cc-d1a8-4802-9f66-ea7a52cb5b53"')], if_exists=True) {{(pid=87686) do_commit /opt/stack/data/venv/lib/python3.12/site-packages/ovsdbapp/backend/ovs_idl/transaction.py:89}}
Jul 28 11:53:45.814994 np0000005993 devstack@neutron-api.service[87686]: DEBUG neutron.plugins.ml2.drivers.ovn.mech_driver.ovsdb.ovsdb_monitor [-] Hash Ring: Node f03590af76ea506e8e010c1d167ba944 (host: np0000005993) handling event "update" for row e525a7ad-d4b8-492f-869e-db873c78f8a0 (table: Logical_Switch) {{(pid=87686) notify /opt/stack/neutron/neutron/plugins/ml2/drivers/ovn/mech_driver/ovsdb/ovsdb_monitor.py:1013}}
Jul 28 11:53:45.817410 np0000005993 devstack@neutron-api.service[87687]: DEBUG neutron.plugins.ml2.drivers.ovn.mech_driver.ovsdb.ovsdb_monitor [-] Hash Ring: Node 8b8ed8df3e2c5ede97ef9fae7a86de82 (host: np0000005993) handling event "update" for row e525a7ad-d4b8-492f-869e-db873c78f8a0 (table: Logical_Switch) {{(pid=87687) notify /opt/stack/neutron/neutron/plugins/ml2/drivers/ovn/mech_driver/ovsdb/ovsdb_monitor.py:1013}}
Jul 28 11:53:45.817863 np0000005993 devstack@neutron-api.service[87687]: DEBUG neutron.plugins.ml2.drivers.ovn.mech_driver.ovsdb.ovsdb_monitor [-] Hash Ring: Node 8b8ed8df3e2c5ede97ef9fae7a86de82 (host: np0000005993) handling event "create" for row 808dff85-c063-40d8-996a-2234e51896f4 (table: Logical_Switch_Port) {{(pid=87687) notify /opt/stack/neutron/neutron/plugins/ml2/drivers/ovn/mech_driver/ovsdb/ovsdb_monitor.py:1013}}
Jul 28 11:53:45.818805 np0000005993 devstack@neutron-api.service[87687]: DEBUG ovsdbapp.backend.ovs_idl.event [-] Matched CREATE: LogicalSwitchPortCreateEvent(events=('create',), table='Logical_Switch_Port', conditions=[], old_conditions=None), priority=20 to row=Logical_Switch_Port(uuid=808dff85-c063-40d8-996a-2234e51896f4, addresses=['unknown'], dhcpv4_options=[], dhcpv6_options=[], dynamic_addresses=[], enabled=True, external_ids={'neutron:cidrs': '10.1.0.1/26', 'neutron:device_id': '06a82989-804c-47d0-bd23-6dd6a4649159', 'neutron:device_owner': 'network:router_interface', 'neutron:mtu': '', 'neutron:network_name': 'neutron-e525a7ad-d4b8-492f-869e-db873c78f8a0', 'neutron:port_capabilities': '', 'neutron:port_name': '', 'neutron:project_id': '39115b52eece4fc58e23cb21e3a942f7', 'neutron:revision_number': '1', 'neutron:security_group_ids': '', 'neutron:subnet_pool_addr_scope4': '', 'neutron:subnet_pool_addr_scope6': '', 'neutron:vnic_type': 'normal'}, ha_chassis_group=[], mirror_rules=[], name='ced479cc-d1a8-4802-9f66-ea7a52cb5b53', options={}, parent_name=[], port_security=[], tag=[], tag_request=[], type='', up=[]) old= {{(pid=87687) matches /opt/stack/data/venv/lib/python3.12/site-packages/ovsdbapp/backend/ovs_idl/event.py:55}}
Jul 28 11:53:45.820948 np0000005993 devstack@neutron-api.service[87687]: DEBUG neutron.plugins.ml2.drivers.ovn.mech_driver.ovsdb.ovsdb_monitor [-] Hash Ring: Node 8b8ed8df3e2c5ede97ef9fae7a86de82 (host: np0000005993) handling event "create" for row 706d81fb-c510-4dce-bb24-86689bac2c40 (table: Port_Binding) {{(pid=87687) notify /opt/stack/neutron/neutron/plugins/ml2/drivers/ovn/mech_driver/ovsdb/ovsdb_monitor.py:1013}}
Jul 28 11:53:45.821732 np0000005993 devstack@neutron-api.service[87687]: INFO neutron.plugins.ml2.drivers.ovn.mech_driver.mech_driver [None req-a25caa8e-75b7-4a4b-b981-674784129c9a None None] OVN reports status down for port: ced479cc-d1a8-4802-9f66-ea7a52cb5b53
Jul 28 11:53:45.822041 np0000005993 devstack@neutron-api.service[87686]: DEBUG neutron.plugins.ml2.drivers.ovn.mech_driver.ovsdb.ovsdb_monitor [-] Hash Ring: Node f03590af76ea506e8e010c1d167ba944 (host: np0000005993) handling event "create" for row 706d81fb-c510-4dce-bb24-86689bac2c40 (table: Port_Binding) {{(pid=87686) notify /opt/stack/neutron/neutron/plugins/ml2/drivers/ovn/mech_driver/ovsdb/ovsdb_monitor.py:1013}}
Jul 28 11:53:45.822869 np0000005993 devstack@neutron-api.service[87687]: DEBUG neutron.plugins.ml2.drivers.ovn.mech_driver.ovsdb.ovsdb_monitor [-] Hash Ring: Node 8b8ed8df3e2c5ede97ef9fae7a86de82 (host: np0000005993) handling event "update" for row 808dff85-c063-40d8-996a-2234e51896f4 (table: Logical_Switch_Port) {{(pid=87687) notify /opt/stack/neutron/neutron/plugins/ml2/drivers/ovn/mech_driver/ovsdb/ovsdb_monitor.py:1013}}
Jul 28 11:53:45.845102 np0000005993 devstack@neutron-api.service[87687]: DEBUG neutron.db.provisioning_blocks [None req-a25caa8e-75b7-4a4b-b981-674784129c9a None None] Transition to ACTIVE for port object ced479cc-d1a8-4802-9f66-ea7a52cb5b53 will not be triggered until provisioned by entity L2. {{(pid=87687) add_provisioning_component /opt/stack/neutron/neutron/db/provisioning_blocks.py:74}}
Jul 28 11:53:45.845745 np0000005993 devstack@neutron-api.service[87686]: INFO neutron.db.ovn_revision_numbers_db [None req-90284569-3d5e-45bf-8ba7-6bf86491ed52 admin admin] Successfully bumped revision number for resource ced479cc-d1a8-4802-9f66-ea7a52cb5b53 (type: ports) to 1
Jul 28 11:53:45.849179 np0000005993 devstack@neutron-api.service[87686]: DEBUG neutron_lib.callbacks.manager [None req-90284569-3d5e-45bf-8ba7-6bf86491ed52 admin admin] Publish callbacks [] for router_interface (06a82989-804c-47d0-bd23-6dd6a4649159), before_create {{(pid=87686) _notify_loop /opt/stack/data/venv/lib/python3.12/site-packages/neutron_lib/callbacks/manager.py:184}}
Jul 28 11:53:45.870111 np0000005993 devstack@neutron-api.service[87687]: DEBUG neutron.plugins.ml2.plugin [None req-a25caa8e-75b7-4a4b-b981-674784129c9a None None] Current status of the port ced479cc-d1a8-4802-9f66-ea7a52cb5b53 is: DOWN; New status is: DOWN {{(pid=87687) _update_individual_port_db_status /opt/stack/neutron/neutron/plugins/ml2/plugin.py:2473}}
Jul 28 11:53:46.069616 np0000005993 devstack@neutron-api.service[87686]: DEBUG neutron_lib.callbacks.manager [None req-90284569-3d5e-45bf-8ba7-6bf86491ed52 admin admin] Publish callbacks ['neutron.plugins.ml2.plugin.SecurityGroupDbMixin._ensure_default_security_group_handler-193534', 'neutron.services.ovn_l3.plugin.OVNL3RouterPlugin._port_update-8434096834954', 'neutron.db.l3_db.L3_NAT_dbonly_mixin._prevent_internal_ip_change_for_fip-8434097851816'] for port (ced479cc-d1a8-4802-9f66-ea7a52cb5b53), before_update {{(pid=87686) _notify_loop /opt/stack/data/venv/lib/python3.12/site-packages/neutron_lib/callbacks/manager.py:184}}
Jul 28 11:53:46.424755 np0000005993 devstack@neutron-api.service[87686]: DEBUG neutron_lib.callbacks.manager [None req-90284569-3d5e-45bf-8ba7-6bf86491ed52 admin admin] Publish callbacks [] for port (ced479cc-d1a8-4802-9f66-ea7a52cb5b53), precommit_update {{(pid=87686) _notify_loop /opt/stack/data/venv/lib/python3.12/site-packages/neutron_lib/callbacks/manager.py:184}}
Jul 28 11:53:46.424988 np0000005993 devstack@neutron-api.service[87686]: DEBUG neutron.plugins.ml2.drivers.ovn.mech_driver.mech_driver [None req-90284569-3d5e-45bf-8ba7-6bf86491ed52 admin admin] No provisioning block for port ced479cc-d1a8-4802-9f66-ea7a52cb5b53 since it does not have a host {{(pid=87686) _is_port_provisioning_required /opt/stack/neutron/neutron/plugins/ml2/drivers/ovn/mech_driver/mech_driver.py:899}}
Jul 28 11:53:46.490496 np0000005993 devstack@neutron-api.service[87686]: DEBUG neutron_lib.callbacks.manager [None req-90284569-3d5e-45bf-8ba7-6bf86491ed52 admin admin] Publish callbacks ['neutron.plugins.ml2.ovo_rpc._ObjectChangeHandler.handle_event-4029960', 'neutron.services.ovn_l3.plugin.OVNL3RouterPlugin._port_update-8434096834954'] for port (ced479cc-d1a8-4802-9f66-ea7a52cb5b53), after_update {{(pid=87686) _notify_loop /opt/stack/data/venv/lib/python3.12/site-packages/neutron_lib/callbacks/manager.py:184}}
Jul 28 11:53:46.529922 np0000005993 devstack@neutron-api.service[87686]: DEBUG neutron.api.rpc.handlers.resources_rpc [None req-90284569-3d5e-45bf-8ba7-6bf86491ed52 admin admin] Pushing event updated for resources: {'Port': ['ID=ced479cc-d1a8-4802-9f66-ea7a52cb5b53,revision_number=1']} {{(pid=87686) push /opt/stack/neutron/neutron/api/rpc/handlers/resources_rpc.py:237}}
Jul 28 11:53:46.617578 np0000005993 devstack@neutron-api.service[87686]: DEBUG neutron.plugins.ml2.drivers.ovn.mech_driver.ovsdb.commands [None req-90284569-3d5e-45bf-8ba7-6bf86491ed52 admin admin] Converting tag [] to a tag_request {{(pid=87686) _tag_column_to_tag_request /opt/stack/neutron/neutron/plugins/ml2/drivers/ovn/mech_driver/ovsdb/commands.py:205}}
