Jul 30 13:27:02.038534 np0000006128 devstack@neutron-api.service[87630]: INFO neutron.api.extensions [None req-468e6ed1-8008-4761-a2ef-871b50a397ed None None] Extension tag-ports-during-bulk-creation not supported by any of loaded plugins
Jul 30 13:27:02.038667 np0000006128 devstack@neutron-api.service[87630]: DEBUG neutron.api.extensions [None req-468e6ed1-8008-4761-a2ef-871b50a397ed None None] Loading extension file: tagging.py {{(pid=87630) _load_all_extensions_from_path /opt/stack/neutron/neutron/api/extensions.py:449}}
Jul 30 13:27:02.040888 np0000006128 devstack@neutron-api.service[87630]: DEBUG neutron.api.extensions [None req-468e6ed1-8008-4761-a2ef-871b50a397ed None None] Ext name="Tag support for resources with standard attribute: port, subnet, subnetpool, network, security_group, router, floatingip, policy, trunk, network_segment_range" alias="standard-attr-tag" description="Enables to set tag on resources with standard attribute." updated="2017-01-01T00:00:00-00:00" {{(pid=87630) _check_extension /opt/stack/neutron/neutron/api/extensions.py:415}}
Jul 30 13:27:02.040888 np0000006128 devstack@neutron-api.service[87630]: INFO neutron.api.extensions [None req-468e6ed1-8008-4761-a2ef-871b50a397ed None None] Loaded extension: standard-attr-tag
Jul 30 13:27:02.040888 np0000006128 devstack@neutron-api.service[87630]: DEBUG neutron.api.extensions [None req-468e6ed1-8008-4761-a2ef-871b50a397ed None None] Loading extension file: timestamp.py {{(pid=87630) _load_all_extensions_from_path /opt/stack/neutron/neutron/api/extensions.py:449}}
Jul 30 13:27:02.041145 np0000006128 devstack@neutron-api.service[87630]: DEBUG neutron.api.extensions [None req-468e6ed1-8008-4761-a2ef-871b50a397ed None None] Ext name="Resource timestamps" alias="standard-attr-timestamp" description="Adds created_at and updated_at fields to all Neutron resources that have Neutron standard attributes." updated="2016-09-12T10:00:00-00:00" {{(pid=87630) _check_extension /opt/stack/neutron/neutron/api/extensions.py:415}}
Jul 30 13:27:02.041487 np0000006128 devstack@neutron-api.service[87630]: INFO neutron.api.extensions [None req-468e6ed1-8008-4761-a2ef-871b50a397ed None None] Loaded extension: standard-attr-timestamp
Jul 30 13:27:02.041487 np0000006128 devstack@neutron-api.service[87630]: DEBUG neutron.api.extensions [None req-468e6ed1-8008-4761-a2ef-871b50a397ed None None] Loading extension file: trunk.py {{(pid=87630) _load_all_extensions_from_path /opt/stack/neutron/neutron/api/extensions.py:449}}
Jul 30 13:27:02.041938 np0000006128 devstack@neutron-api.service[87630]: DEBUG neutron.api.extensions [None req-468e6ed1-8008-4761-a2ef-871b50a397ed None None] Ext name="Trunk Extension" alias="trunk" description="Provides support for trunk ports" updated="2016-01-01T10:00:00-00:00" {{(pid=87630) _check_extension /opt/stack/neutron/neutron/api/extensions.py:415}}
Jul 30 13:27:02.042328 np0000006128 devstack@neutron-api.service[87630]: INFO neutron.api.extensions [None req-468e6ed1-8008-4761-a2ef-871b50a397ed None None] Extension trunk not supported by any of loaded plugins
Jul 30 13:27:02.042328 np0000006128 devstack@neutron-api.service[87630]: DEBUG neutron.api.extensions [None req-468e6ed1-8008-4761-a2ef-871b50a397ed None None] Loading extension file: trunk_details.py {{(pid=87630) _load_all_extensions_from_path /opt/stack/neutron/neutron/api/extensions.py:449}}
Jul 30 13:27:02.042742 np0000006128 devstack@neutron-api.service[87630]: DEBUG neutron.api.extensions [None req-468e6ed1-8008-4761-a2ef-871b50a397ed None None] Ext name="Trunk port details" alias="trunk-details" description="Expose trunk port details" updated="2016-01-01T10:00:00-00:00" {{(pid=87630) _check_extension /opt/stack/neutron/neutron/api/extensions.py:415}}
Jul 30 13:27:02.042985 np0000006128 devstack@neutron-api.service[87630]: INFO neutron.api.extensions [None req-468e6ed1-8008-4761-a2ef-871b50a397ed None None] Extension trunk-details not supported by any of loaded plugins
Jul 30 13:27:02.043128 np0000006128 devstack@neutron-api.service[87630]: DEBUG neutron.api.extensions [None req-468e6ed1-8008-4761-a2ef-871b50a397ed None None] Loading extension file: uplink_status_propagation.py {{(pid=87630) _load_all_extensions_from_path /opt/stack/neutron/neutron/api/extensions.py:449}}
Jul 30 13:27:02.043531 np0000006128 devstack@neutron-api.service[87630]: DEBUG neutron.api.extensions [None req-468e6ed1-8008-4761-a2ef-871b50a397ed None None] Ext name="Uplink status propagation extension" alias="uplink-status-propagation" description="Provides ability to propagate port uplink status." updated="2018-05-31T18:00:00-00:00" {{(pid=87630) _check_extension /opt/stack/neutron/neutron/api/extensions.py:415}}
Jul 30 13:27:02.043754 np0000006128 devstack@neutron-api.service[87630]: INFO neutron.api.extensions [None req-468e6ed1-8008-4761-a2ef-871b50a397ed None None] Extension uplink-status-propagation not supported by any of loaded plugins
Jul 30 13:27:02.043920 np0000006128 devstack@neutron-api.service[87630]: DEBUG neutron.api.extensions [None req-468e6ed1-8008-4761-a2ef-871b50a397ed None None] Loading extension file: uplink_status_propagation_updatable.py {{(pid=87630) _load_all_extensions_from_path /opt/stack/neutron/neutron/api/extensions.py:449}}
Jul 30 13:27:02.044207 np0000006128 devstack@neutron-api.service[87630]: DEBUG neutron.api.extensions [None req-468e6ed1-8008-4761-a2ef-871b50a397ed None None] Ext name="Uplink status propagation updatable extension" alias="uplink-status-propagation-updatable" description="Provides ability to update the port uplink status." updated="2024-09-03T18:00:00-00:00" {{(pid=87630) _check_extension /opt/stack/neutron/neutron/api/extensions.py:415}}
Jul 30 13:27:02.044535 np0000006128 devstack@neutron-api.service[87630]: INFO neutron.api.extensions [None req-468e6ed1-8008-4761-a2ef-871b50a397ed None None] Extension uplink-status-propagation-updatable not supported by any of loaded plugins
Jul 30 13:27:02.044637 np0000006128 devstack@neutron-api.service[87630]: DEBUG neutron.api.extensions [None req-468e6ed1-8008-4761-a2ef-871b50a397ed None None] Loading extension file: vlantransparent.py {{(pid=87630) _load_all_extensions_from_path /opt/stack/neutron/neutron/api/extensions.py:449}}
Jul 30 13:27:02.045115 np0000006128 devstack@neutron-api.service[87630]: DEBUG neutron.api.extensions [None req-468e6ed1-8008-4761-a2ef-871b50a397ed None None] Ext name="Vlantransparent" alias="vlan-transparent" description="Provides Vlan Transparent Networks" updated="2015-03-23T09:00:00-00:00" {{(pid=87630) _check_extension /opt/stack/neutron/neutron/api/extensions.py:415}}
Jul 30 13:27:02.045286 np0000006128 devstack@neutron-api.service[87630]: INFO neutron.api.extensions [None req-468e6ed1-8008-4761-a2ef-871b50a397ed None None] Loaded extension: vlan-transparent
Jul 30 13:27:02.048017 np0000006128 devstack@neutron-api.service[87630]: INFO neutron.quota.resource_registry [None req-468e6ed1-8008-4761-a2ef-871b50a397ed None None] Creating instance of TrackedResource for resource:network
Jul 30 13:27:02.048338 np0000006128 devstack@neutron-api.service[87630]: INFO neutron.quota.resource_registry [None req-468e6ed1-8008-4761-a2ef-871b50a397ed None None] Creating instance of TrackedResource for resource:subnet
Jul 30 13:27:02.049256 np0000006128 devstack@neutron-api.service[87630]: INFO neutron.quota.resource_registry [None req-468e6ed1-8008-4761-a2ef-871b50a397ed None None] Creating instance of TrackedResource for resource:subnetpool
Jul 30 13:27:02.049256 np0000006128 devstack@neutron-api.service[87630]: INFO neutron.quota.resource_registry [None req-468e6ed1-8008-4761-a2ef-871b50a397ed None None] Creating instance of TrackedResource for resource:port
Jul 30 13:27:02.051448 np0000006128 devstack@neutron-api.service[87630]: INFO neutron.quota.resource_registry [None req-468e6ed1-8008-4761-a2ef-871b50a397ed None None] Creating instance of CountableResource for resource:router_route
Jul 30 13:27:02.051667 np0000006128 devstack@neutron-api.service[87630]: DEBUG neutron.api.v2.resource_helper [None req-468e6ed1-8008-4761-a2ef-871b50a397ed None None] Service L3_ROUTER_NAT assigned prefix: {{(pid=87630) build_resource_info /opt/stack/neutron/neutron/api/v2/resource_helper.py:77}}
Jul 30 13:27:02.052248 np0000006128 devstack@neutron-api.service[87630]: DEBUG neutron.api.v2.resource_helper [None req-468e6ed1-8008-4761-a2ef-871b50a397ed None None] Service FLAVORS assigned prefix: {{(pid=87630) build_resource_info /opt/stack/neutron/neutron/api/v2/resource_helper.py:77}}
Jul 30 13:27:02.053671 np0000006128 devstack@neutron-api.service[87630]: DEBUG neutron.api.v2.resource_helper [None req-468e6ed1-8008-4761-a2ef-871b50a397ed None None] Service L3_ROUTER_NAT assigned prefix: {{(pid=87630) build_resource_info /opt/stack/neutron/neutron/api/v2/resource_helper.py:77}}
Jul 30 13:27:02.054113 np0000006128 devstack@neutron-api.service[87630]: DEBUG neutron.api.v2.resource_helper [None req-468e6ed1-8008-4761-a2ef-871b50a397ed None None] Service L3_ROUTER_NAT assigned prefix: {{(pid=87630) build_resource_info /opt/stack/neutron/neutron/api/v2/resource_helper.py:77}}
Jul 30 13:27:02.054303 np0000006128 devstack@neutron-api.service[87630]: INFO neutron.quota.resource_registry [None req-468e6ed1-8008-4761-a2ef-871b50a397ed None None] Creating instance of TrackedResource for resource:router
Jul 30 13:27:02.054766 np0000006128 devstack@neutron-api.service[87630]: INFO neutron.quota.resource_registry [None req-468e6ed1-8008-4761-a2ef-871b50a397ed None None] Creating instance of TrackedResource for resource:floatingip
Jul 30 13:27:02.056023 np0000006128 devstack@neutron-api.service[87630]: INFO neutron.quota.resource_registry [None req-468e6ed1-8008-4761-a2ef-871b50a397ed None None] Creating instance of CountableResource for resource:rbac_policy
Jul 30 13:27:02.056812 np0000006128 devstack@neutron-api.service[87630]: INFO neutron.quota.resource_registry [None req-468e6ed1-8008-4761-a2ef-871b50a397ed None None] Creating instance of TrackedResource for resource:security_group
Jul 30 13:27:02.057206 np0000006128 devstack@neutron-api.service[87630]: INFO neutron.quota.resource_registry [None req-468e6ed1-8008-4761-a2ef-871b50a397ed None None] Creating instance of TrackedResource for resource:security_group_rule
Jul 30 13:27:02.058444 np0000006128 devstack@neutron-api.service[87630]: DEBUG neutron.api.v2.resource_helper [None req-468e6ed1-8008-4761-a2ef-871b50a397ed None None] Service CORE assigned prefix: {{(pid=87630) build_resource_info /opt/stack/neutron/neutron/api/v2/resource_helper.py:77}}
Jul 30 13:27:02.058444 np0000006128 devstack@neutron-api.service[87630]: INFO neutron.quota.resource_registry [None req-468e6ed1-8008-4761-a2ef-871b50a397ed None None] Creating instance of TrackedResource for resource:subnetpool
Jul 30 13:27:02.058444 np0000006128 devstack@neutron-api.service[87630]: WARNING neutron.quota.resource_registry [None req-468e6ed1-8008-4761-a2ef-871b50a397ed None None] subnetpool is already registered
Jul 30 13:27:02.058864 np0000006128 devstack@neutron-api.service[87630]: DEBUG neutron.api.v2.resource_helper [None req-468e6ed1-8008-4761-a2ef-871b50a397ed None None] Service CORE assigned prefix: {{(pid=87630) build_resource_info /opt/stack/neutron/neutron/api/v2/resource_helper.py:77}}
Jul 30 13:27:02.058864 np0000006128 devstack@neutron-api.service[87630]: INFO neutron.quota.resource_registry [None req-468e6ed1-8008-4761-a2ef-871b50a397ed None None] Creating instance of TrackedResource for resource:subnetpool
Jul 30 13:27:02.059080 np0000006128 devstack@neutron-api.service[87630]: WARNING neutron.quota.resource_registry [None req-468e6ed1-8008-4761-a2ef-871b50a397ed None None] subnetpool is already registered
Jul 30 13:27:02.061459 np0000006128 devstack@neutron-api.service[87630]: INFO neutron.quota.resource_registry [None req-468e6ed1-8008-4761-a2ef-871b50a397ed None None] Creating instance of CountableResource for resource:router_route
Jul 30 13:27:02.061568 np0000006128 devstack@neutron-api.service[87630]: WARNING neutron.quota.resource_registry [None req-468e6ed1-8008-4761-a2ef-871b50a397ed None None] router_route is already registered
Jul 30 13:27:02.061769 np0000006128 devstack@neutron-api.service[87630]: DEBUG neutron.api.v2.resource_helper [None req-468e6ed1-8008-4761-a2ef-871b50a397ed None None] Service L3_ROUTER_NAT assigned prefix: {{(pid=87630) build_resource_info /opt/stack/neutron/neutron/api/v2/resource_helper.py:77}}
Jul 30 13:27:02.062340 np0000006128 devstack@neutron-api.service[87630]: DEBUG neutron.api.v2.resource_helper [None req-468e6ed1-8008-4761-a2ef-871b50a397ed None None] Service FLAVORS assigned prefix: {{(pid=87630) build_resource_info /opt/stack/neutron/neutron/api/v2/resource_helper.py:77}}
Jul 30 13:27:02.063188 np0000006128 devstack@neutron-api.service[87629]: DEBUG ovsdbapp.backend.ovs_idl [None req-2354a742-f128-478b-bcfe-12b34c6cdd19 None None] Created lookup_table index Logical_Switch.name {{(pid=87629) autocreate_indices /opt/stack/data/venv/lib/python3.12/site-packages/ovsdbapp/backend/ovs_idl/__init__.py:87}}
Jul 30 13:27:02.063361 np0000006128 devstack@neutron-api.service[87630]: DEBUG neutron.api.v2.resource_helper [None req-468e6ed1-8008-4761-a2ef-871b50a397ed None None] Service L3_ROUTER_NAT assigned prefix: {{(pid=87630) build_resource_info /opt/stack/neutron/neutron/api/v2/resource_helper.py:77}}
Jul 30 13:27:02.064338 np0000006128 devstack@neutron-api.service[87629]: DEBUG ovsdbapp.backend.ovs_idl [None req-2354a742-f128-478b-bcfe-12b34c6cdd19 None None] Created lookup_table index Logical_Router.name {{(pid=87629) autocreate_indices /opt/stack/data/venv/lib/python3.12/site-packages/ovsdbapp/backend/ovs_idl/__init__.py:87}}
Jul 30 13:27:02.064575 np0000006128 devstack@neutron-api.service[87630]: DEBUG neutron.api.v2.resource_helper [None req-468e6ed1-8008-4761-a2ef-871b50a397ed None None] Service L3_ROUTER_NAT assigned prefix: {{(pid=87630) build_resource_info /opt/stack/neutron/neutron/api/v2/resource_helper.py:77}}
Jul 30 13:27:02.064690 np0000006128 devstack@neutron-api.service[87629]: DEBUG ovsdbapp.backend.ovs_idl [None req-2354a742-f128-478b-bcfe-12b34c6cdd19 None None] Created lookup_table index Load_Balancer.name {{(pid=87629) autocreate_indices /opt/stack/data/venv/lib/python3.12/site-packages/ovsdbapp/backend/ovs_idl/__init__.py:87}}
Jul 30 13:27:02.064832 np0000006128 devstack@neutron-api.service[87630]: INFO neutron.quota.resource_registry [None req-468e6ed1-8008-4761-a2ef-871b50a397ed None None] Creating instance of TrackedResource for resource:router
Jul 30 13:27:02.064924 np0000006128 devstack@neutron-api.service[87629]: DEBUG ovsdbapp.backend.ovs_idl [None req-2354a742-f128-478b-bcfe-12b34c6cdd19 None None] Created schema index Copp.name {{(pid=87629) autocreate_indices /opt/stack/data/venv/lib/python3.12/site-packages/ovsdbapp/backend/ovs_idl/__init__.py:106}}
Jul 30 13:27:02.065039 np0000006128 devstack@neutron-api.service[87630]: WARNING neutron.quota.resource_registry [None req-468e6ed1-8008-4761-a2ef-871b50a397ed None None] router is already registered
Jul 30 13:27:02.065144 np0000006128 devstack@neutron-api.service[87629]: DEBUG ovsdbapp.backend.ovs_idl [None req-2354a742-f128-478b-bcfe-12b34c6cdd19 None None] Created schema index Meter.name {{(pid=87629) autocreate_indices /opt/stack/data/venv/lib/python3.12/site-packages/ovsdbapp/backend/ovs_idl/__init__.py:106}}
Jul 30 13:27:02.065144 np0000006128 devstack@neutron-api.service[87629]: DEBUG ovsdbapp.backend.ovs_idl [None req-2354a742-f128-478b-bcfe-12b34c6cdd19 None None] Created schema index Load_Balancer_Group.name {{(pid=87629) autocreate_indices /opt/stack/data/venv/lib/python3.12/site-packages/ovsdbapp/backend/ovs_idl/__init__.py:106}}
Jul 30 13:27:02.065144 np0000006128 devstack@neutron-api.service[87629]: DEBUG ovsdbapp.backend.ovs_idl [None req-2354a742-f128-478b-bcfe-12b34c6cdd19 None None] Created schema index HA_Chassis_Group.name {{(pid=87629) autocreate_indices /opt/stack/data/venv/lib/python3.12/site-packages/ovsdbapp/backend/ovs_idl/__init__.py:106}}
Jul 30 13:27:02.065144 np0000006128 devstack@neutron-api.service[87629]: DEBUG ovsdbapp.backend.ovs_idl [None req-2354a742-f128-478b-bcfe-12b34c6cdd19 None None] Created schema index Address_Set.name {{(pid=87629) autocreate_indices /opt/stack/data/venv/lib/python3.12/site-packages/ovsdbapp/backend/ovs_idl/__init__.py:106}}
Jul 30 13:27:02.065144 np0000006128 devstack@neutron-api.service[87629]: DEBUG ovsdbapp.backend.ovs_idl [None req-2354a742-f128-478b-bcfe-12b34c6cdd19 None None] Created schema index Connection.target {{(pid=87629) autocreate_indices /opt/stack/data/venv/lib/python3.12/site-packages/ovsdbapp/backend/ovs_idl/__init__.py:106}}
Jul 30 13:27:02.065408 np0000006128 devstack@neutron-api.service[87630]: INFO neutron.quota.resource_registry [None req-468e6ed1-8008-4761-a2ef-871b50a397ed None None] Creating instance of TrackedResource for resource:floatingip
Jul 30 13:27:02.065569 np0000006128 devstack@neutron-api.service[87629]: DEBUG ovsdbapp.backend.ovs_idl [None req-2354a742-f128-478b-bcfe-12b34c6cdd19 None None] Created schema index Gateway_Chassis.name {{(pid=87629) autocreate_indices /opt/stack/data/venv/lib/python3.12/site-packages/ovsdbapp/backend/ovs_idl/__init__.py:106}}
Jul 30 13:27:02.065657 np0000006128 devstack@neutron-api.service[87630]: WARNING neutron.quota.resource_registry [None req-468e6ed1-8008-4761-a2ef-871b50a397ed None None] floatingip is already registered
Jul 30 13:27:02.066829 np0000006128 devstack@neutron-api.service[87629]: DEBUG ovsdbapp.backend.ovs_idl [None req-2354a742-f128-478b-bcfe-12b34c6cdd19 None None] Created schema index Mirror.name {{(pid=87629) autocreate_indices /opt/stack/data/venv/lib/python3.12/site-packages/ovsdbapp/backend/ovs_idl/__init__.py:106}}
Jul 30 13:27:02.066829 np0000006128 devstack@neutron-api.service[87629]: DEBUG ovsdbapp.backend.ovs_idl [None req-2354a742-f128-478b-bcfe-12b34c6cdd19 None None] Created schema index Chassis_Template_Var.chassis {{(pid=87629) autocreate_indices /opt/stack/data/venv/lib/python3.12/site-packages/ovsdbapp/backend/ovs_idl/__init__.py:106}}
Jul 30 13:27:02.066829 np0000006128 devstack@neutron-api.service[87629]: DEBUG ovsdbapp.backend.ovs_idl [None req-2354a742-f128-478b-bcfe-12b34c6cdd19 None None] Created schema index Logical_Router_Port.name {{(pid=87629) autocreate_indices /opt/stack/data/venv/lib/python3.12/site-packages/ovsdbapp/backend/ovs_idl/__init__.py:106}}
Jul 30 13:27:02.066829 np0000006128 devstack@neutron-api.service[87629]: DEBUG ovsdbapp.backend.ovs_idl [None req-2354a742-f128-478b-bcfe-12b34c6cdd19 None None] Created schema index Port_Group.name {{(pid=87629) autocreate_indices /opt/stack/data/venv/lib/python3.12/site-packages/ovsdbapp/backend/ovs_idl/__init__.py:106}}
Jul 30 13:27:02.066829 np0000006128 devstack@neutron-api.service[87629]: DEBUG ovsdbapp.backend.ovs_idl [None req-2354a742-f128-478b-bcfe-12b34c6cdd19 None None] Created schema index Logical_Switch_Port.name {{(pid=87629) autocreate_indices /opt/stack/data/venv/lib/python3.12/site-packages/ovsdbapp/backend/ovs_idl/__init__.py:106}}
Jul 30 13:27:02.067129 np0000006128 devstack@neutron-api.service[87630]: INFO neutron.quota.resource_registry [None req-468e6ed1-8008-4761-a2ef-871b50a397ed None None] Creating instance of CountableResource for resource:rbac_policy
Jul 30 13:27:02.067129 np0000006128 devstack@neutron-api.service[87630]: WARNING neutron.quota.resource_registry [None req-468e6ed1-8008-4761-a2ef-871b50a397ed None None] rbac_policy is already registered
Jul 30 13:27:02.067689 np0000006128 devstack@neutron-api.service[87630]: INFO neutron.quota.resource_registry [None req-468e6ed1-8008-4761-a2ef-871b50a397ed None None] Creating instance of TrackedResource for resource:security_group
Jul 30 13:27:02.067861 np0000006128 devstack@neutron-api.service[87630]: WARNING neutron.quota.resource_registry [None req-468e6ed1-8008-4761-a2ef-871b50a397ed None None] security_group is already registered
Jul 30 13:27:02.068352 np0000006128 devstack@neutron-api.service[87630]: INFO neutron.quota.resource_registry [None req-468e6ed1-8008-4761-a2ef-871b50a397ed None None] Creating instance of TrackedResource for resource:security_group_rule
Jul 30 13:27:02.068544 np0000006128 devstack@neutron-api.service[87630]: WARNING neutron.quota.resource_registry [None req-468e6ed1-8008-4761-a2ef-871b50a397ed None None] security_group_rule is already registered
Jul 30 13:27:02.069653 np0000006128 devstack@neutron-api.service[87630]: DEBUG neutron.api.v2.resource_helper [None req-468e6ed1-8008-4761-a2ef-871b50a397ed None None] Service CORE assigned prefix: {{(pid=87630) build_resource_info /opt/stack/neutron/neutron/api/v2/resource_helper.py:77}}
Jul 30 13:27:02.069653 np0000006128 devstack@neutron-api.service[87630]: INFO neutron.quota.resource_registry [None req-468e6ed1-8008-4761-a2ef-871b50a397ed None None] Creating instance of TrackedResource for resource:subnetpool
Jul 30 13:27:02.069653 np0000006128 devstack@neutron-api.service[87630]: WARNING neutron.quota.resource_registry [None req-468e6ed1-8008-4761-a2ef-871b50a397ed None None] subnetpool is already registered
Jul 30 13:27:02.070151 np0000006128 devstack@neutron-api.service[87630]: DEBUG neutron.api.v2.resource_helper [None req-468e6ed1-8008-4761-a2ef-871b50a397ed None None] Service CORE assigned prefix: {{(pid=87630) build_resource_info /opt/stack/neutron/neutron/api/v2/resource_helper.py:77}}
Jul 30 13:27:02.070285 np0000006128 devstack@neutron-api.service[87630]: INFO neutron.quota.resource_registry [None req-468e6ed1-8008-4761-a2ef-871b50a397ed None None] Creating instance of TrackedResource for resource:subnetpool
Jul 30 13:27:02.070507 np0000006128 devstack@neutron-api.service[87630]: WARNING neutron.quota.resource_registry [None req-468e6ed1-8008-4761-a2ef-871b50a397ed None None] subnetpool is already registered
Jul 30 13:27:02.071106 np0000006128 devstack@neutron-api.service[87630]: DEBUG neutron.api.extensions [None req-468e6ed1-8008-4761-a2ef-871b50a397ed None None] Extended resource: extensions {{(pid=87630) __init__ /opt/stack/neutron/neutron/api/extensions.py:156}}
Jul 30 13:27:02.071966 np0000006128 devstack@neutron-api.service[87630]: DEBUG neutron.api.extensions [None req-468e6ed1-8008-4761-a2ef-871b50a397ed None None] Extended resource: address-groups {{(pid=87630) __init__ /opt/stack/neutron/neutron/api/extensions.py:156}}
Jul 30 13:27:02.072737 np0000006128 devstack@neutron-api.service[87630]: DEBUG neutron.api.extensions [None req-468e6ed1-8008-4761-a2ef-871b50a397ed None None] Extended resource: address-scopes {{(pid=87630) __init__ /opt/stack/neutron/neutron/api/extensions.py:156}}
Jul 30 13:27:02.073450 np0000006128 devstack@neutron-api.service[87630]: DEBUG neutron.api.extensions [None req-468e6ed1-8008-4761-a2ef-871b50a397ed None None] Extended resource: agents {{(pid=87630) __init__ /opt/stack/neutron/neutron/api/extensions.py:156}}
Jul 30 13:27:02.073593 np0000006128 devstack@neutron-api.service[87629]: INFO ovsdbapp.backend.ovs_idl.vlog [None req-2354a742-f128-478b-bcfe-12b34c6cdd19 None None] ssl:10.4.3.200:6641: connecting...
Jul 30 13:27:02.073899 np0000006128 devstack@neutron-api.service[87630]: DEBUG neutron.api.extensions [None req-468e6ed1-8008-4761-a2ef-871b50a397ed None None] Extended resource: auto-allocated-topology {{(pid=87630) __init__ /opt/stack/neutron/neutron/api/extensions.py:156}}
Jul 30 13:27:02.074525 np0000006128 devstack@neutron-api.service[87630]: DEBUG neutron.api.extensions [None req-468e6ed1-8008-4761-a2ef-871b50a397ed None None] Extended resource: availability_zones {{(pid=87630) __init__ /opt/stack/neutron/neutron/api/extensions.py:156}}
Jul 30 13:27:02.075050 np0000006128 devstack@neutron-api.service[87630]: DEBUG neutron.api.extensions [None req-468e6ed1-8008-4761-a2ef-871b50a397ed None None] Extended resource: dhcp-networks {{(pid=87630) __init__ /opt/stack/neutron/neutron/api/extensions.py:156}}
Jul 30 13:27:02.075817 np0000006128 devstack@neutron-api.service[87630]: DEBUG neutron.api.extensions [None req-468e6ed1-8008-4761-a2ef-871b50a397ed None None] Extended resource: dhcp-agents {{(pid=87630) __init__ /opt/stack/neutron/neutron/api/extensions.py:156}}
Jul 30 13:27:02.076552 np0000006128 devstack@neutron-api.service[87630]: DEBUG neutron.api.extensions [None req-468e6ed1-8008-4761-a2ef-871b50a397ed None None] Extended resource: routers {{(pid=87630) __init__ /opt/stack/neutron/neutron/api/extensions.py:156}}
Jul 30 13:27:02.077669 np0000006128 devstack@neutron-api.service[87630]: DEBUG neutron.api.extensions [None req-468e6ed1-8008-4761-a2ef-871b50a397ed None None] Extended resource: flavors {{(pid=87630) __init__ /opt/stack/neutron/neutron/api/extensions.py:156}}
Jul 30 13:27:02.078517 np0000006128 devstack@neutron-api.service[87630]: DEBUG neutron.api.extensions [None req-468e6ed1-8008-4761-a2ef-871b50a397ed None None] Extended resource: service_profiles {{(pid=87630) __init__ /opt/stack/neutron/neutron/api/extensions.py:156}}
Jul 30 13:27:02.079645 np0000006128 devstack@neutron-api.service[87630]: DEBUG neutron.api.extensions [None req-468e6ed1-8008-4761-a2ef-871b50a397ed None None] Extended resource: next_providers {{(pid=87630) __init__ /opt/stack/neutron/neutron/api/extensions.py:156}}
Jul 30 13:27:02.079884 np0000006128 devstack@neutron-api.service[87630]: DEBUG neutron.api.extensions [None req-468e6ed1-8008-4761-a2ef-871b50a397ed None None] Extended resource: service_profiles {{(pid=87630) __init__ /opt/stack/neutron/neutron/api/extensions.py:156}}
Jul 30 13:27:02.080770 np0000006128 devstack@neutron-api.service[87630]: DEBUG neutron.api.extensions [None req-468e6ed1-8008-4761-a2ef-871b50a397ed None None] Extended resource: floatingip-pools {{(pid=87630) __init__ /opt/stack/neutron/neutron/api/extensions.py:156}}
Jul 30 13:27:02.081419 np0000006128 devstack@neutron-api.service[87630]: DEBUG neutron.api.extensions [None req-468e6ed1-8008-4761-a2ef-871b50a397ed None None] Extended resource: routers {{(pid=87630) __init__ /opt/stack/neutron/neutron/api/extensions.py:156}}
Jul 30 13:27:02.082973 np0000006128 devstack@neutron-api.service[87629]: INFO ovsdbapp.backend.ovs_idl.vlog [None req-2354a742-f128-478b-bcfe-12b34c6cdd19 None None] ssl:10.4.3.200:6641: connected
Jul 30 13:27:02.083409 np0000006128 devstack@neutron-api.service[87630]: DEBUG neutron.api.extensions [None req-468e6ed1-8008-4761-a2ef-871b50a397ed None None] Extended resource: floatingips {{(pid=87630) __init__ /opt/stack/neutron/neutron/api/extensions.py:156}}
Jul 30 13:27:02.085064 np0000006128 devstack@neutron-api.service[87630]: DEBUG neutron.api.extensions [None req-468e6ed1-8008-4761-a2ef-871b50a397ed None None] Extended resource: l3-routers {{(pid=87630) __init__ /opt/stack/neutron/neutron/api/extensions.py:156}}
Jul 30 13:27:02.087336 np0000006128 devstack@neutron-api.service[87630]: DEBUG neutron.api.extensions [None req-468e6ed1-8008-4761-a2ef-871b50a397ed None None] Extended resource: l3-agents {{(pid=87630) __init__ /opt/stack/neutron/neutron/api/extensions.py:156}}
Jul 30 13:27:02.087336 np0000006128 devstack@neutron-api.service[87630]: DEBUG neutron.api.extensions [None req-468e6ed1-8008-4761-a2ef-871b50a397ed None None] Extended resource: network-ip-availabilities {{(pid=87630) __init__ /opt/stack/neutron/neutron/api/extensions.py:156}}
Jul 30 13:27:02.087513 np0000006128 devstack@neutron-api.service[87630]: DEBUG neutron.api.extensions [None req-468e6ed1-8008-4761-a2ef-871b50a397ed None None] Extended resource: network-ip-availabilities {{(pid=87630) __init__ /opt/stack/neutron/neutron/api/extensions.py:156}}
Jul 30 13:27:02.088097 np0000006128 devstack@neutron-api.service[87630]: DEBUG neutron.api.extensions [None req-468e6ed1-8008-4761-a2ef-871b50a397ed None None] Extended resource: bindings {{(pid=87630) __init__ /opt/stack/neutron/neutron/api/extensions.py:156}}
Jul 30 13:27:02.088454 np0000006128 devstack@neutron-api.service[87630]: DEBUG neutron.api.extensions [None req-468e6ed1-8008-4761-a2ef-871b50a397ed None None] Extended resource: quotas {{(pid=87630) __init__ /opt/stack/neutron/neutron/api/extensions.py:156}}
Jul 30 13:27:02.089092 np0000006128 devstack@neutron-api.service[87630]: DEBUG neutron.api.extensions [None req-468e6ed1-8008-4761-a2ef-871b50a397ed None None] Extended resource: quotas {{(pid=87630) __init__ /opt/stack/neutron/neutron/api/extensions.py:156}}
Jul 30 13:27:02.089742 np0000006128 devstack@neutron-api.service[87630]: DEBUG neutron.api.extensions [None req-468e6ed1-8008-4761-a2ef-871b50a397ed None None] Extended resource: rbac-policies {{(pid=87630) __init__ /opt/stack/neutron/neutron/api/extensions.py:156}}
Jul 30 13:27:02.090419 np0000006128 devstack@neutron-api.service[87630]: DEBUG neutron.api.extensions [None req-468e6ed1-8008-4761-a2ef-871b50a397ed None None] Extended resource: default-security-group-rules {{(pid=87630) __init__ /opt/stack/neutron/neutron/api/extensions.py:156}}
Jul 30 13:27:02.091159 np0000006128 devstack@neutron-api.service[87630]: DEBUG neutron.api.extensions [None req-468e6ed1-8008-4761-a2ef-871b50a397ed None None] Extended resource: security-groups-default-statefulness {{(pid=87630) __init__ /opt/stack/neutron/neutron/api/extensions.py:156}}
Jul 30 13:27:02.091952 np0000006128 devstack@neutron-api.service[87630]: DEBUG neutron.api.extensions [None req-468e6ed1-8008-4761-a2ef-871b50a397ed None None] Extended resource: security-groups {{(pid=87630) __init__ /opt/stack/neutron/neutron/api/extensions.py:156}}
Jul 30 13:27:02.092606 np0000006128 devstack@neutron-api.service[87630]: DEBUG neutron.api.extensions [None req-468e6ed1-8008-4761-a2ef-871b50a397ed None None] Extended resource: security-group-rules {{(pid=87630) __init__ /opt/stack/neutron/neutron/api/extensions.py:156}}
Jul 30 13:27:02.093255 np0000006128 devstack@neutron-api.service[87630]: DEBUG neutron.api.extensions [None req-468e6ed1-8008-4761-a2ef-871b50a397ed None None] Extended resource: service-providers {{(pid=87630) __init__ /opt/stack/neutron/neutron/api/extensions.py:156}}
Jul 30 13:27:02.093702 np0000006128 devstack@neutron-api.service[87630]: DEBUG neutron.api.extensions [None req-468e6ed1-8008-4761-a2ef-871b50a397ed None None] Extended resource: subnetpools {{(pid=87630) __init__ /opt/stack/neutron/neutron/api/extensions.py:156}}
Jul 30 13:27:02.094204 np0000006128 devstack@neutron-api.service[87630]: DEBUG neutron.api.extensions [None req-468e6ed1-8008-4761-a2ef-871b50a397ed None None] Extended resource: subnetpools {{(pid=87630) __init__ /opt/stack/neutron/neutron/api/extensions.py:156}}
Jul 30 13:27:02.094922 np0000006128 devstack@neutron-api.service[87630]: DEBUG neutron.api.extensions [None req-468e6ed1-8008-4761-a2ef-871b50a397ed None None] Extended resource: tags {{(pid=87630) __init__ /opt/stack/neutron/neutron/api/extensions.py:156}}
Jul 30 13:27:02.096115 np0000006128 devstack@neutron-api.service[87630]: DEBUG neutron.api.extensions [None req-468e6ed1-8008-4761-a2ef-871b50a397ed None None] Extended resource: tags {{(pid=87630) __init__ /opt/stack/neutron/neutron/api/extensions.py:156}}
Jul 30 13:27:02.096438 np0000006128 devstack@neutron-api.service[87630]: DEBUG neutron.api.extensions [None req-468e6ed1-8008-4761-a2ef-871b50a397ed None None] Extended resource: tags {{(pid=87630) __init__ /opt/stack/neutron/neutron/api/extensions.py:156}}
Jul 30 13:27:02.097258 np0000006128 devstack@neutron-api.service[87630]: DEBUG neutron.api.extensions [None req-468e6ed1-8008-4761-a2ef-871b50a397ed None None] Extended resource: tags {{(pid=87630) __init__ /opt/stack/neutron/neutron/api/extensions.py:156}}
Jul 30 13:27:02.097774 np0000006128 devstack@neutron-api.service[87630]: DEBUG neutron.api.extensions [None req-468e6ed1-8008-4761-a2ef-871b50a397ed None None] Extended resource: tags {{(pid=87630) __init__ /opt/stack/neutron/neutron/api/extensions.py:156}}
Jul 30 13:27:02.098619 np0000006128 devstack@neutron-api.service[87630]: DEBUG neutron.api.extensions [None req-468e6ed1-8008-4761-a2ef-871b50a397ed None None] Extended resource: tags {{(pid=87630) __init__ /opt/stack/neutron/neutron/api/extensions.py:156}}
Jul 30 13:27:02.099775 np0000006128 devstack@neutron-api.service[87630]: DEBUG neutron.api.extensions [None req-468e6ed1-8008-4761-a2ef-871b50a397ed None None] Extended resource: tags {{(pid=87630) __init__ /opt/stack/neutron/neutron/api/extensions.py:156}}
Jul 30 13:27:02.100652 np0000006128 devstack@neutron-api.service[87630]: DEBUG neutron.api.extensions [None req-468e6ed1-8008-4761-a2ef-871b50a397ed None None] Extended resource: tags {{(pid=87630) __init__ /opt/stack/neutron/neutron/api/extensions.py:156}}
Jul 30 13:27:02.101547 np0000006128 devstack@neutron-api.service[87630]: DEBUG neutron.api.extensions [None req-468e6ed1-8008-4761-a2ef-871b50a397ed None None] Extended resource: tags {{(pid=87630) __init__ /opt/stack/neutron/neutron/api/extensions.py:156}}
Jul 30 13:27:02.102682 np0000006128 devstack@neutron-api.service[87630]: DEBUG neutron.api.extensions [None req-468e6ed1-8008-4761-a2ef-871b50a397ed None None] Extended resource: tags {{(pid=87630) __init__ /opt/stack/neutron/neutron/api/extensions.py:156}}
Jul 30 13:27:02.114631 np0000006128 devstack@neutron-api.service[87630]: DEBUG neutron_lib.callbacks.manager [None req-468e6ed1-8008-4761-a2ef-871b50a397ed None None] Publish callbacks ['neutron.plugins.ml2.drivers.ovn.mech_driver.mech_driver.OVNMechanismDriver.pre_fork_initialize-1826209'] for process (None), before_spawn {{(pid=87630) _notify_loop /opt/stack/data/venv/lib/python3.12/site-packages/neutron_lib/callbacks/manager.py:184}}
Jul 30 13:27:02.115091 np0000006128 devstack@neutron-api.service[87630]: DEBUG oslo_concurrency.processutils [None req-468e6ed1-8008-4761-a2ef-871b50a397ed None None] Running cmd (subprocess): ovsdb-client transact ssl:10.4.3.200:6641 --timeout 180 -p /opt/stack/data/CA/int-ca/private/devstack-cert.key -c /opt/stack/data/CA/int-ca/devstack-cert.crt -C /opt/stack/data/CA/int-ca/ca-chain.pem ["OVN_Northbound", {"op": "wait", "timeout": 0, "table": "Port_Group", "where": [["name", "==", "neutron_pg_drop"]], "until": "==", "rows": []}, {"op": "insert", "table": "ACL", "row": {"action": "drop", "direction": "to-lport", "match": "outport == @neutron_pg_drop && ip", "priority": 1001}, "uuid-name": "droptoport"}, {"op": "insert", "table": "ACL", "row": {"action": "drop", "direction": "from-lport", "match": "inport == @neutron_pg_drop && ip", "priority": 1001}, "uuid-name": "dropfromport"}, {"op": "insert", "table": "Port_Group", "row": {"name": "neutron_pg_drop", "acls": ["set", [["named-uuid", "droptoport"], ["named-uuid", "dropfromport"]]]}}] {{(pid=87630) execute /opt/stack/data/venv/lib/python3.12/site-packages/oslo_concurrency/processutils.py:440}}
Jul 30 13:27:02.126492 np0000006128 devstack@neutron-api.service[87629]: DEBUG neutron.common.ovn.hash_ring_manager [None req-2354a742-f128-478b-bcfe-12b34c6cdd19 None None] Disallow caching, nodes 2<3 {{(pid=87629) _wait_startup_before_caching /opt/stack/neutron/neutron/common/ovn/hash_ring_manager.py:79}}
Jul 30 13:27:02.135399 np0000006128 devstack@neutron-api.service[87629]: DEBUG neutron.common.ovn.hash_ring_manager [None req-2354a742-f128-478b-bcfe-12b34c6cdd19 None None] Hash Ring loaded. 2 active nodes. 0 offline nodes {{(pid=87629) _load_hash_ring /opt/stack/neutron/neutron/common/ovn/hash_ring_manager.py:110}}
Jul 30 13:27:02.136036 np0000006128 devstack@neutron-api.service[87629]: DEBUG neutron.plugins.ml2.drivers.ovn.mech_driver.ovsdb.ovsdb_monitor [None req-2354a742-f128-478b-bcfe-12b34c6cdd19 None None] Hash Ring: Node 6397b9f17e3c515fa068973be047de7e (host: np0000006128) handling event "create" for row 5a3a6222-60b0-4cef-8ff8-3e9630072197 (table: ACL) {{(pid=87629) notify /opt/stack/neutron/neutron/plugins/ml2/drivers/ovn/mech_driver/ovsdb/ovsdb_monitor.py:1013}}
Jul 30 13:27:02.143195 np0000006128 devstack@neutron-api.service[87630]: DEBUG oslo_concurrency.processutils [None req-468e6ed1-8008-4761-a2ef-871b50a397ed None None] CMD "ovsdb-client transact ssl:10.4.3.200:6641 --timeout 180 -p /opt/stack/data/CA/int-ca/private/devstack-cert.key -c /opt/stack/data/CA/int-ca/devstack-cert.crt -C /opt/stack/data/CA/int-ca/ca-chain.pem ["OVN_Northbound", {"op": "wait", "timeout": 0, "table": "Port_Group", "where": [["name", "==", "neutron_pg_drop"]], "until": "==", "rows": []}, {"op": "insert", "table": "ACL", "row": {"action": "drop", "direction": "to-lport", "match": "outport == @neutron_pg_drop && ip", "priority": 1001}, "uuid-name": "droptoport"}, {"op": "insert", "table": "ACL", "row": {"action": "drop", "direction": "from-lport", "match": "inport == @neutron_pg_drop && ip", "priority": 1001}, "uuid-name": "dropfromport"}, {"op": "insert", "table": "Port_Group", "row": {"name": "neutron_pg_drop", "acls": ["set", [["named-uuid", "droptoport"], ["named-uuid", "dropfromport"]]]}}]" returned: 0 in 0.028s {{(pid=87630) execute /opt/stack/data/venv/lib/python3.12/site-packages/oslo_concurrency/processutils.py:468}}
Jul 30 13:27:02.143593 np0000006128 devstack@neutron-api.service[87630]: DEBUG neutron_lib.callbacks.manager [None req-468e6ed1-8008-4761-a2ef-871b50a397ed None None] Publish callbacks ['neutron.plugins.ml2.drivers.ovn.mech_driver.mech_driver.OVNMechanismDriver.post_fork_initialize-1826249', 'neutron.services.pvlan.drivers.ovn.driver._initialize_pvlan_pg_drop-7707485584388', 'neutron.services.ovn_l3.plugin.OVNL3RouterPlugin._post_fork_initialize-494509'] for process (None), after_init {{(pid=87630) _notify_loop /opt/stack/data/venv/lib/python3.12/site-packages/neutron_lib/callbacks/manager.py:184}}
Jul 30 13:27:02.143933 np0000006128 devstack@neutron-api.service[87630]: DEBUG oslo_concurrency.lockutils [None req-468e6ed1-8008-4761-a2ef-871b50a397ed None None] Acquiring lock "singleton_lock" {{(pid=87630) lock /opt/stack/data/venv/lib/python3.12/site-packages/oslo_concurrency/lockutils.py:396}}
Jul 30 13:27:02.144016 np0000006128 devstack@neutron-api.service[87630]: DEBUG oslo_concurrency.lockutils [None req-468e6ed1-8008-4761-a2ef-871b50a397ed None None] Acquired lock "singleton_lock" {{(pid=87630) lock /opt/stack/data/venv/lib/python3.12/site-packages/oslo_concurrency/lockutils.py:399}}
Jul 30 13:27:02.144225 np0000006128 devstack@neutron-api.service[87630]: DEBUG oslo_concurrency.lockutils [None req-468e6ed1-8008-4761-a2ef-871b50a397ed None None] Releasing lock "singleton_lock" {{(pid=87630) lock /opt/stack/data/venv/lib/python3.12/site-packages/oslo_concurrency/lockutils.py:419}}
Jul 30 13:27:02.145898 np0000006128 devstack@neutron-api.service[87630]: DEBUG neutron.plugins.ml2.drivers.ovn.mech_driver.mech_driver [None req-468e6ed1-8008-4761-a2ef-871b50a397ed None None] Hash Ring setup using WSGI start time 2026-07-30 13:26:55+00:00 {{(pid=87630) _init_hash_ring /opt/stack/neutron/neutron/plugins/ml2/drivers/ovn/mech_driver/mech_driver.py:404}}
Jul 30 13:27:02.151135 np0000006128 devstack@neutron-api.service[87630]: INFO neutron.db.ovn_hash_ring_db [None req-468e6ed1-8008-4761-a2ef-871b50a397ed None None] Nodes from host "np0000006128" and group "mechanism_driver" removed from the Hash Ring created at 2026-07-30 13:26:55+00:00
Jul 30 13:27:02.151346 np0000006128 devstack@neutron-api.service[87629]: DEBUG neutron.common.ovn.hash_ring_manager [None req-2354a742-f128-478b-bcfe-12b34c6cdd19 None None] Hash Ring loaded. 2 active nodes. 0 offline nodes {{(pid=87629) _load_hash_ring /opt/stack/neutron/neutron/common/ovn/hash_ring_manager.py:110}}
Jul 30 13:27:02.153560 np0000006128 devstack@neutron-api.service[87630]: INFO neutron.db.ovn_hash_ring_db [None req-468e6ed1-8008-4761-a2ef-871b50a397ed None None] Node b39e227a90f450f892d97016d171fafd from host "np0000006128" and group "mechanism_driver" added to the Hash Ring
Jul 30 13:27:02.156346 np0000006128 devstack@neutron-api.service[87630]: DEBUG neutron.plugins.ml2.drivers.ovn.mech_driver.mech_driver [None req-468e6ed1-8008-4761-a2ef-871b50a397ed None None] Hash Ring setup, this worker has detected 3 OVN hash ring registers in the database {{(pid=87630) _init_hash_ring /opt/stack/neutron/neutron/plugins/ml2/drivers/ovn/mech_driver/mech_driver.py:414}}
Jul 30 13:27:02.159397 np0000006128 devstack@neutron-api.service[87629]: DEBUG neutron.common.ovn.hash_ring_manager [None req-2354a742-f128-478b-bcfe-12b34c6cdd19 None None] Hash Ring loaded. 2 active nodes. 0 offline nodes {{(pid=87629) _load_hash_ring /opt/stack/neutron/neutron/common/ovn/hash_ring_manager.py:110}}
Jul 30 13:27:02.159397 np0000006128 devstack@neutron-api.service[87629]: DEBUG neutron.plugins.ml2.drivers.ovn.mech_driver.ovsdb.ovsdb_monitor [None req-2354a742-f128-478b-bcfe-12b34c6cdd19 None None] Hash Ring: Node 6397b9f17e3c515fa068973be047de7e (host: np0000006128) handling event "create" for row b6fca1ac-0f64-4593-9ed6-3e00b25bc50d (table: ACL) {{(pid=87629) notify /opt/stack/neutron/neutron/plugins/ml2/drivers/ovn/mech_driver/ovsdb/ovsdb_monitor.py:1013}}
Jul 30 13:27:02.160826 np0000006128 devstack@neutron-api.service[87629]: DEBUG neutron.common.ovn.hash_ring_manager [None req-2354a742-f128-478b-bcfe-12b34c6cdd19 None None] Allow caching, nodes 3>=3 {{(pid=87629) _wait_startup_before_caching /opt/stack/neutron/neutron/common/ovn/hash_ring_manager.py:71}}
Jul 30 13:27:02.161070 np0000006128 devstack@neutron-api.service[87629]: DEBUG neutron.plugins.ml2.drivers.ovn.mech_driver.ovsdb.ovsdb_monitor [None req-2354a742-f128-478b-bcfe-12b34c6cdd19 None None] Hash Ring: Node 6397b9f17e3c515fa068973be047de7e (host: np0000006128) handling event "create" for row bf990750-fbfc-4ceb-87b1-964204934b63 (table: ACL) {{(pid=87629) notify /opt/stack/neutron/neutron/plugins/ml2/drivers/ovn/mech_driver/ovsdb/ovsdb_monitor.py:1013}}
Jul 30 13:27:02.161124 np0000006128 devstack@neutron-api.service[87630]: DEBUG neutron.plugins.ml2.drivers.ovn.mech_driver.ovsdb.maintenance [None req-468e6ed1-8008-4761-a2ef-871b50a397ed None None] Periodic task found: HashRingHealthCheckPeriodics.touch_hash_ring_node {{(pid=87630) add_periodics /opt/stack/neutron/neutron/plugins/ml2/drivers/ovn/mech_driver/ovsdb/maintenance.py:146}}
Jul 30 13:27:02.161412 np0000006128 devstack@neutron-api.service[87629]: DEBUG neutron.plugins.ml2.drivers.ovn.mech_driver.ovsdb.ovsdb_monitor [None req-2354a742-f128-478b-bcfe-12b34c6cdd19 None None] Hash Ring: Node 6397b9f17e3c515fa068973be047de7e (host: np0000006128) handling event "create" for row 3333ecc1-a614-4c90-8587-4db08a912427 (table: NB_Global) {{(pid=87629) notify /opt/stack/neutron/neutron/plugins/ml2/drivers/ovn/mech_driver/ovsdb/ovsdb_monitor.py:1013}}
Jul 30 13:27:02.161821 np0000006128 devstack@neutron-api.service[87630]: INFO neutron.plugins.ml2.drivers.ovn.mech_driver.mech_driver [None req-468e6ed1-8008-4761-a2ef-871b50a397ed None None] Hash Ring probing thread for node b39e227a90f450f892d97016d171fafd has started
Jul 30 13:27:02.161897 np0000006128 devstack@neutron-api.service[87629]: DEBUG neutron.plugins.ml2.drivers.ovn.mech_driver.ovsdb.ovsdb_monitor [None req-2354a742-f128-478b-bcfe-12b34c6cdd19 None None] Hash Ring: Node 6397b9f17e3c515fa068973be047de7e (host: np0000006128) handling event "create" for row 9227f152-9b67-46e3-8211-a10e8819683c (table: SSL) {{(pid=87629) notify /opt/stack/neutron/neutron/plugins/ml2/drivers/ovn/mech_driver/ovsdb/ovsdb_monitor.py:1013}}
Jul 30 13:27:02.162448 np0000006128 devstack@neutron-api.service[87630]: INFO neutron.plugins.ml2.drivers.ovn.mech_driver.ovsdb.impl_idl_ovn [None req-468e6ed1-8008-4761-a2ef-871b50a397ed None None] Getting OvsdbNbOvnIdl for WorkerService with retry
Jul 30 13:27:02.162797 np0000006128 devstack@neutron-api.service[87629]: INFO neutron.plugins.ml2.drivers.ovn.mech_driver.ovsdb.impl_idl_ovn [None req-2354a742-f128-478b-bcfe-12b34c6cdd19 None None] Getting OvsdbSbOvnIdl for WorkerService with retry
Jul 30 13:27:02.185200 np0000006128 devstack@neutron-api.service[87629]: DEBUG ovsdbapp.backend.ovs_idl [None req-2354a742-f128-478b-bcfe-12b34c6cdd19 None None] Created lookup_table index Chassis.name {{(pid=87629) autocreate_indices /opt/stack/data/venv/lib/python3.12/site-packages/ovsdbapp/backend/ovs_idl/__init__.py:87}}
Jul 30 13:27:02.185300 np0000006128 devstack@neutron-api.service[87629]: DEBUG ovsdbapp.backend.ovs_idl [None req-2354a742-f128-478b-bcfe-12b34c6cdd19 None None] Created lookup_table index Port_Binding.logical_port {{(pid=87629) autocreate_indices /opt/stack/data/venv/lib/python3.12/site-packages/ovsdbapp/backend/ovs_idl/__init__.py:87}}
Jul 30 13:27:02.185450 np0000006128 devstack@neutron-api.service[87629]: DEBUG ovsdbapp.backend.ovs_idl [None req-2354a742-f128-478b-bcfe-12b34c6cdd19 None None] Created schema index Chassis_Private.name {{(pid=87629) autocreate_indices /opt/stack/data/venv/lib/python3.12/site-packages/ovsdbapp/backend/ovs_idl/__init__.py:106}}
Jul 30 13:27:02.185547 np0000006128 devstack@neutron-api.service[87629]: DEBUG ovsdbapp.backend.ovs_idl [None req-2354a742-f128-478b-bcfe-12b34c6cdd19 None None] Created schema index Datapath_Binding.tunnel_key {{(pid=87629) autocreate_indices /opt/stack/data/venv/lib/python3.12/site-packages/ovsdbapp/backend/ovs_idl/__init__.py:106}}
Jul 30 13:27:02.187485 np0000006128 devstack@neutron-api.service[87629]: INFO ovsdbapp.backend.ovs_idl.vlog [None req-2354a742-f128-478b-bcfe-12b34c6cdd19 None None] ssl:10.4.3.200:6642: connecting...
Jul 30 13:27:02.191602 np0000006128 devstack@neutron-api.service[87629]: INFO ovsdbapp.backend.ovs_idl.vlog [None req-2354a742-f128-478b-bcfe-12b34c6cdd19 None None] ssl:10.4.3.200:6642: connected
Jul 30 13:27:02.194915 np0000006128 devstack@neutron-api.service[87630]: DEBUG ovsdbapp.backend.ovs_idl [None req-468e6ed1-8008-4761-a2ef-871b50a397ed None None] Created lookup_table index Logical_Switch.name {{(pid=87630) autocreate_indices /opt/stack/data/venv/lib/python3.12/site-packages/ovsdbapp/backend/ovs_idl/__init__.py:87}}
Jul 30 13:27:02.195043 np0000006128 devstack@neutron-api.service[87630]: DEBUG ovsdbapp.backend.ovs_idl [None req-468e6ed1-8008-4761-a2ef-871b50a397ed None None] Created lookup_table index Logical_Router.name {{(pid=87630) autocreate_indices /opt/stack/data/venv/lib/python3.12/site-packages/ovsdbapp/backend/ovs_idl/__init__.py:87}}
Jul 30 13:27:02.195136 np0000006128 devstack@neutron-api.service[87630]: DEBUG ovsdbapp.backend.ovs_idl [None req-468e6ed1-8008-4761-a2ef-871b50a397ed None None] Created lookup_table index Load_Balancer.name {{(pid=87630) autocreate_indices /opt/stack/data/venv/lib/python3.12/site-packages/ovsdbapp/backend/ovs_idl/__init__.py:87}}
Jul 30 13:27:02.195274 np0000006128 devstack@neutron-api.service[87630]: DEBUG ovsdbapp.backend.ovs_idl [None req-468e6ed1-8008-4761-a2ef-871b50a397ed None None] Created schema index Copp.name {{(pid=87630) autocreate_indices /opt/stack/data/venv/lib/python3.12/site-packages/ovsdbapp/backend/ovs_idl/__init__.py:106}}
Jul 30 13:27:02.195365 np0000006128 devstack@neutron-api.service[87630]: DEBUG ovsdbapp.backend.ovs_idl [None req-468e6ed1-8008-4761-a2ef-871b50a397ed None None] Created schema index Meter.name {{(pid=87630) autocreate_indices /opt/stack/data/venv/lib/python3.12/site-packages/ovsdbapp/backend/ovs_idl/__init__.py:106}}
Jul 30 13:27:02.195504 np0000006128 devstack@neutron-api.service[87630]: DEBUG ovsdbapp.backend.ovs_idl [None req-468e6ed1-8008-4761-a2ef-871b50a397ed None None] Created schema index Load_Balancer_Group.name {{(pid=87630) autocreate_indices /opt/stack/data/venv/lib/python3.12/site-packages/ovsdbapp/backend/ovs_idl/__init__.py:106}}
Jul 30 13:27:02.195560 np0000006128 devstack@neutron-api.service[87630]: DEBUG ovsdbapp.backend.ovs_idl [None req-468e6ed1-8008-4761-a2ef-871b50a397ed None None] Created schema index HA_Chassis_Group.name {{(pid=87630) autocreate_indices /opt/stack/data/venv/lib/python3.12/site-packages/ovsdbapp/backend/ovs_idl/__init__.py:106}}
Jul 30 13:27:02.195639 np0000006128 devstack@neutron-api.service[87630]: DEBUG ovsdbapp.backend.ovs_idl [None req-468e6ed1-8008-4761-a2ef-871b50a397ed None None] Created schema index Address_Set.name {{(pid=87630) autocreate_indices /opt/stack/data/venv/lib/python3.12/site-packages/ovsdbapp/backend/ovs_idl/__init__.py:106}}
Jul 30 13:27:02.195941 np0000006128 devstack@neutron-api.service[87630]: DEBUG ovsdbapp.backend.ovs_idl [None req-468e6ed1-8008-4761-a2ef-871b50a397ed None None] Created schema index Connection.target {{(pid=87630) autocreate_indices /opt/stack/data/venv/lib/python3.12/site-packages/ovsdbapp/backend/ovs_idl/__init__.py:106}}
Jul 30 13:27:02.195941 np0000006128 devstack@neutron-api.service[87630]: DEBUG ovsdbapp.backend.ovs_idl [None req-468e6ed1-8008-4761-a2ef-871b50a397ed None None] Created schema index Gateway_Chassis.name {{(pid=87630) autocreate_indices /opt/stack/data/venv/lib/python3.12/site-packages/ovsdbapp/backend/ovs_idl/__init__.py:106}}
Jul 30 13:27:02.195941 np0000006128 devstack@neutron-api.service[87630]: DEBUG ovsdbapp.backend.ovs_idl [None req-468e6ed1-8008-4761-a2ef-871b50a397ed None None] Created schema index Mirror.name {{(pid=87630) autocreate_indices /opt/stack/data/venv/lib/python3.12/site-packages/ovsdbapp/backend/ovs_idl/__init__.py:106}}
Jul 30 13:27:02.196029 np0000006128 devstack@neutron-api.service[87630]: DEBUG ovsdbapp.backend.ovs_idl [None req-468e6ed1-8008-4761-a2ef-871b50a397ed None None] Created schema index Chassis_Template_Var.chassis {{(pid=87630) autocreate_indices /opt/stack/data/venv/lib/python3.12/site-packages/ovsdbapp/backend/ovs_idl/__init__.py:106}}
Jul 30 13:27:02.196059 np0000006128 devstack@neutron-api.service[87630]: DEBUG ovsdbapp.backend.ovs_idl [None req-468e6ed1-8008-4761-a2ef-871b50a397ed None None] Created schema index Logical_Router_Port.name {{(pid=87630) autocreate_indices /opt/stack/data/venv/lib/python3.12/site-packages/ovsdbapp/backend/ovs_idl/__init__.py:106}}
